Back
From: metabase:user:cd035d39-6d5b-1014-ab3a-39c0c09612a1
Subject: FAIL CGI-Github-Webhook-0.06 v5.24.0
Date: 2016-07-23T14:55:10Z
This distribution has been tested as part of the CPAN Testers
project, supporting the Perl programming language. See
http://wiki.cpantesters.org/ for more information or email
questions to cpan-testers-discuss@perl.org
--
Dear Axel Beckert,
This is a computer-generated report for CGI-Github-Webhook-0.06
on perl 5.24.0, created by CPAN-Reporter-1.2017.
Thank you for uploading your work to CPAN. However, there was a problem
testing your distribution.
If you think this report is invalid, please consult the CPAN Testers Wiki
for suggestions on how to avoid getting FAIL reports for missing library
or binary dependencies, unsupported operating systems, and so on:
http://wiki.cpantesters.org/wiki/CPANAuthorNotes
Sections of this report:
* Tester comments
* Program output
* Prerequisites
* Environment and other context
------------------------------
TESTER COMMENTS
------------------------------
Additional comments from tester:
this report is from an automated smoke testing program
and was not reviewed by a human for accuracy
------------------------------
PROGRAM OUTPUT
------------------------------
Output from 'C:\strawberry\c\bin\dmake.EXE test':
Skip blib\lib\auto\share\module\CGI-Github-Webhook\errored.svg (unchanged)
Skip blib\lib\auto\share\module\CGI-Github-Webhook\success.png (unchanged)
Skip blib\lib\auto\share\module\CGI-Github-Webhook\success.svg (unchanged)
Skip blib\lib\auto\share\module\CGI-Github-Webhook\errored.png (unchanged)
Skip blib\lib\auto\share\module\CGI-Github-Webhook\failed.png (unchanged)
Skip blib\lib\auto\share\module\CGI-Github-Webhook\failed.svg (unchanged)
"C:\Strawberry\perl\bin\perl.exe" "-MExtUtils::Command::MM" "-MTest::Harness" "-e" "undef *Test::Harness::Switches; test_harness(0, 'blib\lib', 'blib\arch')" t/*.t
t/auth-fail.t ............ skipped: these tests do not work on dos-ish systems
t/author-critic.t ........ skipped: these tests are for testing by the author
t/author-pod-coverage.t .. skipped: these tests are for testing by the author
t/author-pod-syntax.t .... skipped: these tests are for testing by the author
t/basic-functionality.t .. skipped: these tests do not work on dos-ish systems
# Failed test 'Content type'
# at t/cgi-test-auth-fail.t line 23.
# 'text/html'
# doesn't match '(?^:text/plain\b)'
# Failed test 'Simple request without payload doesn't succeed.'
# at t/cgi-test-auth-fail.t line 24.
# undef
# doesn't match '(?^:Authentication failed)'
# Looks like you failed 2 tests of 2.
t/cgi-test-auth-fail.t ...
Dubious, test returned 2 (wstat 512, 0x200)
Failed 2/2 subtests
# Failed test 'Content type'
# at t/cgi-test.t line 30.
# 'text/html'
# doesn't match '(?^:text/plain\b)'
# Failed test 'Successfully triggered'
# at t/cgi-test.t line 31.
# undef
# doesn't match '(?^:Successfully triggered)'
# Looks like you failed 2 tests of 2.
t/cgi-test.t .............
Dubious, test returned 2 (wstat 512, 0x200)
Failed 2/2 subtests
illegal backslash escape sequence in string, at character offset 72 (before "\\cpan\\build\\CGI-G...") at C:\cpan\build\CGI-Github-Webhook-0.06-chwfpL\blib\lib/CGI/Github/Webhook.pm line 182.
# Tests were run but no plan was declared and done_testing() was not seen.
# Looks like your test exited with 25 just after 4.
t/methods-non-json.t .....
Dubious, test returned 25 (wstat 6400, 0x1900)
All 4 subtests passed
t/methods.t .............. ok
t/release-kwalitee.t ..... skipped: these tests are for release candidate testing
Test Summary Report
-------------------
t/cgi-test-auth-fail.t (Wstat: 512 Tests: 2 Failed: 2)
Failed tests: 1-2
Non-zero exit status: 2
t/cgi-test.t (Wstat: 512 Tests: 2 Failed: 2)
Failed tests: 1-2
Non-zero exit status: 2
t/methods-non-json.t (Wstat: 6400 Tests: 4 Failed: 0)
Non-zero exit status: 25
Parse errors: No plan found in TAP output
Files=10, Tests=31, 6 wallclock secs ( 0.19 usr + 0.02 sys = 0.20 CPU)
Result: FAIL
Failed 3/10 test programs. 4/31 subtests failed.
dmake.EXE: Error code 255, while making 'test_dynamic'
------------------------------
PREREQUISITES
------------------------------
Prerequisite modules loaded:
requires:
Module Need Have
----------------------- ----- --------
CGI 0 4.28
Data::Dumper 0 2.160
Digest::SHA 0 5.95
File::Basename 0 2.85
File::Copy 0 2.31
File::ShareDir 0 1.102
JSON 0 2.90
Moo 0 2.001001
perl 5.010 5.024000
strict 0 1.11
Try::Tiny 0 0.24
warnings 0 1.36
build_requires:
Module Need Have
----------------------- ----- --------
CGI::Test 0 1.111
CGI::Test::Input::URL 0 0
ExtUtils::MakeMaker 0 7.18
File::Slurper 0 0.008
File::Temp 0 0.2304
Test::File 0 1.44
Test::File::ShareDir 0 1.001001
Test::More 0 1.302026
configure_requires:
Module Need Have
----------------------- ----- --------
ExtUtils::MakeMaker 0 7.18
File::ShareDir::Install 0.06 0.10
------------------------------
ENVIRONMENT AND OTHER CONTEXT
------------------------------
Environment variables:
AUTOMATED_TESTING = 1
COMSPEC = C:\WINDOWS.0\system32\cmd.exe
NONINTERACTIVE_TESTING = 1
NUMBER_OF_PROCESSORS = 1
PATH = C:\WINDOWS.0\system32;C:\strawberry\c\bin;C:\strawberry\perl\site\bin;C:\strawberry\perl\bin
PERL5LIB = C:\cpan\build\Test-File-ShareDir-1.001001-YoKkb8/blib/arch;C:\cpan\build\Test-File-ShareDir-1.001001-YoKkb8/blib/lib;C:\cpan\build\Test-File-1.44-SDt1SL/blib/arch;C:\cpan\build\Test-File-1.44-SDt1SL/blib/lib;C:\cpan\build\Test-utf8-1.01-j2kdpK/blib/arch;C:\cpan\build\Test-utf8-1.01-j2kdpK/blib/lib;C:\cpan\build\CGI-Test-1.111-RFP5hH/blib/arch;C:\cpan\build\CGI-Test-1.111-RFP5hH/blib/lib
PERL5OPT =
PERL5_CPANPLUS_IS_RUNNING = 3544
PERL5_CPAN_IS_RUNNING = 3544
PERL5_CPAN_IS_RUNNING_IN_RECURSION = 2456,3544
PERL_CR_SMOKER_CURRENT = CGI-Github-Webhook-0.06
PERL_EXTUTILS_AUTOINSTALL = --defaultdeps
PERL_MM_USE_DEFAULT = 1
PROCESSOR_IDENTIFIER = x86 Family 6 Model 14 Stepping 8, GenuineIntel
TEMP = C:\DOKUME~1\smoker\LOKALE~1\Temp
TERM = dumb
Perl special variables (and OS-specific diagnostics, for MSWin32):
$^X = C:\Strawberry\perl\bin\perl.exe
$UID/$EUID = 0 / 0
$GID = 0
$EGID = 0
Win32::GetOSName = WinXP/.Net
Win32::GetOSVersion = Service Pack 3, 5, 1, 2600, 2, 3, 0, 256, 1
Win32::FsType = NTFS
Win32::IsAdminUser = 1
Perl module toolchain versions installed:
Module Have
------------------- --------
CPAN 2.11
CPAN::Meta 2.150005
Cwd 3.63
ExtUtils::CBuilder 0.280225
ExtUtils::Command 7.18
ExtUtils::Install 2.04
ExtUtils::MakeMaker 7.18
ExtUtils::Manifest 1.70
ExtUtils::ParseXS 3.31
File::Spec 3.63
JSON 2.90
JSON::PP 2.27400
Module::Build 0.4218
Module::Signature n/a
Parse::CPAN::Meta 1.4417
Test::Harness 3.36
Test::More 1.302026
YAML 1.15
YAML::Syck n/a
version 0.9917
--
Summary of my perl5 (revision 5 version 24 subversion 0) configuration:
Platform:
osname=MSWin32, osvers=6.3, archname=MSWin32-x86-multi-thread-64int
uname='Win32 strawberry-perl 5.24.0.1 #1 Tue May 10 17:10:11 2016 i386'
config_args='undef'
hint=recommended, useposix=true, d_sigaction=undef
useithreads=define, usemultiplicity=define
use64bitint=define, use64bitall=undef, uselongdouble=undef
usemymalloc=n, bincompat5005=undef
Compiler:
cc='gcc', ccflags =' -s -O2 -DWIN32 -DPERL_TEXTMODE_SCRIPTS -DPERL_IMPLICIT_CONTEXT -DPERL_IMPLICIT_SYS -fwrapv -fno-strict-aliasing -mms-bitfields',
optimize='-s -O2',
cppflags='-DWIN32'
ccversion='', gccversion='4.9.2', gccosandvers=''
intsize=4, longsize=4, ptrsize=4, doublesize=8, byteorder=12345678, doublekind=3
d_longlong=define, longlongsize=8, d_longdbl=define, longdblsize=12, longdblkind=3
ivtype='long long', ivsize=8, nvtype='double', nvsize=8, Off_t='long long', lseeksize=8
alignbytes=8, prototype=define
Linker and Libraries:
ld='g++', ldflags ='-s -L"C:\STRAWB~1\perl\lib\CORE" -L"C:\STRAWB~1\c\lib"'
libpth=C:\STRAWB~1\c\lib C:\STRAWB~1\c\i686-w64-mingw32\lib C:\STRAWB~1\c\lib\gcc\i686-w64-mingw32\4.9.2
libs=-lmoldname -lkernel32 -luser32 -lgdi32 -lwinspool -lcomdlg32 -ladvapi32 -lshell32 -lole32 -loleaut32 -lnetapi32 -luuid -lws2_32 -lmpr -lwinmm -lversion -lodbc32 -lodbccp32 -lcomctl32
perllibs=-lmoldname -lkernel32 -luser32 -lgdi32 -lwinspool -lcomdlg32 -ladvapi32 -lshell32 -lole32 -loleaut32 -lnetapi32 -luuid -lws2_32 -lmpr -lwinmm -lversion -lodbc32 -lodbccp32 -lcomctl32
libc=, so=dll, useshrplib=true, libperl=libperl524.a
gnulibc_version=''
Dynamic Linking:
dlsrc=dl_win32.xs, dlext=xs.dll, d_dlsymun=undef, ccdlflags=' '
cccdlflags=' ', lddlflags='-mdll -s -L"C:\STRAWB~1\perl\lib\CORE" -L"C:\STRAWB~1\c\lib"'
Characteristics of this binary (from libperl):
Compile-time options: HAS_TIMES HAVE_INTERP_INTERN MULTIPLICITY
PERLIO_LAYERS PERL_COPY_ON_WRITE
PERL_DONT_CREATE_GVSV
PERL_HASH_FUNC_ONE_AT_A_TIME_HARD
PERL_IMPLICIT_CONTEXT PERL_IMPLICIT_SYS
PERL_MALLOC_WRAP PERL_PRESERVE_IVUV USE_64_BIT_INT
USE_ITHREADS USE_LARGE_FILES USE_LOCALE
USE_LOCALE_COLLATE USE_LOCALE_CTYPE
USE_LOCALE_NUMERIC USE_LOCALE_TIME USE_PERLIO
USE_PERL_ATOF
Built under MSWin32
Compiled at May 10 2016 17:20:50
%ENV:
PERL5LIB="C:\cpan\build\Test-File-ShareDir-1.001001-YoKkb8/blib/arch;C:\cpan\build\Test-File-ShareDir-1.001001-YoKkb8/blib/lib;C:\cpan\build\Test-File-1.44-SDt1SL/blib/arch;C:\cpan\build\Test-File-1.44-SDt1SL/blib/lib;C:\cpan\build\Test-utf8-1.01-j2kdpK/blib/arch;C:\cpan\build\Test-utf8-1.01-j2kdpK/blib/lib;C:\cpan\build\CGI-Test-1.111-RFP5hH/blib/arch;C:\cpan\build\CGI-Test-1.111-RFP5hH/blib/lib"
PERL5_CPANPLUS_IS_RUNNING="3544"
PERL5_CPAN_IS_RUNNING="3544"
PERL5_CPAN_IS_RUNNING_IN_RECURSION="2456,3544"
PERL_CR_SMOKER_CURRENT="CGI-Github-Webhook-0.06"
PERL_EXTUTILS_AUTOINSTALL="--defaultdeps"
PERL_MM_USE_DEFAULT="1"
@INC:
C:\cpan\build\Test-File-ShareDir-1.001001-YoKkb8/blib/arch
C:\cpan\build\Test-File-ShareDir-1.001001-YoKkb8/blib/lib
C:\cpan\build\Test-File-1.44-SDt1SL/blib/arch
C:\cpan\build\Test-File-1.44-SDt1SL/blib/lib
C:\cpan\build\Test-utf8-1.01-j2kdpK/blib/arch
C:\cpan\build\Test-utf8-1.01-j2kdpK/blib/lib
C:\cpan\build\CGI-Test-1.111-RFP5hH/blib/arch
C:\cpan\build\CGI-Test-1.111-RFP5hH/blib/lib
C:/Strawberry/perl/site/lib/MSWin32-x86-multi-thread-64int
C:/Strawberry/perl/site/lib
C:/Strawberry/perl/vendor/lib
C:/Strawberry/perl/lib
.