Back
From: metabase:user:320bfe00-2aae-11df-837a-5e0a49663a4f
Subject: FAIL MooseX-WithCache-0.01002 v5.17.5 GNU/Linux
Date: 2012-10-03T01:14:33Z
This distribution has been tested as part of the CPAN Testers
project, supporting the Perl programming language. See
http://wiki.cpantesters.org/ for more information or email
questions to cpan-testers-discuss@perl.org
--
Dear Daisuke Maki,
This is a computer-generated report for MooseX-WithCache-0.01002
on perl 5.17.5, created by CPAN-Reporter-1.2006.
Thank you for uploading your work to CPAN. However, there was a problem
testing your distribution.
If you think this report is invalid, please consult the CPAN Testers Wiki
for suggestions on how to avoid getting FAIL reports for missing library
or binary dependencies, unsupported operating systems, and so on:
http://wiki.cpantesters.org/wiki/CPANAuthorNotes
Sections of this report:
* Tester comments
* Program output
* Prerequisites
* Environment and other context
------------------------------
TESTER COMMENTS
------------------------------
Additional comments from tester:
this report is from an automated smoke testing program
and was not reviewed by a human for accuracy
------------------------------
PROGRAM OUTPUT
------------------------------
Output from '/usr/bin/make test':
PERL_DL_NONLAZY=1 /tmp/basesmoker-reloperl-h2x9/bin/perl "-MExtUtils::Command::MM" "-e" "test_harness(0, 'inc', 'blib/lib', 'blib/arch')" t/*.t t/*/*.t
t/00_compile.t ............... ok
syntax error at t/02_memcached.t line 25, near "$class qw(Cache::Memcached Cache::Memcached::Fast Cache::memcached::libmemcached)"
Global symbol "$class" requires explicit package name at t/02_memcached.t line 29.
Global symbol "$class" requires explicit package name at t/02_memcached.t line 31.
Global symbol "$tests" requires explicit package name at t/02_memcached.t line 37.
BEGIN not safe after errors--compilation aborted at t/02_memcached.t line 39.
t/02_memcached.t .............
Dubious, test returned 255 (wstat 65280, 0xff00)
No subtests run
must specify either 'datastore' hashref or 'global' flag at /home/src/perl/repoperls/installed-perls/perl/v5.17.4-160-g599f1ac/a2da/lib/site_perl/5.17.5/CHI/Driver/Memory.pm line 37.
CHI::Driver::Memory::BUILD('Moose::Meta::Class::__ANON__::SERIAL::4=HASH(0x3a07b48)', 'HASH(0x3a87bd8)') called at /home/src/perl/repoperls/installed-perls/perl/v5.17.4-160-g599f1ac/a2da/lib/site_perl/5.17.5/x86_64-linux-thread-multi-ld/Class/MOP/Method.pm line 125
Class::MOP::Method::execute('Moose::Meta::Method=HASH(0x3977e50)', 'Moose::Meta::Class::__ANON__::SERIAL::4=HASH(0x3a07b48)', 'HASH(0x3a87bd8)') called at /home/src/perl/repoperls/installed-perls/perl/v5.17.4-160-g599f1ac/a2da/lib/site_perl/5.17.5/x86_64-linux-thread-multi-ld/Moose/Object.pm line 59
Moose::Object::BUILDALL('Moose::Meta::Class::__ANON__::SERIAL::4=HASH(0x3a07b48)', 'HASH(0x3a87bd8)') called at /home/src/perl/repoperls/installed-perls/perl/v5.17.4-160-g599f1ac/a2da/lib/site_perl/5.17.5/x86_64-linux-thread-multi-ld/Moose/Meta/Class.pm line 278
Moose::Meta::Class::new_object('Moose::Meta::Class=HASH(0x396ce18)', 'HASH(0x3a87bd8)') called at /home/src/perl/repoperls/installed-perls/perl/v5.17.4-160-g599f1ac/a2da/lib/site_perl/5.17.5/x86_64-linux-thread-multi-ld/Moose/Object.pm line 28
Moose::Object::new('Moose::Meta::Class::__ANON__::SERIAL::4', 'chi_root_class', 'CHI', 'driver_class', 'CHI::Driver::Memory') called at constructor CHI::Driver::Memory::new (defined at /home/src/perl/repoperls/installed-perls/perl/v5.17.4-160-g599f1ac/a2da/lib/site_perl/5.17.5/CHI/Driver/Memory.pm line 18) line 4
CHI::Driver::Memory::new('Moose::Meta::Class::__ANON__::SERIAL::4', 'chi_root_class', 'CHI', 'driver_class', 'CHI::Driver::Memory') called at /home/src/perl/repoperls/installed-perls/perl/v5.17.4-160-g599f1ac/a2da/lib/site_perl/5.17.5/CHI.pm line 156
CHI::new('CHI', 'driver', 'Memory') called at t/03_chi.t line 29
t/03_chi.t ................... ok
t/04_fastmmap.t .............. skipped: no Cache::FastMmap found
t/deprecated/00_compile.t .... ok
syntax error at t/deprecated/02_memcached.t line 20, near "$class qw(Cache::Memcached Cache::Memcached::Fast Cache::memcached::libmemcached)"
Global symbol "$class" requires explicit package name at t/deprecated/02_memcached.t line 24.
Global symbol "$class" requires explicit package name at t/deprecated/02_memcached.t line 26.
Global symbol "$tests" requires explicit package name at t/deprecated/02_memcached.t line 32.
BEGIN not safe after errors--compilation aborted at t/deprecated/02_memcached.t line 34.
t/deprecated/02_memcached.t ..
Dubious, test returned 255 (wstat 65280, 0xff00)
No subtests run
must specify either 'datastore' hashref or 'global' flag at /home/src/perl/repoperls/installed-perls/perl/v5.17.4-160-g599f1ac/a2da/lib/site_perl/5.17.5/CHI/Driver/Memory.pm line 37.
CHI::Driver::Memory::BUILD('Moose::Meta::Class::__ANON__::SERIAL::4=HASH(0x22c5c20)', 'HASH(0x21fd128)') called at /home/src/perl/repoperls/installed-perls/perl/v5.17.4-160-g599f1ac/a2da/lib/site_perl/5.17.5/x86_64-linux-thread-multi-ld/Class/MOP/Method.pm line 125
Class::MOP::Method::execute('Moose::Meta::Method=HASH(0x21fc9a8)', 'Moose::Meta::Class::__ANON__::SERIAL::4=HASH(0x22c5c20)', 'HASH(0x21fd128)') called at /home/src/perl/repoperls/installed-perls/perl/v5.17.4-160-g599f1ac/a2da/lib/site_perl/5.17.5/x86_64-linux-thread-multi-ld/Moose/Object.pm line 59
Moose::Object::BUILDALL('Moose::Meta::Class::__ANON__::SERIAL::4=HASH(0x22c5c20)', 'HASH(0x21fd128)') called at /home/src/perl/repoperls/installed-perls/perl/v5.17.4-160-g599f1ac/a2da/lib/site_perl/5.17.5/x86_64-linux-thread-multi-ld/Moose/Meta/Class.pm line 278
Moose::Meta::Class::new_object('Moose::Meta::Class=HASH(0x2548a20)', 'HASH(0x21fd128)') called at /home/src/perl/repoperls/installed-perls/perl/v5.17.4-160-g599f1ac/a2da/lib/site_perl/5.17.5/x86_64-linux-thread-multi-ld/Moose/Object.pm line 28
Moose::Object::new('Moose::Meta::Class::__ANON__::SERIAL::4', 'chi_root_class', 'CHI', 'driver_class', 'CHI::Driver::Memory') called at constructor CHI::Driver::Memory::new (defined at /home/src/perl/repoperls/installed-perls/perl/v5.17.4-160-g599f1ac/a2da/lib/site_perl/5.17.5/CHI/Driver/Memory.pm line 18) line 4
CHI::Driver::Memory::new('Moose::Meta::Class::__ANON__::SERIAL::4', 'chi_root_class', 'CHI', 'driver_class', 'CHI::Driver::Memory') called at /home/src/perl/repoperls/installed-perls/perl/v5.17.4-160-g599f1ac/a2da/lib/site_perl/5.17.5/CHI.pm line 156
CHI::new('CHI', 'driver', 'Memory') called at t/deprecated/03_chi.t line 30
t/deprecated/03_chi.t ........ ok
t/deprecated/04_fastmmap.t ... skipped: no Cache::FastMmap found
Test Summary Report
-------------------
t/02_memcached.t (Wstat: 65280 Tests: 0 Failed: 0)
Non-zero exit status: 255
Parse errors: No plan found in TAP output
t/deprecated/02_memcached.t (Wstat: 65280 Tests: 0 Failed: 0)
Non-zero exit status: 255
Parse errors: No plan found in TAP output
Files=8, Tests=21, 2 wallclock secs ( 0.03 usr 0.02 sys + 1.68 cusr 0.14 csys = 1.87 CPU)
Result: FAIL
Failed 2/8 test programs. 0/21 subtests failed.
make: *** [test_dynamic] Error 255
------------------------------
PREREQUISITES
------------------------------
Prerequisite modules loaded:
requires:
Module Need Have
--------------------------- ----- --------
Cache::Memcached 0 1.30
Data::Dumper 0 2.135_07
Digest::MD5 0 2.52
Moose 0.59 2.0604
MooseX::Role::Parameterized 0 1.00
perl 5.008 5.017005
build_requires:
Module Need Have
--------------------------- ----- --------
ExtUtils::MakeMaker 6.42 6.63_02
IO::Socket::INET 0 1.33
Test::Exception 0 0.31
Test::More 0 0.98
configure_requires:
Module Need Have
--------------------------- ----- --------
ExtUtils::MakeMaker 6.42 6.63_02
------------------------------
ENVIRONMENT AND OTHER CONTEXT
------------------------------
Environment variables:
AUTOMATED_TESTING = 1
LANG = en_US.UTF-8
LANGUAGE = en_US:en
PATH = /home/sand/bin:/usr/local/bin:/usr/bin:/bin:/usr/bin/X11:/usr/games:/usr/local/perl/bin:/usr/X11/bin:/sbin:/usr/sbin
PERL5LIB = /tmp/loop_over_bdir-UOVpWf/Mail-SpamAssassin-2.43-R14tiv/blib/arch:/tmp/loop_over_bdir-UOVpWf/Mail-SpamAssassin-2.43-R14tiv/blib/lib
PERL5OPT =
PERL5_CPANPLUS_IS_RUNNING = 7758
PERL5_CPAN_IS_RUNNING = 7758
PERL_MM_USE_DEFAULT = 1
SHELL = /usr/bin/zsh
TERM = screen
Perl special variables (and OS-specific diagnostics, for MSWin32):
$^X = /tmp/basesmoker-reloperl-h2x9/bin/perl
$UID/$EUID = 1005 / 1005
$GID = 1005 1005
$EGID = 1005 1005
Perl module toolchain versions installed:
Module Have
------------------- --------
CPAN 1.9800
CPAN::Meta 2.120921
Cwd 3.39_02
ExtUtils::CBuilder 0.280208
ExtUtils::Command 1.17
ExtUtils::Install 1.58
ExtUtils::MakeMaker 6.63_02
ExtUtils::Manifest 1.61
ExtUtils::ParseXS 3.18
File::Spec 3.39_02
JSON 2.53
JSON::PP 2.27200
Module::Build 0.4003
Module::Signature 0.68
Parse::CPAN::Meta 1.4404
Test::Harness 3.25_01
Test::More 0.98
YAML 0.84
YAML::Syck 1.21
version 0.9901
--
Summary of my perl5 (revision 5 version 17 subversion 5) configuration:
Commit id: 599f1ac692fbcd2f05eab0e72ec4e403f9763412
Platform:
osname=linux, osvers=3.2.0-4-amd64, archname=x86_64-linux-thread-multi-ld
uname='linux k83 3.2.0-4-amd64 #1 smp debian 3.2.30-1 x86_64 gnulinux '
config_args='-Dprefix=/home/src/perl/repoperls/installed-perls/perl/v5.17.4-160-g599f1ac/a2da -Dmyhostname=k83 -Dinstallusrbinperl=n -Uversiononly -Dusedevel -des -Ui_db -Duseithreads -Duselongdouble -DDEBUGGING=-g'
hint=recommended, useposix=true, d_sigaction=define
useithreads=define, usemultiplicity=define
useperlio=define, d_sfio=undef, uselargefiles=define, usesocks=undef
use64bitint=define, use64bitall=define, uselongdouble=define
usemymalloc=n, bincompat5005=undef
Compiler:
cc='cc', ccflags ='-D_REENTRANT -D_GNU_SOURCE -fno-strict-aliasing -pipe -fstack-protector -I/usr/local/include -D_LARGEFILE_SOURCE -D_FILE_OFFSET_BITS=64',
optimize='-O2 -g',
cppflags='-D_REENTRANT -D_GNU_SOURCE -fno-strict-aliasing -pipe -fstack-protector -I/usr/local/include'
ccversion='', gccversion='4.7.2', gccosandvers=''
intsize=4, longsize=8, ptrsize=8, doublesize=8, byteorder=12345678
d_longlong=define, longlongsize=8, d_longdbl=define, longdblsize=16
ivtype='long', ivsize=8, nvtype='long double', nvsize=16, Off_t='off_t', lseeksize=8
alignbytes=16, prototype=define
Linker and Libraries:
ld='cc', ldflags =' -fstack-protector -L/usr/local/lib'
libpth=/usr/local/lib /lib/x86_64-linux-gnu /lib/../lib /usr/lib/x86_64-linux-gnu /usr/lib/../lib /lib /usr/lib
libs=-lnsl -ldb -ldl -lm -lcrypt -lutil -lpthread -lc
perllibs=-lnsl -ldl -lm -lcrypt -lutil -lpthread -lc
libc=, so=so, useshrplib=false, libperl=libperl.a
gnulibc_version='2.13'
Dynamic Linking:
dlsrc=dl_dlopen.xs, dlext=so, d_dlsymun=undef, ccdlflags='-Wl,-E'
cccdlflags='-fPIC', lddlflags='-shared -O2 -g -L/usr/local/lib -fstack-protector'
Characteristics of this binary (from libperl):
Compile-time options: HAS_TIMES MULTIPLICITY PERLIO_LAYERS
PERL_DONT_CREATE_GVSV PERL_IMPLICIT_CONTEXT
PERL_MALLOC_WRAP PERL_PRESERVE_IVUV PERL_USE_DEVEL
USE_64_BIT_ALL USE_64_BIT_INT USE_ITHREADS
USE_LARGE_FILES USE_LOCALE USE_LOCALE_COLLATE
USE_LOCALE_CTYPE USE_LOCALE_NUMERIC USE_LONG_DOUBLE
USE_PERLIO USE_PERL_ATOF USE_REENTRANT_API
Built under linux
Compiled at Oct 2 2012 20:04:22
%ENV:
PERL5LIB="/tmp/loop_over_bdir-UOVpWf/Mail-SpamAssassin-2.43-R14tiv/blib/arch:/tmp/loop_over_bdir-UOVpWf/Mail-SpamAssassin-2.43-R14tiv/blib/lib"
PERL5OPT=""
PERL5_CPANPLUS_IS_RUNNING="7758"
PERL5_CPAN_IS_RUNNING="7758"
PERL_MM_USE_DEFAULT="1"
@INC:
/tmp/loop_over_bdir-UOVpWf/Mail-SpamAssassin-2.43-R14tiv/blib/arch
/tmp/loop_over_bdir-UOVpWf/Mail-SpamAssassin-2.43-R14tiv/blib/lib
/home/src/perl/repoperls/installed-perls/perl/v5.17.4-160-g599f1ac/a2da/lib/site_perl/5.17.5/x86_64-linux-thread-multi-ld
/home/src/perl/repoperls/installed-perls/perl/v5.17.4-160-g599f1ac/a2da/lib/site_perl/5.17.5
/home/src/perl/repoperls/installed-perls/perl/v5.17.4-160-g599f1ac/a2da/lib/5.17.5/x86_64-linux-thread-multi-ld
/home/src/perl/repoperls/installed-perls/perl/v5.17.4-160-g599f1ac/a2da/lib/5.17.5
.