DBIx-Table-TestDataGenerator v0.005 Perl 5 v5.18.4 x86_64-linux

Status
Fail
From
Slaven Rezić (SREZIC)
Dist
DBIx-Table-TestDataGenerator v0.005
Platform
Perl 5 v5.18.4 x86_64-linux
Date
2020-09-08 20:05:49
ID
b0c2fc7a-f20e-11ea-87b8-e44c1f24ea8f
This distribution has been tested as part of the CPAN Testers
project, supporting the Perl programming language.  See
http://wiki.cpantesters.org/ for more information or email
questions to cpan-testers-discuss@perl.org


--
Dear Jose Diaz Seng,

This is a computer-generated report for DBIx-Table-TestDataGenerator-0.005
on perl 5.18.4, created by CPAN-Reporter-1.2018.

Thank you for uploading your work to CPAN.  However, there was a problem
testing your distribution.

If you think this report is invalid, please consult the CPAN Testers Wiki
for suggestions on how to avoid getting FAIL reports for missing library
or binary dependencies, unsupported operating systems, and so on:

http://wiki.cpantesters.org/wiki/CPANAuthorNotes

Sections of this report:

    * Tester comments
    * Program output
    * Prerequisites
    * Environment and other context

------------------------------
TESTER COMMENTS
------------------------------

Additional comments from tester:

none provided

------------------------------
PROGRAM OUTPUT
------------------------------

Output from './Build test':

# Testing DBIx::Table::TestDataGenerator 0.005, Perl 5.018004, /opt/perl-5.18.4/bin/perl
t/00-load.t ............................. ok
t/01DBIC.t .............................. ok
t/02DataGeneration.t .................... ok
t/03DataGeneration_null_root_parents.t .. ok
DBD::CSV::db do failed: Can't call method "print" on an undefined value at /opt/perl-5.18.4/lib/site_perl/5.18.4/DBD/CSV.pm line 410.
 [for Statement "CREATE TABLE test_tdg(id INTEGER, refid INTEGER, ud INTEGER, dt INTEGER, j INTEGER)"] at /home/cpansand/.cpan/build/2020090816/DBIx-Table-TestDataGenerator-0.005-0/blib/lib/DBIx/Table/TestDataGenerator.pm line 209.
Can't use an undefined value as a symbol reference at t/04DataGeneration_csv.t line 60.
END failed--call queue aborted at t/04DataGeneration_csv.t line 209.

#   Failed test 'no warnings'
#   at /opt/perl-5.18.4/lib/site_perl/5.18.4/Test/Builder.pm line 187.
# There were 2 warning(s)
# 	Previous test 0 ''
# 	DBD::CSV::db do failed: Can't call method "print" on an undefined value at /opt/perl-5.18.4/lib/site_perl/5.18.4/DBD/CSV.pm line 410.
#  [for Statement "CREATE TABLE test_tdg(id INTEGER, refid INTEGER, ud INTEGER, dt INTEGER, j INTEGER)"] at /home/cpansand/.cpan/build/2020090816/DBIx-Table-TestDataGenerator-0.005-0/blib/lib/DBIx/Table/TestDataGenerator.pm line 209.
#  at /home/cpansand/.cpan/build/2020090816/DBIx-Table-TestDataGenerator-0.005-0/blib/lib/DBIx/Table/TestDataGenerator.pm line 209.
# 	DBIx::Table::TestDataGenerator::create_testdata(DBIx::Table::TestDataGenerator=HASH(0x557833705918), "target_size", 500, "num_random", 500, "max_tree_depth", 3, "min_children", ...) called at t/04DataGeneration_csv.t line 37
# 
# ----------
# 	Previous test 0 ''
# 	Issuing rollback() due to DESTROY without explicit disconnect() of DBD::SQLite::db handle dbname=:memory: at t/04DataGeneration_csv.t line 209.
#  at t/04DataGeneration_csv.t line 209.
# 	eval {...} called at t/04DataGeneration_csv.t line 209
# 
# Looks like your test exited with 22 just after 1.
t/04DataGeneration_csv.t ................ 
Dubious, test returned 22 (wstat 5632, 0x1600)
Failed 2/2 subtests 
t/boilerplate.t ......................... ok

Test Summary Report
-------------------
t/04DataGeneration_csv.t              (Wstat: 5632 Tests: 1 Failed: 1)
  Failed test:  1
  Non-zero exit status: 22
  Parse errors: Bad plan.  You planned 2 tests but ran 1.
t/boilerplate.t                       (Wstat: 0 Tests: 5 Failed: 0)
  TODO passed:   1-5
Files=6, Tests=27,  3 wallclock secs ( 0.03 usr  0.04 sys +  1.90 cusr  0.57 csys =  2.54 CPU)
Result: FAIL
Failed 1/6 test programs. 1/27 subtests failed.

------------------------------
PREREQUISITES
------------------------------

Prerequisite modules loaded:

requires:

    Module                                 Need     Have    
    -------------------------------------- -------- --------
    aliased                                0        0.34    
    Carp                                   0        1.50    
    Cwd                                    0        3.75    
    Data::GUID                             0        0.049   
    DBD::CSV                               0        0.55    
    DBD::SQLite                            0        1.66    
    DBI                                    0        1.643   
    DBI::Const::GetInfoType                0        2.008697
    DBIx::Class::Helper::ResultSet::Random 2.016004 2.036000
    DBIx::Class::Optional::Dependencies    0        0       
    DBIx::Class::Relationship              0        0       
    DBIx::Class::Schema::Loader            0        0.07049 
    DBIx::RunSQL                           0        0.21    
    File::Basename                         0        2.84    
    File::Spec                             0        3.75    
    List::Util                             0        1.55    
    Moo                                    0        2.004000
    perl                                   5.006    5.018004
    Readonly                               0        2.05    
    SQL::Abstract                          0        1.87    
    SQL::Translator                        0.11018  1.61    
    Test::Exception                        0        0.43    

build_requires:

    Module                                 Need     Have    
    -------------------------------------- -------- --------
    Pod::Coverage                          0        0.23    
    Pod::Coverage::Moose                   0        0.07    
    Test::CheckManifest                    0        1.42    
    Test::More                             0        1.302177
    Test::Pod                              0        1.52    
    Test::Pod::Coverage                    0        1.10    

configure_requires:

    Module                                 Need     Have    
    -------------------------------------- -------- --------
    DBIx::Class                            0.08203  0.082842
    Module::Build                          0.4      0.4231  


------------------------------
ENVIRONMENT AND OTHER CONTEXT
------------------------------

Environment variables:

    LANG = C
    PATH = /usr/local/bin:/usr/bin:/bin:/usr/local/sbin:/usr/sbin:/sbin:/home/cpansand/bin/linux-gnu:/home/cpansand/bin/sh:/home/cpansand/bin:/usr/games:/home/cpansand/devel:/home/eserte/src/srezic-misc/scripts
    PERL5LIB = /home/cpansand/.cpan/build/2020090816/Pod-Coverage-Moose-0.07-0/blib/arch:/home/cpansand/.cpan/build/2020090816/Pod-Coverage-Moose-0.07-0/blib/lib:/home/cpansand/.cpan/build/2020090816/DBIx-RunSQL-0.21-0/blib/arch:/home/cpansand/.cpan/build/2020090816/DBIx-RunSQL-0.21-0/blib/lib
    PERL5OPT = 
    PERL5_CPANPLUS_IS_RUNNING = 9453
    PERL5_CPAN_IS_RUNNING = 9453
    PERL5_CPAN_IS_RUNNING_IN_RECURSION = 9427,9453
    PERLDOC = -MPod::Perldoc::ToTextOverstrike
    PERL_BATCH = yes
    PERL_CANARY_STABILITY_NOPROMPT = 1
    PERL_CPAN_REPORTER_CONFIG = /var/tmp/cpansmoker-1023/2020090816/cpanreporter_000_config.ini
    PERL_EXTUTILS_AUTOINSTALL = --defaultdeps
    PERL_USE_UNSAFE_INC = 1
    SHELL = /usr/bin/zsh
    TERM = screen
    TMPDIR = /var/tmp/cpansmoker-1023/2020090816

Perl special variables (and OS-specific diagnostics, for MSWin32):

    $^X = /opt/perl-5.18.4/bin/perl
    $UID/$EUID = 1023 / 1023
    $GID = 1023 1023
    $EGID = 1023 1023

Perl module toolchain versions installed:

    Module              Have    
    ------------------- --------
    CPAN                2.28    
    CPAN::Meta          2.150010
    Cwd                 3.75    
    ExtUtils::CBuilder  0.280234
    ExtUtils::Command   7.46    
    ExtUtils::Install   2.16    
    ExtUtils::MakeMaker 7.46    
    ExtUtils::Manifest  1.72    
    ExtUtils::ParseXS   3.35    
    File::Spec          3.75    
    JSON                4.02    
    JSON::PP            4.05    
    Module::Build       0.4231  
    Module::Signature   0.87    
    Parse::CPAN::Meta   2.150010
    Test::Harness       3.42    
    Test::More          1.302177
    YAML                1.30    
    YAML::Syck          1.32    
    version             0.9927  


--

Summary of my perl5 (revision 5 version 18 subversion 4) configuration:
   
  Platform:
    osname=linux, osvers=4.19.0-8-amd64, archname=x86_64-linux
    uname='linux debian10 4.19.0-8-amd64 #1 smp debian 4.19.98-1 (2020-01-26) x86_64 gnulinux '
    config_args='-ds -e -Dprefix=/opt/perl-5.18.4 -Dcf_email=srezic@cpan.org'
    hint=recommended, useposix=true, d_sigaction=define
    useithreads=undef, usemultiplicity=undef
    useperlio=define, d_sfio=undef, uselargefiles=define, usesocks=undef
    use64bitint=define, use64bitall=define, uselongdouble=undef
    usemymalloc=n, bincompat5005=undef
  Compiler:
    cc='cc', ccflags ='-fwrapv -fno-strict-aliasing -pipe -fstack-protector -I/usr/local/include -D_LARGEFILE_SOURCE -D_FILE_OFFSET_BITS=64',
    optimize='-O2',
    cppflags='-fwrapv -fno-strict-aliasing -pipe -fstack-protector -I/usr/local/include'
    ccversion='', gccversion='8.3.0', gccosandvers=''
    intsize=4, longsize=8, ptrsize=8, doublesize=8, byteorder=12345678
    d_longlong=define, longlongsize=8, d_longdbl=define, longdblsize=16
    ivtype='long', ivsize=8, nvtype='double', nvsize=8, Off_t='off_t', lseeksize=8
    alignbytes=8, prototype=define
  Linker and Libraries:
    ld='cc', ldflags =' -fstack-protector -L/usr/local/lib'
    libpth=/usr/local/lib /lib/x86_64-linux-gnu /lib/../lib /usr/lib/x86_64-linux-gnu /usr/lib/../lib /lib /usr/lib
    libs=-lnsl -lgdbm -ldb -ldl -lm -lcrypt -lutil -lc
    perllibs=-lnsl -ldl -lm -lcrypt -lutil -lc
    libc=libc-2.28.so, so=so, useshrplib=false, libperl=libperl.a
    gnulibc_version='2.28'
  Dynamic Linking:
    dlsrc=dl_dlopen.xs, dlext=so, d_dlsymun=undef, ccdlflags='-Wl,-E'
    cccdlflags='-fPIC', lddlflags='-shared -O2 -L/usr/local/lib -fstack-protector'


Characteristics of this binary (from libperl): 
  Compile-time options: HAS_TIMES PERLIO_LAYERS PERL_DONT_CREATE_GVSV
                        PERL_HASH_FUNC_ONE_AT_A_TIME_HARD PERL_MALLOC_WRAP
                        PERL_PRESERVE_IVUV PERL_SAWAMPERSAND USE_64_BIT_ALL
                        USE_64_BIT_INT USE_LARGE_FILES USE_LOCALE
                        USE_LOCALE_COLLATE USE_LOCALE_CTYPE
                        USE_LOCALE_NUMERIC USE_PERLIO USE_PERL_ATOF
  Locally applied patches:
	Devel::PatchPerl 1.90
  Built under linux
  Compiled at Mar 31 2020 20:33:31
  %ENV:
    PERL5LIB="/home/cpansand/.cpan/build/2020090816/Pod-Coverage-Moose-0.07-0/blib/arch:/home/cpansand/.cpan/build/2020090816/Pod-Coverage-Moose-0.07-0/blib/lib:/home/cpansand/.cpan/build/2020090816/DBIx-RunSQL-0.21-0/blib/arch:/home/cpansand/.cpan/build/2020090816/DBIx-RunSQL-0.21-0/blib/lib"
    PERL5OPT=""
    PERL5_CPANPLUS_IS_RUNNING="9453"
    PERL5_CPAN_IS_RUNNING="9453"
    PERL5_CPAN_IS_RUNNING_IN_RECURSION="9427,9453"
    PERLDOC="-MPod::Perldoc::ToTextOverstrike"
    PERL_BATCH="yes"
    PERL_CANARY_STABILITY_NOPROMPT="1"
    PERL_CPAN_REPORTER_CONFIG="/var/tmp/cpansmoker-1023/2020090816/cpanreporter_000_config.ini"
    PERL_EXTUTILS_AUTOINSTALL="--defaultdeps"
    PERL_USE_UNSAFE_INC="1"
  @INC:
    /home/cpansand/.cpan/build/2020090816/Pod-Coverage-Moose-0.07-0/blib/arch
    /home/cpansand/.cpan/build/2020090816/Pod-Coverage-Moose-0.07-0/blib/lib
    /home/cpansand/.cpan/build/2020090816/DBIx-RunSQL-0.21-0/blib/arch
    /home/cpansand/.cpan/build/2020090816/DBIx-RunSQL-0.21-0/blib/lib
    /opt/perl-5.18.4/lib/site_perl/5.18.4/x86_64-linux
    /opt/perl-5.18.4/lib/site_perl/5.18.4
    /opt/perl-5.18.4/lib/5.18.4/x86_64-linux
    /opt/perl-5.18.4/lib/5.18.4
    .