Report for System-Wrapper-v0.0.1

Back
From: metabase:user:30f4dfbe-2aae-11df-837a-5e0a49663a4f
Subject: FAIL System-Wrapper-v0.0.1 v5.12.2 GNU/Linux
Date: 2012-07-11T01:28:16Z

This distribution has been tested as part of the CPAN Testers
project, supporting the Perl programming language.  See
http://wiki.cpantesters.org/ for more information or email
questions to cpan-testers-discuss@perl.org


--
Dear Pedro Silva,

This is a computer-generated report for System-Wrapper-v0.0.1
on perl 5.12.2, created by CPAN-Reporter-1.2006.

Thank you for uploading your work to CPAN.  However, there was a problem
testing your distribution.

If you think this report is invalid, please consult the CPAN Testers Wiki
for suggestions on how to avoid getting FAIL reports for missing library
or binary dependencies, unsupported operating systems, and so on:

http://wiki.cpantesters.org/wiki/CPANAuthorNotes

Sections of this report:

    * Tester comments
    * Program output
    * Prerequisites
    * Environment and other context

------------------------------
TESTER COMMENTS
------------------------------

Additional comments from tester:

this report is from an automated smoke testing program
and was not reviewed by a human for accuracy

------------------------------
PROGRAM OUTPUT
------------------------------

Output from './Build test':

# Testing System::Wrapper 0.0.1, Perl 5.012002, /home/njh/perl5/perlbrew/perls/perl-5.12.2/bin/perl
t/00-load.t ....... ok
t/boilerplate.t ... ok
t/manifest.t ...... skipped: Author tests not required for installation

#   Failed test 'Pod coverage on System::Wrapper'
#   at /home/njh/perl5/perlbrew/perls/perl-5.12.2/lib/site_perl/5.12.2/Test/Pod/Coverage.pm line 126.
# Coverage for System::Wrapper is 12.5%, with 14 naked subroutines:
# 	arguments
# 	capture
# 	command
# 	description
# 	executable
# 	input
# 	interpreter
# 	order
# 	output
# 	path
# 	progress
# 	run
# 	stringify
# 	verbose

#   Failed test 'Pod coverage on System::Wrapper::Parallel'
#   at /home/njh/perl5/perlbrew/perls/perl-5.12.2/lib/site_perl/5.12.2/Test/Pod/Coverage.pm line 126.
# System::Wrapper::Parallel: couldn't find pod
# Looks like you failed 2 tests of 2.
t/pod-coverage.t .. 
Dubious, test returned 2 (wstat 512, 0x200)
Failed 2/2 subtests 
t/pod.t ........... ok

Test Summary Report
-------------------
t/boilerplate.t (Wstat: 0 Tests: 3 Failed: 0)
  TODO passed:   1, 3
t/pod-coverage.t (Wstat: 512 Tests: 2 Failed: 2)
  Failed tests:  1-2
  Non-zero exit status: 2
Files=5, Tests=9,  0 wallclock secs ( 0.02 usr  0.01 sys +  0.10 cusr  0.00 csys =  0.13 CPU)
Result: FAIL
Failed 1/5 test programs. 2/9 subtests failed.

------------------------------
PREREQUISITES
------------------------------

Prerequisite modules loaded:

requires:

    Module        Need Have  
    ------------- ---- ------
    Carp          0    1.26  
    constant      0    1.21  
    File::Spec    0    3.33  
    Moose         0    2.0603
    overload      0    1.10  
    POSIX         0    1.19  
    Storable      0    2.35  
    version       0    0.99  

build_requires:

    Module        Need Have  
    ------------- ---- ------
    Test::More    0    0.98  

configure_requires:

    Module        Need Have  
    ------------- ---- ------
    Module::Build 0.39 0.4001


------------------------------
ENVIRONMENT AND OTHER CONTEXT
------------------------------

Environment variables:

    AUTOMATED_TESTING = 1
    LANG = en_GB.UTF-8
    LANGUAGE = en_GB:en
    PATH = /home/njh/perl5/perlbrew/bin:/home/njh/perl5/perlbrew/perls/perl-5.12.2/bin:/usr/bin:/bin
    PERL5LIB = 
    PERL5OPT = 
    PERL5_CPANPLUS_IS_RUNNING = 17824
    PERL5_CPAN_IS_RUNNING = 17824
    PERL5_MINISMOKEBOX = 0.54
    PERLBREW_MANPATH = /home/njh/perl5/perlbrew/perls/perl-5.12.2/man
    PERLBREW_PATH = /home/njh/perl5/perlbrew/bin:/home/njh/perl5/perlbrew/perls/perl-5.12.2/bin
    PERLBREW_PERL = perl-5.12.2
    PERLBREW_ROOT = /home/njh/perl5/perlbrew
    PERLBREW_VERSION = 0.44
    PERL_EXTUTILS_AUTOINSTALL = --defaultdeps
    PERL_MM_USE_DEFAULT = 1
    SHELL = /bin/sh

Perl special variables (and OS-specific diagnostics, for MSWin32):

    $^X = /home/njh/perl5/perlbrew/perls/perl-5.12.2/bin/perl
    $UID/$EUID = 1000 / 1000
    $GID = 1000 24 25 29 30 44 46 108 112 1000
    $EGID = 1000 24 25 29 30 44 46 108 112 1000

Perl module toolchain versions installed:

    Module              Have    
    ------------------- --------
    CPAN                1.9800  
    CPAN::Meta          2.120921
    Cwd                 3.33    
    ExtUtils::CBuilder  0.280205
    ExtUtils::Command   1.17    
    ExtUtils::Install   1.55    
    ExtUtils::MakeMaker 6.62    
    ExtUtils::Manifest  1.60    
    ExtUtils::ParseXS   3.15    
    File::Spec          3.33    
    JSON                2.53    
    JSON::PP            2.27200 
    Module::Build       0.4001  
    Module::Signature   0.68    
    Parse::CPAN::Meta   1.4404  
    Test::Harness       3.25    
    Test::More          0.98    
    YAML                0.81    
    YAML::Syck          1.20    
    version             0.99    


--

Summary of my perl5 (revision 5 version 12 subversion 2) configuration:
   
  Platform:
    osname=linux, osvers=3.1.0-1-amd64, archname=x86_64-linux
    uname='linux gateway 3.1.0-1-amd64 #1 smp tue jan 10 05:01:58 utc 2012 x86_64 gnulinux '
    config_args='-de -Dprefix=/home/njh/perl5/perlbrew/perls/perl-5.12.2 -D_FORTIFY_SOURCE=2 -Accflags=-O2'
    hint=recommended, useposix=true, d_sigaction=define
    useithreads=undef, usemultiplicity=undef
    useperlio=define, d_sfio=undef, uselargefiles=define, usesocks=undef
    use64bitint=define, use64bitall=define, uselongdouble=undef
    usemymalloc=n, bincompat5005=undef
  Compiler:
    cc='cc', ccflags ='-O2 -fno-strict-aliasing -pipe -fstack-protector -I/usr/local/include -D_LARGEFILE_SOURCE -D_FILE_OFFSET_BITS=64',
    optimize='-O2',
    cppflags='-O2 -fno-strict-aliasing -pipe -fstack-protector -I/usr/local/include'
    ccversion='', gccversion='4.6.2', gccosandvers=''
    intsize=4, longsize=8, ptrsize=8, doublesize=8, byteorder=12345678
    d_longlong=define, longlongsize=8, d_longdbl=define, longdblsize=16
    ivtype='long', ivsize=8, nvtype='double', nvsize=8, Off_t='off_t', lseeksize=8
    alignbytes=8, prototype=define
  Linker and Libraries:
    ld='cc', ldflags =' -fstack-protector -L/usr/local/lib'
    libpth=/usr/local/lib /lib/x86_64-linux-gnu /lib/../lib /usr/lib/x86_64-linux-gnu /usr/lib/../lib /lib /usr/lib
    libs=-lnsl -ldb -ldl -lm -lcrypt -lutil -lc
    perllibs=-lnsl -ldl -lm -lcrypt -lutil -lc
    libc=, so=so, useshrplib=false, libperl=libperl.a
    gnulibc_version='2.13'
  Dynamic Linking:
    dlsrc=dl_dlopen.xs, dlext=so, d_dlsymun=undef, ccdlflags='-Wl,-E'
    cccdlflags='-fPIC', lddlflags='-shared -O2 -L/usr/local/lib -fstack-protector'


Characteristics of this binary (from libperl): 
  Compile-time options: PERL_DONT_CREATE_GVSV PERL_MALLOC_WRAP USE_64_BIT_ALL
                        USE_64_BIT_INT USE_LARGE_FILES USE_PERLIO
                        USE_PERL_ATOF
  Built under linux
  Compiled at Jan 16 2012 11:40:18
  %ENV:
    PERL5LIB=""
    PERL5OPT=""
    PERL5_CPANPLUS_IS_RUNNING="17824"
    PERL5_CPAN_IS_RUNNING="17824"
    PERL5_MINISMOKEBOX="0.54"
    PERLBREW_MANPATH="/home/njh/perl5/perlbrew/perls/perl-5.12.2/man"
    PERLBREW_PATH="/home/njh/perl5/perlbrew/bin:/home/njh/perl5/perlbrew/perls/perl-5.12.2/bin"
    PERLBREW_PERL="perl-5.12.2"
    PERLBREW_ROOT="/home/njh/perl5/perlbrew"
    PERLBREW_VERSION="0.44"
    PERL_EXTUTILS_AUTOINSTALL="--defaultdeps"
    PERL_MM_USE_DEFAULT="1"
  @INC:
    /home/njh/perl5/perlbrew/perls/perl-5.12.2/lib/site_perl/5.12.2/x86_64-linux
    /home/njh/perl5/perlbrew/perls/perl-5.12.2/lib/site_perl/5.12.2
    /home/njh/perl5/perlbrew/perls/perl-5.12.2/lib/5.12.2/x86_64-linux
    /home/njh/perl5/perlbrew/perls/perl-5.12.2/lib/5.12.2
    .