Back
From: metabase:user:0d96120c-29e2-11e5-b049-ede3035d37de
Subject: FAIL Role-Log-Syslog-Fast-0.14 v5.23.1 Windows (Cygwin)
Date: 2015-07-29T14:55:30Z
This distribution has been tested as part of the CPAN Testers
project, supporting the Perl programming language. See
http://wiki.cpantesters.org/ for more information or email
questions to cpan-testers-discuss@perl.org
--
Dear Thiago Berlitz Rondon,
This is a computer-generated report for Role-Log-Syslog-Fast-0.14
on perl 5.23.1, created by CPAN-Reporter-1.2014.
Thank you for uploading your work to CPAN. However, there was a problem
testing your distribution.
If you think this report is invalid, please consult the CPAN Testers Wiki
for suggestions on how to avoid getting FAIL reports for missing library
or binary dependencies, unsupported operating systems, and so on:
http://wiki.cpantesters.org/wiki/CPANAuthorNotes
Sections of this report:
* Tester comments
* Program output
* Prerequisites
* Environment and other context
------------------------------
TESTER COMMENTS
------------------------------
Additional comments from tester:
this report is from an automated smoke testing program
and was not reviewed by a human for accuracy
------------------------------
PROGRAM OUTPUT
------------------------------
Output from '/usr/bin/make test':
PERL_DL_NONLAZY=1 "/home/jmaslak/perl5/perlbrew/perls/perl-5.23.1/bin/perl5.23.1.exe" "-MExtUtils::Command::MM" "-MTest::Harness" "-e" "undef *Test::Harness::Switches; test_harness(0, 'blib/lib', 'blib/arch')" t/*.t
Can't locate Log/Syslog/Fast.pm in @INC (you may need to install the Log::Syslog::Fast module) (@INC contains: lib /home/jmaslak/.cpan/build/Role-Log-Syslog-Fast-0.14-YtzV2l/blib/lib /home/jmaslak/.cpan/build/Role-Log-Syslog-Fast-0.14-YtzV2l/blib/arch /home/jmaslak/perl5/perlbrew/perls/perl-5.23.1/lib/site_perl/5.23.1/cygwin-thread-multi /home/jmaslak/perl5/perlbrew/perls/perl-5.23.1/lib/site_perl/5.23.1 /home/jmaslak/perl5/perlbrew/perls/perl-5.23.1/lib/5.23.1/cygwin-thread-multi /home/jmaslak/perl5/perlbrew/perls/perl-5.23.1/lib/5.23.1 .) at lib/Role/Log/Syslog/Fast.pm line 6.
BEGIN failed--compilation aborted at lib/Role/Log/Syslog/Fast.pm line 6.
Compilation failed in require at -e line 1.
# Failed test 'Role::Log::Syslog::Fast loaded ok'
# at t/00-compile.t line 48.
# ''
# doesn't match '(?^s:^\s*Role::Log::Syslog::Fast ok)'
# Looks like you failed 1 test of 1.
t/00-compile.t ................
Dubious, test returned 1 (wstat 256, 0x100)
Failed 1/1 subtests
#
#
# perl: v5.23.1 (wanted any version) on cygwin from /home/jmaslak/perl5/perlbrew/perls/perl-5.23.1/bin/perl5.23.1
#
# ExtUtils::MakeMaker => 7.0401 (want 6.30)
#
# Thanks for using my code. I hope it works for you.
# If not, please try and include this output in the bug report.
# That will help me reproduce the issue and solve you problem.
#
t/000-report-versions-tiny.t .. ok
# Failed test 'use Role::Log::Syslog::Fast;'
# at t/00load.t line 5.
# Tried to use 'Role::Log::Syslog::Fast'.
# Error: Can't locate Log/Syslog/Fast.pm in @INC (you may need to install the Log::Syslog::Fast module) (@INC contains: /home/jmaslak/.cpan/build/Role-Log-Syslog-Fast-0.14-YtzV2l/blib/lib /home/jmaslak/.cpan/build/Role-Log-Syslog-Fast-0.14-YtzV2l/blib/arch /home/jmaslak/perl5/perlbrew/perls/perl-5.23.1/lib/site_perl/5.23.1/cygwin-thread-multi /home/jmaslak/perl5/perlbrew/perls/perl-5.23.1/lib/site_perl/5.23.1 /home/jmaslak/perl5/perlbrew/perls/perl-5.23.1/lib/5.23.1/cygwin-thread-multi /home/jmaslak/perl5/perlbrew/perls/perl-5.23.1/lib/5.23.1 .) at /home/jmaslak/.cpan/build/Role-Log-Syslog-Fast-0.14-YtzV2l/blib/lib/Role/Log/Syslog/Fast.pm line 6.
# BEGIN failed--compilation aborted at /home/jmaslak/.cpan/build/Role-Log-Syslog-Fast-0.14-YtzV2l/blib/lib/Role/Log/Syslog/Fast.pm line 6.
# Compilation failed in require at t/00load.t line 5.
# BEGIN failed--compilation aborted at t/00load.t line 5.
# Looks like you failed 1 test of 1.
t/00load.t ....................
Dubious, test returned 1 (wstat 256, 0x100)
Failed 1/1 subtests
Can't locate Log/Syslog/Fast.pm in @INC (you may need to install the Log::Syslog::Fast module) (@INC contains: /home/jmaslak/.cpan/build/Role-Log-Syslog-Fast-0.14-YtzV2l/blib/lib /home/jmaslak/.cpan/build/Role-Log-Syslog-Fast-0.14-YtzV2l/blib/arch /home/jmaslak/perl5/perlbrew/perls/perl-5.23.1/lib/site_perl/5.23.1/cygwin-thread-multi /home/jmaslak/perl5/perlbrew/perls/perl-5.23.1/lib/site_perl/5.23.1 /home/jmaslak/perl5/perlbrew/perls/perl-5.23.1/lib/5.23.1/cygwin-thread-multi /home/jmaslak/perl5/perlbrew/perls/perl-5.23.1/lib/5.23.1 .) at /home/jmaslak/.cpan/build/Role-Log-Syslog-Fast-0.14-YtzV2l/blib/lib/Role/Log/Syslog/Fast.pm line 6.
BEGIN failed--compilation aborted at /home/jmaslak/.cpan/build/Role-Log-Syslog-Fast-0.14-YtzV2l/blib/lib/Role/Log/Syslog/Fast.pm line 6.
Compilation failed in require at /home/jmaslak/perl5/perlbrew/perls/perl-5.23.1/lib/site_perl/5.23.1/Module/Runtime.pm line 317.
# Looks like your test exited with 2 before it could output anything.
t/01basic.t ...................
Dubious, test returned 2 (wstat 512, 0x200)
Failed 9/9 subtests
t/author-critic.t ............. skipped: these tests are for testing by the author
t/release-distmeta.t .......... skipped: these tests are for release candidate testing
t/release-eol.t ............... skipped: these tests are for release candidate testing
t/release-has-version.t ....... skipped: these tests are for release candidate testing
t/release-kwalitee.t .......... skipped: these tests are for release candidate testing
t/release-pod-coverage.t ...... skipped: these tests are for release candidate testing
t/release-pod-syntax.t ........ skipped: these tests are for release candidate testing
t/release-unused-vars.t ....... skipped: these tests are for release candidate testing
Test Summary Report
-------------------
t/00-compile.t (Wstat: 256 Tests: 1 Failed: 1)
Failed test: 1
Non-zero exit status: 1
t/00load.t (Wstat: 256 Tests: 1 Failed: 1)
Failed test: 1
Non-zero exit status: 1
t/01basic.t (Wstat: 512 Tests: 0 Failed: 0)
Non-zero exit status: 2
Parse errors: Bad plan. You planned 9 tests but ran 0.
Files=12, Tests=3, 3 wallclock secs ( 0.03 usr 0.16 sys + 0.95 cusr 1.59 csys = 2.73 CPU)
Result: FAIL
Failed 3/12 test programs. 2/3 subtests failed.
Makefile:833: recipe for target 'test_dynamic' failed
make: *** [test_dynamic] Error 255
------------------------------
PREREQUISITES
------------------------------
Prerequisite modules loaded:
configure_requires:
Module Need Have
------------------- ---- -------
ExtUtils::MakeMaker 6.30 7.04_01
------------------------------
ENVIRONMENT AND OTHER CONTEXT
------------------------------
Environment variables:
AUTOMATED_TESTING = 1
COMSPEC = C:\Windows\system32\cmd.exe
LANG = en_US.UTF-8
NUMBER_OF_PROCESSORS = 2
PATH = /home/jmaslak/perl5/perlbrew/bin:/home/jmaslak/perl5/perlbrew/perls/perl-5.23.1/bin:/usr/local/bin:/usr/bin:/cygdrive/c/Windows/system32:/cygdrive/c/Windows:/cygdrive/c/Windows/System32/Wbem:/cygdrive/c/Windows/System32/WindowsPowerShell/v1.0:/usr/lib/lapack:/usr/sbin:~/perltest/bin
PERL5LIB =
PERL5OPT =
PERL5_CPANPLUS_IS_RUNNING = 6460
PERL5_CPAN_IS_RUNNING = 6460
PERL5_CPAN_IS_RUNNING_IN_RECURSION = 2560,6460
PERLBREW_BASHRC_VERSION = 0.73
PERLBREW_HOME = /home/jmaslak/.perlbrew
PERLBREW_MANPATH = /home/jmaslak/perl5/perlbrew/perls/perl-5.23.1/man
PERLBREW_PATH = /home/jmaslak/perl5/perlbrew/bin:/home/jmaslak/perl5/perlbrew/perls/perl-5.23.1/bin
PERLBREW_PERL = perl-5.23.1
PERLBREW_ROOT = /home/jmaslak/perl5/perlbrew
PERLBREW_VERSION = 0.73
PERL_CR_SMOKER_CURRENT = Role-Log-Syslog-Fast-0.14
PERL_EXTUTILS_AUTOINSTALL = --defaultdeps
PERL_MM_USE_DEFAULT = 1
PROCESSOR_IDENTIFIER = Intel64 Family 6 Model 63 Stepping 2, GenuineIntel
SHELL = /bin/bash
TEMP = /tmp
TERM = xterm-256color
Perl special variables (and OS-specific diagnostics, for MSWin32):
$^X = /home/jmaslak/perl5/perlbrew/perls/perl-5.23.1/bin/perl5.23.1
$UID/$EUID = 197609 / 197609
$GID = 197121 197121 545
$EGID = 197121 197121 545
Perl module toolchain versions installed:
Module Have
------------------- --------
CPAN 2.11
CPAN::Meta 2.150005
Cwd 3.56
ExtUtils::CBuilder 0.280223
ExtUtils::Command 1.20
ExtUtils::Install 2.04
ExtUtils::MakeMaker 7.04_01
ExtUtils::Manifest 1.70
ExtUtils::ParseXS 3.28
File::Spec 3.56
JSON 2.90
JSON::PP 2.27300
Module::Build 0.4214
Module::Signature n/a
Parse::CPAN::Meta 1.4417
Test::Harness 3.35
Test::More 1.001014
YAML 1.15
YAML::Syck n/a
version 0.9909
--
Summary of my perl5 (revision 5 version 23 subversion 1) configuration:
Platform:
osname=cygwin, osvers=2.1.0(0.28753), archname=cygwin-thread-multi
uname='cygwin_nt-10.0 win-cvlv0hlkdu7 2.1.0(0.28753) 2015-07-14 21:28 x86_64 cygwin '
config_args='-de -Dprefix=/home/jmaslak/perl5/perlbrew/perls/perl-5.23.1 -Dusedevel -Aeval:scriptdir=/home/jmaslak/perl5/perlbrew/perls/perl-5.23.1/bin'
hint=recommended, useposix=true, d_sigaction=define
useithreads=define, usemultiplicity=define
use64bitint=define, use64bitall=define, uselongdouble=undef
usemymalloc=n, bincompat5005=undef
Compiler:
cc='gcc', ccflags ='-DPERL_USE_SAFE_PUTENV -U__STRICT_ANSI__ -fwrapv -fno-strict-aliasing -pipe -fstack-protector-strong -D_FORTIFY_SOURCE=2',
optimize='-O3',
cppflags='-DPERL_USE_SAFE_PUTENV -U__STRICT_ANSI__ -fwrapv -fno-strict-aliasing -pipe -fstack-protector-strong'
ccversion='', gccversion='4.9.3', gccosandvers=''
intsize=4, longsize=8, ptrsize=8, doublesize=8, byteorder=12345678, doublekind=3
d_longlong=define, longlongsize=8, d_longdbl=define, longdblsize=16, longdblkind=3
ivtype='long', ivsize=8, nvtype='double', nvsize=8, Off_t='off_t', lseeksize=8
alignbytes=8, prototype=define
Linker and Libraries:
ld='g++', ldflags =' -Wl,--enable-auto-import -Wl,--export-all-symbols -Wl,--enable-auto-image-base -fstack-protector-strong -L/usr/local/lib'
libpth=/usr/lib/gcc/x86_64-pc-cygwin/4.9.3/include-fixed /usr/lib /usr/lib/gcc/x86_64-pc-cygwin/4.9.3/../../../../lib/../include/w32api /usr/local/lib /lib
libs=-lpthread -ldb -ldl -lcrypt
perllibs=-lpthread -ldl -lcrypt
libc=/usr/lib/libc.a, so=dll, useshrplib=true, libperl=cygperl5_23_1.dll
gnulibc_version=''
Dynamic Linking:
dlsrc=dl_dlopen.xs, dlext=dll, d_dlsymun=undef, ccdlflags=' '
cccdlflags=' ', lddlflags=' --shared -Wl,--enable-auto-import -Wl,--export-all-symbols -Wl,--enable-auto-image-base -L/usr/local/lib -fstack-protector-strong'
Characteristics of this binary (from libperl):
Compile-time options: HAS_TIMES MULTIPLICITY PERLIO_LAYERS
PERL_COPY_ON_WRITE PERL_DONT_CREATE_GVSV
PERL_HASH_FUNC_ONE_AT_A_TIME_HARD
PERL_IMPLICIT_CONTEXT PERL_MALLOC_WRAP
PERL_PRESERVE_IVUV PERL_USE_DEVEL
PERL_USE_SAFE_PUTENV USE_64_BIT_ALL USE_64_BIT_INT
USE_ITHREADS USE_LARGE_FILES USE_LOCALE
USE_LOCALE_COLLATE USE_LOCALE_CTYPE
USE_LOCALE_NUMERIC USE_LOCALE_TIME USE_PERLIO
USE_PERL_ATOF USE_REENTRANT_API
Locally applied patches:
Devel::PatchPerl 1.38
Built under cygwin
Compiled at Jul 27 2015 22:32:08
%ENV:
PERL5LIB=""
PERL5OPT=""
PERL5_CPANPLUS_IS_RUNNING="6460"
PERL5_CPAN_IS_RUNNING="6460"
PERL5_CPAN_IS_RUNNING_IN_RECURSION="2560,6460"
PERLBREW_BASHRC_VERSION="0.73"
PERLBREW_HOME="/home/jmaslak/.perlbrew"
PERLBREW_MANPATH="/home/jmaslak/perl5/perlbrew/perls/perl-5.23.1/man"
PERLBREW_PATH="/home/jmaslak/perl5/perlbrew/bin:/home/jmaslak/perl5/perlbrew/perls/perl-5.23.1/bin"
PERLBREW_PERL="perl-5.23.1"
PERLBREW_ROOT="/home/jmaslak/perl5/perlbrew"
PERLBREW_VERSION="0.73"
PERL_CR_SMOKER_CURRENT="Role-Log-Syslog-Fast-0.14"
PERL_EXTUTILS_AUTOINSTALL="--defaultdeps"
PERL_MM_USE_DEFAULT="1"
@INC:
/home/jmaslak/perl5/perlbrew/perls/perl-5.23.1/lib/site_perl/5.23.1/cygwin-thread-multi
/home/jmaslak/perl5/perlbrew/perls/perl-5.23.1/lib/site_perl/5.23.1
/home/jmaslak/perl5/perlbrew/perls/perl-5.23.1/lib/5.23.1/cygwin-thread-multi
/home/jmaslak/perl5/perlbrew/perls/perl-5.23.1/lib/5.23.1
.