Back
From: metabase:user:314402c4-2aae-11df-837a-5e0a49663a4f
Subject: FAIL HTML-StickyForm-0.08 v5.20.1 FreeBSD
Date: 2015-03-24T22:04:06Z
This distribution has been tested as part of the CPAN Testers
project, supporting the Perl programming language. See
http://wiki.cpantesters.org/ for more information or email
questions to cpan-testers-discuss@perl.org
--
Dear Peter Haworth,
This is a computer-generated report for HTML-StickyForm-0.08
on perl 5.20.1, created by CPAN-Reporter-1.2011.
Thank you for uploading your work to CPAN. However, there was a problem
testing your distribution.
If you think this report is invalid, please consult the CPAN Testers Wiki
for suggestions on how to avoid getting FAIL reports for missing library
or binary dependencies, unsupported operating systems, and so on:
http://wiki.cpantesters.org/wiki/CPANAuthorNotes
Sections of this report:
* Tester comments
* Program output
* Prerequisites
* Environment and other context
------------------------------
TESTER COMMENTS
------------------------------
Additional comments from tester:
none provided
------------------------------
PROGRAM OUTPUT
------------------------------
Output from '/usr/bin/make test':
PERL_DL_NONLAZY=1 "/usr/perl5.20.1Dp/bin/perl" "-MExtUtils::Command::MM" "-MTest::Harness" "-e" "undef *Test::Harness::Switches; test_harness(0, 'blib/lib', 'blib/arch')" t/*.t t/lib/Test/XML/*.t
t/00manifest.t .......... ok
t/00requesthash.t ....... ok
t/00use.t ............... ok
t/00use_old.t ........... ok
t/10_args.t ............. ok
t/10_escape.t ........... ok
t/10sticky.t ............ ok
t/10values_as_labels.t .. ok
t/10well_formed.t ....... ok
# Failed test 'no warnings'
# at /home/cpansand/.cpan/build/Test-NoWarnings-1.04-FNXn2s/blib/lib/Test/NoWarnings.pm line 45.
# There were 22 warning(s)
# Previous test 5 'empty (empty, flat))'
# CGI::param called in list context from package HTML::StickyForm line 467, this can lead to vulnerabilities. See the warning in "Fetching the value or values of a single named parameter" at /home/cpansand/.cpan/build/CGI-4.13-CkASsC/blib/lib/CGI.pm line 437.
# at /home/cpansand/.cpan/build/CGI-4.13-CkASsC/blib/lib/CGI.pm line 437.
# CGI::param(CGI=HASH(0x41cda720), undef) called at /home/cpansand/.cpan/build/HTML-StickyForm-0.08-iQOLnC/blib/lib/HTML/StickyForm.pm line 467
# HTML::StickyForm::checkbox(HTML::StickyForm=HASH(0x41f54870), HASH(0x41f54810)) called at t/20checkbox.t line 88
#
# ----------
# Previous test 6 'empty (full, ref)'
# CGI::param called in list context from package HTML::StickyForm line 467, this can lead to vulnerabilities. See the warning in "Fetching the value or values of a single named parameter" at /home/cpansand/.cpan/build/CGI-4.13-CkASsC/blib/lib/CGI.pm line 437.
# at /home/cpansand/.cpan/build/CGI-4.13-CkASsC/blib/lib/CGI.pm line 437.
# CGI::param(CGI=HASH(0x41cda720), undef) called at /home/cpansand/.cpan/build/HTML-StickyForm-0.08-iQOLnC/blib/lib/HTML/StickyForm.pm line 467
# HTML::StickyForm::checkbox(HTML::StickyForm=HASH(0x41f54870)) called at t/20checkbox.t line 90
#
# ----------
# Previous test 9 'fred (empty, flat))'
# CGI::param called in list context from package HTML::StickyForm line 467, this can lead to vulnerabilities. See the warning in "Fetching the value or values of a single named parameter" at /home/cpansand/.cpan/build/CGI-4.13-CkASsC/blib/lib/CGI.pm line 437.
# at /home/cpansand/.cpan/build/CGI-4.13-CkASsC/blib/lib/CGI.pm line 437.
# CGI::param(CGI=HASH(0x41cda720), "fred") called at /home/cpansand/.cpan/build/HTML-StickyForm-0.08-iQOLnC/blib/lib/HTML/StickyForm.pm line 467
# HTML::StickyForm::checkbox(HTML::StickyForm=HASH(0x41f54870), HASH(0x41f54258)) called at t/20checkbox.t line 88
#
# ----------
# Previous test 10 'fred (full, ref)'
# CGI::param called in list context from package HTML::StickyForm line 467, this can lead to vulnerabilities. See the warning in "Fetching the value or values of a single named parameter" at /home/cpansand/.cpan/build/CGI-4.13-CkASsC/blib/lib/CGI.pm line 437.
# at /home/cpansand/.cpan/build/CGI-4.13-CkASsC/blib/lib/CGI.pm line 437.
# CGI::param(CGI=HASH(0x41cda720), "fred") called at /home/cpansand/.cpan/build/HTML-StickyForm-0.08-iQOLnC/blib/lib/HTML/StickyForm.pm line 467
# HTML::StickyForm::checkbox(HTML::StickyForm=HASH(0x41f54870), "name", "fred") called at t/20checkbox.t line 90
#
# ----------
# Previous test 13 'fred& (empty, flat))'
# CGI::param called in list context from package HTML::StickyForm line 467, this can lead to vulnerabilities. See the warning in "Fetching the value or values of a single named parameter" at /home/cpansand/.cpan/build/CGI-4.13-CkASsC/blib/lib/CGI.pm line 437.
# at /home/cpansand/.cpan/build/CGI-4.13-CkASsC/blib/lib/CGI.pm line 437.
# CGI::param(CGI=HASH(0x41cda720), "fred&") called at /home/cpansand/.cpan/build/HTML-StickyForm-0.08-iQOLnC/blib/lib/HTML/StickyForm.pm line 467
# HTML::StickyForm::checkbox(HTML::StickyForm=HASH(0x41f54870), HASH(0x43e38c90)) called at t/20checkbox.t line 88
#
# ----------
# Previous test 14 'fred& (full, ref)'
# CGI::param called in list context from package HTML::StickyForm line 467, this can lead to vulnerabilities. See the warning in "Fetching the value or values of a single named parameter" at /home/cpansand/.cpan/build/CGI-4.13-CkASsC/blib/lib/CGI.pm line 437.
# at /home/cpansand/.cpan/build/CGI-4.13-CkASsC/blib/lib/CGI.pm line 437.
# CGI::param(CGI=HASH(0x41cda720), "fred&") called at /home/cpansand/.cpan/build/HTML-StickyForm-0.08-iQOLnC/blib/lib/HTML/StickyForm.pm line 467
# HTML::StickyForm::checkbox(HTML::StickyForm=HASH(0x41f54870), "name", "fred&") called at t/20checkbox.t line 90
#
# ----------
# Previous test 17 'spoon (empty, flat))'
# CGI::param called in list context from package HTML::StickyForm line 467, this can lead to vulnerabilities. See the warning in "Fetching the value or values of a single named parameter" at /home/cpansand/.cpan/build/CGI-4.13-CkASsC/blib/lib/CGI.pm line 437.
# at /home/cpansand/.cpan/build/CGI-4.13-CkASsC/blib/lib/CGI.pm line 437.
# CGI::param(CGI=HASH(0x41cda720), "fred") called at /home/cpansand/.cpan/build/HTML-StickyForm-0.08-iQOLnC/blib/lib/HTML/StickyForm.pm line 467
# HTML::StickyForm::checkbox(HTML::StickyForm=HASH(0x41f54870), HASH(0x43cfa5e8)) called at t/20checkbox.t line 88
#
# ----------
# Previous test 18 'spoon (full, ref)'
# CGI::param called in list context from package HTML::StickyForm line 467, this can lead to vulnerabilities. See the warning in "Fetching the value or values of a single named parameter" at /home/cpansand/.cpan/build/CGI-4.13-CkASsC/blib/lib/CGI.pm line 437.
# at /home/cpansand/.cpan/build/CGI-4.13-CkASsC/blib/lib/CGI.pm line 437.
# CGI::param(CGI=HASH(0x41cda720), "fred") called at /home/cpansand/.cpan/build/HTML-StickyForm-0.08-iQOLnC/blib/lib/HTML/StickyForm.pm line 467
# HTML::StickyForm::checkbox(HTML::StickyForm=HASH(0x41f54870), "name", "fred", "value", "spoon") called at t/20checkbox.t line 90
#
# ----------
# Previous test 21 'default (empty, flat))'
# CGI::param called in list context from package HTML::StickyForm line 467, this can lead to vulnerabilities. See the warning in "Fetching the value or values of a single named parameter" at /home/cpansand/.cpan/build/CGI-4.13-CkASsC/blib/lib/CGI.pm line 437.
# at /home/cpansand/.cpan/build/CGI-4.13-CkASsC/blib/lib/CGI.pm line 437.
# CGI::param(CGI=HASH(0x41cda720), "fred") called at /home/cpansand/.cpan/build/HTML-StickyForm-0.08-iQOLnC/blib/lib/HTML/StickyForm.pm line 467
# HTML::StickyForm::checkbox(HTML::StickyForm=HASH(0x41f54870), HASH(0x43d74d50)) called at t/20checkbox.t line 88
#
# ----------
# Previous test 22 'default (full, ref)'
# CGI::param called in list context from package HTML::StickyForm line 467, this can lead to vulnerabilities. See the warning in "Fetching the value or values of a single named parameter" at /home/cpansand/.cpan/build/CGI-4.13-CkASsC/blib/lib/CGI.pm line 437.
# at /home/cpansand/.cpan/build/CGI-4.13-CkASsC/blib/lib/CGI.pm line 437.
# CGI::param(CGI=HASH(0x41cda720), "fred") called at /home/cpansand/.cpan/build/HTML-StickyForm-0.08-iQOLnC/blib/lib/HTML/StickyForm.pm line 467
# HTML::StickyForm::checkbox(HTML::StickyForm=HASH(0x41f54870), "name", "fred", "default", "fork") called at t/20checkbox.t line 90
#
# ----------
# Previous test 25 'spoon/def0 (empty, flat))'
# CGI::param called in list context from package HTML::StickyForm line 467, this can lead to vulnerabilities. See the warning in "Fetching the value or values of a single named parameter" at /home/cpansand/.cpan/build/CGI-4.13-CkASsC/blib/lib/CGI.pm line 437.
# at /home/cpansand/.cpan/build/CGI-4.13-CkASsC/blib/lib/CGI.pm line 437.
# CGI::param(CGI=HASH(0x41cda720), "fred") called at /home/cpansand/.cpan/build/HTML-StickyForm-0.08-iQOLnC/blib/lib/HTML/StickyForm.pm line 467
# HTML::StickyForm::checkbox(HTML::StickyForm=HASH(0x41f54870), HASH(0x43d74c30)) called at t/20checkbox.t line 88
#
# ----------
# Previous test 26 'spoon/def0 (full, ref)'
# CGI::param called in list context from package HTML::StickyForm line 467, this can lead to vulnerabilities. See the warning in "Fetching the value or values of a single named parameter" at /home/cpansand/.cpan/build/CGI-4.13-CkASsC/blib/lib/CGI.pm line 437.
# at /home/cpansand/.cpan/build/CGI-4.13-CkASsC/blib/lib/CGI.pm line 437.
# CGI::param(CGI=HASH(0x41cda720), "fred") called at /home/cpansand/.cpan/build/HTML-StickyForm-0.08-iQOLnC/blib/lib/HTML/StickyForm.pm line 467
# HTML::StickyForm::checkbox(HTML::StickyForm=HASH(0x41f54870), "name", "fred", "value", "spoon", "default", 0) called at t/20checkbox.t line 90
#
# ----------
# Previous test 29 'spoon/def1 (empty, flat))'
# CGI::param called in list context from package HTML::StickyForm line 467, this can lead to vulnerabilities. See the warning in "Fetching the value or values of a single named parameter" at /home/cpansand/.cpan/build/CGI-4.13-CkASsC/blib/lib/CGI.pm line 437.
# at /home/cpansand/.cpan/build/CGI-4.13-CkASsC/blib/lib/CGI.pm line 437.
# CGI::param(CGI=HASH(0x41cda720), "fred") called at /home/cpansand/.cpan/build/HTML-StickyForm-0.08-iQOLnC/blib/lib/HTML/StickyForm.pm line 467
# HTML::StickyForm::checkbox(HTML::StickyForm=HASH(0x41f54870), HASH(0x43d748e8)) called at t/20checkbox.t line 88
#
# ----------
# Previous test 30 'spoon/def1 (full, ref)'
# CGI::param called in list context from package HTML::StickyForm line 467, this can lead to vulnerabilities. See the warning in "Fetching the value or values of a single named parameter" at /home/cpansand/.cpan/build/CGI-4.13-CkASsC/blib/lib/CGI.pm line 437.
# at /home/cpansand/.cpan/build/CGI-4.13-CkASsC/blib/lib/CGI.pm line 437.
# CGI::param(CGI=HASH(0x41cda720), "fred") called at /home/cpansand/.cpan/build/HTML-StickyForm-0.08-iQOLnC/blib/lib/HTML/StickyForm.pm line 467
# HTML::StickyForm::checkbox(HTML::StickyForm=HASH(0x41f54870), "name", "fred", "default", 1, "value", "spoon") called at t/20checkbox.t line 90
#
# ----------
# Previous test 41 'fred/bloggs (empty, flat))'
# CGI::param called in list context from package HTML::StickyForm line 467, this can lead to vulnerabilities. See the warning in "Fetching the value or values of a single named parameter" at /home/cpansand/.cpan/build/CGI-4.13-CkASsC/blib/lib/CGI.pm line 437.
# at /home/cpansand/.cpan/build/CGI-4.13-CkASsC/blib/lib/CGI.pm line 437.
# CGI::param(CGI=HASH(0x41cda720), "fred") called at /home/cpansand/.cpan/build/HTML-StickyForm-0.08-iQOLnC/blib/lib/HTML/StickyForm.pm line 467
# HTML::StickyForm::checkbox(HTML::StickyForm=HASH(0x41f54870), HASH(0x43d74330)) called at t/20checkbox.t line 88
#
# ----------
# Previous test 42 'fred/bloggs (full, ref)'
# CGI::param called in list context from package HTML::StickyForm line 467, this can lead to vulnerabilities. See the warning in "Fetching the value or values of a single named parameter" at /home/cpansand/.cpan/build/CGI-4.13-CkASsC/blib/lib/CGI.pm line 437.
# at /home/cpansand/.cpan/build/CGI-4.13-CkASsC/blib/lib/CGI.pm line 437.
# CGI::param(CGI=HASH(0x41cda720), "fred") called at /home/cpansand/.cpan/build/HTML-StickyForm-0.08-iQOLnC/blib/lib/HTML/StickyForm.pm line 467
# HTML::StickyForm::checkbox(HTML::StickyForm=HASH(0x41f54870), "value", "bloggs", "name", "fred") called at t/20checkbox.t line 90
#
# ----------
# Previous test 45 'fred/bloggs/def0 (empty, flat))'
# CGI::param called in list context from package HTML::StickyForm line 467, this can lead to vulnerabilities. See the warning in "Fetching the value or values of a single named parameter" at /home/cpansand/.cpan/build/CGI-4.13-CkASsC/blib/lib/CGI.pm line 437.
# at /home/cpansand/.cpan/build/CGI-4.13-CkASsC/blib/lib/CGI.pm line 437.
# CGI::param(CGI=HASH(0x41cda720), "fred") called at /home/cpansand/.cpan/build/HTML-StickyForm-0.08-iQOLnC/blib/lib/HTML/StickyForm.pm line 467
# HTML::StickyForm::checkbox(HTML::StickyForm=HASH(0x41f54870), HASH(0x43d70a38)) called at t/20checkbox.t line 88
#
# ----------
# Previous test 46 'fred/bloggs/def0 (full, ref)'
# CGI::param called in list context from package HTML::StickyForm line 467, this can lead to vulnerabilities. See the warning in "Fetching the value or values of a single named parameter" at /home/cpansand/.cpan/build/CGI-4.13-CkASsC/blib/lib/CGI.pm line 437.
# at /home/cpansand/.cpan/build/CGI-4.13-CkASsC/blib/lib/CGI.pm line 437.
# CGI::param(CGI=HASH(0x41cda720), "fred") called at /home/cpansand/.cpan/build/HTML-StickyForm-0.08-iQOLnC/blib/lib/HTML/StickyForm.pm line 467
# HTML::StickyForm::checkbox(HTML::StickyForm=HASH(0x41f54870), "value", "bloggs", "default", 0, "name", "fred") called at t/20checkbox.t line 90
#
# ----------
# Previous test 49 'fred/bloggs/def0 (empty, flat))'
# CGI::param called in list context from package HTML::StickyForm line 467, this can lead to vulnerabilities. See the warning in "Fetching the value or values of a single named parameter" at /home/cpansand/.cpan/build/CGI-4.13-CkASsC/blib/lib/CGI.pm line 437.
# at /home/cpansand/.cpan/build/CGI-4.13-CkASsC/blib/lib/CGI.pm line 437.
# CGI::param(CGI=HASH(0x41cda720), "fred") called at /home/cpansand/.cpan/build/HTML-StickyForm-0.08-iQOLnC/blib/lib/HTML/StickyForm.pm line 467
# HTML::StickyForm::checkbox(HTML::StickyForm=HASH(0x41f54870), HASH(0x43d70dc8)) called at t/20checkbox.t line 88
#
# ----------
# Previous test 50 'fred/bloggs/def0 (full, ref)'
# CGI::param called in list context from package HTML::StickyForm line 467, this can lead to vulnerabilities. See the warning in "Fetching the value or values of a single named parameter" at /home/cpansand/.cpan/build/CGI-4.13-CkASsC/blib/lib/CGI.pm line 437.
# at /home/cpansand/.cpan/build/CGI-4.13-CkASsC/blib/lib/CGI.pm line 437.
# CGI::param(CGI=HASH(0x41cda720), "fred") called at /home/cpansand/.cpan/build/HTML-StickyForm-0.08-iQOLnC/blib/lib/HTML/StickyForm.pm line 467
# HTML::StickyForm::checkbox(HTML::StickyForm=HASH(0x41f54870), "name", "fred", "default", 1, "value", "bloggs") called at t/20checkbox.t line 90
#
# ----------
# Previous test 61 'random (empty, flat))'
# CGI::param called in list context from package HTML::StickyForm line 467, this can lead to vulnerabilities. See the warning in "Fetching the value or values of a single named parameter" at /home/cpansand/.cpan/build/CGI-4.13-CkASsC/blib/lib/CGI.pm line 437.
# at /home/cpansand/.cpan/build/CGI-4.13-CkASsC/blib/lib/CGI.pm line 437.
# CGI::param(CGI=HASH(0x41cda720), undef) called at /home/cpansand/.cpan/build/HTML-StickyForm-0.08-iQOLnC/blib/lib/HTML/StickyForm.pm line 467
# HTML::StickyForm::checkbox(HTML::StickyForm=HASH(0x41f54870), HASH(0x43e5de40)) called at t/20checkbox.t line 88
#
# ----------
# Previous test 62 'random (full, ref)'
# CGI::param called in list context from package HTML::StickyForm line 467, this can lead to vulnerabilities. See the warning in "Fetching the value or values of a single named parameter" at /home/cpansand/.cpan/build/CGI-4.13-CkASsC/blib/lib/CGI.pm line 437.
# at /home/cpansand/.cpan/build/CGI-4.13-CkASsC/blib/lib/CGI.pm line 437.
# CGI::param(CGI=HASH(0x41cda720), undef) called at /home/cpansand/.cpan/build/HTML-StickyForm-0.08-iQOLnC/blib/lib/HTML/StickyForm.pm line 467
# HTML::StickyForm::checkbox(HTML::StickyForm=HASH(0x41f54870), "random", "abc&") called at t/20checkbox.t line 90
#
# Looks like you failed 1 test of 64.
t/20checkbox.t ..........
Dubious, test returned 1 (wstat 256, 0x100)
Failed 1/64 subtests
# Failed test 'no warnings'
# at /home/cpansand/.cpan/build/Test-NoWarnings-1.04-FNXn2s/blib/lib/Test/NoWarnings.pm line 45.
# There were 34 warning(s)
# Previous test 5 'empty (empty, flat)'
# CGI::param called in list context from package HTML::StickyForm line 543, this can lead to vulnerabilities. See the warning in "Fetching the value or values of a single named parameter" at /home/cpansand/.cpan/build/CGI-4.13-CkASsC/blib/lib/CGI.pm line 437.
# at /home/cpansand/.cpan/build/CGI-4.13-CkASsC/blib/lib/CGI.pm line 437.
# CGI::param(CGI=HASH(0x41cda840), undef) called at /home/cpansand/.cpan/build/HTML-StickyForm-0.08-iQOLnC/blib/lib/HTML/StickyForm.pm line 543
# HTML::StickyForm::checkbox_group(HTML::StickyForm=HASH(0x426f8840), HASH(0x426f87e0)) called at t/20checkbox_group.t line 152
#
# ----------
# Previous test 6 'empty (full, ref)'
# CGI::param called in list context from package HTML::StickyForm line 543, this can lead to vulnerabilities. See the warning in "Fetching the value or values of a single named parameter" at /home/cpansand/.cpan/build/CGI-4.13-CkASsC/blib/lib/CGI.pm line 437.
# at /home/cpansand/.cpan/build/CGI-4.13-CkASsC/blib/lib/CGI.pm line 437.
# CGI::param(CGI=HASH(0x41cda840), undef) called at /home/cpansand/.cpan/build/HTML-StickyForm-0.08-iQOLnC/blib/lib/HTML/StickyForm.pm line 543
# HTML::StickyForm::checkbox_group(HTML::StickyForm=HASH(0x426f8840)) called at t/20checkbox_group.t line 155
#
# ----------
# Previous test 9 'blank (empty, flat)'
# CGI::param called in list context from package HTML::StickyForm line 543, this can lead to vulnerabilities. See the warning in "Fetching the value or values of a single named parameter" at /home/cpansand/.cpan/build/CGI-4.13-CkASsC/blib/lib/CGI.pm line 437.
# at /home/cpansand/.cpan/build/CGI-4.13-CkASsC/blib/lib/CGI.pm line 437.
# CGI::param(CGI=HASH(0x41cda840), undef) called at /home/cpansand/.cpan/build/HTML-StickyForm-0.08-iQOLnC/blib/lib/HTML/StickyForm.pm line 543
# HTML::StickyForm::checkbox_group(HTML::StickyForm=HASH(0x426f8840), HASH(0x426f8630)) called at t/20checkbox_group.t line 152
#
# ----------
# Previous test 10 'blank (full, ref)'
# CGI::param called in list context from package HTML::StickyForm line 543, this can lead to vulnerabilities. See the warning in "Fetching the value or values of a single named parameter" at /home/cpansand/.cpan/build/CGI-4.13-CkASsC/blib/lib/CGI.pm line 437.
# at /home/cpansand/.cpan/build/CGI-4.13-CkASsC/blib/lib/CGI.pm line 437.
# CGI::param(CGI=HASH(0x41cda840), undef) called at /home/cpansand/.cpan/build/HTML-StickyForm-0.08-iQOLnC/blib/lib/HTML/StickyForm.pm line 543
# HTML::StickyForm::checkbox_group(HTML::StickyForm=HASH(0x426f8840), "values", ARRAY(0x426f85b8)) called at t/20checkbox_group.t line 155
#
# ----------
# Previous test 13 'zero (empty, flat)'
# CGI::param called in list context from package HTML::StickyForm line 543, this can lead to vulnerabilities. See the warning in "Fetching the value or values of a single named parameter" at /home/cpansand/.cpan/build/CGI-4.13-CkASsC/blib/lib/CGI.pm line 437.
# at /home/cpansand/.cpan/build/CGI-4.13-CkASsC/blib/lib/CGI.pm line 437.
# CGI::param(CGI=HASH(0x41cda840), "abc") called at /home/cpansand/.cpan/build/HTML-StickyForm-0.08-iQOLnC/blib/lib/HTML/StickyForm.pm line 543
# HTML::StickyForm::checkbox_group(HTML::StickyForm=HASH(0x426f8840), HASH(0x426f8510)) called at t/20checkbox_group.t line 152
#
# ----------
# Previous test 14 'zero (full, ref)'
# CGI::param called in list context from package HTML::StickyForm line 543, this can lead to vulnerabilities. See the warning in "Fetching the value or values of a single named parameter" at /home/cpansand/.cpan/build/CGI-4.13-CkASsC/blib/lib/CGI.pm line 437.
# at /home/cpansand/.cpan/build/CGI-4.13-CkASsC/blib/lib/CGI.pm line 437.
# CGI::param(CGI=HASH(0x41cda840), "abc") called at /home/cpansand/.cpan/build/HTML-StickyForm-0.08-iQOLnC/blib/lib/HTML/StickyForm.pm line 543
# HTML::StickyForm::checkbox_group(HTML::StickyForm=HASH(0x426f8840), "name", "abc") called at t/20checkbox_group.t line 155
#
# ----------
# Previous test 17 'abc/0 (empty, flat)'
# CGI::param called in list context from package HTML::StickyForm line 543, this can lead to vulnerabilities. See the warning in "Fetching the value or values of a single named parameter" at /home/cpansand/.cpan/build/CGI-4.13-CkASsC/blib/lib/CGI.pm line 437.
# at /home/cpansand/.cpan/build/CGI-4.13-CkASsC/blib/lib/CGI.pm line 437.
# CGI::param(CGI=HASH(0x41cda840), "abc") called at /home/cpansand/.cpan/build/HTML-StickyForm-0.08-iQOLnC/blib/lib/HTML/StickyForm.pm line 543
# HTML::StickyForm::checkbox_group(HTML::StickyForm=HASH(0x426f8840), HASH(0x426f83f0)) called at t/20checkbox_group.t line 152
#
# ----------
# Previous test 18 'abc/0 (full, ref)'
# CGI::param called in list context from package HTML::StickyForm line 543, this can lead to vulnerabilities. See the warning in "Fetching the value or values of a single named parameter" at /home/cpansand/.cpan/build/CGI-4.13-CkASsC/blib/lib/CGI.pm line 437.
# at /home/cpansand/.cpan/build/CGI-4.13-CkASsC/blib/lib/CGI.pm line 437.
# CGI::param(CGI=HASH(0x41cda840), "abc") called at /home/cpansand/.cpan/build/HTML-StickyForm-0.08-iQOLnC/blib/lib/HTML/StickyForm.pm line 543
# HTML::StickyForm::checkbox_group(HTML::StickyForm=HASH(0x426f8840), "name", "abc", "values", ARRAY(0x426f8438)) called at t/20checkbox_group.t line 155
#
# ----------
# Previous test 21 'abc/0 (empty, flat)'
# CGI::param called in list context from package HTML::StickyForm line 543, this can lead to vulnerabilities. See the warning in "Fetching the value or values of a single named parameter" at /home/cpansand/.cpan/build/CGI-4.13-CkASsC/blib/lib/CGI.pm line 437.
# at /home/cpansand/.cpan/build/CGI-4.13-CkASsC/blib/lib/CGI.pm line 437.
# CGI::param(CGI=HASH(0x41cda840), "abc") called at /home/cpansand/.cpan/build/HTML-StickyForm-0.08-iQOLnC/blib/lib/HTML/StickyForm.pm line 543
# HTML::StickyForm::checkbox_group(HTML::StickyForm=HASH(0x426f8840), HASH(0x426f8270)) called at t/20checkbox_group.t line 152
#
# ----------
# Previous test 22 'abc/0 (full, ref)'
# CGI::param called in list context from package HTML::StickyForm line 543, this can lead to vulnerabilities. See the warning in "Fetching the value or values of a single named parameter" at /home/cpansand/.cpan/build/CGI-4.13-CkASsC/blib/lib/CGI.pm line 437.
# at /home/cpansand/.cpan/build/CGI-4.13-CkASsC/blib/lib/CGI.pm line 437.
# CGI::param(CGI=HASH(0x41cda840), "abc") called at /home/cpansand/.cpan/build/HTML-StickyForm-0.08-iQOLnC/blib/lib/HTML/StickyForm.pm line 543
# HTML::StickyForm::checkbox_group(HTML::StickyForm=HASH(0x426f8840), "default", ARRAY(0x426f82b8), "values", ARRAY(0x426f8300), "name", "abc") called at t/20checkbox_group.t line 155
#
# ----------
# Previous test 41 'abc/456 (empty, flat)'
# CGI::param called in list context from package HTML::StickyForm line 543, this can lead to vulnerabilities. See the warning in "Fetching the value or values of a single named parameter" at /home/cpansand/.cpan/build/CGI-4.13-CkASsC/blib/lib/CGI.pm line 437.
# at /home/cpansand/.cpan/build/CGI-4.13-CkASsC/blib/lib/CGI.pm line 437.
# CGI::param(CGI=HASH(0x41cda840), "abc") called at /home/cpansand/.cpan/build/HTML-StickyForm-0.08-iQOLnC/blib/lib/HTML/StickyForm.pm line 543
# HTML::StickyForm::checkbox_group(HTML::StickyForm=HASH(0x426f8840), HASH(0x41f55b40)) called at t/20checkbox_group.t line 152
#
# ----------
# Previous test 42 'abc/456 (full, ref)'
# CGI::param called in list context from package HTML::StickyForm line 543, this can lead to vulnerabilities. See the warning in "Fetching the value or values of a single named parameter" at /home/cpansand/.cpan/build/CGI-4.13-CkASsC/blib/lib/CGI.pm line 437.
# at /home/cpansand/.cpan/build/CGI-4.13-CkASsC/blib/lib/CGI.pm line 437.
# CGI::param(CGI=HASH(0x41cda840), "abc") called at /home/cpansand/.cpan/build/HTML-StickyForm-0.08-iQOLnC/blib/lib/HTML/StickyForm.pm line 543
# HTML::StickyForm::checkbox_group(HTML::StickyForm=HASH(0x426f8840), "values", ARRAY(0x41f55b88), "name", "abc") called at t/20checkbox_group.t line 155
#
# ----------
# Previous test 49 'abc/456,789 (empty, flat)'
# CGI::param called in list context from package HTML::StickyForm line 543, this can lead to vulnerabilities. See the warning in "Fetching the value or values of a single named parameter" at /home/cpansand/.cpan/build/CGI-4.13-CkASsC/blib/lib/CGI.pm line 437.
# at /home/cpansand/.cpan/build/CGI-4.13-CkASsC/blib/lib/CGI.pm line 437.
# CGI::param(CGI=HASH(0x41cda840), "abc") called at /home/cpansand/.cpan/build/HTML-StickyForm-0.08-iQOLnC/blib/lib/HTML/StickyForm.pm line 543
# HTML::StickyForm::checkbox_group(HTML::StickyForm=HASH(0x426f8840), HASH(0x43e41d38)) called at t/20checkbox_group.t line 152
#
# ----------
# Previous test 50 'abc/456,789 (full, ref)'
# CGI::param called in list context from package HTML::StickyForm line 543, this can lead to vulnerabilities. See the warning in "Fetching the value or values of a single named parameter" at /home/cpansand/.cpan/build/CGI-4.13-CkASsC/blib/lib/CGI.pm line 437.
# at /home/cpansand/.cpan/build/CGI-4.13-CkASsC/blib/lib/CGI.pm line 437.
# CGI::param(CGI=HASH(0x41cda840), "abc") called at /home/cpansand/.cpan/build/HTML-StickyForm-0.08-iQOLnC/blib/lib/HTML/StickyForm.pm line 543
# HTML::StickyForm::checkbox_group(HTML::StickyForm=HASH(0x426f8840), "name", "abc", "values", ARRAY(0x43e41cd8)) called at t/20checkbox_group.t line 155
#
# ----------
# Previous test 57 'abc/456,789/default=456 (empty, flat)'
# CGI::param called in list context from package HTML::StickyForm line 543, this can lead to vulnerabilities. See the warning in "Fetching the value or values of a single named parameter" at /home/cpansand/.cpan/build/CGI-4.13-CkASsC/blib/lib/CGI.pm line 437.
# at /home/cpansand/.cpan/build/CGI-4.13-CkASsC/blib/lib/CGI.pm line 437.
# CGI::param(CGI=HASH(0x41cda840), "abc") called at /home/cpansand/.cpan/build/HTML-StickyForm-0.08-iQOLnC/blib/lib/HTML/StickyForm.pm line 543
# HTML::StickyForm::checkbox_group(HTML::StickyForm=HASH(0x426f8840), HASH(0x43e5e018)) called at t/20checkbox_group.t line 152
#
# ----------
# Previous test 58 'abc/456,789/default=456 (full, ref)'
# CGI::param called in list context from package HTML::StickyForm line 543, this can lead to vulnerabilities. See the warning in "Fetching the value or values of a single named parameter" at /home/cpansand/.cpan/build/CGI-4.13-CkASsC/blib/lib/CGI.pm line 437.
# at /home/cpansand/.cpan/build/CGI-4.13-CkASsC/blib/lib/CGI.pm line 437.
# CGI::param(CGI=HASH(0x41cda840), "abc") called at /home/cpansand/.cpan/build/HTML-StickyForm-0.08-iQOLnC/blib/lib/HTML/StickyForm.pm line 543
# HTML::StickyForm::checkbox_group(HTML::StickyForm=HASH(0x426f8840), "default", 456, "values", ARRAY(0x43e41f90), "name", "abc") called at t/20checkbox_group.t line 155
#
# ----------
# Previous test 65 'abc/456,789/linebreak (empty, flat)'
# CGI::param called in list context from package HTML::StickyForm line 543, this can lead to vulnerabilities. See the warning in "Fetching the value or values of a single named parameter" at /home/cpansand/.cpan/build/CGI-4.13-CkASsC/blib/lib/CGI.pm line 437.
# at /home/cpansand/.cpan/build/CGI-4.13-CkASsC/blib/lib/CGI.pm line 437.
# CGI::param(CGI=HASH(0x41cda840), "abc") called at /home/cpansand/.cpan/build/HTML-StickyForm-0.08-iQOLnC/blib/lib/HTML/StickyForm.pm line 543
# HTML::StickyForm::checkbox_group(HTML::StickyForm=HASH(0x426f8840), HASH(0x43e5e348)) called at t/20checkbox_group.t line 152
#
# ----------
# Previous test 66 'abc/456,789/linebreak (full, ref)'
# CGI::param called in list context from package HTML::StickyForm line 543, this can lead to vulnerabilities. See the warning in "Fetching the value or values of a single named parameter" at /home/cpansand/.cpan/build/CGI-4.13-CkASsC/blib/lib/CGI.pm line 437.
# at /home/cpansand/.cpan/build/CGI-4.13-CkASsC/blib/lib/CGI.pm line 437.
# CGI::param(CGI=HASH(0x41cda840), "abc") called at /home/cpansand/.cpan/build/HTML-StickyForm-0.08-iQOLnC/blib/lib/HTML/StickyForm.pm line 543
# HTML::StickyForm::checkbox_group(HTML::StickyForm=HASH(0x426f8840), "values", ARRAY(0x43e5e2e8), "linebreak", 1, "name", "abc") called at t/20checkbox_group.t line 155
#
# ----------
# Previous test 69 'abc/345,678/val (empty, flat)'
# CGI::param called in list context from package HTML::StickyForm line 543, this can lead to vulnerabilities. See the warning in "Fetching the value or values of a single named parameter" at /home/cpansand/.cpan/build/CGI-4.13-CkASsC/blib/lib/CGI.pm line 437.
# at /home/cpansand/.cpan/build/CGI-4.13-CkASsC/blib/lib/CGI.pm line 437.
# CGI::param(CGI=HASH(0x41cda840), "abc") called at /home/cpansand/.cpan/build/HTML-StickyForm-0.08-iQOLnC/blib/lib/HTML/StickyForm.pm line 543
# HTML::StickyForm::checkbox_group(HTML::StickyForm=HASH(0x426f8840), HASH(0x43e5e4b0)) called at t/20checkbox_group.t line 152
#
# ----------
# Previous test 70 'abc/345,678/val (full, ref)'
# CGI::param called in list context from package HTML::StickyForm line 543, this can lead to vulnerabilities. See the warning in "Fetching the value or values of a single named parameter" at /home/cpansand/.cpan/build/CGI-4.13-CkASsC/blib/lib/CGI.pm line 437.
# at /home/cpansand/.cpan/build/CGI-4.13-CkASsC/blib/lib/CGI.pm line 437.
# CGI::param(CGI=HASH(0x41cda840), "abc") called at /home/cpansand/.cpan/build/HTML-StickyForm-0.08-iQOLnC/blib/lib/HTML/StickyForm.pm line 543
# HTML::StickyForm::checkbox_group(HTML::StickyForm=HASH(0x426f8840), "values_as_labels", 1, "name", "abc", "values", ARRAY(0x43e5e450)) called at t/20checkbox_group.t line 155
#
# ----------
# Previous test 73 'abc/345,678/XY (empty, flat)'
# CGI::param called in list context from package HTML::StickyForm line 543, this can lead to vulnerabilities. See the warning in "Fetching the value or values of a single named parameter" at /home/cpansand/.cpan/build/CGI-4.13-CkASsC/blib/lib/CGI.pm line 437.
# at /home/cpansand/.cpan/build/CGI-4.13-CkASsC/blib/lib/CGI.pm line 437.
# CGI::param(CGI=HASH(0x41cda840), "abc") called at /home/cpansand/.cpan/build/HTML-StickyForm-0.08-iQOLnC/blib/lib/HTML/StickyForm.pm line 543
# HTML::StickyForm::checkbox_group(HTML::StickyForm=HASH(0x426f8840), HASH(0x43e5e678)) called at t/20checkbox_group.t line 152
#
# ----------
# Previous test 74 'abc/345,678/XY (full, ref)'
# CGI::param called in list context from package HTML::StickyForm line 543, this can lead to vulnerabilities. See the warning in "Fetching the value or values of a single named parameter" at /home/cpansand/.cpan/build/CGI-4.13-CkASsC/blib/lib/CGI.pm line 437.
# at /home/cpansand/.cpan/build/CGI-4.13-CkASsC/blib/lib/CGI.pm line 437.
# CGI::param(CGI=HASH(0x41cda840), "abc") called at /home/cpansand/.cpan/build/HTML-StickyForm-0.08-iQOLnC/blib/lib/HTML/StickyForm.pm line 543
# HTML::StickyForm::checkbox_group(HTML::StickyForm=HASH(0x426f8840), "name", "abc", "labels", HASH(0x43e5e618), "values", ARRAY(0x43e5e5b8)) called at t/20checkbox_group.t line 155
#
# ----------
# Previous test 77 'abc/345,678/X/val (empty, flat)'
# CGI::param called in list context from package HTML::StickyForm line 543, this can lead to vulnerabilities. See the warning in "Fetching the value or values of a single named parameter" at /home/cpansand/.cpan/build/CGI-4.13-CkASsC/blib/lib/CGI.pm line 437.
# at /home/cpansand/.cpan/build/CGI-4.13-CkASsC/blib/lib/CGI.pm line 437.
# CGI::param(CGI=HASH(0x41cda840), "abc") called at /home/cpansand/.cpan/build/HTML-StickyForm-0.08-iQOLnC/blib/lib/HTML/StickyForm.pm line 543
# HTML::StickyForm::checkbox_group(HTML::StickyForm=HASH(0x426f8840), HASH(0x43e5e828)) called at t/20checkbox_group.t line 152
#
# ----------
# Previous test 78 'abc/345,678/X/val (full, ref)'
# CGI::param called in list context from package HTML::StickyForm line 543, this can lead to vulnerabilities. See the warning in "Fetching the value or values of a single named parameter" at /home/cpansand/.cpan/build/CGI-4.13-CkASsC/blib/lib/CGI.pm line 437.
# at /home/cpansand/.cpan/build/CGI-4.13-CkASsC/blib/lib/CGI.pm line 437.
# CGI::param(CGI=HASH(0x41cda840), "abc") called at /home/cpansand/.cpan/build/HTML-StickyForm-0.08-iQOLnC/blib/lib/HTML/StickyForm.pm line 543
# HTML::StickyForm::checkbox_group(HTML::StickyForm=HASH(0x426f8840), "name", "abc", "values_as_labels", 1, "labels", HASH(0x43e5e7e0), "values", ARRAY(0x43e5e780), ...) called at t/20checkbox_group.t line 155
#
# ----------
# Previous test 81 'abc/labels (empty, flat)'
# CGI::param called in list context from package HTML::StickyForm line 543, this can lead to vulnerabilities. See the warning in "Fetching the value or values of a single named parameter" at /home/cpansand/.cpan/build/CGI-4.13-CkASsC/blib/lib/CGI.pm line 437.
# at /home/cpansand/.cpan/build/CGI-4.13-CkASsC/blib/lib/CGI.pm line 437.
# CGI::param(CGI=HASH(0x41cda840), "abc") called at /home/cpansand/.cpan/build/HTML-StickyForm-0.08-iQOLnC/blib/lib/HTML/StickyForm.pm line 543
# HTML::StickyForm::checkbox_group(HTML::StickyForm=HASH(0x426f8840), HASH(0x43e5e990)) called at t/20checkbox_group.t line 152
#
# ----------
# Previous test 82 'abc/labels (full, ref)'
# CGI::param called in list context from package HTML::StickyForm line 543, this can lead to vulnerabilities. See the warning in "Fetching the value or values of a single named parameter" at /home/cpansand/.cpan/build/CGI-4.13-CkASsC/blib/lib/CGI.pm line 437.
# at /home/cpansand/.cpan/build/CGI-4.13-CkASsC/blib/lib/CGI.pm line 437.
# CGI::param(CGI=HASH(0x41cda840), "abc") called at /home/cpansand/.cpan/build/HTML-StickyForm-0.08-iQOLnC/blib/lib/HTML/StickyForm.pm line 543
# HTML::StickyForm::checkbox_group(HTML::StickyForm=HASH(0x426f8840), "labels", HASH(0x43e5e948), "name", "abc") called at t/20checkbox_group.t line 155
#
# ----------
# Previous test 85 'abc/escape (empty, flat)'
# CGI::param called in list context from package HTML::StickyForm line 543, this can lead to vulnerabilities. See the warning in "Fetching the value or values of a single named parameter" at /home/cpansand/.cpan/build/CGI-4.13-CkASsC/blib/lib/CGI.pm line 437.
# at /home/cpansand/.cpan/build/CGI-4.13-CkASsC/blib/lib/CGI.pm line 437.
# CGI::param(CGI=HASH(0x41cda840), "abc") called at /home/cpansand/.cpan/build/HTML-StickyForm-0.08-iQOLnC/blib/lib/HTML/StickyForm.pm line 543
# HTML::StickyForm::checkbox_group(HTML::StickyForm=HASH(0x426f8840), HASH(0x43e5eac8)) called at t/20checkbox_group.t line 152
#
# ----------
# Previous test 86 'abc/escape (full, ref)'
# CGI::param called in list context from package HTML::StickyForm line 543, this can lead to vulnerabilities. See the warning in "Fetching the value or values of a single named parameter" at /home/cpansand/.cpan/build/CGI-4.13-CkASsC/blib/lib/CGI.pm line 437.
# at /home/cpansand/.cpan/build/CGI-4.13-CkASsC/blib/lib/CGI.pm line 437.
# CGI::param(CGI=HASH(0x41cda840), "abc") called at /home/cpansand/.cpan/build/HTML-StickyForm-0.08-iQOLnC/blib/lib/HTML/StickyForm.pm line 543
# HTML::StickyForm::checkbox_group(HTML::StickyForm=HASH(0x426f8840), "name", "abc", "labels", HASH(0x43e5ea80)) called at t/20checkbox_group.t line 155
#
# ----------
# Previous test 89 'abc/escape=0 (empty, flat)'
# CGI::param called in list context from package HTML::StickyForm line 543, this can lead to vulnerabilities. See the warning in "Fetching the value or values of a single named parameter" at /home/cpansand/.cpan/build/CGI-4.13-CkASsC/blib/lib/CGI.pm line 437.
# at /home/cpansand/.cpan/build/CGI-4.13-CkASsC/blib/lib/CGI.pm line 437.
# CGI::param(CGI=HASH(0x41cda840), "abc") called at /home/cpansand/.cpan/build/HTML-StickyForm-0.08-iQOLnC/blib/lib/HTML/StickyForm.pm line 543
# HTML::StickyForm::checkbox_group(HTML::StickyForm=HASH(0x426f8840), HASH(0x43e5ec00)) called at t/20checkbox_group.t line 152
#
# ----------
# Previous test 90 'abc/escape=0 (full, ref)'
# CGI::param called in list context from package HTML::StickyForm line 543, this can lead to vulnerabilities. See the warning in "Fetching the value or values of a single named parameter" at /home/cpansand/.cpan/build/CGI-4.13-CkASsC/blib/lib/CGI.pm line 437.
# at /home/cpansand/.cpan/build/CGI-4.13-CkASsC/blib/lib/CGI.pm line 437.
# CGI::param(CGI=HASH(0x41cda840), "abc") called at /home/cpansand/.cpan/build/HTML-StickyForm-0.08-iQOLnC/blib/lib/HTML/StickyForm.pm line 543
# HTML::StickyForm::checkbox_group(HTML::StickyForm=HASH(0x426f8840), "escape_labels", 0, "name", "abc", "labels", HASH(0x43e5ebb8)) called at t/20checkbox_group.t line 155
#
# ----------
# Previous test 93 'random/single (empty, flat)'
# CGI::param called in list context from package HTML::StickyForm line 543, this can lead to vulnerabilities. See the warning in "Fetching the value or values of a single named parameter" at /home/cpansand/.cpan/build/CGI-4.13-CkASsC/blib/lib/CGI.pm line 437.
# at /home/cpansand/.cpan/build/CGI-4.13-CkASsC/blib/lib/CGI.pm line 437.
# CGI::param(CGI=HASH(0x41cda840), "abc") called at /home/cpansand/.cpan/build/HTML-StickyForm-0.08-iQOLnC/blib/lib/HTML/StickyForm.pm line 543
# HTML::StickyForm::checkbox_group(HTML::StickyForm=HASH(0x426f8840), HASH(0x43e5ed68)) called at t/20checkbox_group.t line 152
#
# ----------
# Previous test 94 'random/single (full, ref)'
# CGI::param called in list context from package HTML::StickyForm line 543, this can lead to vulnerabilities. See the warning in "Fetching the value or values of a single named parameter" at /home/cpansand/.cpan/build/CGI-4.13-CkASsC/blib/lib/CGI.pm line 437.
# at /home/cpansand/.cpan/build/CGI-4.13-CkASsC/blib/lib/CGI.pm line 437.
# CGI::param(CGI=HASH(0x41cda840), "abc") called at /home/cpansand/.cpan/build/HTML-StickyForm-0.08-iQOLnC/blib/lib/HTML/StickyForm.pm line 543
# HTML::StickyForm::checkbox_group(HTML::StickyForm=HASH(0x426f8840), "random", "qux", "values", ARRAY(0x43e5ed08), "name", "abc") called at t/20checkbox_group.t line 155
#
# ----------
# Previous test 97 'random/multi (empty, flat)'
# CGI::param called in list context from package HTML::StickyForm line 543, this can lead to vulnerabilities. See the warning in "Fetching the value or values of a single named parameter" at /home/cpansand/.cpan/build/CGI-4.13-CkASsC/blib/lib/CGI.pm line 437.
# at /home/cpansand/.cpan/build/CGI-4.13-CkASsC/blib/lib/CGI.pm line 437.
# CGI::param(CGI=HASH(0x41cda840), "abc") called at /home/cpansand/.cpan/build/HTML-StickyForm-0.08-iQOLnC/blib/lib/HTML/StickyForm.pm line 543
# HTML::StickyForm::checkbox_group(HTML::StickyForm=HASH(0x426f8840), HASH(0x43e5ef30)) called at t/20checkbox_group.t line 152
#
# ----------
# Previous test 98 'random/multi (full, ref)'
# CGI::param called in list context from package HTML::StickyForm line 543, this can lead to vulnerabilities. See the warning in "Fetching the value or values of a single named parameter" at /home/cpansand/.cpan/build/CGI-4.13-CkASsC/blib/lib/CGI.pm line 437.
# at /home/cpansand/.cpan/build/CGI-4.13-CkASsC/blib/lib/CGI.pm line 437.
# CGI::param(CGI=HASH(0x41cda840), "abc") called at /home/cpansand/.cpan/build/HTML-StickyForm-0.08-iQOLnC/blib/lib/HTML/StickyForm.pm line 543
# HTML::StickyForm::checkbox_group(HTML::StickyForm=HASH(0x426f8840), "random", HASH(0x43e5eed0), "values", ARRAY(0x43e5ee70), "name", "abc") called at t/20checkbox_group.t line 155
#
# Looks like you failed 1 test of 100.
t/20checkbox_group.t ....
Dubious, test returned 1 (wstat 256, 0x100)
Failed 1/100 subtests
t/20form.t .............. ok
t/20hidden.t ............ ok
t/20password.t .......... ok
# Failed test 'no warnings'
# at /home/cpansand/.cpan/build/Test-NoWarnings-1.04-FNXn2s/blib/lib/Test/NoWarnings.pm line 45.
# There were 22 warning(s)
# Previous test 5 'empty (empty, flat))'
# CGI::param called in list context from package HTML::StickyForm line 467, this can lead to vulnerabilities. See the warning in "Fetching the value or values of a single named parameter" at /home/cpansand/.cpan/build/CGI-4.13-CkASsC/blib/lib/CGI.pm line 437.
# at /home/cpansand/.cpan/build/CGI-4.13-CkASsC/blib/lib/CGI.pm line 437.
# CGI::param(CGI=HASH(0x41cda720), undef) called at /home/cpansand/.cpan/build/HTML-StickyForm-0.08-iQOLnC/blib/lib/HTML/StickyForm.pm line 467
# HTML::StickyForm::checkbox(HTML::StickyForm=HASH(0x41f53870), HASH(0x41ce6060)) called at /home/cpansand/.cpan/build/HTML-StickyForm-0.08-iQOLnC/blib/lib/HTML/StickyForm.pm line 607
# HTML::StickyForm::radio(HTML::StickyForm=HASH(0x41f53870), HASH(0x41f53810)) called at t/20radio.t line 88
#
# ----------
# Previous test 6 'empty (full, ref)'
# CGI::param called in list context from package HTML::StickyForm line 467, this can lead to vulnerabilities. See the warning in "Fetching the value or values of a single named parameter" at /home/cpansand/.cpan/build/CGI-4.13-CkASsC/blib/lib/CGI.pm line 437.
# at /home/cpansand/.cpan/build/CGI-4.13-CkASsC/blib/lib/CGI.pm line 437.
# CGI::param(CGI=HASH(0x41cda720), undef) called at /home/cpansand/.cpan/build/HTML-StickyForm-0.08-iQOLnC/blib/lib/HTML/StickyForm.pm line 467
# HTML::StickyForm::checkbox(HTML::StickyForm=HASH(0x41f53870), HASH(0x43e5cf30)) called at /home/cpansand/.cpan/build/HTML-StickyForm-0.08-iQOLnC/blib/lib/HTML/StickyForm.pm line 607
# HTML::StickyForm::radio(HTML::StickyForm=HASH(0x41f53870)) called at t/20radio.t line 90
#
# ----------
# Previous test 9 'fred (empty, flat))'
# CGI::param called in list context from package HTML::StickyForm line 467, this can lead to vulnerabilities. See the warning in "Fetching the value or values of a single named parameter" at /home/cpansand/.cpan/build/CGI-4.13-CkASsC/blib/lib/CGI.pm line 437.
# at /home/cpansand/.cpan/build/CGI-4.13-CkASsC/blib/lib/CGI.pm line 437.
# CGI::param(CGI=HASH(0x41cda720), "fred") called at /home/cpansand/.cpan/build/HTML-StickyForm-0.08-iQOLnC/blib/lib/HTML/StickyForm.pm line 467
# HTML::StickyForm::checkbox(HTML::StickyForm=HASH(0x41f53870), HASH(0x43e731f8)) called at /home/cpansand/.cpan/build/HTML-StickyForm-0.08-iQOLnC/blib/lib/HTML/StickyForm.pm line 607
# HTML::StickyForm::radio(HTML::StickyForm=HASH(0x41f53870), HASH(0x41f53258)) called at t/20radio.t line 88
#
# ----------
# Previous test 10 'fred (full, ref)'
# CGI::param called in list context from package HTML::StickyForm line 467, this can lead to vulnerabilities. See the warning in "Fetching the value or values of a single named parameter" at /home/cpansand/.cpan/build/CGI-4.13-CkASsC/blib/lib/CGI.pm line 437.
# at /home/cpansand/.cpan/build/CGI-4.13-CkASsC/blib/lib/CGI.pm line 437.
# CGI::param(CGI=HASH(0x41cda720), "fred") called at /home/cpansand/.cpan/build/HTML-StickyForm-0.08-iQOLnC/blib/lib/HTML/StickyForm.pm line 467
# HTML::StickyForm::checkbox(HTML::StickyForm=HASH(0x41f53870), HASH(0x43e731f8)) called at /home/cpansand/.cpan/build/HTML-StickyForm-0.08-iQOLnC/blib/lib/HTML/StickyForm.pm line 607
# HTML::StickyForm::radio(HTML::StickyForm=HASH(0x41f53870), "name", "fred") called at t/20radio.t line 90
#
# ----------
# Previous test 13 'fred& (empty, flat))'
# CGI::param called in list context from package HTML::StickyForm line 467, this can lead to vulnerabilities. See the warning in "Fetching the value or values of a single named parameter" at /home/cpansand/.cpan/build/CGI-4.13-CkASsC/blib/lib/CGI.pm line 437.
# at /home/cpansand/.cpan/build/CGI-4.13-CkASsC/blib/lib/CGI.pm line 437.
# CGI::param(CGI=HASH(0x41cda720), "fred&") called at /home/cpansand/.cpan/build/HTML-StickyForm-0.08-iQOLnC/blib/lib/HTML/StickyForm.pm line 467
# HTML::StickyForm::checkbox(HTML::StickyForm=HASH(0x41f53870), HASH(0x43e766f0)) called at /home/cpansand/.cpan/build/HTML-StickyForm-0.08-iQOLnC/blib/lib/HTML/StickyForm.pm line 607
# HTML::StickyForm::radio(HTML::StickyForm=HASH(0x41f53870), HASH(0x43e37c90)) called at t/20radio.t line 88
#
# ----------
# Previous test 14 'fred& (full, ref)'
# CGI::param called in list context from package HTML::StickyForm line 467, this can lead to vulnerabilities. See the warning in "Fetching the value or values of a single named parameter" at /home/cpansand/.cpan/build/CGI-4.13-CkASsC/blib/lib/CGI.pm line 437.
# at /home/cpansand/.cpan/build/CGI-4.13-CkASsC/blib/lib/CGI.pm line 437.
# CGI::param(CGI=HASH(0x41cda720), "fred&") called at /home/cpansand/.cpan/build/HTML-StickyForm-0.08-iQOLnC/blib/lib/HTML/StickyForm.pm line 467
# HTML::StickyForm::checkbox(HTML::StickyForm=HASH(0x41f53870), HASH(0x43e766f0)) called at /home/cpansand/.cpan/build/HTML-StickyForm-0.08-iQOLnC/blib/lib/HTML/StickyForm.pm line 607
# HTML::StickyForm::radio(HTML::StickyForm=HASH(0x41f53870), "name", "fred&") called at t/20radio.t line 90
#
# ----------
# Previous test 17 'spoon (empty, flat))'
# CGI::param called in list context from package HTML::StickyForm line 467, this can lead to vulnerabilities. See the warning in "Fetching the value or values of a single named parameter" at /home/cpansand/.cpan/build/CGI-4.13-CkASsC/blib/lib/CGI.pm line 437.
# at /home/cpansand/.cpan/build/CGI-4.13-CkASsC/blib/lib/CGI.pm line 437.
# CGI::param(CGI=HASH(0x41cda720), "fred") called at /home/cpansand/.cpan/build/HTML-StickyForm-0.08-iQOLnC/blib/lib/HTML/StickyForm.pm line 467
# HTML::StickyForm::checkbox(HTML::StickyForm=HASH(0x41f53870), HASH(0x43e7a528)) called at /home/cpansand/.cpan/build/HTML-StickyForm-0.08-iQOLnC/blib/lib/HTML/StickyForm.pm line 607
# HTML::StickyForm::radio(HTML::StickyForm=HASH(0x41f53870), HASH(0x43cf95e8)) called at t/20radio.t line 88
#
# ----------
# Previous test 18 'spoon (full, ref)'
# CGI::param called in list context from package HTML::StickyForm line 467, this can lead to vulnerabilities. See the warning in "Fetching the value or values of a single named parameter" at /home/cpansand/.cpan/build/CGI-4.13-CkASsC/blib/lib/CGI.pm line 437.
# at /home/cpansand/.cpan/build/CGI-4.13-CkASsC/blib/lib/CGI.pm line 437.
# CGI::param(CGI=HASH(0x41cda720), "fred") called at /home/cpansand/.cpan/build/HTML-StickyForm-0.08-iQOLnC/blib/lib/HTML/StickyForm.pm line 467
# HTML::StickyForm::checkbox(HTML::StickyForm=HASH(0x41f53870), HASH(0x43e7e4e0)) called at /home/cpansand/.cpan/build/HTML-StickyForm-0.08-iQOLnC/blib/lib/HTML/StickyForm.pm line 607
# HTML::StickyForm::radio(HTML::StickyForm=HASH(0x41f53870), "name", "fred", "value", "spoon") called at t/20radio.t line 90
#
# ----------
# Previous test 21 'default (empty, flat))'
# CGI::param called in list context from package HTML::StickyForm line 467, this can lead to vulnerabilities. See the warning in "Fetching the value or values of a single named parameter" at /home/cpansand/.cpan/build/CGI-4.13-CkASsC/blib/lib/CGI.pm line 437.
# at /home/cpansand/.cpan/build/CGI-4.13-CkASsC/blib/lib/CGI.pm line 437.
# CGI::param(CGI=HASH(0x41cda720), "fred") called at /home/cpansand/.cpan/build/HTML-StickyForm-0.08-iQOLnC/blib/lib/HTML/StickyForm.pm line 467
# HTML::StickyForm::checkbox(HTML::StickyForm=HASH(0x41f53870), HASH(0x43e84360)) called at /home/cpansand/.cpan/build/HTML-StickyForm-0.08-iQOLnC/blib/lib/HTML/StickyForm.pm line 607
# HTML::StickyForm::radio(HTML::StickyForm=HASH(0x41f53870), HASH(0x43d73d50)) called at t/20radio.t line 88
#
# ----------
# Previous test 22 'default (full, ref)'
# CGI::param called in list context from package HTML::StickyForm line 467, this can lead to vulnerabilities. See the warning in "Fetching the value or values of a single named parameter" at /home/cpansand/.cpan/build/CGI-4.13-CkASsC/blib/lib/CGI.pm line 437.
# at /home/cpansand/.cpan/build/CGI-4.13-CkASsC/blib/lib/CGI.pm line 437.
# CGI::param(CGI=HASH(0x41cda720), "fred") called at /home/cpansand/.cpan/build/HTML-StickyForm-0.08-iQOLnC/blib/lib/HTML/StickyForm.pm line 467
# HTML::StickyForm::checkbox(HTML::StickyForm=HASH(0x41f53870), HASH(0x43e8b300)) called at /home/cpansand/.cpan/build/HTML-StickyForm-0.08-iQOLnC/blib/lib/HTML/StickyForm.pm line 607
# HTML::StickyForm::radio(HTML::StickyForm=HASH(0x41f53870), "default", "fork", "name", "fred") called at t/20radio.t line 90
#
# ----------
# Previous test 25 'spoon/def0 (empty, flat))'
# CGI::param called in list context from package HTML::StickyForm line 467, this can lead to vulnerabilities. See the warning in "Fetching the value or values of a single named parameter" at /home/cpansand/.cpan/build/CGI-4.13-CkASsC/blib/lib/CGI.pm line 437.
# at /home/cpansand/.cpan/build/CGI-4.13-CkASsC/blib/lib/CGI.pm line 437.
# CGI::param(CGI=HASH(0x41cda720), "fred") called at /home/cpansand/.cpan/build/HTML-StickyForm-0.08-iQOLnC/blib/lib/HTML/StickyForm.pm line 467
# HTML::StickyForm::checkbox(HTML::StickyForm=HASH(0x41f53870), HASH(0x43e8d228)) called at /home/cpansand/.cpan/build/HTML-StickyForm-0.08-iQOLnC/blib/lib/HTML/StickyForm.pm line 607
# HTML::StickyForm::radio(HTML::StickyForm=HASH(0x41f53870), HASH(0x43d73c30)) called at t/20radio.t line 88
#
# ----------
# Previous test 26 'spoon/def0 (full, ref)'
# CGI::param called in list context from package HTML::StickyForm line 467, this can lead to vulnerabilities. See the warning in "Fetching the value or values of a single named parameter" at /home/cpansand/.cpan/build/CGI-4.13-CkASsC/blib/lib/CGI.pm line 437.
# at /home/cpansand/.cpan/build/CGI-4.13-CkASsC/blib/lib/CGI.pm line 437.
# CGI::param(CGI=HASH(0x41cda720), "fred") called at /home/cpansand/.cpan/build/HTML-StickyForm-0.08-iQOLnC/blib/lib/HTML/StickyForm.pm line 467
# HTML::StickyForm::checkbox(HTML::StickyForm=HASH(0x41f53870), HASH(0x43e8b6d8)) called at /home/cpansand/.cpan/build/HTML-StickyForm-0.08-iQOLnC/blib/lib/HTML/StickyForm.pm line 607
# HTML::StickyForm::radio(HTML::StickyForm=HASH(0x41f53870), "value", "spoon", "name", "fred", "default", 0) called at t/20radio.t line 90
#
# ----------
# Previous test 29 'spoon/def1 (empty, flat))'
# CGI::param called in list context from package HTML::StickyForm line 467, this can lead to vulnerabilities. See the warning in "Fetching the value or values of a single named parameter" at /home/cpansand/.cpan/build/CGI-4.13-CkASsC/blib/lib/CGI.pm line 437.
# at /home/cpansand/.cpan/build/CGI-4.13-CkASsC/blib/lib/CGI.pm line 437.
# CGI::param(CGI=HASH(0x41cda720), "fred") called at /home/cpansand/.cpan/build/HTML-StickyForm-0.08-iQOLnC/blib/lib/HTML/StickyForm.pm line 467
# HTML::StickyForm::checkbox(HTML::StickyForm=HASH(0x41f53870), HASH(0x43e903f0)) called at /home/cpansand/.cpan/build/HTML-StickyForm-0.08-iQOLnC/blib/lib/HTML/StickyForm.pm line 607
# HTML::StickyForm::radio(HTML::StickyForm=HASH(0x41f53870), HASH(0x43d738e8)) called at t/20radio.t line 88
#
# ----------
# Previous test 30 'spoon/def1 (full, ref)'
# CGI::param called in list context from package HTML::StickyForm line 467, this can lead to vulnerabilities. See the warning in "Fetching the value or values of a single named parameter" at /home/cpansand/.cpan/build/CGI-4.13-CkASsC/blib/lib/CGI.pm line 437.
# at /home/cpansand/.cpan/build/CGI-4.13-CkASsC/blib/lib/CGI.pm line 437.
# CGI::param(CGI=HASH(0x41cda720), "fred") called at /home/cpansand/.cpan/build/HTML-StickyForm-0.08-iQOLnC/blib/lib/HTML/StickyForm.pm line 467
# HTML::StickyForm::checkbox(HTML::StickyForm=HASH(0x41f53870), HASH(0x43e90240)) called at /home/cpansand/.cpan/build/HTML-StickyForm-0.08-iQOLnC/blib/lib/HTML/StickyForm.pm line 607
# HTML::StickyForm::radio(HTML::StickyForm=HASH(0x41f53870), "name", "fred", "default", 1, "value", "spoon") called at t/20radio.t line 90
#
# ----------
# Previous test 41 'fred/bloggs (empty, flat))'
# CGI::param called in list context from package HTML::StickyForm line 467, this can lead to vulnerabilities. See the warning in "Fetching the value or values of a single named parameter" at /home/cpansand/.cpan/build/CGI-4.13-CkASsC/blib/lib/CGI.pm line 437.
# at /home/cpansand/.cpan/build/CGI-4.13-CkASsC/blib/lib/CGI.pm line 437.
# CGI::param(CGI=HASH(0x41cda720), "fred") called at /home/cpansand/.cpan/build/HTML-StickyForm-0.08-iQOLnC/blib/lib/HTML/StickyForm.pm line 467
# HTML::StickyForm::checkbox(HTML::StickyForm=HASH(0x41f53870), HASH(0x43e94150)) called at /home/cpansand/.cpan/build/HTML-StickyForm-0.08-iQOLnC/blib/lib/HTML/StickyForm.pm line 607
# HTML::StickyForm::radio(HTML::StickyForm=HASH(0x41f53870), HASH(0x43d73330)) called at t/20radio.t line 88
#
# ----------
# Previous test 42 'fred/bloggs (full, ref)'
# CGI::param called in list context from package HTML::StickyForm line 467, this can lead to vulnerabilities. See the warning in "Fetching the value or values of a single named parameter" at /home/cpansand/.cpan/build/CGI-4.13-CkASsC/blib/lib/CGI.pm line 437.
# at /home/cpansand/.cpan/build/CGI-4.13-CkASsC/blib/lib/CGI.pm line 437.
# CGI::param(CGI=HASH(0x41cda720), "fred") called at /home/cpansand/.cpan/build/HTML-StickyForm-0.08-iQOLnC/blib/lib/HTML/StickyForm.pm line 467
# HTML::StickyForm::checkbox(HTML::StickyForm=HASH(0x41f53870), HASH(0x43e970f0)) called at /home/cpansand/.cpan/build/HTML-StickyForm-0.08-iQOLnC/blib/lib/HTML/StickyForm.pm line 607
# HTML::StickyForm::radio(HTML::StickyForm=HASH(0x41f53870), "value", "bloggs", "name", "fred") called at t/20radio.t line 90
#
# ----------
# Previous test 45 'fred/bloggs/def0 (empty, flat))'
# CGI::param called in list context from package HTML::StickyForm line 467, this can lead to vulnerabilities. See the warning in "Fetching the value or values of a single named parameter" at /home/cpansand/.cpan/build/CGI-4.13-CkASsC/blib/lib/CGI.pm line 437.
# at /home/cpansand/.cpan/build/CGI-4.13-CkASsC/blib/lib/CGI.pm line 437.
# CGI::param(CGI=HASH(0x41cda720), "fred") called at /home/cpansand/.cpan/build/HTML-StickyForm-0.08-iQOLnC/blib/lib/HTML/StickyForm.pm line 467
# HTML::StickyForm::checkbox(HTML::StickyForm=HASH(0x41f53870), HASH(0x43e9a198)) called at /home/cpansand/.cpan/build/HTML-StickyForm-0.08-iQOLnC/blib/lib/HTML/StickyForm.pm line 607
# HTML::StickyForm::radio(HTML::StickyForm=HASH(0x41f53870), HASH(0x43d6fa38)) called at t/20radio.t line 88
#
# ----------
# Previous test 46 'fred/bloggs/def0 (full, ref)'
# CGI::param called in list context from package HTML::StickyForm line 467, this can lead to vulnerabilities. See the warning in "Fetching the value or values of a single named parameter" at /home/cpansand/.cpan/build/CGI-4.13-CkASsC/blib/lib/CGI.pm line 437.
# at /home/cpansand/.cpan/build/CGI-4.13-CkASsC/blib/lib/CGI.pm line 437.
# CGI::param(CGI=HASH(0x41cda720), "fred") called at /home/cpansand/.cpan/build/HTML-StickyForm-0.08-iQOLnC/blib/lib/HTML/StickyForm.pm line 467
# HTML::StickyForm::checkbox(HTML::StickyForm=HASH(0x41f53870), HASH(0x43e9a5e8)) called at /home/cpansand/.cpan/build/HTML-StickyForm-0.08-iQOLnC/blib/lib/HTML/StickyForm.pm line 607
# HTML::StickyForm::radio(HTML::StickyForm=HASH(0x41f53870), "value", "bloggs", "name", "fred", "default", 0) called at t/20radio.t line 90
#
# ----------
# Previous test 49 'fred/bloggs/def0 (empty, flat))'
# CGI::param called in list context from package HTML::StickyForm line 467, this can lead to vulnerabilities. See the warning in "Fetching the value or values of a single named parameter" at /home/cpansand/.cpan/build/CGI-4.13-CkASsC/blib/lib/CGI.pm line 437.
# at /home/cpansand/.cpan/build/CGI-4.13-CkASsC/blib/lib/CGI.pm line 437.
# CGI::param(CGI=HASH(0x41cda720), "fred") called at /home/cpansand/.cpan/build/HTML-StickyForm-0.08-iQOLnC/blib/lib/HTML/StickyForm.pm line 467
# HTML::StickyForm::checkbox(HTML::StickyForm=HASH(0x41f53870), HASH(0x43e9f570)) called at /home/cpansand/.cpan/build/HTML-StickyForm-0.08-iQOLnC/blib/lib/HTML/StickyForm.pm line 607
# HTML::StickyForm::radio(HTML::StickyForm=HASH(0x41f53870), HASH(0x43d6fdc8)) called at t/20radio.t line 88
#
# ----------
# Previous test 50 'fred/bloggs/def0 (full, ref)'
# CGI::param called in list context from package HTML::StickyForm line 467, this can lead to vulnerabilities. See the warning in "Fetching the value or values of a single named parameter" at /home/cpansand/.cpan/build/CGI-4.13-CkASsC/blib/lib/CGI.pm line 437.
# at /home/cpansand/.cpan/build/CGI-4.13-CkASsC/blib/lib/CGI.pm line 437.
# CGI::param(CGI=HASH(0x41cda720), "fred") called at /home/cpansand/.cpan/build/HTML-StickyForm-0.08-iQOLnC/blib/lib/HTML/StickyForm.pm line 467
# HTML::StickyForm::checkbox(HTML::StickyForm=HASH(0x41f53870), HASH(0x43e977c8)) called at /home/cpansand/.cpan/build/HTML-StickyForm-0.08-iQOLnC/blib/lib/HTML/StickyForm.pm line 607
# HTML::StickyForm::radio(HTML::StickyForm=HASH(0x41f53870), "default", 1, "name", "fred", "value", "bloggs") called at t/20radio.t line 90
#
# ----------
# Previous test 61 'random (empty, flat))'
# CGI::param called in list context from package HTML::StickyForm line 467, this can lead to vulnerabilities. See the warning in "Fetching the value or values of a single named parameter" at /home/cpansand/.cpan/build/CGI-4.13-CkASsC/blib/lib/CGI.pm line 437.
# at /home/cpansand/.cpan/build/CGI-4.13-CkASsC/blib/lib/CGI.pm line 437.
# CGI::param(CGI=HASH(0x41cda720), undef) called at /home/cpansand/.cpan/build/HTML-StickyForm-0.08-iQOLnC/blib/lib/HTML/StickyForm.pm line 467
# HTML::StickyForm::checkbox(HTML::StickyForm=HASH(0x41f53870), HASH(0x43ea3b88)) called at /home/cpansand/.cpan/build/HTML-StickyForm-0.08-iQOLnC/blib/lib/HTML/StickyForm.pm line 607
# HTML::StickyForm::radio(HTML::StickyForm=HASH(0x41f53870), HASH(0x43e5ce40)) called at t/20radio.t line 88
#
# ----------
# Previous test 62 'random (full, ref)'
# CGI::param called in list context from package HTML::StickyForm line 467, this can lead to vulnerabilities. See the warning in "Fetching the value or values of a single named parameter" at /home/cpansand/.cpan/build/CGI-4.13-CkASsC/blib/lib/CGI.pm line 437.
# at /home/cpansand/.cpan/build/CGI-4.13-CkASsC/blib/lib/CGI.pm line 437.
# CGI::param(CGI=HASH(0x41cda720), undef) called at /home/cpansand/.cpan/build/HTML-StickyForm-0.08-iQOLnC/blib/lib/HTML/StickyForm.pm line 467
# HTML::StickyForm::checkbox(HTML::StickyForm=HASH(0x41f53870), HASH(0x43ea3b88)) called at /home/cpansand/.cpan/build/HTML-StickyForm-0.08-iQOLnC/blib/lib/HTML/StickyForm.pm line 607
# HTML::StickyForm::radio(HTML::StickyForm=HASH(0x41f53870), "random", "abc&") called at t/20radio.t line 90
#
# Looks like you failed 1 test of 64.
t/20radio.t .............
Dubious, test returned 1 (wstat 256, 0x100)
Failed 1/64 subtests
# Failed test 'no warnings'
# at /home/cpansand/.cpan/build/Test-NoWarnings-1.04-FNXn2s/blib/lib/Test/NoWarnings.pm line 45.
# There were 32 warning(s)
# Previous test 5 'empty (empty, flat)'
# CGI::param called in list context from package HTML::StickyForm line 543, this can lead to vulnerabilities. See the warning in "Fetching the value or values of a single named parameter" at /home/cpansand/.cpan/build/CGI-4.13-CkASsC/blib/lib/CGI.pm line 437.
# at /home/cpansand/.cpan/build/CGI-4.13-CkASsC/blib/lib/CGI.pm line 437.
# CGI::param(CGI=HASH(0x41cda840), undef) called at /home/cpansand/.cpan/build/HTML-StickyForm-0.08-iQOLnC/blib/lib/HTML/StickyForm.pm line 543
# HTML::StickyForm::checkbox_group(HTML::StickyForm=HASH(0x43e5c480), HASH(0x43e5eb40)) called at /home/cpansand/.cpan/build/HTML-StickyForm-0.08-iQOLnC/blib/lib/HTML/StickyForm.pm line 619
# HTML::StickyForm::radio_group(HTML::StickyForm=HASH(0x43e5c480), HASH(0x43e5c420)) called at t/20radio_group.t line 144
#
# ----------
# Previous test 6 'empty (full, ref)'
# CGI::param called in list context from package HTML::StickyForm line 543, this can lead to vulnerabilities. See the warning in "Fetching the value or values of a single named parameter" at /home/cpansand/.cpan/build/CGI-4.13-CkASsC/blib/lib/CGI.pm line 437.
# at /home/cpansand/.cpan/build/CGI-4.13-CkASsC/blib/lib/CGI.pm line 437.
# CGI::param(CGI=HASH(0x41cda840), undef) called at /home/cpansand/.cpan/build/HTML-StickyForm-0.08-iQOLnC/blib/lib/HTML/StickyForm.pm line 543
# HTML::StickyForm::checkbox_group(HTML::StickyForm=HASH(0x43e5c480), HASH(0x43e5ef00)) called at /home/cpansand/.cpan/build/HTML-StickyForm-0.08-iQOLnC/blib/lib/HTML/StickyForm.pm line 619
# HTML::StickyForm::radio_group(HTML::StickyForm=HASH(0x43e5c480)) called at t/20radio_group.t line 147
#
# ----------
# Previous test 9 'blank (empty, flat)'
# CGI::param called in list context from package HTML::StickyForm line 543, this can lead to vulnerabilities. See the warning in "Fetching the value or values of a single named parameter" at /home/cpansand/.cpan/build/CGI-4.13-CkASsC/blib/lib/CGI.pm line 437.
# at /home/cpansand/.cpan/build/CGI-4.13-CkASsC/blib/lib/CGI.pm line 437.
# CGI::param(CGI=HASH(0x41cda840), undef) called at /home/cpansand/.cpan/build/HTML-StickyForm-0.08-iQOLnC/blib/lib/HTML/StickyForm.pm line 543
# HTML::StickyForm::checkbox_group(HTML::StickyForm=HASH(0x43e5c480), HASH(0x43e74f48)) called at /home/cpansand/.cpan/build/HTML-StickyForm-0.08-iQOLnC/blib/lib/HTML/StickyForm.pm line 619
# HTML::StickyForm::radio_group(HTML::StickyForm=HASH(0x43e5c480), HASH(0x43e5c270)) called at t/20radio_group.t line 144
#
# ----------
# Previous test 10 'blank (full, ref)'
# CGI::param called in list context from package HTML::StickyForm line 543, this can lead to vulnerabilities. See the warning in "Fetching the value or values of a single named parameter" at /home/cpansand/.cpan/build/CGI-4.13-CkASsC/blib/lib/CGI.pm line 437.
# at /home/cpansand/.cpan/build/CGI-4.13-CkASsC/blib/lib/CGI.pm line 437.
# CGI::param(CGI=HASH(0x41cda840), undef) called at /home/cpansand/.cpan/build/HTML-StickyForm-0.08-iQOLnC/blib/lib/HTML/StickyForm.pm line 543
# HTML::StickyForm::checkbox_group(HTML::StickyForm=HASH(0x43e5c480), HASH(0x43e7d1e0)) called at /home/cpansand/.cpan/build/HTML-StickyForm-0.08-iQOLnC/blib/lib/HTML/StickyForm.pm line 619
# HTML::StickyForm::radio_group(HTML::StickyForm=HASH(0x43e5c480), "values", ARRAY(0x43e5c1f8)) called at t/20radio_group.t line 147
#
# ----------
# Previous test 13 'zero (empty, flat)'
# CGI::param called in list context from package HTML::StickyForm line 543, this can lead to vulnerabilities. See the warning in "Fetching the value or values of a single named parameter" at /home/cpansand/.cpan/build/CGI-4.13-CkASsC/blib/lib/CGI.pm line 437.
# at /home/cpansand/.cpan/build/CGI-4.13-CkASsC/blib/lib/CGI.pm line 437.
# CGI::param(CGI=HASH(0x41cda840), "abc") called at /home/cpansand/.cpan/build/HTML-StickyForm-0.08-iQOLnC/blib/lib/HTML/StickyForm.pm line 543
# HTML::StickyForm::checkbox_group(HTML::StickyForm=HASH(0x43e5c480), HASH(0x43e83060)) called at /home/cpansand/.cpan/build/HTML-StickyForm-0.08-iQOLnC/blib/lib/HTML/StickyForm.pm line 619
# HTML::StickyForm::radio_group(HTML::StickyForm=HASH(0x43e5c480), HASH(0x43e5c150)) called at t/20radio_group.t line 144
#
# ----------
# Previous test 14 'zero (full, ref)'
# CGI::param called in list context from package HTML::StickyForm line 543, this can lead to vulnerabilities. See the warning in "Fetching the value or values of a single named parameter" at /home/cpansand/.cpan/build/CGI-4.13-CkASsC/blib/lib/CGI.pm line 437.
# at /home/cpansand/.cpan/build/CGI-4.13-CkASsC/blib/lib/CGI.pm line 437.
# CGI::param(CGI=HASH(0x41cda840), "abc") called at /home/cpansand/.cpan/build/HTML-StickyForm-0.08-iQOLnC/blib/lib/HTML/StickyForm.pm line 543
# HTML::StickyForm::checkbox_group(HTML::StickyForm=HASH(0x43e5c480), HASH(0x43e83af8)) called at /home/cpansand/.cpan/build/HTML-StickyForm-0.08-iQOLnC/blib/lib/HTML/StickyForm.pm line 619
# HTML::StickyForm::radio_group(HTML::StickyForm=HASH(0x43e5c480), "name", "abc") called at t/20radio_group.t line 147
#
# ----------
# Previous test 17 'abc/0 (empty, flat)'
# CGI::param called in list context from package HTML::StickyForm line 543, this can lead to vulnerabilities. See the warning in "Fetching the value or values of a single named parameter" at /home/cpansand/.cpan/build/CGI-4.13-CkASsC/blib/lib/CGI.pm line 437.
# at /home/cpansand/.cpan/build/CGI-4.13-CkASsC/blib/lib/CGI.pm line 437.
# CGI::param(CGI=HASH(0x41cda840), "abc") called at /home/cpansand/.cpan/build/HTML-StickyForm-0.08-iQOLnC/blib/lib/HTML/StickyForm.pm line 543
# HTML::StickyForm::checkbox_group(HTML::StickyForm=HASH(0x43e5c480), HASH(0x43e851e0)) called at /home/cpansand/.cpan/build/HTML-StickyForm-0.08-iQOLnC/blib/lib/HTML/StickyForm.pm line 619
# HTML::StickyForm::radio_group(HTML::StickyForm=HASH(0x43e5c480), HASH(0x43e5c030)) called at t/20radio_group.t line 144
#
# ----------
# Previous test 18 'abc/0 (full, ref)'
# CGI::param called in list context from package HTML::StickyForm line 543, this can lead to vulnerabilities. See the warning in "Fetching the value or values of a single named parameter" at /home/cpansand/.cpan/build/CGI-4.13-CkASsC/blib/lib/CGI.pm line 437.
# at /home/cpansand/.cpan/build/CGI-4.13-CkASsC/blib/lib/CGI.pm line 437.
# CGI::param(CGI=HASH(0x41cda840), "abc") called at /home/cpansand/.cpan/build/HTML-StickyForm-0.08-iQOLnC/blib/lib/HTML/StickyForm.pm line 543
# HTML::StickyForm::checkbox_group(HTML::StickyForm=HASH(0x43e5c480), HASH(0x43e851e0)) called at /home/cpansand/.cpan/build/HTML-StickyForm-0.08-iQOLnC/blib/lib/HTML/StickyForm.pm line 619
# HTML::StickyForm::radio_group(HTML::StickyForm=HASH(0x43e5c480), "name", "abc", "values", ARRAY(0x43e5c078)) called at t/20radio_group.t line 147
#
# ----------
# Previous test 21 'abc/0 (empty, flat)'
# CGI::param called in list context from package HTML::StickyForm line 543, this can lead to vulnerabilities. See the warning in "Fetching the value or values of a single named parameter" at /home/cpansand/.cpan/build/CGI-4.13-CkASsC/blib/lib/CGI.pm line 437.
# at /home/cpansand/.cpan/build/CGI-4.13-CkASsC/blib/lib/CGI.pm line 437.
# CGI::param(CGI=HASH(0x41cda840), "abc") called at /home/cpansand/.cpan/build/HTML-StickyForm-0.08-iQOLnC/blib/lib/HTML/StickyForm.pm line 543
# HTML::StickyForm::checkbox_group(HTML::StickyForm=HASH(0x43e5c480), HASH(0x43e88ee8)) called at /home/cpansand/.cpan/build/HTML-StickyForm-0.08-iQOLnC/blib/lib/HTML/StickyForm.pm line 619
# HTML::StickyForm::radio_group(HTML::StickyForm=HASH(0x43e5c480), HASH(0x41f55ed0)) called at t/20radio_group.t line 144
#
# ----------
# Previous test 22 'abc/0 (full, ref)'
# CGI::param called in list context from package HTML::StickyForm line 543, this can lead to vulnerabilities. See the warning in "Fetching the value or values of a single named parameter" at /home/cpansand/.cpan/build/CGI-4.13-CkASsC/blib/lib/CGI.pm line 437.
# at /home/cpansand/.cpan/build/CGI-4.13-CkASsC/blib/lib/CGI.pm line 437.
# CGI::param(CGI=HASH(0x41cda840), "abc") called at /home/cpansand/.cpan/build/HTML-StickyForm-0.08-iQOLnC/blib/lib/HTML/StickyForm.pm line 543
# HTML::StickyForm::checkbox_group(HTML::StickyForm=HASH(0x43e5c480), HASH(0x43e88ee8)) called at /home/cpansand/.cpan/build/HTML-StickyForm-0.08-iQOLnC/blib/lib/HTML/StickyForm.pm line 619
# HTML::StickyForm::radio_group(HTML::StickyForm=HASH(0x43e5c480), "values", ARRAY(0x41f55f18), "name", "abc") called at t/20radio_group.t line 147
#
# ----------
# Previous test 25 'abc/0 (empty, flat)'
# CGI::param called in list context from package HTML::StickyForm line 543, this can lead to vulnerabilities. See the warning in "Fetching the value or values of a single named parameter" at /home/cpansand/.cpan/build/CGI-4.13-CkASsC/blib/lib/CGI.pm line 437.
# at /home/cpansand/.cpan/build/CGI-4.13-CkASsC/blib/lib/CGI.pm line 437.
# CGI::param(CGI=HASH(0x41cda840), "abc") called at /home/cpansand/.cpan/build/HTML-StickyForm-0.08-iQOLnC/blib/lib/HTML/StickyForm.pm line 543
# HTML::StickyForm::checkbox_group(HTML::StickyForm=HASH(0x43e5c480), HASH(0x43e91048)) called at /home/cpansand/.cpan/build/HTML-StickyForm-0.08-iQOLnC/blib/lib/HTML/StickyForm.pm line 619
# HTML::StickyForm::radio_group(HTML::StickyForm=HASH(0x43e5c480), HASH(0x41f55d50)) called at t/20radio_group.t line 144
#
# ----------
# Previous test 26 'abc/0 (full, ref)'
# CGI::param called in list context from package HTML::StickyForm line 543, this can lead to vulnerabilities. See the warning in "Fetching the value or values of a single named parameter" at /home/cpansand/.cpan/build/CGI-4.13-CkASsC/blib/lib/CGI.pm line 437.
# at /home/cpansand/.cpan/build/CGI-4.13-CkASsC/blib/lib/CGI.pm line 437.
# CGI::param(CGI=HASH(0x41cda840), "abc") called at /home/cpansand/.cpan/build/HTML-StickyForm-0.08-iQOLnC/blib/lib/HTML/StickyForm.pm line 543
# HTML::StickyForm::checkbox_group(HTML::StickyForm=HASH(0x43e5c480), HASH(0x43e95030)) called at /home/cpansand/.cpan/build/HTML-StickyForm-0.08-iQOLnC/blib/lib/HTML/StickyForm.pm line 619
# HTML::StickyForm::radio_group(HTML::StickyForm=HASH(0x43e5c480), "name", "abc", "default", ARRAY(0x41f55d98), "values", ARRAY(0x41f55de0)) called at t/20radio_group.t line 147
#
# ----------
# Previous test 45 'abc/456 (empty, flat)'
# CGI::param called in list context from package HTML::StickyForm line 543, this can lead to vulnerabilities. See the warning in "Fetching the value or values of a single named parameter" at /home/cpansand/.cpan/build/CGI-4.13-CkASsC/blib/lib/CGI.pm line 437.
# at /home/cpansand/.cpan/build/CGI-4.13-CkASsC/blib/lib/CGI.pm line 437.
# CGI::param(CGI=HASH(0x41cda840), "abc") called at /home/cpansand/.cpan/build/HTML-StickyForm-0.08-iQOLnC/blib/lib/HTML/StickyForm.pm line 543
# HTML::StickyForm::checkbox_group(HTML::StickyForm=HASH(0x43e5c480), HASH(0x43e991f8)) called at /home/cpansand/.cpan/build/HTML-StickyForm-0.08-iQOLnC/blib/lib/HTML/StickyForm.pm line 619
# HTML::StickyForm::radio_group(HTML::StickyForm=HASH(0x43e5c480), HASH(0x41f55528)) called at t/20radio_group.t line 144
#
# ----------
# Previous test 46 'abc/456 (full, ref)'
# CGI::param called in list context from package HTML::StickyForm line 543, this can lead to vulnerabilities. See the warning in "Fetching the value or values of a single named parameter" at /home/cpansand/.cpan/build/CGI-4.13-CkASsC/blib/lib/CGI.pm line 437.
# at /home/cpansand/.cpan/build/CGI-4.13-CkASsC/blib/lib/CGI.pm line 437.
# CGI::param(CGI=HASH(0x41cda840), "abc") called at /home/cpansand/.cpan/build/HTML-StickyForm-0.08-iQOLnC/blib/lib/HTML/StickyForm.pm line 543
# HTML::StickyForm::checkbox_group(HTML::StickyForm=HASH(0x43e5c480), HASH(0x43e991f8)) called at /home/cpansand/.cpan/build/HTML-StickyForm-0.08-iQOLnC/blib/lib/HTML/StickyForm.pm line 619
# HTML::StickyForm::radio_group(HTML::StickyForm=HASH(0x43e5c480), "values", ARRAY(0x41f55690), "name", "abc") called at t/20radio_group.t line 147
#
# ----------
# Previous test 53 'abc/456,789 (empty, flat)'
# CGI::param called in list context from package HTML::StickyForm line 543, this can lead to vulnerabilities. See the warning in "Fetching the value or values of a single named parameter" at /home/cpansand/.cpan/build/CGI-4.13-CkASsC/blib/lib/CGI.pm line 437.
# at /home/cpansand/.cpan/build/CGI-4.13-CkASsC/blib/lib/CGI.pm line 437.
# CGI::param(CGI=HASH(0x41cda840), "abc") called at /home/cpansand/.cpan/build/HTML-StickyForm-0.08-iQOLnC/blib/lib/HTML/StickyForm.pm line 543
# HTML::StickyForm::checkbox_group(HTML::StickyForm=HASH(0x43e5c480), HASH(0x43e9fcf0)) called at /home/cpansand/.cpan/build/HTML-StickyForm-0.08-iQOLnC/blib/lib/HTML/StickyForm.pm line 619
# HTML::StickyForm::radio_group(HTML::StickyForm=HASH(0x43e5c480), HASH(0x43e41ab0)) called at t/20radio_group.t line 144
#
# ----------
# Previous test 54 'abc/456,789 (full, ref)'
# CGI::param called in list context from package HTML::StickyForm line 543, this can lead to vulnerabilities. See the warning in "Fetching the value or values of a single named parameter" at /home/cpansand/.cpan/build/CGI-4.13-CkASsC/blib/lib/CGI.pm line 437.
# at /home/cpansand/.cpan/build/CGI-4.13-CkASsC/blib/lib/CGI.pm line 437.
# CGI::param(CGI=HASH(0x41cda840), "abc") called at /home/cpansand/.cpan/build/HTML-StickyForm-0.08-iQOLnC/blib/lib/HTML/StickyForm.pm line 543
# HTML::StickyForm::checkbox_group(HTML::StickyForm=HASH(0x43e5c480), HASH(0x43e9fcf0)) called at /home/cpansand/.cpan/build/HTML-StickyForm-0.08-iQOLnC/blib/lib/HTML/StickyForm.pm line 619
# HTML::StickyForm::radio_group(HTML::StickyForm=HASH(0x43e5c480), "values", ARRAY(0x43e41a50), "name", "abc") called at t/20radio_group.t line 147
#
# ----------
# Previous test 61 'abc/456,789/default=456 (empty, flat)'
# CGI::param called in list context from package HTML::StickyForm line 543, this can lead to vulnerabilities. See the warning in "Fetching the value or values of a single named parameter" at /home/cpansand/.cpan/build/CGI-4.13-CkASsC/blib/lib/CGI.pm line 437.
# at /home/cpansand/.cpan/build/CGI-4.13-CkASsC/blib/lib/CGI.pm line 437.
# CGI::param(CGI=HASH(0x41cda840), "abc") called at /home/cpansand/.cpan/build/HTML-StickyForm-0.08-iQOLnC/blib/lib/HTML/StickyForm.pm line 543
# HTML::StickyForm::checkbox_group(HTML::StickyForm=HASH(0x43e5c480), HASH(0x43ea3ba0)) called at /home/cpansand/.cpan/build/HTML-StickyForm-0.08-iQOLnC/blib/lib/HTML/StickyForm.pm line 619
# HTML::StickyForm::radio_group(HTML::StickyForm=HASH(0x43e5c480), HASH(0x43e41d68)) called at t/20radio_group.t line 144
#
# ----------
# Previous test 62 'abc/456,789/default=456 (full, ref)'
# CGI::param called in list context from package HTML::StickyForm line 543, this can lead to vulnerabilities. See the warning in "Fetching the value or values of a single named parameter" at /home/cpansand/.cpan/build/CGI-4.13-CkASsC/blib/lib/CGI.pm line 437.
# at /home/cpansand/.cpan/build/CGI-4.13-CkASsC/blib/lib/CGI.pm line 437.
# CGI::param(CGI=HASH(0x41cda840), "abc") called at /home/cpansand/.cpan/build/HTML-StickyForm-0.08-iQOLnC/blib/lib/HTML/StickyForm.pm line 543
# HTML::StickyForm::checkbox_group(HTML::StickyForm=HASH(0x43e5c480), HASH(0x43ea63d8)) called at /home/cpansand/.cpan/build/HTML-StickyForm-0.08-iQOLnC/blib/lib/HTML/StickyForm.pm line 619
# HTML::StickyForm::radio_group(HTML::StickyForm=HASH(0x43e5c480), "name", "abc", "default", 456, "values", ARRAY(0x43e41d08)) called at t/20radio_group.t line 147
#
# ----------
# Previous test 69 'abc/456,789/linebreak (empty, flat)'
# CGI::param called in list context from package HTML::StickyForm line 543, this can lead to vulnerabilities. See the warning in "Fetching the value or values of a single named parameter" at /home/cpansand/.cpan/build/CGI-4.13-CkASsC/blib/lib/CGI.pm line 437.
# at /home/cpansand/.cpan/build/CGI-4.13-CkASsC/blib/lib/CGI.pm line 437.
# CGI::param(CGI=HASH(0x41cda840), "abc") called at /home/cpansand/.cpan/build/HTML-StickyForm-0.08-iQOLnC/blib/lib/HTML/StickyForm.pm line 543
# HTML::StickyForm::checkbox_group(HTML::StickyForm=HASH(0x43e5c480), HASH(0x43ea7e10)) called at /home/cpansand/.cpan/build/HTML-StickyForm-0.08-iQOLnC/blib/lib/HTML/StickyForm.pm line 619
# HTML::StickyForm::radio_group(HTML::StickyForm=HASH(0x43e5c480), HASH(0x43e5e0c0)) called at t/20radio_group.t line 144
#
# ----------
# Previous test 70 'abc/456,789/linebreak (full, ref)'
# CGI::param called in list context from package HTML::StickyForm line 543, this can lead to vulnerabilities. See the warning in "Fetching the value or values of a single named parameter" at /home/cpansand/.cpan/build/CGI-4.13-CkASsC/blib/lib/CGI.pm line 437.
# at /home/cpansand/.cpan/build/CGI-4.13-CkASsC/blib/lib/CGI.pm line 437.
# CGI::param(CGI=HASH(0x41cda840), "abc") called at /home/cpansand/.cpan/build/HTML-StickyForm-0.08-iQOLnC/blib/lib/HTML/StickyForm.pm line 543
# HTML::StickyForm::checkbox_group(HTML::StickyForm=HASH(0x43e5c480), HASH(0x43ea8048)) called at /home/cpansand/.cpan/build/HTML-StickyForm-0.08-iQOLnC/blib/lib/HTML/StickyForm.pm line 619
# HTML::StickyForm::radio_group(HTML::StickyForm=HASH(0x43e5c480), "name", "abc", "linebreak", 1, "values", ARRAY(0x43e5e060)) called at t/20radio_group.t line 147
#
# ----------
# Previous test 73 'abc/345,678/val (empty, flat)'
# CGI::param called in list context from package HTML::StickyForm line 543, this can lead to vulnerabilities. See the warning in "Fetching the value or values of a single named parameter" at /home/cpansand/.cpan/build/CGI-4.13-CkASsC/blib/lib/CGI.pm line 437.
# at /home/cpansand/.cpan/build/CGI-4.13-CkASsC/blib/lib/CGI.pm line 437.
# CGI::param(CGI=HASH(0x41cda840), "abc") called at /home/cpansand/.cpan/build/HTML-StickyForm-0.08-iQOLnC/blib/lib/HTML/StickyForm.pm line 543
# HTML::StickyForm::checkbox_group(HTML::StickyForm=HASH(0x43e5c480), HASH(0x43ea9720)) called at /home/cpansand/.cpan/build/HTML-StickyForm-0.08-iQOLnC/blib/lib/HTML/StickyForm.pm line 619
# HTML::StickyForm::radio_group(HTML::StickyForm=HASH(0x43e5c480), HASH(0x43e5e228)) called at t/20radio_group.t line 144
#
# ----------
# Previous test 74 'abc/345,678/val (full, ref)'
# CGI::param called in list context from package HTML::StickyForm line 543, this can lead to vulnerabilities. See the warning in "Fetching the value or values of a single named parameter" at /home/cpansand/.cpan/build/CGI-4.13-CkASsC/blib/lib/CGI.pm line 437.
# at /home/cpansand/.cpan/build/CGI-4.13-CkASsC/blib/lib/CGI.pm line 437.
# CGI::param(CGI=HASH(0x41cda840), "abc") called at /home/cpansand/.cpan/build/HTML-StickyForm-0.08-iQOLnC/blib/lib/HTML/StickyForm.pm line 543
# HTML::StickyForm::checkbox_group(HTML::StickyForm=HASH(0x43e5c480), HASH(0x43ea8e40)) called at /home/cpansand/.cpan/build/HTML-StickyForm-0.08-iQOLnC/blib/lib/HTML/StickyForm.pm line 619
# HTML::StickyForm::radio_group(HTML::StickyForm=HASH(0x43e5c480), "name", "abc", "values", ARRAY(0x43e5e1c8), "values_as_labels", 1) called at t/20radio_group.t line 147
#
# ----------
# Previous test 77 'abc/345,678/XY (empty, flat)'
# CGI::param called in list context from package HTML::StickyForm line 543, this can lead to vulnerabilities. See the warning in "Fetching the value or values of a single named parameter" at /home/cpansand/.cpan/build/CGI-4.13-CkASsC/blib/lib/CGI.pm line 437.
# at /home/cpansand/.cpan/build/CGI-4.13-CkASsC/blib/lib/CGI.pm line 437.
# CGI::param(CGI=HASH(0x41cda840), "abc") called at /home/cpansand/.cpan/build/HTML-StickyForm-0.08-iQOLnC/blib/lib/HTML/StickyForm.pm line 543
# HTML::StickyForm::checkbox_group(HTML::StickyForm=HASH(0x43e5c480), HASH(0x43eaeca8)) called at /home/cpansand/.cpan/build/HTML-StickyForm-0.08-iQOLnC/blib/lib/HTML/StickyForm.pm line 619
# HTML::StickyForm::radio_group(HTML::StickyForm=HASH(0x43e5c480), HASH(0x43e5e3f0)) called at t/20radio_group.t line 144
#
# ----------
# Previous test 78 'abc/345,678/XY (full, ref)'
# CGI::param called in list context from package HTML::StickyForm line 543, this can lead to vulnerabilities. See the warning in "Fetching the value or values of a single named parameter" at /home/cpansand/.cpan/build/CGI-4.13-CkASsC/blib/lib/CGI.pm line 437.
# at /home/cpansand/.cpan/build/CGI-4.13-CkASsC/blib/lib/CGI.pm line 437.
# CGI::param(CGI=HASH(0x41cda840), "abc") called at /home/cpansand/.cpan/build/HTML-StickyForm-0.08-iQOLnC/blib/lib/HTML/StickyForm.pm line 543
# HTML::StickyForm::checkbox_group(HTML::StickyForm=HASH(0x43e5c480), HASH(0x43eb2d08)) called at /home/cpansand/.cpan/build/HTML-StickyForm-0.08-iQOLnC/blib/lib/HTML/StickyForm.pm line 619
# HTML::StickyForm::radio_group(HTML::StickyForm=HASH(0x43e5c480), "labels", HASH(0x43e5e390), "values", ARRAY(0x43e5e330), "name", "abc") called at t/20radio_group.t line 147
#
# ----------
# Previous test 81 'abc/345,678/X/val (empty, flat)'
# CGI::param called in list context from package HTML::StickyForm line 543, this can lead to vulnerabilities. See the warning in "Fetching the value or values of a single named parameter" at /home/cpansand/.cpan/build/CGI-4.13-CkASsC/blib/lib/CGI.pm line 437.
# at /home/cpansand/.cpan/build/CGI-4.13-CkASsC/blib/lib/CGI.pm line 437.
# CGI::param(CGI=HASH(0x41cda840), "abc") called at /home/cpansand/.cpan/build/HTML-StickyForm-0.08-iQOLnC/blib/lib/HTML/StickyForm.pm line 543
# HTML::StickyForm::checkbox_group(HTML::StickyForm=HASH(0x43e5c480), HASH(0x43eb43f0)) called at /home/cpansand/.cpan/build/HTML-StickyForm-0.08-iQOLnC/blib/lib/HTML/StickyForm.pm line 619
# HTML::StickyForm::radio_group(HTML::StickyForm=HASH(0x43e5c480), HASH(0x43e5e5a0)) called at t/20radio_group.t line 144
#
# ----------
# Previous test 82 'abc/345,678/X/val (full, ref)'
# CGI::param called in list context from package HTML::StickyForm line 543, this can lead to vulnerabilities. See the warning in "Fetching the value or values of a single named parameter" at /home/cpansand/.cpan/build/CGI-4.13-CkASsC/blib/lib/CGI.pm line 437.
# at /home/cpansand/.cpan/build/CGI-4.13-CkASsC/blib/lib/CGI.pm line 437.
# CGI::param(CGI=HASH(0x41cda840), "abc") called at /home/cpansand/.cpan/build/HTML-StickyForm-0.08-iQOLnC/blib/lib/HTML/StickyForm.pm line 543
# HTML::StickyForm::checkbox_group(HTML::StickyForm=HASH(0x43e5c480), HASH(0x43eb4fa8)) called at /home/cpansand/.cpan/build/HTML-StickyForm-0.08-iQOLnC/blib/lib/HTML/StickyForm.pm line 619
# HTML::StickyForm::radio_group(HTML::StickyForm=HASH(0x43e5c480), "labels", HASH(0x43e5e558), "values_as_labels", 1, "values", ARRAY(0x43e5e4f8), "name", "abc", ...) called at t/20radio_group.t line 147
#
# ----------
# Previous test 85 'abc/labels (empty, flat)'
# CGI::param called in list context from package HTML::StickyForm line 543, this can lead to vulnerabilities. See the warning in "Fetching the value or values of a single named parameter" at /home/cpansand/.cpan/build/CGI-4.13-CkASsC/blib/lib/CGI.pm line 437.
# at /home/cpansand/.cpan/build/CGI-4.13-CkASsC/blib/lib/CGI.pm line 437.
# CGI::param(CGI=HASH(0x41cda840), "abc") called at /home/cpansand/.cpan/build/HTML-StickyForm-0.08-iQOLnC/blib/lib/HTML/StickyForm.pm line 543
# HTML::StickyForm::checkbox_group(HTML::StickyForm=HASH(0x43e5c480), HASH(0x43eb9360)) called at /home/cpansand/.cpan/build/HTML-StickyForm-0.08-iQOLnC/blib/lib/HTML/StickyForm.pm line 619
# HTML::StickyForm::radio_group(HTML::StickyForm=HASH(0x43e5c480), HASH(0x43e5e708)) called at t/20radio_group.t line 144
#
# ----------
# Previous test 86 'abc/labels (full, ref)'
# CGI::param called in list context from package HTML::StickyForm line 543, this can lead to vulnerabilities. See the warning in "Fetching the value or values of a single named parameter" at /home/cpansand/.cpan/build/CGI-4.13-CkASsC/blib/lib/CGI.pm line 437.
# at /home/cpansand/.cpan/build/CGI-4.13-CkASsC/blib/lib/CGI.pm line 437.
# CGI::param(CGI=HASH(0x41cda840), "abc") called at /home/cpansand/.cpan/build/HTML-StickyForm-0.08-iQOLnC/blib/lib/HTML/StickyForm.pm line 543
# HTML::StickyForm::checkbox_group(HTML::StickyForm=HASH(0x43e5c480), HASH(0x43eb9360)) called at /home/cpansand/.cpan/build/HTML-StickyForm-0.08-iQOLnC/blib/lib/HTML/StickyForm.pm line 619
# HTML::StickyForm::radio_group(HTML::StickyForm=HASH(0x43e5c480), "name", "abc", "labels", HASH(0x43e5e6c0)) called at t/20radio_group.t line 147
#
# ----------
# Previous test 89 'abc/escape (empty, flat)'
# CGI::param called in list context from package HTML::StickyForm line 543, this can lead to vulnerabilities. See the warning in "Fetching the value or values of a single named parameter" at /home/cpansand/.cpan/build/CGI-4.13-CkASsC/blib/lib/CGI.pm line 437.
# at /home/cpansand/.cpan/build/CGI-4.13-CkASsC/blib/lib/CGI.pm line 437.
# CGI::param(CGI=HASH(0x41cda840), "abc") called at /home/cpansand/.cpan/build/HTML-StickyForm-0.08-iQOLnC/blib/lib/HTML/StickyForm.pm line 543
# HTML::StickyForm::checkbox_group(HTML::StickyForm=HASH(0x43e5c480), HASH(0x43ebb420)) called at /home/cpansand/.cpan/build/HTML-StickyForm-0.08-iQOLnC/blib/lib/HTML/StickyForm.pm line 619
# HTML::StickyForm::radio_group(HTML::StickyForm=HASH(0x43e5c480), HASH(0x43e5e840)) called at t/20radio_group.t line 144
#
# ----------
# Previous test 90 'abc/escape (full, ref)'
# CGI::param called in list context from package HTML::StickyForm line 543, this can lead to vulnerabilities. See the warning in "Fetching the value or values of a single named parameter" at /home/cpansand/.cpan/build/CGI-4.13-CkASsC/blib/lib/CGI.pm line 437.
# at /home/cpansand/.cpan/build/CGI-4.13-CkASsC/blib/lib/CGI.pm line 437.
# CGI::param(CGI=HASH(0x41cda840), "abc") called at /home/cpansand/.cpan/build/HTML-StickyForm-0.08-iQOLnC/blib/lib/HTML/StickyForm.pm line 543
# HTML::StickyForm::checkbox_group(HTML::StickyForm=HASH(0x43e5c480), HASH(0x43ebb420)) called at /home/cpansand/.cpan/build/HTML-StickyForm-0.08-iQOLnC/blib/lib/HTML/StickyForm.pm line 619
# HTML::StickyForm::radio_group(HTML::StickyForm=HASH(0x43e5c480), "labels", HASH(0x43e5e7f8), "name", "abc") called at t/20radio_group.t line 147
#
# ----------
# Previous test 93 'abc/escape=0 (empty, flat)'
# CGI::param called in list context from package HTML::StickyForm line 543, this can lead to vulnerabilities. See the warning in "Fetching the value or values of a single named parameter" at /home/cpansand/.cpan/build/CGI-4.13-CkASsC/blib/lib/CGI.pm line 437.
# at /home/cpansand/.cpan/build/CGI-4.13-CkASsC/blib/lib/CGI.pm line 437.
# CGI::param(CGI=HASH(0x41cda840), "abc") called at /home/cpansand/.cpan/build/HTML-StickyForm-0.08-iQOLnC/blib/lib/HTML/StickyForm.pm line 543
# HTML::StickyForm::checkbox_group(HTML::StickyForm=HASH(0x43e5c480), HASH(0x43ec32e8)) called at /home/cpansand/.cpan/build/HTML-StickyForm-0.08-iQOLnC/blib/lib/HTML/StickyForm.pm line 619
# HTML::StickyForm::radio_group(HTML::StickyForm=HASH(0x43e5c480), HASH(0x43e5e978)) called at t/20radio_group.t line 144
#
# ----------
# Previous test 94 'abc/escape=0 (full, ref)'
# CGI::param called in list context from package HTML::StickyForm line 543, this can lead to vulnerabilities. See the warning in "Fetching the value or values of a single named parameter" at /home/cpansand/.cpan/build/CGI-4.13-CkASsC/blib/lib/CGI.pm line 437.
# at /home/cpansand/.cpan/build/CGI-4.13-CkASsC/blib/lib/CGI.pm line 437.
# CGI::param(CGI=HASH(0x41cda840), "abc") called at /home/cpansand/.cpan/build/HTML-StickyForm-0.08-iQOLnC/blib/lib/HTML/StickyForm.pm line 543
# HTML::StickyForm::checkbox_group(HTML::StickyForm=HASH(0x43e5c480), HASH(0x43ec5630)) called at /home/cpansand/.cpan/build/HTML-StickyForm-0.08-iQOLnC/blib/lib/HTML/StickyForm.pm line 619
# HTML::StickyForm::radio_group(HTML::StickyForm=HASH(0x43e5c480), "escape_labels", 0, "labels", HASH(0x43e5e930), "name", "abc") called at t/20radio_group.t line 147
#
# Looks like you failed 1 test of 96.
t/20radio_group.t .......
Dubious, test returned 1 (wstat 256, 0x100)
Failed 1/96 subtests
t/20select.t ............ ok
t/20submit.t ............ ok
t/20text.t .............. ok
t/20textarea.t .......... ok
t/lib/Test/XML/canon.t .. ok
Test Summary Report
-------------------
t/20checkbox.t (Wstat: 256 Tests: 64 Failed: 1)
Failed test: 64
Non-zero exit status: 1
t/20checkbox_group.t (Wstat: 256 Tests: 100 Failed: 1)
Failed test: 100
Non-zero exit status: 1
t/20radio.t (Wstat: 256 Tests: 64 Failed: 1)
Failed test: 64
Non-zero exit status: 1
t/20radio_group.t (Wstat: 256 Tests: 96 Failed: 1)
Failed test: 96
Non-zero exit status: 1
Files=21, Tests=678, 22 wallclock secs ( 0.60 usr 0.20 sys + 8.02 cusr 1.38 csys = 10.20 CPU)
Result: FAIL
Failed 4/21 test programs. 4/678 subtests failed.
*** Error code 255
Stop.
make: stopped in /home/cpansand/.cpan/build/HTML-StickyForm-0.08-iQOLnC
------------------------------
PREREQUISITES
------------------------------
Prerequisite modules loaded:
requires:
Module Need Have
------------------- ---- --------
Carp 0 1.3301
build_requires:
Module Need Have
------------------- ---- --------
blib 0 1.06
CGI 0 4.13
ExtUtils::Manifest 0 1.70
Test::Builder 0 1.001014
Test::More 0 1.001014
Test::NoWarnings 0 1.04
XML::LibXML 0 2.0118
configure_requires:
Module Need Have
------------------- ---- --------
ExtUtils::MakeMaker 6.30 7.04
------------------------------
ENVIRONMENT AND OTHER CONTEXT
------------------------------
Environment variables:
DBIC_NO_WARN_BAD_PERL = 1
LC_ALL = de_DE.ISO8859-1
PATH = /usr/local/bin:/usr/bin:/bin:/usr/local/sbin:/usr/sbin:/sbin:/home/cpansand/bin/freebsd10.0:/home/cpansand/bin/sh:/home/cpansand/bin:/usr/games:/home/cpansand/devel:/home/eserte/src/srezic-misc/scripts
PERL5LIB = /home/cpansand/.cpan/build/Test-NoWarnings-1.04-FNXn2s/blib/arch:/home/cpansand/.cpan/build/Test-NoWarnings-1.04-FNXn2s/blib/lib:/home/cpansand/.cpan/build/CGI-4.13-CkASsC/blib/arch:/home/cpansand/.cpan/build/CGI-4.13-CkASsC/blib/lib
PERL5OPT =
PERL5_CPANPLUS_IS_RUNNING = 19681
PERL5_CPAN_IS_RUNNING = 19681
PERL5_CPAN_IS_RUNNING_IN_RECURSION = 18786,19681
PERLDOC = -MPod::Perldoc::ToTextOverstrike
PERL_BATCH = yes
PERL_CPAN_REPORTER_CONFIG = /var/tmp/cpansmoker-1023/tF2Dh7bNIN_config.ini
PERL_EXTUTILS_AUTOINSTALL = --defaultdeps
PERL_HTML_DISPLAY_CLASS = HTML::Display::Mozilla
SHELL = /usr/local/bin/zsh
TERM = screen
TMPDIR = /var/tmp/cpansmoker-1023
Perl special variables (and OS-specific diagnostics, for MSWin32):
$^X = /usr/perl5.20.1Dp/bin/perl
$UID/$EUID = 1023 / 1023
$GID = 1023 1023
$EGID = 1023 1023
Perl module toolchain versions installed:
Module Have
------------------- --------
CPAN 2.05
CPAN::Meta 2.143240
Cwd 3.48
ExtUtils::CBuilder 0.280217
ExtUtils::Command 1.18
ExtUtils::Install 1.67
ExtUtils::MakeMaker 7.04
ExtUtils::Manifest 1.70
ExtUtils::ParseXS 3.24
File::Spec 3.48
JSON 2.90
JSON::PP 2.27203
Module::Build 0.4211
Module::Signature n/a
Parse::CPAN::Meta 1.4414
Test::Harness 3.30
Test::More 1.001014
YAML 1.14
YAML::Syck 1.29
version 0.9909
--
Summary of my perl5 (revision 5 version 20 subversion 1) configuration:
Platform:
osname=freebsd, osvers=10.1-release, archname=amd64-freebsd-ld
uname='freebsd cvrsnica-freebsd-101.herceg.de 10.1-release freebsd 10.1-release #0 r274401: tue nov 11 21:02:49 utc 2014 root@releng1.nyi.freebsd.org:usrobjusrsrcsysgeneric amd64 '
config_args='-ds -e -Dprefix=/usr/perl5.20.1Dp -Duselongdouble'
hint=recommended, useposix=true, d_sigaction=define
useithreads=undef, usemultiplicity=undef
use64bitint=define, use64bitall=define, uselongdouble=define
usemymalloc=n, bincompat5005=undef
Compiler:
cc='cc', ccflags ='-DHAS_FPSETMASK -DHAS_FLOATINGPOINT_H -fno-strict-aliasing -pipe -fstack-protector -I/usr/local/include',
optimize='-O',
cppflags='-DHAS_FPSETMASK -DHAS_FLOATINGPOINT_H -fno-strict-aliasing -pipe -fstack-protector -I/usr/local/include'
ccversion='', gccversion='4.2.1 Compatible FreeBSD Clang 3.4.1 (tags/RELEASE_34/dot1-final 208032)', gccosandvers=''
intsize=4, longsize=8, ptrsize=8, doublesize=8, byteorder=12345678
d_longlong=define, longlongsize=8, d_longdbl=define, longdblsize=16
ivtype='long', ivsize=8, nvtype='long double', nvsize=16, Off_t='off_t', lseeksize=8
alignbytes=16, prototype=define
Linker and Libraries:
ld='cc', ldflags ='-pthread -Wl,-E -fstack-protector -L/usr/local/lib'
libpth=/usr/lib /usr/local/lib /usr/include/clang/3.4.1 /usr/lib
libs=-lgdbm -lm -lcrypt -lutil -lc
perllibs=-lm -lcrypt -lutil -lc
libc=, so=so, useshrplib=false, libperl=libperl.a
gnulibc_version=''
Dynamic Linking:
dlsrc=dl_dlopen.xs, dlext=so, d_dlsymun=undef, ccdlflags=' '
cccdlflags='-DPIC -fPIC', lddlflags='-shared -L/usr/local/lib -fstack-protector'
Characteristics of this binary (from libperl):
Compile-time options: HAS_TIMES PERLIO_LAYERS PERL_DONT_CREATE_GVSV
PERL_HASH_FUNC_ONE_AT_A_TIME_HARD PERL_MALLOC_WRAP
PERL_NEW_COPY_ON_WRITE PERL_PRESERVE_IVUV
USE_64_BIT_ALL USE_64_BIT_INT USE_LARGE_FILES
USE_LOCALE USE_LOCALE_COLLATE USE_LOCALE_CTYPE
USE_LOCALE_NUMERIC USE_LONG_DOUBLE USE_PERLIO
USE_PERL_ATOF
Built under freebsd
Compiled at Feb 13 2015 08:17:27
%ENV:
PERL5LIB="/home/cpansand/.cpan/build/Test-NoWarnings-1.04-FNXn2s/blib/arch:/home/cpansand/.cpan/build/Test-NoWarnings-1.04-FNXn2s/blib/lib:/home/cpansand/.cpan/build/CGI-4.13-CkASsC/blib/arch:/home/cpansand/.cpan/build/CGI-4.13-CkASsC/blib/lib"
PERL5OPT=""
PERL5_CPANPLUS_IS_RUNNING="19681"
PERL5_CPAN_IS_RUNNING="19681"
PERL5_CPAN_IS_RUNNING_IN_RECURSION="18786,19681"
PERLDOC="-MPod::Perldoc::ToTextOverstrike"
PERL_BATCH="yes"
PERL_CPAN_REPORTER_CONFIG="/var/tmp/cpansmoker-1023/tF2Dh7bNIN_config.ini"
PERL_EXTUTILS_AUTOINSTALL="--defaultdeps"
PERL_HTML_DISPLAY_CLASS="HTML::Display::Mozilla"
@INC:
/home/cpansand/.cpan/build/Test-NoWarnings-1.04-FNXn2s/blib/arch
/home/cpansand/.cpan/build/Test-NoWarnings-1.04-FNXn2s/blib/lib
/home/cpansand/.cpan/build/CGI-4.13-CkASsC/blib/arch
/home/cpansand/.cpan/build/CGI-4.13-CkASsC/blib/lib
/usr/perl5.20.1Dp/lib/site_perl/5.20.1/amd64-freebsd-ld
/usr/perl5.20.1Dp/lib/site_perl/5.20.1
/usr/perl5.20.1Dp/lib/5.20.1/amd64-freebsd-ld
/usr/perl5.20.1Dp/lib/5.20.1
.