DBIx-Class-EncodedColumn v0.00018 Perl 5 v5.20.2 i386-freebsd-thread-multi-64int
- Status
- Fail
- From
- Chris Williams (BINGOS)
- Dist
-
DBIx-Class-EncodedColumn v0.00018
- Platform
- Perl 5 v5.20.2 i386-freebsd-thread-multi-64int
- Date
- 2019-09-21 11:48:13
- ID
- b0fe2922-dc65-11e9-99fe-b031dbec7dbf
This distribution has been tested as part of the CPAN Testers
project, supporting the Perl programming language. See
http://wiki.cpantesters.org/ for more information or email
questions to cpan-testers-discuss@perl.org
--
Dear WREIS,
This is a computer-generated error report created automatically by
CPANPLUS, version 0.9178. Testers personal comments may appear
at the end of this report.
Thank you for uploading your work to CPAN. However, it appears that
there were some problems testing your distribution.
TEST RESULTS:
Below is the error stack from stage 'make test':
t/author-pod-syntax.t ....... skipped: these tests are for testing by the author
t/author/timestamp.t ........ skipped: Crypt::Eksblowfish::Bcrypt not available
{UNKNOWN}: Can't locate DBIx/Class/TimeStamp.pm in @INC (you may need to install the DBIx::Class::TimeStamp module) (@INC contains: /usr/home/cpan/pit/rel/conf/perl-5.20.2/.cpanplus/5.20.2/build/ZcKMabVz04/DBIx-Class-EncodedColumn-0.00018/t/author/../lib /usr/home/cpan/pit/rel/conf/perl-5.20.2/.cpanplus/5.20.2/build/ZcKMabVz04/DBIx-Class-EncodedColumn-0.00018/blib/arch /usr/home/cpan/pit/rel/conf/perl-5.20.2/.cpanplus/5.20.2/build/ZcKMabVz04/DBIx-Class-EncodedColumn-0.00018/blib/lib /usr/home/cpan/pit/jail/ZrC7hRphHP/lib/perl5/5.20.2/i386-freebsd-thread-multi-64int /usr/home/cpan/pit/jail/ZrC7hRphHP/lib/perl5/5.20.2 /usr/home/cpan/pit/jail/ZrC7hRphHP/lib/perl5/i386-freebsd-thread-multi-64int /usr/home/cpan/pit/jail/ZrC7hRphHP/lib/perl5 /usr/home/cpan/pit/rel/perl-5.20.2/lib/site_perl/5.20.2/i386-freebsd-thread-multi-64int /usr/home/cpan/pit/rel/perl-5.20.2/lib/site_perl/5.20.2 /usr/home/cpan/pit/rel/perl-5.20.2/lib/5.20.2/i386-freebsd-thread-multi-64int /usr/home/cpan/pit/rel/perl-5.20.2/lib/5.20.2 .) at /usr/home/cpan/pit/jail/ZrC7hRphHP/lib/perl5/Class/C3/Componentised.pm line 146.
at /usr/home/cpan/pit/rel/perl-5.20.2/lib/5.20.2/base.pm line 99.
Compilation failed in require at /usr/home/cpan/pit/rel/perl-5.20.2/lib/5.20.2/base.pm line 99.
...propagated at /usr/home/cpan/pit/rel/perl-5.20.2/lib/5.20.2/base.pm line 108.
BEGIN failed--compilation aborted at /usr/home/cpan/pit/rel/conf/perl-5.20.2/.cpanplus/5.20.2/build/ZcKMabVz04/DBIx-Class-EncodedColumn-0.00018/t/author/../lib/DigestTest/Schema/WithTimeStampChild.pm line 6.
Compilation failed in require at /usr/home/cpan/pit/jail/ZrC7hRphHP/lib/perl5/Class/C3/Componentised.pm line 146. at /usr/home/cpan/pit/jail/ZrC7hRphHP/lib/perl5/Class/C3/Componentised.pm line 151
t/author/timestamp_order.t ..
Dubious, test returned 2 (wstat 512, 0x200)
No subtests run
t/bcrypt.t .................. skipped: Crypt::Eksblowfish::Bcrypt not available
t/class_level_encoders.t .... ok
t/crypt.t ................... ok
t/digest_sha.t .............. ok
t/open_pgp.t ................ skipped: Crypt::OpenPGP not available
t/whirlpool.t ............... skipped: Digest::Whirlpool not available
Test Summary Report
-------------------
t/author/timestamp_order.t (Wstat: 512 Tests: 0 Failed: 0)
Non-zero exit status: 2
Parse errors: No plan found in TAP output
Files=9, Tests=43, 2 wallclock secs ( 0.04 usr 0.04 sys + 0.62 cusr 0.88 csys = 1.59 CPU)
Result: FAIL
MISSING PREREQUISITES:
It was observed that the test suite seem to fail without these modules:
DBIx::Class::TimeStamp
As such, adding the prerequisite module(s) to 'PREREQ_PM' in your
Makefile.PL should solve this problem. For example:
WriteMakefile(
AUTHOR => 'WREIS (cpanplus-info@lists.sf.net)',
... # other information
PREREQ_PM => {
'DBIx::Class::TimeStamp' => '0', # or a minimum working version
}
);
Thanks! :-)
PREREQUISITES:
Here is a list of prerequisites you specified and versions we
managed to load:
Module Name Have Want
DBD::SQLite 1.64 0
DBIx::Class 0.082841 0.06002
Dir::Self 0.11 0
Encode 2.60 0
File::Spec 3.75 0
File::Temp 0.2309 0
Sub::Name 0.21 0.04
Test::Exception 0.43 0
Test::More 1.302164 0
Perl module toolchain versions installed:
Module Name Have
CPANPLUS 0.9178
CPANPLUS::Dist::Build 0.90
Cwd 3.75
ExtUtils::CBuilder 0.280231
ExtUtils::Command 7.36
ExtUtils::Install 2.14
ExtUtils::MakeMaker 7.36
ExtUtils::Manifest 1.72
ExtUtils::ParseXS 3.35
File::Spec 3.75
Module::Build 0.4229
Pod::Parser 1.62
Pod::Simple 3.28
Test2 1.302164
Test::Harness 3.42
Test::More 1.302164
version 0.9924
******************************** NOTE ********************************
The comments above are created mechanically, possibly without manual
checking by the sender. As there are many people performing automatic
tests on each upload to CPAN, it is likely that you will receive
identical messages about the same problem.
If you believe that the message is mistaken, please reply to the first
one with correction and/or additional informations, and do not take
it personally. We appreciate your patience. :)
**********************************************************************
Additional comments:
This report was machine-generated by CPANPLUS::Dist::YACSmoke 1.08.
Powered by minismokebox version 0.68
CPANPLUS is prefering Build.PL
------------------------------
ENVIRONMENT AND OTHER CONTEXT
------------------------------
Environment variables:
AUTOMATED_TESTING = 1
NONINTERACTIVE_TESTING = 1
PATH = /sbin:/bin:/usr/sbin:/usr/bin:/usr/local/sbin:/usr/local/bin:/home/cpan/bin
PERL5LIB = /usr/home/cpan/pit/jail/ZrC7hRphHP/lib/perl5:/usr/home/cpan/pit/rel/conf/perl-5.20.2/.cpanplus/5.20.2/build/ZcKMabVz04/DBIx-Class-EncodedColumn-0.00018/blib/lib:/usr/home/cpan/pit/rel/conf/perl-5.20.2/.cpanplus/5.20.2/build/ZcKMabVz04/DBIx-Class-EncodedColumn-0.00018/blib/arch
PERL5_CPANPLUS_IS_RUNNING = 68018
PERL5_CPANPLUS_IS_VERSION = 0.9178
PERL5_MINISMOKEBOX = 0.68
PERL5_YACSMOKE_BASE = /usr/home/cpan/pit/rel/conf/perl-5.20.2
PERL_EXTUTILS_AUTOINSTALL = --defaultdeps
PERL_LOCAL_LIB_ROOT = /usr/home/cpan/pit/jail/ZrC7hRphHP
PERL_MB_OPT = --install_base "/usr/home/cpan/pit/jail/ZrC7hRphHP"
PERL_MM_OPT = INSTALL_BASE=/usr/home/cpan/pit/jail/ZrC7hRphHP
PERL_MM_USE_DEFAULT = 1
SHELL = /usr/local/bin/bash
TERM = screen
Perl special variables (and OS-specific diagnostics, for MSWin32):
Perl: $^X = /usr/home/cpan/pit/rel/perl-5.20.2/bin/perl5.20.2
UID: $< = 1002
EUID: $> = 1002
GID: $( = 1002 1002
EGID: $) = 1002 1002
-------------------------------
--
Summary of my perl5 (revision 5 version 20 subversion 2) configuration:
Platform:
osname=freebsd, osvers=11.3-release-p1, archname=i386-freebsd-thread-multi-64int
uname='freebsd froggle 11.3-release-p1 freebsd 11.3-release-p1 #0: tue jul 23 18:16:36 utc 2019 root@amd64-builder.daemonology.net:usrobjusrsrcsysgeneric i386 '
config_args='-des -Dprefix=/usr/home/cpan/pit/rel/perl-5.20.2 -Dusethreads -Duse64bitint'
hint=recommended, useposix=true, d_sigaction=define
useithreads=define, usemultiplicity=define
use64bitint=define, use64bitall=undef, uselongdouble=undef
usemymalloc=n, bincompat5005=undef
Compiler:
cc='cc', ccflags ='-DHAS_FPSETMASK -DHAS_FLOATINGPOINT_H -fno-strict-aliasing -pipe -fstack-protector -I/usr/local/include',
optimize='-O2',
cppflags='-DHAS_FPSETMASK -DHAS_FLOATINGPOINT_H -fno-strict-aliasing -pipe -fstack-protector -I/usr/local/include'
ccversion='', gccversion='4.2.1 Compatible FreeBSD Clang 8.0.0 (tags/RELEASE_800/final 356365)', gccosandvers=''
intsize=4, longsize=4, ptrsize=4, doublesize=8, byteorder=12345678
d_longlong=define, longlongsize=8, d_longdbl=define, longdblsize=12
ivtype='long long', ivsize=8, nvtype='double', nvsize=8, Off_t='off_t', lseeksize=8
alignbytes=4, prototype=define
Linker and Libraries:
ld='cc', ldflags ='-pthread -Wl,-E -fstack-protector -L/usr/local/lib'
libpth=/usr/lib /usr/local/lib /usr/lib/clang/8.0.0/lib /usr/lib
libs=-lgdbm -ldl -lm -lcrypt -lutil
perllibs=-ldl -lm -lcrypt -lutil
libc=, so=so, useshrplib=false, libperl=libperl.a
gnulibc_version=''
Dynamic Linking:
dlsrc=dl_dlopen.xs, dlext=so, d_dlsymun=undef, ccdlflags=' '
cccdlflags='-DPIC -fPIC', lddlflags='-shared -L/usr/local/lib -fstack-protector'
Characteristics of this binary (from libperl):
Compile-time options: HAS_TIMES MULTIPLICITY PERLIO_LAYERS
PERL_DONT_CREATE_GVSV
PERL_HASH_FUNC_ONE_AT_A_TIME_HARD
PERL_IMPLICIT_CONTEXT PERL_MALLOC_WRAP
PERL_NEW_COPY_ON_WRITE PERL_PRESERVE_IVUV
USE_64_BIT_INT USE_ITHREADS USE_LARGE_FILES
USE_LOCALE USE_LOCALE_COLLATE USE_LOCALE_CTYPE
USE_LOCALE_NUMERIC USE_PERLIO USE_PERL_ATOF
USE_REENTRANT_API
Locally applied patches:
Devel::PatchPerl 1.64
Built under freebsd
Compiled at Aug 3 2019 05:59:54
%ENV:
PERL5LIB="/usr/home/cpan/pit/jail/ZrC7hRphHP/lib/perl5:/usr/home/cpan/pit/rel/conf/perl-5.20.2/.cpanplus/5.20.2/build/ZcKMabVz04/DBIx-Class-EncodedColumn-0.00018/blib/lib:/usr/home/cpan/pit/rel/conf/perl-5.20.2/.cpanplus/5.20.2/build/ZcKMabVz04/DBIx-Class-EncodedColumn-0.00018/blib/arch"
PERL5_CPANPLUS_IS_RUNNING="68018"
PERL5_CPANPLUS_IS_VERSION="0.9178"
PERL5_MINISMOKEBOX="0.68"
PERL5_YACSMOKE_BASE="/usr/home/cpan/pit/rel/conf/perl-5.20.2"
PERL_EXTUTILS_AUTOINSTALL="--defaultdeps"
PERL_LOCAL_LIB_ROOT="/usr/home/cpan/pit/jail/ZrC7hRphHP"
PERL_MB_OPT="--install_base "/usr/home/cpan/pit/jail/ZrC7hRphHP""
PERL_MM_OPT="INSTALL_BASE=/usr/home/cpan/pit/jail/ZrC7hRphHP"
PERL_MM_USE_DEFAULT="1"
@INC:
/usr/home/cpan/pit/jail/ZrC7hRphHP/lib/perl5/5.20.2/i386-freebsd-thread-multi-64int
/usr/home/cpan/pit/jail/ZrC7hRphHP/lib/perl5/5.20.2
/usr/home/cpan/pit/jail/ZrC7hRphHP/lib/perl5/i386-freebsd-thread-multi-64int
/usr/home/cpan/pit/jail/ZrC7hRphHP/lib/perl5
/usr/home/cpan/pit/rel/conf/perl-5.20.2/.cpanplus/5.20.2/build/ZcKMabVz04/DBIx-Class-EncodedColumn-0.00018/blib/lib
/usr/home/cpan/pit/rel/conf/perl-5.20.2/.cpanplus/5.20.2/build/ZcKMabVz04/DBIx-Class-EncodedColumn-0.00018/blib/arch
/usr/home/cpan/pit/rel/perl-5.20.2/lib/site_perl/5.20.2/i386-freebsd-thread-multi-64int
/usr/home/cpan/pit/rel/perl-5.20.2/lib/site_perl/5.20.2
/usr/home/cpan/pit/rel/perl-5.20.2/lib/5.20.2/i386-freebsd-thread-multi-64int
/usr/home/cpan/pit/rel/perl-5.20.2/lib/5.20.2
.