Report for Test-HTML-Content-0.09

Back
From: metabase:user:31d414ea-2aae-11df-837a-5e0a49663a4f
Subject: FAIL Test-HTML-Content-0.09 v5.16.3 GNU/Linux
Date: 2014-07-17T14:00:21Z

This distribution has been tested as part of the CPAN Testers
project, supporting the Perl programming language.  See
http://wiki.cpantesters.org/ for more information or email
questions to cpan-testers-discuss@perl.org


--
Dear Max Maischein,

This is a computer-generated report for Test-HTML-Content-0.09
on perl 5.16.3, created by CPAN-Reporter-1.2009.

Thank you for uploading your work to CPAN.  However, there was a problem
testing your distribution.

If you think this report is invalid, please consult the CPAN Testers Wiki
for suggestions on how to avoid getting FAIL reports for missing library
or binary dependencies, unsupported operating systems, and so on:

http://wiki.cpantesters.org/wiki/CPANAuthorNotes

Sections of this report:

    * Tester comments
    * Program output
    * Prerequisites
    * Environment and other context

------------------------------
TESTER COMMENTS
------------------------------

Additional comments from tester:

this report is from an automated smoke testing program
and was not reviewed by a human for accuracy

------------------------------
PROGRAM OUTPUT
------------------------------

Output from '/usr/bin/make test':

PERL_DL_NONLAZY=1 /home/david/cpantesting/perl-5.16.3/bin/perl "-MExtUtils::Command::MM" "-MTest::Harness" "-e" "undef *Test::Harness::Switches; test_harness(0, 'blib/lib', 'blib/arch')" t/*.t
t/00-prerequisites.t ............................ ok
t/01-fallback-libxml.t .......................... ok
t/01-fallback-pureperl.t ........................ ok
t/01-fallback-xpath.t ........................... ok
t/01-internal-api.t ............................. ok
t/01-libxml-xpath-abstraction.t ................. ok
t/01-xpath-query-builder.t ...................... ok
t/02-tags.t ..................................... ok
t/03-links.t .................................... ok
t/04-comments.t ................................. ok
t/05-doctype.t .................................. ok
t/06-text.t ..................................... ok
t/07-errors.link.t .............................. ok
t/08-errors.comment.t ........................... ok
t/09-errors.declaration.t ....................... ok

#   Failed test 'Finding no xpath results where some should be outputs the fallback'
#   at t/09-errors.xpath.t line 42.
# STDERR is:
# #   Failed test 'no XPath results found'
# #   at t/09-errors.xpath.t line 41.
# # Got
# #   <p foo="bar" />
# #   <p foo="foo">1</p>
# #   <p foo="baz">2</p>
# 
# not:
# /#\s+Failed\ test.*?\n?.*?at\ t\/09\-errors\.xpath\.t line 41.*\n?/
# # Got
# #   <p foo="bar"/>
# #   <p foo="foo">1</p>
# #   <p foo="baz">2</p>
# 
# as expected

#   Failed test 'Finding xpath results where none should be outputs the fallback'
#   at t/09-errors.xpath.t line 57.
# STDERR is:
# #   Failed test 'no XPath results found'
# #   at t/09-errors.xpath.t line 56.
# # Got
# #   <p foo="bar" />
# #   <p foo="foo">1</p>
# #   <p foo="baz">2</p>
# 
# not:
# /#\s+Failed\ test.*?\n?.*?at\ t\/09\-errors\.xpath\.t line 56.*\n?/
# # Got
# #   <p foo="bar"/>
# #   <p foo="foo">1</p>
# #   <p foo="baz">2</p>
# 
# as expected

#   Failed test 'Finding xpath results (implicit fallback)'
#   at t/09-errors.xpath.t line 66.
# STDERR is:
# #   Failed test 'no XPath results found'
# #   at t/09-errors.xpath.t line 65.
# # Got
# #   <p foo="bar" />
# #   <p foo="foo">1</p>
# #   <p foo="baz">2</p>
# 
# not:
# /#\s+Failed\ test.*?\n?.*?at\ t\/09\-errors\.xpath\.t line 65.*\n?/
# # Got
# #   <p foo="bar"/>
# #   <p foo="foo">1</p>
# #   <p foo="baz">2</p>
# 
# as expected

#   Failed test 'Too few hits get reported'
#   at t/09-errors.xpath.t line 75.
# STDERR is:
# #   Failed test 'no XPath results found'
# #   at t/09-errors.xpath.t line 74.
# # Got
# #   <p foo="bar" />
# #   <p foo="foo">1</p>
# #   <p foo="baz">2</p>
# 
# not:
# /#\s+Failed\ test.*?\n?.*?at\ t\/09\-errors\.xpath\.t line 74.*\n?/
# # Got
# #   <p foo="bar"/>
# #   <p foo="foo">1</p>
# #   <p foo="baz">2</p>
# 
# as expected

#   Failed test 'Too many hits get reported'
#   at t/09-errors.xpath.t line 84.
# STDERR is:
# #   Failed test 'no XPath results found'
# #   at t/09-errors.xpath.t line 83.
# # Got
# #   <p foo="bar" />
# #   <p foo="foo">1</p>
# #   <p foo="baz">2</p>
# 
# not:
# /#\s+Failed\ test.*?\n?.*?at\ t\/09\-errors\.xpath\.t line 83.*\n?/
# # Got
# #   <p foo="bar"/>
# #   <p foo="foo">1</p>
# #   <p foo="baz">2</p>
# 
# as expected
t/09-errors.xpath.t ............................. 
Failed 5/7 subtests 
t/10-errors.text.t .............................. ok
t/12-title-fallback.t ........................... ok
t/12-title.t .................................... ok

no element found at line 1, column 69, byte 69:
<!-- hidden massage --><!-- hidden massage --><!-- hidden massage -->
====================================================================^
 at /home/david/cpantesting/perl-5.16.3/lib/site_perl/5.16.3/x86_64-linux-thread-multi/XML/Parser.pm line 187.
t/13-xpath-gracefull-errors.t ................... ok
# Checking for version 0.09
t/99-changes.t .................................. ok
t/99-manifest.t ................................. ok
t/99-Pod.t ...................................... ok
t/99-todo.t ..................................... ok
t/99-unix-text.t ................................ ok
# Checking for $VERSION = '0.09';
t/99-versions.t ................................. ok
t/embedded-Test-HTML-Content-NoXPath.t .......... ok
t/embedded-Test-HTML-Content-XPathExtensions.t .. ok
t/embedded-Test-HTML-Content.t .................. ok

Test Summary Report
-------------------
t/09-errors.xpath.t                           (Wstat: 0 Tests: 7 Failed: 5)
  Failed tests:  2, 4-7
Files=29, Tests=462,  3 wallclock secs ( 0.10 usr  0.10 sys +  1.47 cusr  0.36 csys =  2.03 CPU)
Result: FAIL
Failed 1/29 test programs. 5/462 subtests failed.
make: *** [test_dynamic] Error 255

------------------------------
PREREQUISITES
------------------------------

Prerequisite modules loaded:

requires:

    Module              Need Have    
    ------------------- ---- --------
    HTML::TokeParser    0    3.69    
    Test::Builder       0    1.001003
    Test::More          0    1.001003

build_requires:

    Module              Need Have    
    ------------------- ---- --------
    ExtUtils::MakeMaker 0    6.98    

configure_requires:

    Module              Need Have    
    ------------------- ---- --------
    ExtUtils::MakeMaker 0    6.98    


------------------------------
ENVIRONMENT AND OTHER CONTEXT
------------------------------

Environment variables:

    AUTOMATED_TESTING = 1
    PATH = /usr/local/bin:/usr/bin:/bin:/usr/games
    PERL = 5.16.3
    PERL5LIB = 
    PERL5OPT = 
    PERL5_CPANPLUS_IS_RUNNING = 24011
    PERL5_CPAN_IS_RUNNING = 24011
    PERLVER = 5.16.3
    PERL_INLINE_DIRECTORY = /home/david/.Inline-5.16.3
    PERL_MM_USE_DEFAULT = 1
    SHELL = /bin/bash
    TERM = screen

Perl special variables (and OS-specific diagnostics, for MSWin32):

    $^X = /home/david/cpantesting/perl-5.16.3/bin/perl
    $UID/$EUID = 1000 / 1000
    $GID = 1000 1000
    $EGID = 1000 1000

Perl module toolchain versions installed:

    Module              Have    
    ------------------- --------
    CPAN                1.9800  
    CPAN::Meta          2.141520
    Cwd                 3.47    
    ExtUtils::CBuilder  0.280206
    ExtUtils::Command   1.17    
    ExtUtils::Install   1.58    
    ExtUtils::MakeMaker 6.98    
    ExtUtils::Manifest  1.61    
    ExtUtils::ParseXS   3.24    
    File::Spec          3.47    
    JSON                2.90    
    JSON::PP            2.27203 
    Module::Build       0.4206  
    Module::Signature   n/a     
    Parse::CPAN::Meta   1.4414  
    Test::Harness       3.32    
    Test::More          1.001003
    YAML                0.94    
    YAML::Syck          1.27    
    version             0.9908  


--

Summary of my perl5 (revision 5 version 16 subversion 3) configuration:
   
  Platform:
    osname=linux, osvers=3.2.0-4-amd64, archname=x86_64-linux-thread-multi
    uname='linux pigsty.barnyard.co.uk 3.2.0-4-amd64 #1 smp debian 3.2.35-2 x86_64 gnulinux '
    config_args='-de -Dprefix=/home/david/cpantesting/perl-5.16.3 -Dusethreads -Duse64bitall'
    hint=recommended, useposix=true, d_sigaction=define
    useithreads=define, usemultiplicity=define
    useperlio=define, d_sfio=undef, uselargefiles=define, usesocks=undef
    use64bitint=define, use64bitall=define, uselongdouble=undef
    usemymalloc=n, bincompat5005=undef
  Compiler:
    cc='cc', ccflags ='-D_REENTRANT -D_GNU_SOURCE -fno-strict-aliasing -pipe -fstack-protector -I/usr/local/include -D_LARGEFILE_SOURCE -D_FILE_OFFSET_BITS=64',
    optimize='-O2',
    cppflags='-D_REENTRANT -D_GNU_SOURCE -fno-strict-aliasing -pipe -fstack-protector -I/usr/local/include'
    ccversion='', gccversion='4.1.2 20061115 (prerelease) (Debian 4.1.1-21)', gccosandvers=''
    intsize=4, longsize=8, ptrsize=8, doublesize=8, byteorder=12345678
    d_longlong=define, longlongsize=8, d_longdbl=define, longdblsize=16
    ivtype='long', ivsize=8, nvtype='double', nvsize=8, Off_t='off_t', lseeksize=8
    alignbytes=8, prototype=define
  Linker and Libraries:
    ld='cc', ldflags =' -fstack-protector -L/usr/local/lib'
    libpth=/usr/local/lib /lib /usr/lib /lib64 /usr/lib64
    libs=-lnsl -lgdbm -ldb -ldl -lm -lcrypt -lutil -lpthread -lc -lgdbm_compat
    perllibs=-lnsl -ldl -lm -lcrypt -lutil -lpthread -lc
    libc=/lib/libc-2.3.6.so, so=so, useshrplib=false, libperl=libperl.a
    gnulibc_version='2.3.6'
  Dynamic Linking:
    dlsrc=dl_dlopen.xs, dlext=so, d_dlsymun=undef, ccdlflags='-Wl,-E'
    cccdlflags='-fPIC', lddlflags='-shared -O2 -L/usr/local/lib -fstack-protector'


Characteristics of this binary (from libperl): 
  Compile-time options: HAS_TIMES MULTIPLICITY PERLIO_LAYERS
                        PERL_DONT_CREATE_GVSV PERL_IMPLICIT_CONTEXT
                        PERL_MALLOC_WRAP PERL_PRESERVE_IVUV USE_64_BIT_ALL
                        USE_64_BIT_INT USE_ITHREADS USE_LARGE_FILES
                        USE_LOCALE USE_LOCALE_COLLATE USE_LOCALE_CTYPE
                        USE_LOCALE_NUMERIC USE_PERLIO USE_PERL_ATOF
                        USE_REENTRANT_API
  Built under linux
  Compiled at Mar 22 2013 21:25:26
  %ENV:
    PERL="5.16.3"
    PERL5LIB=""
    PERL5OPT=""
    PERL5_CPANPLUS_IS_RUNNING="24011"
    PERL5_CPAN_IS_RUNNING="24011"
    PERLVER="5.16.3"
    PERL_INLINE_DIRECTORY="/home/david/.Inline-5.16.3"
    PERL_MM_USE_DEFAULT="1"
  @INC:
    /home/david/cpantesting/perl-5.16.3/lib/site_perl/5.16.3/x86_64-linux-thread-multi
    /home/david/cpantesting/perl-5.16.3/lib/site_perl/5.16.3
    /home/david/cpantesting/perl-5.16.3/lib/5.16.3/x86_64-linux-thread-multi
    /home/david/cpantesting/perl-5.16.3/lib/5.16.3
    .