DBIx-Class-EncodedColumn v0.00018 Perl 5 v5.24.4 x86_64-linux
- Status
- Fail
- From
- Slaven Rezić (SREZIC)
- Dist
-
DBIx-Class-EncodedColumn v0.00018
- Platform
- Perl 5 v5.24.4 x86_64-linux
- Date
- 2019-09-16 20:00:55
- ID
- b1b341d8-d8bc-11e9-ae6c-f7251f24ea8f
This distribution has been tested as part of the CPAN Testers
project, supporting the Perl programming language. See
http://wiki.cpantesters.org/ for more information or email
questions to cpan-testers-discuss@perl.org
--
Dear Wallace Reis,
This is a computer-generated report for DBIx-Class-EncodedColumn-0.00018
on perl 5.24.4, created by CPAN-Reporter-1.2018.
Thank you for uploading your work to CPAN. However, there was a problem
testing your distribution.
If you think this report is invalid, please consult the CPAN Testers Wiki
for suggestions on how to avoid getting FAIL reports for missing library
or binary dependencies, unsupported operating systems, and so on:
http://wiki.cpantesters.org/wiki/CPANAuthorNotes
Sections of this report:
* Tester comments
* Program output
* Prerequisites
* Environment and other context
------------------------------
TESTER COMMENTS
------------------------------
Additional comments from tester:
none provided
------------------------------
PROGRAM OUTPUT
------------------------------
Output from './Build test':
t/author-pod-syntax.t ....... skipped: these tests are for testing by the author
{UNKNOWN}: {UNKNOWN}: Can't locate DBIx/Class/TimeStamp.pm in @INC (you may need to install the DBIx::Class::TimeStamp module) (@INC contains: /home/cpansand/.cpan/build/2019091618/DBIx-Class-EncodedColumn-0.00018-PQC9dh/t/author/../lib /home/cpansand/.cpan/build/2019091618/DBIx-Class-EncodedColumn-0.00018-PQC9dh/blib/arch /home/cpansand/.cpan/build/2019091618/DBIx-Class-EncodedColumn-0.00018-PQC9dh/blib/lib /opt/perl-5.24.4/lib/site_perl/5.24.4/x86_64-linux /opt/perl-5.24.4/lib/site_perl/5.24.4 /opt/perl-5.24.4/lib/5.24.4/x86_64-linux /opt/perl-5.24.4/lib/5.24.4 .) at /opt/perl-5.24.4/lib/site_perl/5.24.4/Class/C3/Componentised.pm line 146. at /opt/perl-5.24.4/lib/site_perl/5.24.4/Class/C3/Componentised.pm line 151
Compilation failed in require at /opt/perl-5.24.4/lib/site_perl/5.24.4/Class/C3/Componentised.pm line 146. at /opt/perl-5.24.4/lib/site_perl/5.24.4/Class/C3/Componentised.pm line 151
# Looks like your test exited with 2 just after 1.
t/author/timestamp.t ........
Dubious, test returned 2 (wstat 512, 0x200)
Failed 7/8 subtests
{UNKNOWN}: Can't locate DBIx/Class/TimeStamp.pm in @INC (you may need to install the DBIx::Class::TimeStamp module) (@INC contains: /home/cpansand/.cpan/build/2019091618/DBIx-Class-EncodedColumn-0.00018-PQC9dh/t/author/../lib /home/cpansand/.cpan/build/2019091618/DBIx-Class-EncodedColumn-0.00018-PQC9dh/blib/arch /home/cpansand/.cpan/build/2019091618/DBIx-Class-EncodedColumn-0.00018-PQC9dh/blib/lib /opt/perl-5.24.4/lib/site_perl/5.24.4/x86_64-linux /opt/perl-5.24.4/lib/site_perl/5.24.4 /opt/perl-5.24.4/lib/5.24.4/x86_64-linux /opt/perl-5.24.4/lib/5.24.4 .) at /opt/perl-5.24.4/lib/site_perl/5.24.4/Class/C3/Componentised.pm line 146.
at /opt/perl-5.24.4/lib/5.24.4/base.pm line 138.
Compilation failed in require at /opt/perl-5.24.4/lib/5.24.4/base.pm line 138.
...propagated at /opt/perl-5.24.4/lib/5.24.4/base.pm line 160.
BEGIN failed--compilation aborted at /home/cpansand/.cpan/build/2019091618/DBIx-Class-EncodedColumn-0.00018-PQC9dh/t/author/../lib/DigestTest/Schema/WithTimeStampChild.pm line 6.
Compilation failed in require at /opt/perl-5.24.4/lib/site_perl/5.24.4/Class/C3/Componentised.pm line 146. at /opt/perl-5.24.4/lib/site_perl/5.24.4/Class/C3/Componentised.pm line 151
t/author/timestamp_order.t ..
Dubious, test returned 2 (wstat 512, 0x200)
No subtests run
t/bcrypt.t .................. ok
t/class_level_encoders.t .... ok
t/crypt.t ................... ok
t/digest_sha.t .............. ok
t/open_pgp.t ................ skipped: Crypt::OpenPGP not available
t/whirlpool.t ............... skipped: Digest::Whirlpool not available
Test Summary Report
-------------------
t/author/timestamp.t (Wstat: 512 Tests: 1 Failed: 0)
Non-zero exit status: 2
Parse errors: Bad plan. You planned 8 tests but ran 1.
t/author/timestamp_order.t (Wstat: 512 Tests: 0 Failed: 0)
Non-zero exit status: 2
Parse errors: No plan found in TAP output
Files=9, Tests=56, 2 wallclock secs ( 0.04 usr 0.07 sys + 0.86 cusr 0.22 csys = 1.19 CPU)
Result: FAIL
------------------------------
PREREQUISITES
------------------------------
Prerequisite modules loaded:
requires:
Module Need Have
------------------- ------- --------
DBIx::Class 0.06002 0.082841
Encode 0 3.01
Sub::Name 0.04 0.21
build_requires:
Module Need Have
------------------- ------- --------
DBD::SQLite 0 1.62
Dir::Self 0 0.11
File::Spec 0 3.75
File::Temp 0 0.2309
Test::Exception 0 0.43
Test::More 0 1.302167
configure_requires:
Module Need Have
------------------- ------- --------
Module::Build::Tiny 0.034 0.039
------------------------------
ENVIRONMENT AND OTHER CONTEXT
------------------------------
Environment variables:
LANG = en_US.UTF-8
PATH = /usr/local/bin:/usr/bin:/bin:/usr/local/sbin:/usr/sbin:/sbin:/home/cpansand/bin/linux-gnu:/home/cpansand/bin/sh:/home/cpansand/bin:/usr/games:/home/cpansand/devel:/home/eserte/src/srezic-misc/scripts
PERL5LIB =
PERL5OPT =
PERL5_CPANPLUS_IS_RUNNING = 18221
PERL5_CPAN_IS_RUNNING = 18221
PERL5_CPAN_IS_RUNNING_IN_RECURSION = 20644,18221
PERLDOC = -MPod::Perldoc::ToTextOverstrike
PERL_BATCH = yes
PERL_CANARY_STABILITY_NOPROMPT = 1
PERL_CPAN_REPORTER_CONFIG = /var/tmp/cpansmoker-1023/2019091618/cpanreporter_000_config.ini
PERL_EXTUTILS_AUTOINSTALL = --defaultdeps
SHELL = /usr/bin/zsh
TERM = screen
TMPDIR = /var/tmp/cpansmoker-1023/2019091618
Perl special variables (and OS-specific diagnostics, for MSWin32):
$^X = /opt/perl-5.24.4/bin/perl
$UID/$EUID = 1023 / 1023
$GID = 1023 1023
$EGID = 1023 1023
Perl module toolchain versions installed:
Module Have
------------------- --------
CPAN 2.11_01
CPAN::Meta 2.150010
Cwd 3.75
ExtUtils::CBuilder 0.280231
ExtUtils::Command 7.38
ExtUtils::Install 2.06
ExtUtils::MakeMaker 7.38
ExtUtils::Manifest 1.70
ExtUtils::ParseXS 3.35
File::Spec 3.75
JSON 4.02
JSON::PP 4.04
Module::Build 0.4229
Module::Signature n/a
Parse::CPAN::Meta 2.150010
Test::Harness 3.42
Test::More 1.302167
YAML 1.29
YAML::Syck 1.31
version 0.9916
--
Summary of my perl5 (revision 5 version 24 subversion 4) configuration:
Platform:
osname=linux, osvers=4.4.0-157-generic, archname=x86_64-linux
uname='linux ubuntu16 4.4.0-157-generic #185-ubuntu smp tue jul 23 09:17:01 utc 2019 x86_64 x86_64 x86_64 gnulinux '
config_args='-ds -e -Dprefix=/opt/perl-5.24.4 -Dcf_email=srezic@cpan.org'
hint=recommended, useposix=true, d_sigaction=define
useithreads=undef, usemultiplicity=undef
use64bitint=define, use64bitall=define, uselongdouble=undef
usemymalloc=n, bincompat5005=undef
Compiler:
cc='cc', ccflags ='-fwrapv -fno-strict-aliasing -pipe -fstack-protector-strong -I/usr/local/include -D_LARGEFILE_SOURCE -D_FILE_OFFSET_BITS=64',
optimize='-O2',
cppflags='-fwrapv -fno-strict-aliasing -pipe -fstack-protector-strong -I/usr/local/include'
ccversion='', gccversion='5.4.0 20160609', gccosandvers=''
intsize=4, longsize=8, ptrsize=8, doublesize=8, byteorder=12345678, doublekind=3
d_longlong=define, longlongsize=8, d_longdbl=define, longdblsize=16, longdblkind=3
ivtype='long', ivsize=8, nvtype='double', nvsize=8, Off_t='off_t', lseeksize=8
alignbytes=8, prototype=define
Linker and Libraries:
ld='cc', ldflags =' -fstack-protector-strong -L/usr/local/lib'
libpth=/usr/local/lib /usr/lib/gcc/x86_64-linux-gnu/5/include-fixed /usr/include/x86_64-linux-gnu /usr/lib /lib/x86_64-linux-gnu /lib/../lib /usr/lib/x86_64-linux-gnu /usr/lib/../lib /lib
libs=-lpthread -lnsl -ldb -ldl -lm -lcrypt -lutil -lc
perllibs=-lpthread -lnsl -ldl -lm -lcrypt -lutil -lc
libc=libc-2.23.so, so=so, useshrplib=false, libperl=libperl.a
gnulibc_version='2.23'
Dynamic Linking:
dlsrc=dl_dlopen.xs, dlext=so, d_dlsymun=undef, ccdlflags='-Wl,-E'
cccdlflags='-fPIC', lddlflags='-shared -O2 -L/usr/local/lib -fstack-protector-strong'
Characteristics of this binary (from libperl):
Compile-time options: HAS_TIMES PERLIO_LAYERS PERL_COPY_ON_WRITE
PERL_DONT_CREATE_GVSV
PERL_HASH_FUNC_ONE_AT_A_TIME_HARD PERL_MALLOC_WRAP
PERL_PRESERVE_IVUV USE_64_BIT_ALL USE_64_BIT_INT
USE_LARGE_FILES USE_LOCALE USE_LOCALE_COLLATE
USE_LOCALE_CTYPE USE_LOCALE_NUMERIC USE_LOCALE_TIME
USE_PERLIO USE_PERL_ATOF
Built under linux
Compiled at Aug 6 2019 17:24:30
%ENV:
PERL5LIB=""
PERL5OPT=""
PERL5_CPANPLUS_IS_RUNNING="18221"
PERL5_CPAN_IS_RUNNING="18221"
PERL5_CPAN_IS_RUNNING_IN_RECURSION="20644,18221"
PERLDOC="-MPod::Perldoc::ToTextOverstrike"
PERL_BATCH="yes"
PERL_CANARY_STABILITY_NOPROMPT="1"
PERL_CPAN_REPORTER_CONFIG="/var/tmp/cpansmoker-1023/2019091618/cpanreporter_000_config.ini"
PERL_EXTUTILS_AUTOINSTALL="--defaultdeps"
@INC:
/opt/perl-5.24.4/lib/site_perl/5.24.4/x86_64-linux
/opt/perl-5.24.4/lib/site_perl/5.24.4
/opt/perl-5.24.4/lib/5.24.4/x86_64-linux
/opt/perl-5.24.4/lib/5.24.4
.