Report for Email-Simple-Markdown-0.7.0

Back
From: metabase:user:30f4dfbe-2aae-11df-837a-5e0a49663a4f
Subject: FAIL Email-Simple-Markdown-0.7.0 v5.16.2 Mac OS X
Date: 2017-03-06T12:59:12Z

This distribution has been tested as part of the CPAN Testers
project, supporting the Perl programming language.  See
http://wiki.cpantesters.org/ for more information or email
questions to cpan-testers-discuss@perl.org


--
Dear Yanick Champoux,

This is a computer-generated report for Email-Simple-Markdown-0.7.0
on perl 5.16.2, created by CPAN-Reporter-1.2018.

Thank you for uploading your work to CPAN.  However, there was a problem
testing your distribution.

If you think this report is invalid, please consult the CPAN Testers Wiki
for suggestions on how to avoid getting FAIL reports for missing library
or binary dependencies, unsupported operating systems, and so on:

http://wiki.cpantesters.org/wiki/CPANAuthorNotes

Sections of this report:

    * Tester comments
    * Program output
    * Prerequisites
    * Environment and other context

------------------------------
TESTER COMMENTS
------------------------------

Additional comments from tester:

this report is from an automated smoke testing program
and was not reviewed by a human for accuracy

------------------------------
PROGRAM OUTPUT
------------------------------

Output from '/sw/bin/make test':

PERL_DL_NONLAZY=1 "/Users/hornenj/perl5/perlbrew/perls/perl-5.16.2/bin/perl" "-MExtUtils::Command::MM" "-MTest::Harness" "-e" "undef *Test::Harness::Switches; test_harness(0, 'blib/lib', 'blib/arch')" t/*.t

#   Failed test 'Email/Simple/Markdown/Stuffer.pm loaded ok'
#   at t/00-compile.t line 38.
#          got: '512'
#     expected: '0'
Can't locate Email/Stuffer.pm in @INC (@INC contains: /Users/hornenj/.cpan/build/Email-Simple-Markdown-0.7.0-5/blib/arch /Users/hornenj/.cpan/build/Email-Simple-Markdown-0.7.0-5/blib/lib /Users/hornenj/.cpan/build/Email-Simple-Markdown-0.7.0-5/blib/lib /Users/hornenj/.cpan/build/Email-Simple-Markdown-0.7.0-5/blib/arch /Users/hornenj/.cpan/build/Text-MultiMarkdown-1.000035-18/blib/arch /Users/hornenj/.cpan/build/Text-MultiMarkdown-1.000035-18/blib/lib /Users/hornenj/.cpan/build/Text-Markdown-1.000031-63/blib/arch /Users/hornenj/.cpan/build/Text-Markdown-1.000031-63/blib/lib /Users/hornenj/.cpan/build/Email-MIME-1.940-23/blib/arch /Users/hornenj/.cpan/build/Email-MIME-1.940-23/blib/lib /Users/hornenj/.cpan/build/Email-MessageID-1.406-26/blib/arch /Users/hornenj/.cpan/build/Email-MessageID-1.406-26/blib/lib /Users/hornenj/.cpan/build/Email-MIME-Encodings-1.315-26/blib/arch /Users/hornenj/.cpan/build/Email-MIME-Encodings-1.315-26/blib/lib /Users/hornenj/.cpan/build/Email-MIME-ContentType-1.018-26/blib/arch /Users/hornenj/.cpan/build/Email-MIME-ContentType-1.018-26/blib/lib /Users/hornenj/.cpan/build/Text-MultiMarkdown-1.000035-18/blib/arch /Users/hornenj/.cpan/build/Text-MultiMarkdown-1.000035-18/blib/lib /Users/hornenj/.cpan/build/Text-Markdown-1.000031-63/blib/arch /Users/hornenj/.cpan/build/Text-Markdown-1.000031-63/blib/lib /Users/hornenj/.cpan/build/Email-MIME-1.940-23/blib/arch /Users/hornenj/.cpan/build/Email-MIME-1.940-23/blib/lib /Users/hornenj/.cpan/build/Email-MessageID-1.406-26/blib/arch /Users/hornenj/.cpan/build/Email-MessageID-1.406-26/blib/lib /Users/hornenj/.cpan/build/Email-MIME-Encodings-1.315-26/blib/arch /Users/hornenj/.cpan/build/Email-MIME-Encodings-1.315-26/blib/lib /Users/hornenj/.cpan/build/Email-MIME-ContentType-1.018-26/blib/arch /Users/hornenj/.cpan/build/Email-MIME-ContentType-1.018-26/blib/lib /Users/hornenj/perl5/perlbrew/perls/perl-5.16.2/lib/site_perl/5.16.2/darwin-2level /Users/hornenj/perl5/perlbrew/perls/perl-5.16.2/lib/site_perl/5.16.2 /Users/hornenj/perl5/perlbrew/perls/perl-5.16.2/lib/5.16.2/darwin-2level /Users/hornenj/perl5/perlbrew/perls/perl-5.16.2/lib/5.16.2 .) at /Users/hornenj/.cpan/build/Email-Simple-Markdown-0.7.0-5/blib/lib/Email/Simple/Markdown/Stuffer.pm line 11.
BEGIN failed--compilation aborted at /Users/hornenj/.cpan/build/Email-Simple-Markdown-0.7.0-5/blib/lib/Email/Simple/Markdown/Stuffer.pm line 11.
Compilation failed in require at -e line 1.
# Looks like you failed 1 test of 2.
t/00-compile.t ......... 
Dubious, test returned 1 (wstat 256, 0x100)
Failed 1/2 subtests 
# 
# Versions for all modules listed in MYMETA.json (including optional ones):
# 
# === Configure Requires ===
# 
#     Module              Want Have
#     ------------------- ---- ----
#     ExtUtils::MakeMaker  any 7.22
# 
# === Build Requires ===
# 
#     Module              Want Have
#     ------------------- ---- ----
#     ExtUtils::MakeMaker  any 7.22
# 
# === Test Requires ===
# 
#     Module              Want     Have
#     ------------------- ---- --------
#     ExtUtils::MakeMaker  any     7.22
#     File::Spec           any     3.47
#     IO::Handle           any     1.33
#     IPC::Open3           any     1.12
#     Test::More           any 1.302059
# 
# === Test Recommends ===
# 
#     Module         Want     Have
#     ---------- -------- --------
#     CPAN::Meta 2.120900 2.150005
# 
# === Runtime Requires ===
# 
#     Module              Want     Have
#     ------------------- ---- --------
#     Carp                 any     1.36
#     Email::Abstract      any    3.008
#     Email::MIME          any    1.940
#     Email::Simple        any    2.208
#     Exporter             any     5.72
#     List::Util           any     1.42
#     Module::Runtime      any    0.014
#     Moo                  any 2.000002
#     Moo::Role            any 2.000002
#     Role::Tiny           any 2.000001
#     Text::MultiMarkdown  any 1.000035
#     parent               any    0.234
#     strict               any     1.07
#     warnings             any     1.13
# 
t/00-report-prereqs.t .. ok
t/basic.t .............. ok
t/charset.t ............ ok
t/css.t ................ ok
t/engine.t ............. ok
t/filter.t ............. ok

Test Summary Report
-------------------
t/00-compile.t       (Wstat: 256 Tests: 2 Failed: 1)
  Failed test:  2
  Non-zero exit status: 1
Files=7, Tests=16,  1 wallclock secs ( 0.02 usr  0.01 sys +  0.75 cusr  0.18 csys =  0.96 CPU)
Result: FAIL
Failed 1/7 test programs. 1/16 subtests failed.
make: *** [Makefile:889: test_dynamic] Error 255

------------------------------
PREREQUISITES
------------------------------

Prerequisite modules loaded:

requires:

    Module              Need  Have    
    ------------------- ----- --------
    Carp                0     1.36    
    Email::Abstract     0     3.008   
    Email::MIME         0     1.940   
    Email::Simple       0     2.208   
    Exporter            0     5.72    
    List::Util          0     1.42    
    Module::Runtime     0     0.014   
    Moo                 0     2.000002
    Moo::Role           0     2.000002
    parent              0     0.234   
    perl                5.006 5.016002
    Role::Tiny          0     2.000001
    strict              0     1.07    
    Text::MultiMarkdown 0     1.000035
    warnings            0     1.13    

build_requires:

    Module              Need  Have    
    ------------------- ----- --------
    ExtUtils::MakeMaker 0     7.22    
    File::Spec          0     3.47    
    IO::Handle          0     1.33    
    IPC::Open3          0     1.12    
    Test::More          0     1.302059

configure_requires:

    Module              Need  Have    
    ------------------- ----- --------
    ExtUtils::MakeMaker 0     7.22    


------------------------------
ENVIRONMENT AND OTHER CONTEXT
------------------------------

Environment variables:

    AUTOMATED_TESTING = 1
    LANG = en_US.UTF-8
    LC_ALL = POSIX
    LDFLAGS = 
    PATH = /Users/hornenj/perl5/perlbrew/bin:/Users/hornenj/perl5/perlbrew/perls/perl-5.16.2/bin:/Users/hornenj/perl5/perlbrew/bin:/Users/hornenj/bin:/sw/lib/perl5/ExtUtils:/sw/bin:/am/ncbiapdata/bin:/usr/bin:/bin:/usr/X11R6/bin:/netopt/ncbi_tools/bin:/usr/local/ncbi/blast/bin:/net/traces01.be-md.ncbi.nlm.nih.gov/trace_software/vdb/mac/release/x86_64/bin
    PERL5LIB = /Users/hornenj/.cpan/build/Text-MultiMarkdown-1.000035-18/blib/arch:/Users/hornenj/.cpan/build/Text-MultiMarkdown-1.000035-18/blib/lib:/Users/hornenj/.cpan/build/Text-Markdown-1.000031-63/blib/arch:/Users/hornenj/.cpan/build/Text-Markdown-1.000031-63/blib/lib:/Users/hornenj/.cpan/build/Email-MIME-1.940-23/blib/arch:/Users/hornenj/.cpan/build/Email-MIME-1.940-23/blib/lib:/Users/hornenj/.cpan/build/Email-MessageID-1.406-26/blib/arch:/Users/hornenj/.cpan/build/Email-MessageID-1.406-26/blib/lib:/Users/hornenj/.cpan/build/Email-MIME-Encodings-1.315-26/blib/arch:/Users/hornenj/.cpan/build/Email-MIME-Encodings-1.315-26/blib/lib:/Users/hornenj/.cpan/build/Email-MIME-ContentType-1.018-26/blib/arch:/Users/hornenj/.cpan/build/Email-MIME-ContentType-1.018-26/blib/lib
    PERL5OPT = 
    PERL5_CPANPLUS_IS_RUNNING = 61180
    PERL5_CPAN_IS_RUNNING = 61180
    PERL5_MINISMOKEBOX = 0.58
    PERLBREW_BASHRC_VERSION = 0.77
    PERLBREW_HOME = /Users/hornenj/.perlbrew
    PERLBREW_LIB = 
    PERLBREW_MANPATH = /Users/hornenj/perl5/perlbrew/perls/perl-5.16.2/man
    PERLBREW_PATH = /Users/hornenj/perl5/perlbrew/bin:/Users/hornenj/perl5/perlbrew/perls/perl-5.16.2/bin
    PERLBREW_PERL = perl-5.16.2
    PERLBREW_ROOT = /Users/hornenj/perl5/perlbrew
    PERLBREW_VERSION = 0.77
    PERL_EXTUTILS_AUTOINSTALL = --defaultdeps
    PERL_LOCAL_LIB_ROOT = 
    PERL_MM_USE_DEFAULT = 1
    SHELL = /bin/bash
    TERM = xterm-256color
    TMPDIR = /var/folders/pz/pd7y1qjs6s3cbk170cw50fjc000c61/T/
    ac_cv_path_INTLTOOL_PERL = /usr/bin/perl

Perl special variables (and OS-specific diagnostics, for MSWin32):

    $^X = /Users/hornenj/perl5/perlbrew/perls/perl-5.16.2/bin/perl
    $UID/$EUID = 12481 / 12481
    $GID = 14 14 5344 37191 527 37223 241
    $EGID = 14 14 5344 37191 527 37223 241

Perl module toolchain versions installed:

    Module              Have    
    ------------------- --------
    CPAN                2.14    
    CPAN::Meta          2.150005
    Cwd                 3.47    
    ExtUtils::CBuilder  0.280224
    ExtUtils::Command   7.22    
    ExtUtils::Install   2.04    
    ExtUtils::MakeMaker 7.22    
    ExtUtils::Manifest  1.70    
    ExtUtils::ParseXS   3.30    
    File::Spec          3.47    
    JSON                2.90    
    JSON::PP            2.27400 
    Module::Build       0.4214  
    Module::Signature   n/a     
    Parse::CPAN::Meta   1.4422  
    Test::Harness       3.36    
    Test::More          1.302059
    YAML                1.21    
    YAML::Syck          1.29    
    version             0.9912  


--

Summary of my perl5 (revision 5 version 16 subversion 2) configuration:
   
  Platform:
    osname=darwin, osvers=12.2.1, archname=darwin-2level
    uname='darwin ncbimac2008.ncbi.nlm.nih.gov 12.2.1 darwin kernel version 12.2.1: thu oct 18 12:13:47 pdt 2012; root:xnu-2050.20.9~1release_x86_64 x86_64 '
    config_args='-de -Dprefix=/Users/hornenj/perl5/perlbrew/perls/perl-5.16.2'
    hint=previous, useposix=true, d_sigaction=define
    useithreads=undef, usemultiplicity=undef
    useperlio=define, d_sfio=undef, uselargefiles=define, usesocks=undef
    use64bitint=define, use64bitall=define, uselongdouble=undef
    usemymalloc=n, bincompat5005=undef
  Compiler:
    cc='cc', ccflags ='-fno-common -DPERL_DARWIN -fno-strict-aliasing -pipe -fstack-protector',
    optimize='-O3',
    cppflags='-fno-common -DPERL_DARWIN -fno-strict-aliasing -pipe -fstack-protector -fno-common -DPERL_DARWIN -fno-strict-aliasing -pipe -fstack-protector'
    ccversion='', gccversion='4.2.1 Compatible Apple LLVM 4.2 (clang-425.0.24)', gccosandvers=''
    intsize=4, longsize=8, ptrsize=8, doublesize=8, byteorder=12345678
    d_longlong=define, longlongsize=8, d_longdbl=define, longdblsize=16
    ivtype='long', ivsize=8, nvtype='double', nvsize=8, Off_t='off_t', lseeksize=8
    alignbytes=8, prototype=define
  Linker and Libraries:
    ld='env MACOSX_DEPLOYMENT_TARGET=10.3 cc', ldflags =' -fstack-protector'
    libpth=/usr/lib
    libs=-ldbm -ldl -lm -lutil -lc
    perllibs=-ldl -lm -lutil -lc
    libc=, so=dylib, useshrplib=false, libperl=libperl.a
    gnulibc_version=''
  Dynamic Linking:
    dlsrc=dl_dlopen.xs, dlext=bundle, d_dlsymun=undef, ccdlflags=' '
    cccdlflags=' ', lddlflags=' -bundle -undefined dynamic_lookup -fstack-protector'


Characteristics of this binary (from libperl): 
  Compile-time options: HAS_TIMES PERLIO_LAYERS PERL_DONT_CREATE_GVSV
                        PERL_MALLOC_WRAP PERL_PRESERVE_IVUV USE_64_BIT_ALL
                        USE_64_BIT_INT USE_LARGE_FILES USE_LOCALE
                        USE_LOCALE_COLLATE USE_LOCALE_CTYPE
                        USE_LOCALE_NUMERIC USE_PERLIO USE_PERL_ATOF
  Built under darwin
  Compiled at Mar  4 2013 16:03:07
  %ENV:
    PERL5LIB="/Users/hornenj/.cpan/build/Text-MultiMarkdown-1.000035-18/blib/arch:/Users/hornenj/.cpan/build/Text-MultiMarkdown-1.000035-18/blib/lib:/Users/hornenj/.cpan/build/Text-Markdown-1.000031-63/blib/arch:/Users/hornenj/.cpan/build/Text-Markdown-1.000031-63/blib/lib:/Users/hornenj/.cpan/build/Email-MIME-1.940-23/blib/arch:/Users/hornenj/.cpan/build/Email-MIME-1.940-23/blib/lib:/Users/hornenj/.cpan/build/Email-MessageID-1.406-26/blib/arch:/Users/hornenj/.cpan/build/Email-MessageID-1.406-26/blib/lib:/Users/hornenj/.cpan/build/Email-MIME-Encodings-1.315-26/blib/arch:/Users/hornenj/.cpan/build/Email-MIME-Encodings-1.315-26/blib/lib:/Users/hornenj/.cpan/build/Email-MIME-ContentType-1.018-26/blib/arch:/Users/hornenj/.cpan/build/Email-MIME-ContentType-1.018-26/blib/lib"
    PERL5OPT=""
    PERL5_CPANPLUS_IS_RUNNING="61180"
    PERL5_CPAN_IS_RUNNING="61180"
    PERL5_MINISMOKEBOX="0.58"
    PERLBREW_BASHRC_VERSION="0.77"
    PERLBREW_HOME="/Users/hornenj/.perlbrew"
    PERLBREW_LIB=""
    PERLBREW_MANPATH="/Users/hornenj/perl5/perlbrew/perls/perl-5.16.2/man"
    PERLBREW_PATH="/Users/hornenj/perl5/perlbrew/bin:/Users/hornenj/perl5/perlbrew/perls/perl-5.16.2/bin"
    PERLBREW_PERL="perl-5.16.2"
    PERLBREW_ROOT="/Users/hornenj/perl5/perlbrew"
    PERLBREW_VERSION="0.77"
    PERL_EXTUTILS_AUTOINSTALL="--defaultdeps"
    PERL_LOCAL_LIB_ROOT=""
    PERL_MM_USE_DEFAULT="1"
  @INC:
    /Users/hornenj/.cpan/build/Text-MultiMarkdown-1.000035-18/blib/arch
    /Users/hornenj/.cpan/build/Text-MultiMarkdown-1.000035-18/blib/lib
    /Users/hornenj/.cpan/build/Text-Markdown-1.000031-63/blib/arch
    /Users/hornenj/.cpan/build/Text-Markdown-1.000031-63/blib/lib
    /Users/hornenj/.cpan/build/Email-MIME-1.940-23/blib/arch
    /Users/hornenj/.cpan/build/Email-MIME-1.940-23/blib/lib
    /Users/hornenj/.cpan/build/Email-MessageID-1.406-26/blib/arch
    /Users/hornenj/.cpan/build/Email-MessageID-1.406-26/blib/lib
    /Users/hornenj/.cpan/build/Email-MIME-Encodings-1.315-26/blib/arch
    /Users/hornenj/.cpan/build/Email-MIME-Encodings-1.315-26/blib/lib
    /Users/hornenj/.cpan/build/Email-MIME-ContentType-1.018-26/blib/arch
    /Users/hornenj/.cpan/build/Email-MIME-ContentType-1.018-26/blib/lib
    /Users/hornenj/perl5/perlbrew/perls/perl-5.16.2/lib/site_perl/5.16.2/darwin-2level
    /Users/hornenj/perl5/perlbrew/perls/perl-5.16.2/lib/site_perl/5.16.2
    /Users/hornenj/perl5/perlbrew/perls/perl-5.16.2/lib/5.16.2/darwin-2level
    /Users/hornenj/perl5/perlbrew/perls/perl-5.16.2/lib/5.16.2
    .