CPAN-SQLite v0.215 Perl 5 v5.8.9 x86_64-linux

Status
Fail
From
Nigel Horne
Dist
CPAN-SQLite v0.215
Platform
Perl 5 v5.8.9 x86_64-linux
Date
2019-01-24 00:05:02
ID
b21da452-1f6b-11e9-b3bd-8a932d9bfb17
This distribution has been tested as part of the CPAN Testers
project, supporting the Perl programming language.  See
http://wiki.cpantesters.org/ for more information or email
questions to cpan-testers-discuss@perl.org


--
Dear Serguei Trouchelle,

This is a computer-generated report for CPAN-SQLite-0.215
on perl 5.8.9, created by CPAN-Reporter-1.2018.

Thank you for uploading your work to CPAN.  However, there was a problem
testing your distribution.

If you think this report is invalid, please consult the CPAN Testers Wiki
for suggestions on how to avoid getting FAIL reports for missing library
or binary dependencies, unsupported operating systems, and so on:

http://wiki.cpantesters.org/wiki/CPANAuthorNotes

Sections of this report:

    * Tester comments
    * Program output
    * Prerequisites
    * Environment and other context

------------------------------
TESTER COMMENTS
------------------------------

Additional comments from tester:

this report is from an automated smoke testing program
and was not reviewed by a human for accuracy

------------------------------
PROGRAM OUTPUT
------------------------------

Output from '/usr/bin/make test':

PERL_DL_NONLAZY=1 "/home/njh/perl5/perlbrew/perls/perl-5.8.9/bin/perl" "-MExtUtils::Command::MM" "-MTest::Harness" "-e" "undef *Test::Harness::Switches; test_harness(0, 'blib/lib', 'blib/arch')" t/*.t
# Listing %INC
#                           AutoLoader 5.67
#                                 CPAN 2.22
#                         CPAN::Author 5.5002
#                         CPAN::Bundle 5.5003
#                       CPAN::CacheMgr 5.5002
#                       CPAN::Complete 5.5001
#                          CPAN::Debug 5.5001
#                   CPAN::DeferredCode 5.50
#                   CPAN::DistnameInfo 0.12
#                   CPAN::Distribution 2.22
#                    CPAN::Distroprefs 6.0001
#                   CPAN::Distrostatus 5.5
# CPAN::Exception::RecursiveDependency 5.5001
#  CPAN::Exception::yaml_not_installed 5.5
#  CPAN::Exception::yaml_process_error 5.5
#                            CPAN::FTP 5.5011
#                     CPAN::FTP::netrc 1.01
#              CPAN::HTTP::Credentials 1.9601
#                   CPAN::HandleConfig 5.5008
#                          CPAN::Index 2.12
#                        CPAN::InfoObj 5.5
#                 CPAN::LWP::UserAgent 1.9601
#                         CPAN::Module 5.5003
#                         CPAN::Prompt 5.5
#                          CPAN::Queue 5.5002
#                          CPAN::Shell 5.5008
#                         CPAN::Tarzip 5.5012
#                            CPAN::URL 5.5
#                        CPAN::Version 5.5003
#                                 Carp 1.38
#                          Carp::Heavy 1.38
#                  Compress::Raw::Zlib 2.081
#                       Compress::Zlib 2.081
#                               Config undef
#                                  Cwd 3.74
#                                  DBI 1.641
#                            DirHandle 1.02
#                           DynaLoader 1.09
#                               Encode 2.98
#                        Encode::Alias 2.24
#                       Encode::Config 2.05
#                     Encode::Encoding 2.08
#                   Encode::MIME::Name 1.03
#                              English 1.03
#                                Errno 1.1
#                             Exporter 5.63
#                      Exporter::Heavy 5.63
#                    ExtUtils::Liblist 7.34
#               ExtUtils::Liblist::Kid 7.34
#                         ExtUtils::MM 7.34
#                     ExtUtils::MM_Any 7.34
#                    ExtUtils::MM_Unix 7.34
#                         ExtUtils::MY 7.34
#                  ExtUtils::MakeMaker 7.34
#          ExtUtils::MakeMaker::Config 7.34
#          ExtUtils::MakeMaker::Locale 7.34
#         ExtUtils::MakeMaker::version 7.34
#                                Fcntl 1.06
#                       File::Basename 2.77
#                           File::Copy 2.13
#                           File::Find 1.13
#                           File::Glob 1.06
#                     File::GlobMapper 1.001
#                        File::HomeDir 1.004
#                File::HomeDir::Driver 1.004
#           File::HomeDir::FreeDesktop 1.004
#                  File::HomeDir::Unix 1.004
#                           File::Path 2.07_02
#                           File::Spec 3.74
#                File::Spec::Functions 3.74
#                     File::Spec::Unix 3.74
#                          File::Which 1.22
#                           FileHandle 2.01
#                         Getopt::Long 2.37
#                           HTTP::Tiny 0.070
#                       I18N::Langinfo 0.02
#                                   IO 1.23
#       IO::Compress::Adapter::Deflate 2.081
#                   IO::Compress::Base 2.081
#           IO::Compress::Base::Common 2.081
#                   IO::Compress::Gzip 2.081
#        IO::Compress::Gzip::Constants 2.081
#             IO::Compress::RawDeflate 2.081
#            IO::Compress::Zlib::Extra 2.081
#                             IO::File 1.14
#                           IO::Handle 1.27
#                         IO::Seekable 1.1
#                           IO::Socket 1.30
#                     IO::Socket::INET 1.31
#                     IO::Socket::UNIX 1.23
#     IO::Uncompress::Adapter::Inflate 2.081
#                 IO::Uncompress::Base 2.081
#               IO::Uncompress::Gunzip 2.081
#           IO::Uncompress::RawInflate 2.081
#                           List::Util 1.5
#                               Opcode 1.0601
#                                POSIX 1.15
#                                 Safe 2.16
#                         Scalar::Util 1.5
#                          SelectSaver 1.01
#                               Socket 1.81
#                             Storable 2.19
#                               Symbol 1.06
#                        Sys::Hostname 1.11
#                     Text::ParseWords 3.27
#                           Text::Tabs 2007.1117
#                           Text::Wrap 2006.1117
#                            Tie::Hash 1.03
#                             XSLoader 0.24
#                                 base 2.13
#                                bytes 1.02
#                             constant 1.17
#                                   if 0.05
#                                  lib 0.61
#                               locale 1.00
#                             overload 1.06
#                               parent 0.236
#                                   re 0.0601
#                               strict 1.03
#                                 subs 1.00
#                                 utf8 1.07
#                                 vars 1.01
#                              version 0.9924
#                       version::regex 0.9924
#                         version::vpp 0.9924
#                             warnings 1.05_01
#                   warnings::register 1.01
t/00-all_prereqs.t ............... ok
t/00-compile.t ................... ok
# 
# Versions for all modules listed in MYMETA.json (including optional ones):
# 
# === Configure Requires ===
# 
#     Module              Want Have
#     ------------------- ---- ----
#     ExtUtils::MakeMaker  any 7.34
# 
# === Build Requires ===
# 
#     Module              Want Have
#     ------------------- ---- ----
#     ExtUtils::MakeMaker  any 7.34
# 
# === Test Requires ===
# 
#     Module              Want     Have
#     ------------------- ---- --------
#     CPAN::HandleConfig   any   5.5008
#     CPAN::Version        any   5.5003
#     Carp                 any     1.38
#     DBD::SQLite          any     1.58
#     ExtUtils::MakeMaker  any     7.34
#     File::Copy           any     2.13
#     File::Spec           any     3.74
#     FindBin              any     1.49
#     IO::Handle           any     1.27
#     IPC::Open3           any     1.03
#     Test::Memory::Cycle  any     1.06
#     Test::More          0.94 1.302136
#     base                 any     2.13
#     lib                  any     0.61
# 
# === Test Recommends ===
# 
#     Module         Want     Have
#     ---------- -------- --------
#     CPAN::Meta 2.120900 2.143240
# 
# === Runtime Requires ===
# 
#     Module                Want    Have
#     --------------------- ---- -------
#     Archive::Tar          1.54    2.28
#     CPAN                   any    2.22
#     CPAN::DistnameInfo    0.09    0.12
#     CPAN::Index           1.93    2.12
#     Compress::Zlib         any   2.081
#     Cwd                    any    3.74
#     DBD::SQLite           1.27    1.58
#     DBI                    any   1.641
#     English                any    1.03
#     Exporter               any    5.63
#     File::Basename         any    2.77
#     File::Find             any    1.13
#     File::HomeDir          any   1.004
#     File::Path             any 2.07_02
#     File::Spec             any    3.74
#     File::Spec::Functions  any    3.74
#     Getopt::Long           any    2.37
#     HTTP::Tiny             any   0.070
#     IO::Zlib               any    1.10
#     Safe                   any    2.16
#     Scalar::Util           any    1.50
#     Test::Harness         3.31    3.42
#     constant               any    1.17
#     parent                 any   0.236
#     strict                 any    1.03
#     utf8                   any    1.07
#     warnings               any 1.05_01
# 
t/00-report-prereqs.t ............ ok
# Testing with Perl 5.008009, /home/njh/perl5/perlbrew/perls/perl-5.8.9/bin/perl
#     CPAN version is 2.22
#     CPAN::DistnameInfo version is 0.12
#     CPAN::HandleConfig version is 5.5008
#     CPAN::Version version is 5.5003
#     Carp version is 1.38
#     Compress::Zlib version is 2.081
#     Cwd version is 3.74
#     DBD::SQLite version is 1.58
#     DBI version is 1.641
#     English version is 1.03
#     Exporter version is 5.63
#     ExtUtils::MakeMaker version is 7.34
#     File::Basename version is 2.77
#     File::Copy version is 2.13
#     File::Find version is 1.13
#     File::HomeDir version is 1.004
#     File::Path version is 2.07_02
#     File::Spec version is 3.74
#     File::Spec::Functions version is 3.74
#     FindBin version is 1.49
#     Getopt::Long version is 2.37
#     HTTP::Tiny version is 0.070
#     IO::Handle version is 1.27
#     IPC::Open3 version is 1.03
#     Safe version is 2.16
#     Scalar::Util version is 1.5
#     Test::Memory::Cycle version is 1.06
#     Test::More version is 1.302136
#     base version is 2.13
#     constant version is 1.17
#     lib version is 0.61
#     parent version is 0.236
#     strict version is 1.03
#     utf8 version is 1.07
#     warnings version is 1.05_01
t/000-report-versions.t .......... ok
t/01basic.t ...................... ok
t/02drop.t ....................... ok
t/03info.t ....................... ok
t/04search.t ..................... ok
t/04search_everything.t .......... ok
Bareword found where operator expected at t/05meta_new.t line 25, near "cpan isn't"
  (Might be a runaway multi-line // string starting on line 23)
	(Do you need to predeclare cpan?)
Global symbol "$HOME" requires explicit package name at t/05meta_new.t line 23.
syntax error at t/05meta_new.t line 25, near "cpan isn't "
Execution of t/05meta_new.t aborted due to compilation errors.
t/05meta_new.t ................... 
Dubious, test returned 9 (wstat 2304, 0x900)
No subtests run 
Bareword found where operator expected at t/05meta_update.t line 24, near "cpan isn't"
  (Might be a runaway multi-line // string starting on line 22)
	(Do you need to predeclare cpan?)
Global symbol "$HOME" requires explicit package name at t/05meta_update.t line 22.
syntax error at t/05meta_update.t line 24, near "cpan isn't "
Execution of t/05meta_update.t aborted due to compilation errors.
t/05meta_update.t ................ 
Dubious, test returned 255 (wstat 65280, 0xff00)
No subtests run 
t/06retrieve.t ................... ok
t/07download.t ................... ok
t/08circular_references.t ........ ok
t/author-critic.t ................ skipped: these tests are for testing by the author
t/author-eol.t ................... skipped: these tests are for testing by the author
t/author-minimum-version.t ....... skipped: these tests are for testing by the author
t/author-no-tabs.t ............... skipped: these tests are for testing by the author
t/author-pod-syntax.t ............ skipped: these tests are for testing by the author
t/release-changes_has_content.t .. skipped: these tests are for release candidate testing
t/release-distmeta.t ............. skipped: these tests are for release candidate testing
t/release-fixme.t ................ skipped: these tests are for release candidate testing
t/release-has-version.t .......... skipped: these tests are for release candidate testing
t/release-kwalitee.t ............. skipped: these tests are for release candidate testing
t/release-meta-json.t ............ skipped: these tests are for release candidate testing
t/release-pause-permissions.t .... skipped: these tests are for release candidate testing

Test Summary Report
-------------------
t/05meta_new.t                 (Wstat: 2304 Tests: 0 Failed: 0)
  Non-zero exit status: 9
  Parse errors: No plan found in TAP output
t/05meta_update.t              (Wstat: 65280 Tests: 0 Failed: 0)
  Non-zero exit status: 255
  Parse errors: No plan found in TAP output
Files=26, Tests=5780, 12 wallclock secs ( 0.74 usr  0.08 sys +  5.51 cusr  0.73 csys =  7.06 CPU)
Result: FAIL
Failed 2/26 test programs. 0/5780 subtests failed.
make: *** [Makefile:932: test_dynamic] Error 255

------------------------------
PREREQUISITES
------------------------------

Prerequisite modules loaded:

requires:

    Module              Need Have 
    ------------------- ---- -----
    Archive::Tar        1.54 2.28 
    Compress::Zlib      0    2.081
    CPAN::DistnameInfo  0.09 0.12 
    CPAN::Index         1.93 2.12 
    DBD::SQLite         1.27 1.58 
    File::HomeDir       0    1.004
    File::Spec          0    3.74 
    HTTP::Tiny          0    0.070
    IO::Zlib            0    1.10 
    parent              0    0.236
    Test::Harness       3.31 3.42 

build_requires:

    Module              Need Have 
    ------------------- ---- -----
    ExtUtils::MakeMaker 0    7.34 
    Test::Memory::Cycle 0    1.06 

configure_requires:

    Module              Need Have 
    ------------------- ---- -----
    ExtUtils::MakeMaker 0    7.34 


------------------------------
ENVIRONMENT AND OTHER CONTEXT
------------------------------

Environment variables:

    AUTOMATED_TESTING = 1
    HARNESS_OPTIONS = j2
    LANG = en_US.UTF-8
    PATH = /home/njh/perl5/perlbrew/bin:/home/njh/perl5/perlbrew/perls/perl-5.8.9/bin:/home/njh/src/njh/smoker/bin:/usr/bin:/bin
    PERL5LIB = /tmp/build/Test-Memory-Cycle-1.06-7/blib/arch:/tmp/build/Test-Memory-Cycle-1.06-7/blib/lib:/tmp/build/PadWalker-2.3-7/blib/arch:/tmp/build/PadWalker-2.3-7/blib/lib:/tmp/build/Devel-Cycle-1.12-7/blib/arch:/tmp/build/Devel-Cycle-1.12-7/blib/lib:/tmp/build/Data-Table-1.77-17/blib/arch:/tmp/build/Data-Table-1.77-17/blib/lib
    PERL5OPT = 
    PERL5_CPANPLUS_IS_RUNNING = 12745
    PERL5_CPAN_IS_RUNNING = 12745
    PERLBREW_HOME = /home/njh/.perlbrew
    PERLBREW_MANPATH = /home/njh/perl5/perlbrew/perls/perl-5.8.9/man
    PERLBREW_PATH = /home/njh/perl5/perlbrew/bin:/home/njh/perl5/perlbrew/perls/perl-5.8.9/bin
    PERLBREW_PERL = perl-5.8.9
    PERLBREW_ROOT = /home/njh/perl5/perlbrew
    PERLBREW_SHELLRC_VERSION = 0.86
    PERLBREW_VERSION = 0.86
    PERL_USE_UNSAFE_INC = 1
    SHELL = /bin/sh
    TEMP = /tmp/user/1000
    TMPDIR = /tmp/user/1000/testwrapper.12732

Perl special variables (and OS-specific diagnostics, for MSWin32):

    $^X = /home/njh/perl5/perlbrew/perls/perl-5.8.9/bin/perl
    $UID/$EUID = 1000 / 1000
    $GID = 1000 4 24 25 29 30 44 46 103 108 115 123 996 1000
    $EGID = 1000 4 24 25 29 30 44 46 103 108 115 123 996 1000

Perl module toolchain versions installed:

    Module              Have    
    ------------------- --------
    CPAN                2.22    
    CPAN::Meta          2.143240
    Cwd                 3.74    
    ExtUtils::CBuilder  0.280230
    ExtUtils::Command   7.34    
    ExtUtils::Install   2.06    
    ExtUtils::MakeMaker 7.34    
    ExtUtils::Manifest  1.70    
    ExtUtils::ParseXS   3.35    
    File::Spec          3.74    
    JSON                4.00    
    JSON::PP            2.97001 
    Module::Build       0.4224  
    Module::Signature   n/a     
    Parse::CPAN::Meta   1.4414  
    Test::Harness       3.42    
    Test::More          1.302136
    YAML                1.27    
    YAML::Syck          1.31    
    version             0.9924  


--

Summary of my perl5 (revision 5 version 8 subversion 9) configuration:
  Platform:
    osname=linux, osvers=4.16.0-1-amd64, archname=x86_64-linux
    uname='linux amelia 4.16.0-1-amd64 #1 smp debian 4.16.5-1 (2018-04-29) x86_64 gnulinux '
    config_args='-de -Dprefix=/home/njh/perl5/perlbrew/perls/perl-5.8.9 -Aeval:scriptdir=/home/njh/perl5/perlbrew/perls/perl-5.8.9/bin'
    hint=recommended, useposix=true, d_sigaction=define
    usethreads=undef use5005threads=undef useithreads=undef usemultiplicity=undef
    useperlio=define d_sfio=undef uselargefiles=define usesocks=undef
    use64bitint=define use64bitall=define uselongdouble=undef
    usemymalloc=n, bincompat5005=undef
  Compiler:
    cc='cc', ccflags ='-fno-strict-aliasing -pipe -I/usr/local/include -D_LARGEFILE_SOURCE -D_FILE_OFFSET_BITS=64',
    optimize='-O2',
    cppflags='-fno-strict-aliasing -pipe -I/usr/local/include'
    ccversion='', gccversion='7.3.0', gccosandvers=''
    intsize=4, longsize=8, ptrsize=8, doublesize=8, byteorder=12345678
    d_longlong=define, longlongsize=8, d_longdbl=define, longdblsize=16
    ivtype='long', ivsize=8, nvtype='double', nvsize=8, Off_t='off_t', lseeksize=8
    alignbytes=8, prototype=define
  Linker and Libraries:
    ld='cc', ldflags =' -L/usr/local/lib'
    libpth=/usr/local/lib /lib/x86_64-linux-gnu /lib/../lib /usr/lib/x86_64-linux-gnu /usr/lib/../lib /lib /usr/lib /lib64 /usr/lib64
    libs=-lnsl -lgdbm -ldb -ldl -lm -lcrypt -lutil -lc
    perllibs=-lnsl -ldl -lm -lcrypt -lutil -lc
    libc=libc-2.27.so, so=so, useshrplib=false, libperl=libperl.a
    gnulibc_version='2.27'
  Dynamic Linking:
    dlsrc=dl_dlopen.xs, dlext=so, d_dlsymun=undef, ccdlflags='-Wl,-E'
    cccdlflags='-fPIC', lddlflags='-shared -O2 -L/usr/local/lib'


Characteristics of this binary (from libperl): 
  Compile-time options: PERL_MALLOC_WRAP USE_64_BIT_ALL USE_64_BIT_INT
                        USE_FAST_STDIO USE_LARGE_FILES USE_PERLIO
  Locally applied patches:
	Devel::PatchPerl 1.48
  Built under linux
  Compiled at Jun 16 2018 07:39:02
  %ENV:
    PERL5LIB="/tmp/build/Test-Memory-Cycle-1.06-7/blib/arch:/tmp/build/Test-Memory-Cycle-1.06-7/blib/lib:/tmp/build/PadWalker-2.3-7/blib/arch:/tmp/build/PadWalker-2.3-7/blib/lib:/tmp/build/Devel-Cycle-1.12-7/blib/arch:/tmp/build/Devel-Cycle-1.12-7/blib/lib:/tmp/build/Data-Table-1.77-17/blib/arch:/tmp/build/Data-Table-1.77-17/blib/lib"
    PERL5OPT=""
    PERL5_CPANPLUS_IS_RUNNING="12745"
    PERL5_CPAN_IS_RUNNING="12745"
    PERLBREW_HOME="/home/njh/.perlbrew"
    PERLBREW_MANPATH="/home/njh/perl5/perlbrew/perls/perl-5.8.9/man"
    PERLBREW_PATH="/home/njh/perl5/perlbrew/bin:/home/njh/perl5/perlbrew/perls/perl-5.8.9/bin"
    PERLBREW_PERL="perl-5.8.9"
    PERLBREW_ROOT="/home/njh/perl5/perlbrew"
    PERLBREW_SHELLRC_VERSION="0.86"
    PERLBREW_VERSION="0.86"
    PERL_USE_UNSAFE_INC="1"
  @INC:
    /tmp/build/Test-Memory-Cycle-1.06-7/blib/arch
    /tmp/build/Test-Memory-Cycle-1.06-7/blib/lib
    /tmp/build/PadWalker-2.3-7/blib/arch
    /tmp/build/PadWalker-2.3-7/blib/lib
    /tmp/build/Devel-Cycle-1.12-7/blib/arch
    /tmp/build/Devel-Cycle-1.12-7/blib/lib
    /tmp/build/Data-Table-1.77-17/blib/arch
    /tmp/build/Data-Table-1.77-17/blib/lib
    /home/njh/perl5/perlbrew/perls/perl-5.8.9/lib/5.8.9/x86_64-linux
    /home/njh/perl5/perlbrew/perls/perl-5.8.9/lib/5.8.9
    /home/njh/perl5/perlbrew/perls/perl-5.8.9/lib/site_perl/5.8.9/x86_64-linux
    /home/njh/perl5/perlbrew/perls/perl-5.8.9/lib/site_perl/5.8.9
    .