Report for String-Print-0.91

Back
From: metabase:user:30ae4450-2aae-11df-837a-5e0a49663a4f
Subject: FAIL String-Print-0.91 v5.12.2 
Date: 2017-06-30T17:12:49Z

This distribution has been tested as part of the CPAN Testers
project, supporting the Perl programming language.  See
http://wiki.cpantesters.org/ for more information or email
questions to cpan-testers-discuss@perl.org


--
Dear Mark Overmeer,

This is a computer-generated report for String-Print-0.91
on perl 5.12.2, created by CPAN-Reporter-1.2014.

Thank you for uploading your work to CPAN.  However, there was a problem
testing your distribution.

If you think this report is invalid, please consult the CPAN Testers Wiki
for suggestions on how to avoid getting FAIL reports for missing library
or binary dependencies, unsupported operating systems, and so on:

http://wiki.cpantesters.org/wiki/CPANAuthorNotes

Sections of this report:

    * Tester comments
    * Program output
    * Prerequisites
    * Environment and other context

------------------------------
TESTER COMMENTS
------------------------------

Additional comments from tester:

this report is from an automated smoke testing program
and was not reviewed by a human for accuracy

------------------------------
PROGRAM OUTPUT
------------------------------

Output from 'C:\strawberry\c\bin\dmake.EXE test':

C:\strawberry\perl\bin\perl.exe "-MExtUtils::Command::MM" "-MTest::Harness" "-e" "undef *Test::Harness::Switches; test_harness(0, 'blib\lib', 'blib\arch')" t/*.t
Perl 5.012002
HTML::Entities version 3.69
Test::More version 1.001003
Unicode::GCString version 2013.10
t/00use.t ........ ok
t/10serial.t ..... ok
t/11modif.t ...... ok
t/12encode.t ..... ok
t/13subnames.t ... ok
t/14missing.t .... ok
t/20prewrite.t ... ok
t/30examp_oo.t ... ok
t/31examp_fun.t .. ok
t/40utf8.t ....... ok
t/50m_format.t ... ok
t/51m_bytes.t .... ok

#   Failed test 'date'
#   at t/52m_dates.t line 35.
#          got: '%F'
#     expected: '2017-06-23'

#   Failed test 'time'
#   at t/52m_dates.t line 47.
#          got: '%T'
#     expected: '13:33:43'

#   Failed test 'time'
#   at t/52m_dates.t line 48.
#          got: '%T'
#     expected: '13:33:00'

#   Failed test 'dt'
#   at t/52m_dates.t line 57.
#          got: ' '
#     expected: '2017-06-23 13:33:43'
# Looks like you failed 4 tests of 15.
t/52m_dates.t .... 
Dubious, test returned 4 (wstat 1024, 0x400)
Failed 4/15 subtests 

#   Failed test at t/53m_default.t line 25.
#          got: 'published:  '
#     expected: 'published: 2017-06-25 12:35:00'
# Looks like you failed 1 test of 13.
t/53m_default.t .. 
Dubious, test returned 1 (wstat 256, 0x100)
Failed 1/13 subtests 

Test Summary Report
-------------------
t/52m_dates.t  (Wstat: 1024 Tests: 15 Failed: 4)
  Failed tests:  6, 13-15
  Non-zero exit status: 4
t/53m_default.t (Wstat: 256 Tests: 13 Failed: 1)
  Failed test:  7
  Non-zero exit status: 1
Files=14, Tests=220,  4 wallclock secs ( 0.07 usr +  0.13 sys =  0.20 CPU)
Result: FAIL
Failed 2/14 test programs. 5/220 subtests failed.
dmake.EXE:  Error code 129, while making 'test_dynamic'

------------------------------
PREREQUISITES
------------------------------

Prerequisite modules loaded:

requires:

    Module              Need Have    
    ------------------- ---- --------
    Date::Parse         2.3  2.30    
    Encode              0    2.62    
    HTML::Entities      0    3.69    
    Test::More          0.86 1.001003
    Unicode::GCString   0    2013.10 

build_requires:

    Module              Need Have    
    ------------------- ---- --------
    ExtUtils::MakeMaker 0    6.98    

configure_requires:

    Module              Need Have    
    ------------------- ---- --------
    ExtUtils::MakeMaker 0    6.98    


------------------------------
ENVIRONMENT AND OTHER CONTEXT
------------------------------

Environment variables:

    AUTOMATED_TESTING = 1
    COMSPEC = C:\WINDOWS\system32\cmd.exe
    NUMBER_OF_PROCESSORS = 1
    PATH = c:\Windows\system32;c:\Windows\System32\Wbem;C:\Git\cmd;C:\strawberry\c\bin;C:\strawberry\perl\site\bin;C:\strawberry\perl\bin
    PERL5LIB = C:\strawberry\cpan\build\XML-LibXML-Simple-0.97-r8lLBQ/blib/arch;C:\strawberry\cpan\build\XML-LibXML-Simple-0.97-r8lLBQ/blib/lib
    PERL5OPT = 
    PERL5_CPANPLUS_IS_RUNNING = 1432
    PERL5_CPAN_IS_RUNNING = 1432
    PERL5_CPAN_IS_RUNNING_IN_RECURSION = 440,1432
    PERL_CR_SMOKER_CURRENT = XML-Compile-SOAP-3.22
    PERL_CR_SMOKER_RUNONCE = 1
    PERL_EXTUTILS_AUTOINSTALL = --defaultdeps
    PERL_MM_USE_DEFAULT = 1
    PROCESSOR_IDENTIFIER = x86 Family 16 Model 5 Stepping 3, AuthenticAMD
    TEMP = C:\DOCUME~1\c\LOCALS~1\Temp
    TERM = dumb

Perl special variables (and OS-specific diagnostics, for MSWin32):

    $^X = C:\strawberry\perl\bin\perl.exe
    $UID/$EUID = 0 / 0
    $GID = 0
    $EGID = 0
    Win32::GetOSName = WinXP/.Net
    Win32::GetOSVersion = Service Pack 3, 5, 1, 2600, 2, 3, 0, 256, 1
    Win32::FsType = NTFS
    Win32::IsAdminUser = 1

Perl module toolchain versions installed:

    Module              Have    
    ------------------- --------
    CPAN                2.00    
    CPAN::Meta          2.141520
    Cwd                 3.47    
    ExtUtils::CBuilder  0.280216
    ExtUtils::Command   1.16    
    ExtUtils::Install   1.55    
    ExtUtils::MakeMaker 6.98    
    ExtUtils::Manifest  1.60    
    ExtUtils::ParseXS   3.24    
    File::Spec          3.47    
    JSON                2.90    
    JSON::PP            2.27203 
    Module::Build       0.4206  
    Module::Signature   0.66    
    Parse::CPAN::Meta   1.4414  
    Test::Harness       3.32    
    Test::More          1.001003
    YAML                0.98    
    YAML::Syck          1.27    
    version             0.9908  


--

Summary of my perl5 (revision 5 version 12 subversion 2) configuration:
   
  Platform:
    osname=MSWin32, osvers=5.1, archname=MSWin32-x86-multi-thread
    uname='Win32 strawberryperl 5.12.2.0 #1 Fri Nov  5 05:17:27 2010 i386'
    config_args='undef'
    hint=recommended, useposix=true, d_sigaction=undef
    useithreads=define, usemultiplicity=define
    useperlio=define, d_sfio=undef, uselargefiles=define, usesocks=undef
    use64bitint=undef, use64bitall=undef, uselongdouble=undef
    usemymalloc=n, bincompat5005=undef
  Compiler:
    cc='gcc', ccflags =' -s -O2 -DWIN32 -DHAVE_DES_FCRYPT  -DUSE_SITECUSTOMIZE -DPERL_IMPLICIT_CONTEXT -DPERL_IMPLICIT_SYS -fno-strict-aliasing -mms-bitfields -DPERL_MSVCRT_READFIX',
    optimize='-s -O2',
    cppflags='-DWIN32'
    ccversion='', gccversion='4.4.3', gccosandvers=''
    intsize=4, longsize=4, ptrsize=4, doublesize=8, byteorder=1234
    d_longlong=undef, longlongsize=8, d_longdbl=define, longdblsize=12
    ivtype='long', ivsize=4, nvtype='double', nvsize=8, Off_t='long long', lseeksize=8
    alignbytes=8, prototype=define
  Linker and Libraries:
    ld='g++', ldflags ='-s -L"C:\strawberry\perl\lib\CORE" -L"C:\strawberry\c\lib"'
    libpth=C:\strawberry\c\lib C:\strawberry\c\i686-w64-mingw32\lib
    libs=-lmoldname -lkernel32 -luser32 -lgdi32 -lwinspool -lcomdlg32 -ladvapi32 -lshell32 -lole32 -loleaut32 -lnetapi32 -luuid -lws2_32 -lmpr -lwinmm -lversion -lodbc32 -lodbccp32 -lcomctl32
    perllibs=-lmoldname -lkernel32 -luser32 -lgdi32 -lwinspool -lcomdlg32 -ladvapi32 -lshell32 -lole32 -loleaut32 -lnetapi32 -luuid -lws2_32 -lmpr -lwinmm -lversion -lodbc32 -lodbccp32 -lcomctl32
    libc=, so=dll, useshrplib=true, libperl=libperl512.a
    gnulibc_version=''
  Dynamic Linking:
    dlsrc=dl_win32.xs, dlext=dll, d_dlsymun=undef, ccdlflags=' '
    cccdlflags=' ', lddlflags='-mdll -s -L"C:\strawberry\perl\lib\CORE" -L"C:\strawberry\c\lib"'


Characteristics of this binary (from libperl): 
  Compile-time options: MULTIPLICITY PERL_DONT_CREATE_GVSV
                        PERL_IMPLICIT_CONTEXT PERL_IMPLICIT_SYS
                        PERL_MALLOC_WRAP PL_OP_SLAB_ALLOC USE_ITHREADS
                        USE_LARGE_FILES USE_PERLIO USE_PERL_ATOF
                        USE_SITECUSTOMIZE
  Built under MSWin32
  Compiled at Nov  5 2010 08:39:08
  %ENV:
    PERL5LIB="C:\strawberry\cpan\build\XML-LibXML-Simple-0.97-r8lLBQ/blib/arch;C:\strawberry\cpan\build\XML-LibXML-Simple-0.97-r8lLBQ/blib/lib"
    PERL5_CPANPLUS_IS_RUNNING="1432"
    PERL5_CPAN_IS_RUNNING="1432"
    PERL5_CPAN_IS_RUNNING_IN_RECURSION="440,1432"
    PERL_CR_SMOKER_CURRENT="XML-Compile-SOAP-3.22"
    PERL_CR_SMOKER_RUNONCE="1"
    PERL_EXTUTILS_AUTOINSTALL="--defaultdeps"
    PERL_MM_USE_DEFAULT="1"
  @INC:
    C:\strawberry\cpan\build\XML-LibXML-Simple-0.97-r8lLBQ/blib/arch
    C:\strawberry\cpan\build\XML-LibXML-Simple-0.97-r8lLBQ/blib/lib
    C:/strawberry/perl/site/lib
    C:/strawberry/perl/vendor/lib
    C:/strawberry/perl/lib
    .