HTTP-Tiny-FileProtocol v0.02 Perl 5 v5.8.9 x86_64-linux-thread-multi

Status
Fail
From
David Cantrell (DCANTRELL)
Dist
HTTP-Tiny-FileProtocol v0.02
Platform
Perl 5 v5.8.9 x86_64-linux-thread-multi
Date
2017-10-06 17:06:29
ID
b23689c8-aab8-11e7-a84d-b9503a6f764e
This distribution has been tested as part of the CPAN Testers
project, supporting the Perl programming language.  See
http://wiki.cpantesters.org/ for more information or email
questions to cpan-testers-discuss@perl.org


--
Dear Renee Baecker,

This is a computer-generated report for HTTP-Tiny-FileProtocol-0.02
on perl 5.8.9, created by CPAN-Reporter-1.2018.

Thank you for uploading your work to CPAN.  However, there was a problem
testing your distribution.

If you think this report is invalid, please consult the CPAN Testers Wiki
for suggestions on how to avoid getting FAIL reports for missing library
or binary dependencies, unsupported operating systems, and so on:

http://wiki.cpantesters.org/wiki/CPANAuthorNotes

Sections of this report:

    * Tester comments
    * Program output
    * Prerequisites
    * Environment and other context

------------------------------
TESTER COMMENTS
------------------------------

Additional comments from tester:

this report is from an automated smoke testing program
and was not reviewed by a human for accuracy

------------------------------
PROGRAM OUTPUT
------------------------------

Output from '/usr/bin/make test':

PERL_DL_NONLAZY=1 "/home/david/cpantesting/perl-5.8.9/bin/perl" "-MExtUtils::Command::MM" "-MTest::Harness" "-e" "undef *Test::Harness::Switches; test_harness(0, 'blib/lib', 'blib/arch')" t/*.t

#   Failed test 'use HTTP::Tiny::FileProtocol;'
#   at t/01_base.t line 10.
#     Tried to use 'HTTP::Tiny::FileProtocol'.
#     Error:  Global symbol "$response" requires explicit package name at /home/david/cpantesting/perl-5.8.9/.cpan/build/HTTP-Tiny-FileProtocol-0.02-0/blib/lib/HTTP/Tiny/FileProtocol.pm line 130.
# Unmatched right curly bracket at /home/david/cpantesting/perl-5.8.9/.cpan/build/HTTP-Tiny-FileProtocol-0.02-0/blib/lib/HTTP/Tiny/FileProtocol.pm line 131, at end of line
# syntax error at /home/david/cpantesting/perl-5.8.9/.cpan/build/HTTP-Tiny-FileProtocol-0.02-0/blib/lib/HTTP/Tiny/FileProtocol.pm line 131, near "}"
# Compilation failed in require at t/01_base.t line 10.
# BEGIN failed--compilation aborted at t/01_base.t line 10.
# Looks like you failed 1 test of 3.
t/01_base.t .............. 
Dubious, test returned 1 (wstat 256, 0x100)
Failed 1/3 subtests 
Global symbol "$response" requires explicit package name at /home/david/cpantesting/perl-5.8.9/.cpan/build/HTTP-Tiny-FileProtocol-0.02-0/blib/lib/HTTP/Tiny/FileProtocol.pm line 130.
Unmatched right curly bracket at /home/david/cpantesting/perl-5.8.9/.cpan/build/HTTP-Tiny-FileProtocol-0.02-0/blib/lib/HTTP/Tiny/FileProtocol.pm line 131, at end of line
syntax error at /home/david/cpantesting/perl-5.8.9/.cpan/build/HTTP-Tiny-FileProtocol-0.02-0/blib/lib/HTTP/Tiny/FileProtocol.pm line 131, near "}"
Compilation failed in require at t/02_get_file.t line 12.
BEGIN failed--compilation aborted at t/02_get_file.t line 12.
t/02_get_file.t .......... 
Dubious, test returned 2 (wstat 512, 0x200)
No subtests run 
Global symbol "$response" requires explicit package name at /home/david/cpantesting/perl-5.8.9/.cpan/build/HTTP-Tiny-FileProtocol-0.02-0/blib/lib/HTTP/Tiny/FileProtocol.pm line 130.
Unmatched right curly bracket at /home/david/cpantesting/perl-5.8.9/.cpan/build/HTTP-Tiny-FileProtocol-0.02-0/blib/lib/HTTP/Tiny/FileProtocol.pm line 131, at end of line
syntax error at /home/david/cpantesting/perl-5.8.9/.cpan/build/HTTP-Tiny-FileProtocol-0.02-0/blib/lib/HTTP/Tiny/FileProtocol.pm line 131, near "}"
Compilation failed in require at t/03_get_xlsx.t line 12.
BEGIN failed--compilation aborted at t/03_get_xlsx.t line 12.
t/03_get_xlsx.t .......... 
Dubious, test returned 2 (wstat 512, 0x200)
No subtests run 
Global symbol "$response" requires explicit package name at /home/david/cpantesting/perl-5.8.9/.cpan/build/HTTP-Tiny-FileProtocol-0.02-0/blib/lib/HTTP/Tiny/FileProtocol.pm line 130.
Unmatched right curly bracket at /home/david/cpantesting/perl-5.8.9/.cpan/build/HTTP-Tiny-FileProtocol-0.02-0/blib/lib/HTTP/Tiny/FileProtocol.pm line 131, at end of line
syntax error at /home/david/cpantesting/perl-5.8.9/.cpan/build/HTTP-Tiny-FileProtocol-0.02-0/blib/lib/HTTP/Tiny/FileProtocol.pm line 131, near "}"
Compilation failed in require at t/04_mirror.t line 13.
BEGIN failed--compilation aborted at t/04_mirror.t line 13.
t/04_mirror.t ............ 
Dubious, test returned 2 (wstat 512, 0x200)
No subtests run 
Global symbol "$response" requires explicit package name at /home/david/cpantesting/perl-5.8.9/.cpan/build/HTTP-Tiny-FileProtocol-0.02-0/blib/lib/HTTP/Tiny/FileProtocol.pm line 130.
Unmatched right curly bracket at /home/david/cpantesting/perl-5.8.9/.cpan/build/HTTP-Tiny-FileProtocol-0.02-0/blib/lib/HTTP/Tiny/FileProtocol.pm line 131, at end of line
syntax error at /home/david/cpantesting/perl-5.8.9/.cpan/build/HTTP-Tiny-FileProtocol-0.02-0/blib/lib/HTTP/Tiny/FileProtocol.pm line 131, near "}"
Compilation failed in require at t/04_not_found.t line 12.
BEGIN failed--compilation aborted at t/04_not_found.t line 12.
t/04_not_found.t ......... 
Dubious, test returned 2 (wstat 512, 0x200)
No subtests run 
t/author-pod-coverage.t .. skipped: these tests are for testing by the author
t/author-pod-syntax.t .... skipped: these tests are for testing by the author

Test Summary Report
-------------------
t/01_base.t            (Wstat: 256 Tests: 3 Failed: 1)
  Failed test:  1
  Non-zero exit status: 1
t/02_get_file.t        (Wstat: 512 Tests: 0 Failed: 0)
  Non-zero exit status: 2
  Parse errors: No plan found in TAP output
t/03_get_xlsx.t        (Wstat: 512 Tests: 0 Failed: 0)
  Non-zero exit status: 2
  Parse errors: No plan found in TAP output
t/04_mirror.t          (Wstat: 512 Tests: 0 Failed: 0)
  Non-zero exit status: 2
  Parse errors: No plan found in TAP output
t/04_not_found.t       (Wstat: 512 Tests: 0 Failed: 0)
  Non-zero exit status: 2
  Parse errors: No plan found in TAP output
Files=7, Tests=3,  2 wallclock secs ( 0.01 usr  0.03 sys +  0.33 cusr  0.05 csys =  0.42 CPU)
Result: FAIL
Failed 5/7 test programs. 1/3 subtests failed.
Makefile:853: recipe for target 'test_dynamic' failed
make: *** [test_dynamic] Error 255

------------------------------
PREREQUISITES
------------------------------

Prerequisite modules loaded:

requires:

    Module              Need Have    
    ------------------- ---- --------
    Carp                0    1.38    
    File::Basename      0    2.77    
    File::Spec          0    3.62    
    HTTP::Tiny          0    0.070   
    LWP::MediaTypes     0    6.02    
    Test::LongString    0    0.17    
    Test::More          0    1.302098

build_requires:

    Module              Need Have    
    ------------------- ---- --------
    ExtUtils::MakeMaker 0    7.24    

configure_requires:

    Module              Need Have    
    ------------------- ---- --------
    ExtUtils::MakeMaker 0    7.24    


------------------------------
ENVIRONMENT AND OTHER CONTEXT
------------------------------

Environment variables:

    AUTOMATED_TESTING = 1
    NONINTERACTIVE_TESTING = 1
    PATH = /usr/local/bin:/usr/bin:/bin:/usr/local/games:/usr/games
    PERL = 5.8.9
    PERL5LIB = 
    PERL5OPT = 
    PERL5_CPANPLUS_IS_RUNNING = 22300
    PERL5_CPAN_IS_RUNNING = 22300
    PERLVER = 5.8.9
    PERL_INLINE_DIRECTORY = /home/david/.Inline-5.8.9
    PERL_MM_USE_DEFAULT = 1
    PERL_USE_UNSAFE_INC = 0
    SHELL = /bin/bash
    TERM = screen

Perl special variables (and OS-specific diagnostics, for MSWin32):

    $^X = /home/david/cpantesting/perl-5.8.9/bin/perl
    $UID/$EUID = 1000 / 1000
    $GID = 1000 1000
    $EGID = 1000 1000

Perl module toolchain versions installed:

    Module              Have    
    ------------------- --------
    CPAN                2.14    
    CPAN::Meta          2.143240
    Cwd                 3.62    
    ExtUtils::CBuilder  0.280226
    ExtUtils::Command   7.24    
    ExtUtils::Install   1.54    
    ExtUtils::MakeMaker 7.24    
    ExtUtils::Manifest  1.70    
    ExtUtils::ParseXS   3.35    
    File::Spec          3.62    
    JSON                2.90    
    JSON::PP            2.27400 
    Module::Build       0.4224  
    Module::Signature   n/a     
    Parse::CPAN::Meta   1.4414  
    Test::Harness       3.39    
    Test::More          1.302098
    YAML                1.18    
    YAML::Syck          n/a     
    version             0.9917  


--

Summary of my perl5 (revision 5 version 8 subversion 9) configuration:
  Platform:
    osname=linux, osvers=3.16.0-4-amd64, archname=x86_64-linux-thread-multi
    uname='linux pigsty.barnyard.co.uk 3.16.0-4-amd64 #1 smp debian 3.16.36-1+deb8u1 (2016-09-03) x86_64 gnulinux '
    config_args='-de -Duse64bitall -Dusethreads -Dprefix=/home/david/cpantesting/perl-5.8.9'
    hint=recommended, useposix=true, d_sigaction=define
    usethreads=define use5005threads=undef useithreads=define usemultiplicity=define
    useperlio=define d_sfio=undef uselargefiles=define usesocks=undef
    use64bitint=define use64bitall=define uselongdouble=undef
    usemymalloc=n, bincompat5005=undef
  Compiler:
    cc='cc', ccflags ='-D_REENTRANT -D_GNU_SOURCE -fno-strict-aliasing -pipe -I/usr/local/include -D_LARGEFILE_SOURCE -D_FILE_OFFSET_BITS=64',
    optimize='-O2',
    cppflags='-D_REENTRANT -D_GNU_SOURCE -fno-strict-aliasing -pipe -I/usr/local/include'
    ccversion='', gccversion='4.9.2', gccosandvers=''
    intsize=4, longsize=8, ptrsize=8, doublesize=8, byteorder=12345678
    d_longlong=define, longlongsize=8, d_longdbl=define, longdblsize=16
    ivtype='long', ivsize=8, nvtype='double', nvsize=8, Off_t='off_t', lseeksize=8
    alignbytes=8, prototype=define
  Linker and Libraries:
    ld='cc', ldflags =' -L/usr/local/lib'
    libpth=/usr/local/lib /lib/x86_64-linux-gnu /lib/../lib /usr/lib/x86_64-linux-gnu /usr/lib/../lib /lib /usr/lib
    libs=-lnsl -ldb -ldl -lm -lcrypt -lutil -lpthread -lc
    perllibs=-lnsl -ldl -lm -lcrypt -lutil -lpthread -lc
    libc=libc-2.19.so, so=so, useshrplib=false, libperl=libperl.a
    gnulibc_version='2.19'
  Dynamic Linking:
    dlsrc=dl_dlopen.xs, dlext=so, d_dlsymun=undef, ccdlflags='-Wl,-E'
    cccdlflags='-fPIC', lddlflags='-shared -O2 -L/usr/local/lib'


Characteristics of this binary (from libperl): 
  Compile-time options: MULTIPLICITY PERL_IMPLICIT_CONTEXT PERL_MALLOC_WRAP
                        USE_64_BIT_ALL USE_64_BIT_INT USE_FAST_STDIO
                        USE_ITHREADS USE_LARGE_FILES USE_PERLIO
                        USE_REENTRANT_API
  Locally applied patches:
	Devel::PatchPerl 1.44
  Built under linux
  Compiled at Oct 12 2016 14:10:05
  %ENV:
    PERL="5.8.9"
    PERL5LIB=""
    PERL5OPT=""
    PERL5_CPANPLUS_IS_RUNNING="22300"
    PERL5_CPAN_IS_RUNNING="22300"
    PERLVER="5.8.9"
    PERL_INLINE_DIRECTORY="/home/david/.Inline-5.8.9"
    PERL_MM_USE_DEFAULT="1"
    PERL_USE_UNSAFE_INC="0"
  @INC:
    /home/david/cpantesting/perl-5.8.9/lib/5.8.9/x86_64-linux-thread-multi
    /home/david/cpantesting/perl-5.8.9/lib/5.8.9
    /home/david/cpantesting/perl-5.8.9/lib/site_perl/5.8.9/x86_64-linux-thread-multi
    /home/david/cpantesting/perl-5.8.9/lib/site_perl/5.8.9
    .