ETL-Yertl v0.044 Perl 5 v5.18.4 x86_64-linux

Status
Fail
From
Slaven Rezić
Dist
ETL-Yertl v0.044
Platform
Perl 5 v5.18.4 x86_64-linux
Date
2022-10-16 18:16:47
ID
b253cad8-4d7e-11ed-a4df-9c286e8775ea
This distribution has been tested as part of the CPAN Testers
project, supporting the Perl programming language.  See
http://wiki.cpantesters.org/ for more information or email
questions to cpan-testers-discuss@perl.org


--
Dear Doug Bell,

This is a computer-generated report for ETL-Yertl-0.044
on perl 5.18.4, created by CPAN-Reporter-1.2018.

Thank you for uploading your work to CPAN.  However, there was a problem
testing your distribution.

If you think this report is invalid, please consult the CPAN Testers Wiki
for suggestions on how to avoid getting FAIL reports for missing library
or binary dependencies, unsupported operating systems, and so on:

http://wiki.cpantesters.org/wiki/CPANAuthorNotes

Sections of this report:

    * Tester comments
    * Program output
    * Prerequisites
    * Environment and other context

------------------------------
TESTER COMMENTS
------------------------------

Additional comments from tester:

none provided

------------------------------
PROGRAM OUTPUT
------------------------------

Output from '/usr/bin/make test':

PERL_DL_NONLAZY=1 "/opt/perl-5.18.4/bin/perl" "-MExtUtils::Command::MM" "-MTest::Harness" "-e" "undef *Test::Harness::Switches; test_harness(0, 'blib/lib', 'blib/arch')" t/*.t t/adapter/*.t t/bin/*.t t/command/ygrok/*.t t/command/ygrok/pattern/*.t t/command/yq/*.t t/format/*.t t/integration/*.t
t/00-compile.t ........................... ok
# 
# Versions for all modules listed in MYMETA.json (including optional ones):
# 
# === Configure Requires ===
# 
#     Module              Want Have
#     ------------------- ---- ----
#     ExtUtils::MakeMaker  any 7.64
# 
# === Build Requires ===
# 
#     Module              Want Have
#     ------------------- ---- ----
#     ExtUtils::MakeMaker  any 7.64
# 
# === Test Requires ===
# 
#     Module                  Want     Have
#     ------------------- -------- --------
#     Capture::Tiny            any     0.48
#     Dir::Self                any     0.11
#     ExtUtils::MakeMaker      any     7.64
#     File::Spec               any     3.75
#     Future                   any     0.48
#     IO::Handle               any     1.34
#     IPC::Open3               any     1.13
#     JSON::PP                 any     4.12
#     Mock::MonkeyPatch        any     1.02
#     Test::Deep               any    1.130
#     Test::Differences        any     0.69
#     Test::Exception          any     0.43
#     Test::Lib                any    0.003
#     Test::More          1.001005 1.302191
# 
# === Test Recommends ===
# 
#     Module         Want     Have
#     ---------- -------- --------
#     CPAN::Meta 2.120900 2.150010
# 
# === Runtime Requires ===
# 
#     Module                    Want       Have
#     ------------------- ---------- ----------
#     File::HomeDir              any      1.006
#     File::Spec                 any       3.75
#     Getopt::Long              2.36       2.52
#     Hash::Merge::Simple        any      0.051
#     IO::Async                 0.77      0.802
#     IO::Interactive            any      1.023
#     Import::Base             0.010      1.004
#     JSON::MaybeXS              any   1.004004
#     List::Util                 any       1.63
#     Module::Runtime            any      0.016
#     Net::Async::HTTP           any       0.48
#     Path::Tiny               0.072      0.124
#     Pod::Usage::Return         any      0.003
#     Regexp::Common      2013031301 2017060201
#     SQL::Abstract              any   2.000001
#     Time::Local                any       1.30
#     Time::Piece                any     1.3401
#     URI                        any       5.16
#     YAML::Tiny                 any       1.73
#     boolean                    any       0.46
# 
# === Runtime Recommends ===
# 
#     Module       Want  Have
#     ------------ ---- -----
#     DBD::SQLite   any  1.70
#     DBI           any 1.643
#     JSON::PP      any  4.12
#     JSON::XS      any  4.03
#     Text::CSV     any  2.02
#     Text::CSV_XS  any  1.48
#     YAML::Syck    any  1.34
#     YAML::XS      any  0.85
# 
t/00-report-prereqs.t .................... ok
t/adapter/graphite.t ..................... ok
t/adapter/influxdb.t ..................... ok
t/bin/yfrom.t ............................ ok
t/bin/ygrok.t ............................ ok
t/bin/yq.t ............................... ok

                #   Failed test at t/bin/ysql.t line 516.
                # Comparing $data as a Bag
                # Missing: 1 reference
                # Looks like you failed 1 test of 3.

            #   Failed test '--where'
            #   at t/bin/ysql.t line 524.
            # Looks like you failed 1 test of 5.

        #   Failed test '--select'
        #   at t/bin/ysql.t line 575.

                #   Failed test at t/bin/ysql.t line 600.
                # Comparing $data as a Bag
                # Missing: 1 reference
                # Extra: 1 reference
                # Looks like you failed 1 test of 3.

            #   Failed test '--where'
            #   at t/bin/ysql.t line 605.
            # Looks like you failed 1 test of 4.

        #   Failed test '--count'
        #   at t/bin/ysql.t line 606.

                #   Failed test at t/bin/ysql.t line 667.
                # Comparing $data as a Bag
                # Extra: 1 reference
                # Looks like you failed 1 test of 4.

            #   Failed test '--where'
            #   at t/bin/ysql.t line 672.
            # Looks like you failed 1 test of 5.

        #   Failed test '--delete'
        #   at t/bin/ysql.t line 674.
        # Looks like you failed 3 tests of 4.

    #   Failed test 'sql helper options'
    #   at t/bin/ysql.t line 675.
    # Looks like you failed 1 test of 6.

#   Failed test 'query'
#   at t/bin/ysql.t line 928.
# Looks like you failed 1 test of 4.
t/bin/ysql.t ............................. 
Dubious, test returned 1 (wstat 256, 0x100)
Failed 1/4 subtests 
t/bin/yto.t .............................. ok
t/bin/yts.t .............................. ok
t/command/ygrok/edit_patterns.t .......... ok
t/command/ygrok/pattern/http_combined.t .. ok
t/command/ygrok/pattern/http_common.t .... ok
t/command/ygrok/pattern/linux_proc.t ..... ok
t/command/ygrok/pattern/ls-l.t ........... ok
t/command/ygrok/pattern/ps-u.t ........... ok
t/command/ygrok/pattern/ps-x.t ........... ok
t/command/ygrok/pattern/ps.t ............. ok
t/command/ygrok/pattern/syslog.t ......... ok
t/command/yq/combinator.t ................ ok
t/command/yq/comparison.t ................ ok
t/command/yq/conditional.t ............... ok
t/command/yq/filter.t .................... ok
t/command/yq/functions.t ................. ok
t/command/yq/regression.t ................ ok
t/command/yq/values.t .................... ok
t/format.t ............................... ok
t/format/csv.t ........................... ok
Prototype mismatch: sub main::decode_json ($) vs none at /opt/perl-5.18.4/lib/site_perl/5.18.4/Exporter.pm line 66.
 at (eval 40) line 1.
t/format/json.t .......................... ok
t/format/yaml.t .......................... ok
t/format_stream.t ........................ ok
t/helpers.t .............................. ok
t/input_series.t ......................... ok
t/integration/parse_apache_log.t ......... ok
t/transform.t ............................ ok

Test Summary Report
-------------------
t/bin/ysql.t                           (Wstat: 256 (exited 1) Tests: 4 Failed: 1)
  Failed test:  4
  Non-zero exit status: 1
Files=35, Tests=124,  9 wallclock secs ( 0.12 usr  0.04 sys +  6.25 cusr  1.07 csys =  7.48 CPU)
Result: FAIL
Failed 1/35 test programs. 1/124 subtests failed.
make: *** [test_dynamic] Error 255

------------------------------
PREREQUISITES
------------------------------

Prerequisite modules loaded:

requires:

    Module              Need       Have      
    ------------------- ---------- ----------
    boolean             0          0.46      
    File::HomeDir       0          1.006     
    File::Spec          0          3.75      
    Getopt::Long        2.36       2.52      
    Hash::Merge::Simple 0          0.051     
    Import::Base        0.010      1.004     
    IO::Async           0.77       0.802     
    IO::Interactive     0          1.023     
    JSON::MaybeXS       0          1.004004  
    List::Util          0          1.63      
    Module::Runtime     0          0.016     
    Net::Async::HTTP    0          0.48      
    Path::Tiny          0.072      0.124     
    perl                5.010      5.018004  
    Pod::Usage::Return  0          0.003     
    Regexp::Common      2013031301 2017060201
    SQL::Abstract       0          2.000001  
    Time::Local         0          1.30      
    Time::Piece         0          1.3401    
    URI                 0          5.16      
    YAML::Tiny          0          1.73      

build_requires:

    Module              Need       Have      
    ------------------- ---------- ----------
    Capture::Tiny       0          0.48      
    Dir::Self           0          0.11      
    ExtUtils::MakeMaker 0          7.64      
    File::Spec          0          3.75      
    Future              0          0.48      
    IO::Handle          0          1.34      
    IPC::Open3          0          1.13      
    JSON::PP            0          4.12      
    Mock::MonkeyPatch   0          1.02      
    Test::Deep          0          1.130     
    Test::Differences   0          0.69      
    Test::Exception     0          0.43      
    Test::Lib           0          0.003     
    Test::More          1.001005   1.302191  

configure_requires:

    Module              Need       Have      
    ------------------- ---------- ----------
    ExtUtils::MakeMaker 0          7.64      


------------------------------
ENVIRONMENT AND OTHER CONTEXT
------------------------------

Environment variables:

    LANG = en_US.UTF-8
    PATH = /usr/local/bin:/usr/bin:/bin:/usr/local/sbin:/usr/sbin:/sbin:/home/cpansand/bin/linux-gnu:/home/cpansand/bin/sh:/home/cpansand/bin:/usr/games:/home/cpansand/devel:/home/eserte/src/srezic-misc/scripts
    PERL5LIB = /home/cpansand/.cpan/build/2022101617/Pod-Usage-Return-0.003-0/blib/arch:/home/cpansand/.cpan/build/2022101617/Pod-Usage-Return-0.003-0/blib/lib:/home/cpansand/.cpan/build/2022101617/Net-Async-HTTP-0.48-0/blib/arch:/home/cpansand/.cpan/build/2022101617/Net-Async-HTTP-0.48-0/blib/lib:/home/cpansand/.cpan/build/2022101617/Import-Base-1.004-0/blib/arch:/home/cpansand/.cpan/build/2022101617/Import-Base-1.004-0/blib/lib:/home/cpansand/.cpan/build/2022101617/IO-Async-0.802-0/blib/arch:/home/cpansand/.cpan/build/2022101617/IO-Async-0.802-0/blib/lib:/home/cpansand/.cpan/build/2022101617/Test-Metrics-Any-0.01-0/blib/arch:/home/cpansand/.cpan/build/2022101617/Test-Metrics-Any-0.01-0/blib/lib:/home/cpansand/.cpan/build/2022101617/Dir-Self-0.11-0/blib/arch:/home/cpansand/.cpan/build/2022101617/Dir-Self-0.11-0/blib/lib
    PERL5OPT = 
    PERL5_CPANPLUS_IS_RUNNING = 21730
    PERL5_CPAN_IS_RUNNING = 21730
    PERL5_CPAN_IS_RUNNING_IN_RECURSION = 21691,21730
    PERLDOC = -MPod::Perldoc::ToTextOverstrike
    PERL_BATCH = yes
    PERL_CANARY_STABILITY_NOPROMPT = 1
    PERL_CPAN_REPORTER_CONFIG = /var/tmp/cpansmoker-1023/2022101617/cpanreporter_001_config.ini
    PERL_EXTUTILS_AUTOINSTALL = --defaultdeps
    PERL_USE_UNSAFE_INC = 1
    SHELL = /usr/bin/zsh
    TERM = screen
    TMPDIR = /var/tmp/cpansmoker-1023/2022101617

Perl special variables (and OS-specific diagnostics, for MSWin32):

    $^X = /opt/perl-5.18.4/bin/perl
    $UID/$EUID = 1023 / 1023
    $GID = 1023 1023
    $EGID = 1023 1023

Perl module toolchain versions installed:

    Module              Have    
    ------------------- --------
    CPAN                2.34    
    CPAN::Meta          2.150010
    Cwd                 3.75    
    ExtUtils::CBuilder  0.280236
    ExtUtils::Command   7.64    
    ExtUtils::Install   2.06    
    ExtUtils::MakeMaker 7.64    
    ExtUtils::Manifest  1.70    
    ExtUtils::ParseXS   3.44    
    File::Spec          3.75    
    JSON                4.10    
    JSON::PP            4.12    
    Module::Build       0.4231  
    Module::Signature   n/a     
    Parse::CPAN::Meta   2.150010
    Test::Harness       3.44    
    Test::More          1.302191
    YAML                1.30    
    YAML::Syck          1.34    
    version             0.9929  


--

Summary of my perl5 (revision 5 version 18 subversion 4) configuration:
   
  Platform:
    osname=linux, osvers=3.10.0-1160.76.1.el7.x86_64, archname=x86_64-linux
    uname='linux cloud3.bbbike.org 3.10.0-1160.76.1.el7.x86_64 #1 smp wed aug 10 16:21:17 utc 2022 x86_64 x86_64 x86_64 gnulinux '
    config_args='-ds -e -Dprefix=/opt/perl-5.18.4 -Dcf_email=srezic@cpan.org'
    hint=recommended, useposix=true, d_sigaction=define
    useithreads=undef, usemultiplicity=undef
    useperlio=define, d_sfio=undef, uselargefiles=define, usesocks=undef
    use64bitint=define, use64bitall=define, uselongdouble=undef
    usemymalloc=n, bincompat5005=undef
  Compiler:
    cc='cc', ccflags ='-fwrapv -fno-strict-aliasing -pipe -fstack-protector -I/usr/local/include -D_LARGEFILE_SOURCE -D_FILE_OFFSET_BITS=64',
    optimize='-O2',
    cppflags='-fwrapv -fno-strict-aliasing -pipe -fstack-protector -I/usr/local/include'
    ccversion='', gccversion='4.8.5 20150623 (Red Hat 4.8.5-44)', gccosandvers=''
    intsize=4, longsize=8, ptrsize=8, doublesize=8, byteorder=12345678
    d_longlong=define, longlongsize=8, d_longdbl=define, longdblsize=16
    ivtype='long', ivsize=8, nvtype='double', nvsize=8, Off_t='off_t', lseeksize=8
    alignbytes=8, prototype=define
  Linker and Libraries:
    ld='cc', ldflags =' -fstack-protector -L/usr/local/lib'
    libpth=/usr/local/lib /lib/../lib64 /usr/lib/../lib64 /lib /usr/lib /lib64 /usr/lib64 /usr/local/lib64
    libs=-lnsl -lgdbm -ldb -ldl -lm -lcrypt -lutil -lc -lgdbm_compat
    perllibs=-lnsl -ldl -lm -lcrypt -lutil -lc
    libc=libc-2.17.so, so=so, useshrplib=false, libperl=libperl.a
    gnulibc_version='2.17'
  Dynamic Linking:
    dlsrc=dl_dlopen.xs, dlext=so, d_dlsymun=undef, ccdlflags='-Wl,-E'
    cccdlflags='-fPIC', lddlflags='-shared -O2 -L/usr/local/lib -fstack-protector'


Characteristics of this binary (from libperl): 
  Compile-time options: HAS_TIMES PERLIO_LAYERS PERL_DONT_CREATE_GVSV
                        PERL_HASH_FUNC_ONE_AT_A_TIME_HARD PERL_MALLOC_WRAP
                        PERL_PRESERVE_IVUV PERL_SAWAMPERSAND USE_64_BIT_ALL
                        USE_64_BIT_INT USE_LARGE_FILES USE_LOCALE
                        USE_LOCALE_COLLATE USE_LOCALE_CTYPE
                        USE_LOCALE_NUMERIC USE_PERLIO USE_PERL_ATOF
  Locally applied patches:
	Devel::PatchPerl 2.08
  Built under linux
  Compiled at Sep 24 2022 07:25:39
  %ENV:
    PERL5LIB="/home/cpansand/.cpan/build/2022101617/Pod-Usage-Return-0.003-0/blib/arch:/home/cpansand/.cpan/build/2022101617/Pod-Usage-Return-0.003-0/blib/lib:/home/cpansand/.cpan/build/2022101617/Net-Async-HTTP-0.48-0/blib/arch:/home/cpansand/.cpan/build/2022101617/Net-Async-HTTP-0.48-0/blib/lib:/home/cpansand/.cpan/build/2022101617/Import-Base-1.004-0/blib/arch:/home/cpansand/.cpan/build/2022101617/Import-Base-1.004-0/blib/lib:/home/cpansand/.cpan/build/2022101617/IO-Async-0.802-0/blib/arch:/home/cpansand/.cpan/build/2022101617/IO-Async-0.802-0/blib/lib:/home/cpansand/.cpan/build/2022101617/Test-Metrics-Any-0.01-0/blib/arch:/home/cpansand/.cpan/build/2022101617/Test-Metrics-Any-0.01-0/blib/lib:/home/cpansand/.cpan/build/2022101617/Dir-Self-0.11-0/blib/arch:/home/cpansand/.cpan/build/2022101617/Dir-Self-0.11-0/blib/lib"
    PERL5OPT=""
    PERL5_CPANPLUS_IS_RUNNING="21730"
    PERL5_CPAN_IS_RUNNING="21730"
    PERL5_CPAN_IS_RUNNING_IN_RECURSION="21691,21730"
    PERLDOC="-MPod::Perldoc::ToTextOverstrike"
    PERL_BATCH="yes"
    PERL_CANARY_STABILITY_NOPROMPT="1"
    PERL_CPAN_REPORTER_CONFIG="/var/tmp/cpansmoker-1023/2022101617/cpanreporter_001_config.ini"
    PERL_EXTUTILS_AUTOINSTALL="--defaultdeps"
    PERL_USE_UNSAFE_INC="1"
  @INC:
    /home/cpansand/.cpan/build/2022101617/Pod-Usage-Return-0.003-0/blib/arch
    /home/cpansand/.cpan/build/2022101617/Pod-Usage-Return-0.003-0/blib/lib
    /home/cpansand/.cpan/build/2022101617/Net-Async-HTTP-0.48-0/blib/arch
    /home/cpansand/.cpan/build/2022101617/Net-Async-HTTP-0.48-0/blib/lib
    /home/cpansand/.cpan/build/2022101617/Import-Base-1.004-0/blib/arch
    /home/cpansand/.cpan/build/2022101617/Import-Base-1.004-0/blib/lib
    /home/cpansand/.cpan/build/2022101617/IO-Async-0.802-0/blib/arch
    /home/cpansand/.cpan/build/2022101617/IO-Async-0.802-0/blib/lib
    /home/cpansand/.cpan/build/2022101617/Test-Metrics-Any-0.01-0/blib/arch
    /home/cpansand/.cpan/build/2022101617/Test-Metrics-Any-0.01-0/blib/lib
    /home/cpansand/.cpan/build/2022101617/Dir-Self-0.11-0/blib/arch
    /home/cpansand/.cpan/build/2022101617/Dir-Self-0.11-0/blib/lib
    /opt/perl-5.18.4/lib/site_perl/5.18.4/x86_64-linux
    /opt/perl-5.18.4/lib/site_perl/5.18.4
    /opt/perl-5.18.4/lib/5.18.4/x86_64-linux
    /opt/perl-5.18.4/lib/5.18.4
    .