Report for PerlIO-via-Timeout-0.32

Back
From: metabase:user:30f4dfbe-2aae-11df-837a-5e0a49663a4f
Subject: FAIL PerlIO-via-Timeout-0.32 v5.20.2 GNU/Linux
Date: 2015-09-12T16:45:38Z

This distribution has been tested as part of the CPAN Testers
project, supporting the Perl programming language.  See
http://wiki.cpantesters.org/ for more information or email
questions to cpan-testers-discuss@perl.org


--
Dear Damien Krotkine,

This is a computer-generated report for PerlIO-via-Timeout-0.32
on perl 5.20.2, created by CPAN-Reporter-1.2015.

Thank you for uploading your work to CPAN.  However, there was a problem
testing your distribution.

If you think this report is invalid, please consult the CPAN Testers Wiki
for suggestions on how to avoid getting FAIL reports for missing library
or binary dependencies, unsupported operating systems, and so on:

http://wiki.cpantesters.org/wiki/CPANAuthorNotes

Sections of this report:

    * Tester comments
    * Program output
    * Prerequisites
    * Environment and other context

------------------------------
TESTER COMMENTS
------------------------------

Additional comments from tester:

this report is from an automated smoke testing program
and was not reviewed by a human for accuracy

------------------------------
PROGRAM OUTPUT
------------------------------

Output from './Build test':

t/00-compile.t ............ ok
ops Address already in use at t/01_socket_timeout.t line 15.
cannot open port: 127.0.0.1:51215 at /home/njh/.cpan/build/Test-TCP-2.13-wj1S5H/blib/lib/Test/TCP.pm line 54.
    # Child (socket with disabled timeout) exited without calling finalize()

#   Failed test 'socket with disabled timeout'
#   at /home/njh/perl5/perlbrew/perls/perl-5.20.2/lib/site_perl/5.20.2/Test/Builder.pm line 279.
# Tests were run but no plan was declared and done_testing() was not seen.
# Looks like your test exited with 10 just after 3.
t/01_socket_timeout.t ..... 
Dubious, test returned 10 (wstat 2560, 0xa00)
Failed 1/3 subtests 
t/release-distmeta.t ...... skipped: these tests are for release candidate testing
t/release-pod-coverage.t .. skipped: these tests are for release candidate testing

Test Summary Report
-------------------
t/01_socket_timeout.t   (Wstat: 2560 Tests: 3 Failed: 1)
  Failed test:  3
  Non-zero exit status: 10
  Parse errors: No plan found in TAP output
Files=4, Tests=4, 19 wallclock secs ( 0.03 usr  0.00 sys +  0.21 cusr  0.03 csys =  0.27 CPU)
Result: FAIL

------------------------------
PREREQUISITES
------------------------------

Prerequisite modules loaded:

requires:

    Module              Need  Have    
    ------------------- ----- --------
    Exporter            5.57  5.72    
    PerlIO::via         0     0.15    
    Time::HiRes         0     1.9726  

build_requires:

    Module              Need  Have    
    ------------------- ----- --------
    File::Spec          0     3.48_01 
    IO::Handle          0     1.35    
    IPC::Open3          0     1.16    
    Test::More          0     1.001014
    Test::TCP           0     2.13    

configure_requires:

    Module              Need  Have    
    ------------------- ----- --------
    ExtUtils::MakeMaker 0     7.08    
    Module::Build::Tiny 0.039 0.039   


------------------------------
ENVIRONMENT AND OTHER CONTEXT
------------------------------

Environment variables:

    AUTOMATED_TESTING = 1
    LANG = en_GB.UTF-8
    LANGUAGE = en_GB:en
    LD_LIBRARY_PATH = /usr/local/lib::
    PATH = /home/njh/perl5/perlbrew/bin:/home/njh/perl5/perlbrew/perls/perl-5.20.2/bin:/home/njh/perl5/perlbrew/bin:/usr/local/bin:/usr/bin:/bin:/usr/local/games:/usr/games:/home/njh/bin:/sbin
    PERL5LIB = /home/njh/.cpan/build/Test-TCP-2.13-wj1S5H/blib/arch:/home/njh/.cpan/build/Test-TCP-2.13-wj1S5H/blib/lib:/home/njh/.cpan/build/Test-SharedFork-0.33-Ta4eek/blib/arch:/home/njh/.cpan/build/Test-SharedFork-0.33-Ta4eek/blib/lib:/home/njh/.cpan/build/Data-UUID-MT-1.001-f93OLG/blib/arch:/home/njh/.cpan/build/Data-UUID-MT-1.001-f93OLG/blib/lib:/home/njh/.cpan/build/Math-Random-MT-Auto-6.22-aY1rlI/blib/arch:/home/njh/.cpan/build/Math-Random-MT-Auto-6.22-aY1rlI/blib/lib:/home/njh/.cpan/build/Object-InsideOut-4.02-mwDLfa/blib/arch:/home/njh/.cpan/build/Object-InsideOut-4.02-mwDLfa/blib/lib:/home/njh/.cpan/build/IPC-ConcurrencyLimit-0.12-AV6hIu/blib/arch:/home/njh/.cpan/build/IPC-ConcurrencyLimit-0.12-AV6hIu/blib/lib
    PERL5OPT = 
    PERL5_CPANPLUS_IS_RUNNING = 17772
    PERL5_CPAN_IS_RUNNING = 17772
    PERL5_MINISMOKEBOX = 0.58
    PERLBREW_BASHRC_VERSION = 0.73
    PERLBREW_HOME = /home/njh/.perlbrew
    PERLBREW_LIB = 
    PERLBREW_MANPATH = /home/njh/perl5/perlbrew/perls/perl-5.20.2/man
    PERLBREW_PATH = /home/njh/perl5/perlbrew/bin:/home/njh/perl5/perlbrew/perls/perl-5.20.2/bin
    PERLBREW_PERL = perl-5.20.2
    PERLBREW_ROOT = /home/njh/perl5/perlbrew
    PERLBREW_VERSION = 0.73
    PERL_EXTUTILS_AUTOINSTALL = --defaultdeps
    PERL_LOCAL_LIB_ROOT = 
    PERL_MM_USE_DEFAULT = 1
    SHELL = /bin/bash
    TMPDIR = /home/njh/tmp

Perl special variables (and OS-specific diagnostics, for MSWin32):

    $^X = /home/njh/perl5/perlbrew/perls/perl-5.20.2/bin/perl5.20.2
    $UID/$EUID = 1000 / 1000
    $GID = 1000 4 24 25 29 30 44 46 108 112 1000
    $EGID = 1000 4 24 25 29 30 44 46 108 112 1000

Perl module toolchain versions installed:

    Module              Have    
    ------------------- --------
    CPAN                1.9800  
    CPAN::Meta          2.150005
    Cwd                 3.48_01 
    ExtUtils::CBuilder  0.280223
    ExtUtils::Command   7.08    
    ExtUtils::Install   2.04    
    ExtUtils::MakeMaker 7.08    
    ExtUtils::Manifest  1.70    
    ExtUtils::ParseXS   3.24    
    File::Spec          3.48_01 
    JSON                2.90    
    JSON::PP            2.27300 
    Module::Build       0.4214  
    Module::Signature   n/a     
    Parse::CPAN::Meta   1.4417  
    Test::Harness       3.35    
    Test::More          1.001014
    YAML                1.15    
    YAML::Syck          1.29    
    version             0.9912  


--

Summary of my perl5 (revision 5 version 20 subversion 2) configuration:
   
  Platform:
    osname=linux, osvers=3.16.0-4-amd64, archname=x86_64-linux-thread-multi
    uname='linux nigelhorne.force9.co.uk 3.16.0-4-amd64 #1 smp debian 3.16.7-ckt4-3 (2015-02-03) x86_64 gnulinux '
    config_args='-de -Dprefix=/home/njh/perl5/perlbrew/perls/perl-5.20.2 -Duseithreads -Dusemultiplicity -Dusedevel -Accflags= -Aeval:scriptdir=/home/njh/perl5/perlbrew/perls/perl-5.20.2/bin'
    hint=recommended, useposix=true, d_sigaction=define
    useithreads=define, usemultiplicity=define
    use64bitint=define, use64bitall=define, uselongdouble=undef
    usemymalloc=n, bincompat5005=undef
  Compiler:
    cc='cc', ccflags ='-D_REENTRANT -D_GNU_SOURCE -fwrapv -fno-strict-aliasing -pipe -fstack-protector -I/usr/local/include -D_LARGEFILE_SOURCE -D_FILE_OFFSET_BITS=64',
    optimize='-O2',
    cppflags='-D_REENTRANT -D_GNU_SOURCE -fwrapv -fno-strict-aliasing -pipe -fstack-protector -I/usr/local/include'
    ccversion='', gccversion='4.9.2', gccosandvers=''
    intsize=4, longsize=8, ptrsize=8, doublesize=8, byteorder=12345678
    d_longlong=define, longlongsize=8, d_longdbl=define, longdblsize=16
    ivtype='long', ivsize=8, nvtype='double', nvsize=8, Off_t='off_t', lseeksize=8
    alignbytes=8, prototype=define
  Linker and Libraries:
    ld='cc', ldflags =' -fstack-protector -L/usr/local/lib'
    libpth=/usr/local/lib /usr/lib/gcc/x86_64-linux-gnu/4.9/include-fixed /usr/include/x86_64-linux-gnu /usr/lib /lib/x86_64-linux-gnu /lib/../lib /usr/lib/x86_64-linux-gnu /usr/lib/../lib /lib
    libs=-lnsl -lgdbm -ldb -ldl -lm -lcrypt -lutil -lpthread -lc -lgdbm_compat
    perllibs=-lnsl -ldl -lm -lcrypt -lutil -lpthread -lc
    libc=libc-2.19.so, so=so, useshrplib=false, libperl=libperl.a
    gnulibc_version='2.19'
  Dynamic Linking:
    dlsrc=dl_dlopen.xs, dlext=so, d_dlsymun=undef, ccdlflags='-Wl,-E'
    cccdlflags='-fPIC', lddlflags='-shared -O2 -L/usr/local/lib -fstack-protector'


Characteristics of this binary (from libperl): 
  Compile-time options: HAS_TIMES MULTIPLICITY PERLIO_LAYERS
                        PERL_DONT_CREATE_GVSV
                        PERL_HASH_FUNC_ONE_AT_A_TIME_HARD
                        PERL_IMPLICIT_CONTEXT PERL_MALLOC_WRAP
                        PERL_NEW_COPY_ON_WRITE PERL_PRESERVE_IVUV
                        PERL_USE_DEVEL USE_64_BIT_ALL USE_64_BIT_INT
                        USE_ITHREADS USE_LARGE_FILES USE_LOCALE
                        USE_LOCALE_COLLATE USE_LOCALE_CTYPE
                        USE_LOCALE_NUMERIC USE_PERLIO USE_PERL_ATOF
                        USE_REENTRANT_API
  Built under linux
  Compiled at Mar  1 2015 00:32:04
  %ENV:
    PERL5LIB="/home/njh/.cpan/build/Test-TCP-2.13-wj1S5H/blib/arch:/home/njh/.cpan/build/Test-TCP-2.13-wj1S5H/blib/lib:/home/njh/.cpan/build/Test-SharedFork-0.33-Ta4eek/blib/arch:/home/njh/.cpan/build/Test-SharedFork-0.33-Ta4eek/blib/lib:/home/njh/.cpan/build/Data-UUID-MT-1.001-f93OLG/blib/arch:/home/njh/.cpan/build/Data-UUID-MT-1.001-f93OLG/blib/lib:/home/njh/.cpan/build/Math-Random-MT-Auto-6.22-aY1rlI/blib/arch:/home/njh/.cpan/build/Math-Random-MT-Auto-6.22-aY1rlI/blib/lib:/home/njh/.cpan/build/Object-InsideOut-4.02-mwDLfa/blib/arch:/home/njh/.cpan/build/Object-InsideOut-4.02-mwDLfa/blib/lib:/home/njh/.cpan/build/IPC-ConcurrencyLimit-0.12-AV6hIu/blib/arch:/home/njh/.cpan/build/IPC-ConcurrencyLimit-0.12-AV6hIu/blib/lib"
    PERL5OPT=""
    PERL5_CPANPLUS_IS_RUNNING="17772"
    PERL5_CPAN_IS_RUNNING="17772"
    PERL5_MINISMOKEBOX="0.58"
    PERLBREW_BASHRC_VERSION="0.73"
    PERLBREW_HOME="/home/njh/.perlbrew"
    PERLBREW_LIB=""
    PERLBREW_MANPATH="/home/njh/perl5/perlbrew/perls/perl-5.20.2/man"
    PERLBREW_PATH="/home/njh/perl5/perlbrew/bin:/home/njh/perl5/perlbrew/perls/perl-5.20.2/bin"
    PERLBREW_PERL="perl-5.20.2"
    PERLBREW_ROOT="/home/njh/perl5/perlbrew"
    PERLBREW_VERSION="0.73"
    PERL_EXTUTILS_AUTOINSTALL="--defaultdeps"
    PERL_LOCAL_LIB_ROOT=""
    PERL_MM_USE_DEFAULT="1"
  @INC:
    /home/njh/.cpan/build/Test-TCP-2.13-wj1S5H/blib/arch
    /home/njh/.cpan/build/Test-TCP-2.13-wj1S5H/blib/lib
    /home/njh/.cpan/build/Test-SharedFork-0.33-Ta4eek/blib/arch
    /home/njh/.cpan/build/Test-SharedFork-0.33-Ta4eek/blib/lib
    /home/njh/.cpan/build/Data-UUID-MT-1.001-f93OLG/blib/arch
    /home/njh/.cpan/build/Data-UUID-MT-1.001-f93OLG/blib/lib
    /home/njh/.cpan/build/Math-Random-MT-Auto-6.22-aY1rlI/blib/arch
    /home/njh/.cpan/build/Math-Random-MT-Auto-6.22-aY1rlI/blib/lib
    /home/njh/.cpan/build/Object-InsideOut-4.02-mwDLfa/blib/arch
    /home/njh/.cpan/build/Object-InsideOut-4.02-mwDLfa/blib/lib
    /home/njh/.cpan/build/IPC-ConcurrencyLimit-0.12-AV6hIu/blib/arch
    /home/njh/.cpan/build/IPC-ConcurrencyLimit-0.12-AV6hIu/blib/lib
    /home/njh/perl5/perlbrew/perls/perl-5.20.2/lib/site_perl/5.20.2/x86_64-linux-thread-multi
    /home/njh/perl5/perlbrew/perls/perl-5.20.2/lib/site_perl/5.20.2
    /home/njh/perl5/perlbrew/perls/perl-5.20.2/lib/5.20.2/x86_64-linux-thread-multi
    /home/njh/perl5/perlbrew/perls/perl-5.20.2/lib/5.20.2
    .