SQL-Translator-Producer-GraphQL v0.02 Perl 5 v5.26.1 i86pc-solaris

Status
Fail
From
Serguei Trouchelle (STRO)
Dist
SQL-Translator-Producer-GraphQL v0.02
Platform
Perl 5 v5.26.1 i86pc-solaris
Date
2017-11-03 12:08:27
ID
b2ec4f82-c08f-11e7-9afc-edd812b9258d
This distribution has been tested as part of the CPAN Testers
project, supporting the Perl programming language.  See
http://wiki.cpantesters.org/ for more information or email
questions to cpan-testers-discuss@perl.org


--
Dear Ed J,

This is a computer-generated report for SQL-Translator-Producer-GraphQL-0.02
on perl 5.26.1, created by CPAN-Reporter-1.2018.

Thank you for uploading your work to CPAN.  However, there was a problem
testing your distribution.

If you think this report is invalid, please consult the CPAN Testers Wiki
for suggestions on how to avoid getting FAIL reports for missing library
or binary dependencies, unsupported operating systems, and so on:

http://wiki.cpantesters.org/wiki/CPANAuthorNotes

Sections of this report:

    * Tester comments
    * Program output
    * Prerequisites
    * Environment and other context

------------------------------
TESTER COMMENTS
------------------------------

Additional comments from tester:

this report is from an automated smoke testing program
and was not reviewed by a human for accuracy

------------------------------
PROGRAM OUTPUT
------------------------------

Output from '/usr/bin/make test':

PERL_DL_NONLAZY=1 "/home/stro/perl/5.26.1/bin/perl" "-MExtUtils::Command::MM" "-MTest::Harness" "-e" "undef *Test::Harness::Switches; test_harness(0, 'blib/lib', 'blib/arch')" t/*.t
t/00-compile.t ......... ok
# 
# Versions for all modules listed in MYMETA.json (including optional ones):
# 
# === Configure Requires ===
# 
#     Module              Want Have Where                             Howbig
#     ------------------- ---- ---- --------------------------------- ------
#     ExtUtils::MakeMaker  any 7.24 /home/stro/perl/5.26.1/lib/5.26.1 107373
# 
# === Build Requires ===
# 
#     Module              Want Have Where                             Howbig
#     ------------------- ---- ---- --------------------------------- ------
#     ExtUtils::MakeMaker  any 7.24 /home/stro/perl/5.26.1/lib/5.26.1 107373
# 
# === Test Requires ===
# 
#     Module                                       Want     Have Where                                       Howbig
#     -------------------------------------------- ---- -------- ------------------------------------------- ------
#     GraphQL                                      0.20     0.20 /home/stro/perl/5.26.1/lib/site_perl/5.26.1   5337
#     GraphQL::Plugin::Convert::DBIC               0.01     0.02 /home/stro/perl/5.26.1/lib/site_perl/5.26.1   8875
#     SQL::Translator                               any  0.11021 /home/stro/perl/5.26.1/lib/site_perl/5.26.1  34418
#     SQL::Translator::Producer::DBIx::Class::File  any      0.1 /home/stro/perl/5.26.1/lib/site_perl/5.26.1   5078
#     Test::More                                   0.98 1.302106 /home/stro/perl/5.26.1/lib/site_perl/5.26.1  52999
# 
# === Runtime Requires ===
# 
#     Module                                       Want    Have Where                                       Howbig
#     -------------------------------------------- ---- ------- ------------------------------------------- ------
#     GraphQL                                      0.20    0.20 /home/stro/perl/5.26.1/lib/site_perl/5.26.1   5337
#     GraphQL::Plugin::Convert::DBIC               0.01    0.02 /home/stro/perl/5.26.1/lib/site_perl/5.26.1   8875
#     SQL::Translator                               any 0.11021 /home/stro/perl/5.26.1/lib/site_perl/5.26.1  34418
#     SQL::Translator::Producer::DBIx::Class::File  any     0.1 /home/stro/perl/5.26.1/lib/site_perl/5.26.1   5078
# 
t/00-report-prereqs.t .. ok
    # No tests run!

#   Failed test 'No tests run for subtest "MySQL"'
#   at t/01-schema.t line 23.
translate: Error with producer 'SQL::Translator::Producer::GraphQL': Not a CODE reference at /home/stro/perl/5.26.1/lib/site_perl/5.26.1/GraphQL/Plugin/Convert/DBIC.pm line 131.
# Tests were run but no plan was declared and done_testing() was not seen.
# Looks like your test exited with 255 just after 1.
t/01-schema.t .......... 
Dubious, test returned 255 (wstat 65280, 0xff00)
Failed 1/1 subtests 
translate: Error with producer 'SQL::Translator::Producer::GraphQL': Not a CODE reference at /home/stro/perl/5.26.1/lib/site_perl/5.26.1/GraphQL/Plugin/Convert/DBIC.pm line 131, <DATA> line 148.
t/02-dbicschema.t ...... 
Dubious, test returned 255 (wstat 65280, 0xff00)
No subtests run 

Test Summary Report
-------------------
t/01-schema.t        (Wstat: 65280 Tests: 1 Failed: 1)
  Failed test:  1
  Non-zero exit status: 255
  Parse errors: No plan found in TAP output
t/02-dbicschema.t    (Wstat: 65280 Tests: 0 Failed: 0)
  Non-zero exit status: 255
  Parse errors: No plan found in TAP output
Files=4, Tests=3,  4 wallclock secs ( 0.03 usr  0.02 sys +  2.43 cusr  0.24 csys =  2.72 CPU)
Result: FAIL
Failed 2/4 test programs. 1/3 subtests failed.
*** Error code 255
make: Fatal error: Command failed for target `test_dynamic'

------------------------------
PREREQUISITES
------------------------------

Prerequisite modules loaded:

requires:

    Module                                       Need  Have    
    -------------------------------------------- ----- --------
    GraphQL                                      0.20  0.20    
    GraphQL::Plugin::Convert::DBIC               0.01  0.02    
    perl                                         5.014 5.026001
    SQL::Translator                              0     0.11021 
    SQL::Translator::Producer::DBIx::Class::File 0     0.1     

build_requires:

    Module                                       Need  Have    
    -------------------------------------------- ----- --------
    ExtUtils::MakeMaker                          0     7.24    
    GraphQL                                      0.20  0.20    
    GraphQL::Plugin::Convert::DBIC               0.01  0.02    
    SQL::Translator                              0     0.11021 
    SQL::Translator::Producer::DBIx::Class::File 0     0.1     
    Test::More                                   0.98  1.302106

configure_requires:

    Module                                       Need  Have    
    -------------------------------------------- ----- --------
    ExtUtils::MakeMaker                          0     7.24    


------------------------------
ENVIRONMENT AND OTHER CONTEXT
------------------------------

Environment variables:

    AUTOMATED_TESTING = 1
    LANG = en_US.UTF-8
    PATH = /usr/gnu/bin:/usr/bin:/usr/sbin:/sbin:/usr/sfw/bin:
    PERL5LIB = 
    PERL5OPT = 
    PERL5_CPANPLUS_IS_RUNNING = 14011
    PERL5_CPAN_IS_RUNNING = 14011
    PERL5_CPAN_IS_RUNNING_IN_RECURSION = 28403,14011
    PERL_CR_SMOKER_CURRENT = SQL-Translator-Producer-GraphQL-0.02
    PERL_EXTUTILS_AUTOINSTALL = --defaultdeps
    PERL_MM_USE_DEFAULT = 1
    PERL_USE_UNSAFE_INC = 1
    SHELL = /bin/bash
    TERM = xterm-256color

Perl special variables (and OS-specific diagnostics, for MSWin32):

    $^X = /home/stro/perl/5.26.1/bin/perl
    $UID/$EUID = 101 / 101
    $GID = 10 10
    $EGID = 10 10

Perl module toolchain versions installed:

    Module              Have    
    ------------------- --------
    CPAN                2.18    
    CPAN::Meta          2.150010
    Cwd                 3.67    
    ExtUtils::CBuilder  0.280226
    ExtUtils::Command   7.24    
    ExtUtils::Install   2.04    
    ExtUtils::MakeMaker 7.24    
    ExtUtils::Manifest  1.70    
    ExtUtils::ParseXS   3.34    
    File::Spec          3.67    
    JSON                2.94    
    JSON::PP            2.94    
    Module::Build       0.4224  
    Module::Signature   n/a     
    Parse::CPAN::Meta   2.150010
    Test::Harness       3.38    
    Test::More          1.302106
    YAML                1.24    
    YAML::Syck          1.30    
    version             0.9917  


--

Summary of my perl5 (revision 5 version 26 subversion 1) configuration:
   
  Platform:
    osname=solaris
    osvers=2.11
    archname=i86pc-solaris
    uname='sunos vm-openindiana-001 5.11 illumos-ed992b0aac i86pc i386 i86pc solaris '
    config_args=''
    hint=recommended
    useposix=true
    d_sigaction=define
    useithreads=undef
    usemultiplicity=undef
    use64bitint=undef
    use64bitall=undef
    uselongdouble=undef
    usemymalloc=n
    default_inc_excludes_dot=define
    bincompat5005=undef
  Compiler:
    cc='/opt/SUNWspro/bin/cc'
    ccflags ='-I/usr/gnu/include -D_LARGEFILE_SOURCE -D_FILE_OFFSET_BITS=64 -DPERL_USE_SAFE_PUTENV'
    optimize='-O'
    cppflags='-I/usr/gnu/include'
    ccversion='Sun C 5.10 SunOS_i386 2009/06/03'
    gccversion=''
    gccosandvers=''
    intsize=4
    longsize=4
    ptrsize=4
    doublesize=8
    byteorder=1234
    doublekind=3
    d_longlong=define
    longlongsize=8
    d_longdbl=define
    longdblsize=12
    longdblkind=3
    ivtype='long'
    ivsize=4
    nvtype='double'
    nvsize=8
    Off_t='off_t'
    lseeksize=8
    alignbytes=4
    prototype=define
  Linker and Libraries:
    ld='/opt/SUNWspro/bin/cc'
    ldflags =' -L/usr/lib -L/usr/ccs/lib -L/opt/sunstudio12.1/prod/lib -L/lib -L/usr/gnu/lib '
    libpth=/usr/lib /usr/ccs/lib /opt/sunstudio12.1/prod/lib /lib /usr/gnu/lib
    libs=-lpthread -lsocket -lnsl -lgdbm -ldb -ldl -lm -lc
    perllibs=-lpthread -lsocket -lnsl -ldl -lm -lc
    libc=/lib/libc.so
    so=so
    useshrplib=true
    libperl=libperl.so
    gnulibc_version=''
  Dynamic Linking:
    dlsrc=dl_dlopen.xs
    dlext=so
    d_dlsymun=undef
    ccdlflags='  -R /home/stro/perl/5.26.1/lib/5.26.1/i86pc-solaris/CORE'
    cccdlflags='-KPIC'
    lddlflags='-G -L/usr/lib -L/usr/ccs/lib -L/opt/sunstudio12.1/prod/lib -L/lib -L/usr/gnu/lib'


Characteristics of this binary (from libperl): 
  Compile-time options:
    HAS_TIMES
    PERLIO_LAYERS
    PERL_COPY_ON_WRITE
    PERL_DONT_CREATE_GVSV
    PERL_HASH_FUNC_ONE_AT_A_TIME_HARD
    PERL_MALLOC_WRAP
    PERL_OP_PARENT
    PERL_PRESERVE_IVUV
    PERL_USE_SAFE_PUTENV
    USE_LARGE_FILES
    USE_LOCALE
    USE_LOCALE_COLLATE
    USE_LOCALE_CTYPE
    USE_LOCALE_NUMERIC
    USE_LOCALE_TIME
    USE_PERLIO
    USE_PERL_ATOF
  Built under solaris
  Compiled at Sep 22 2017 16:27:01
  %ENV:
    PERL5LIB=""
    PERL5OPT=""
    PERL5_CPANPLUS_IS_RUNNING="14011"
    PERL5_CPAN_IS_RUNNING="14011"
    PERL5_CPAN_IS_RUNNING_IN_RECURSION="28403,14011"
    PERL_CR_SMOKER_CURRENT="SQL-Translator-Producer-GraphQL-0.02"
    PERL_EXTUTILS_AUTOINSTALL="--defaultdeps"
    PERL_MM_USE_DEFAULT="1"
    PERL_USE_UNSAFE_INC="1"
  @INC:
    /home/stro/perl/5.26.1/lib/site_perl/5.26.1/i86pc-solaris
    /home/stro/perl/5.26.1/lib/site_perl/5.26.1
    /home/stro/perl/5.26.1/lib/5.26.1/i86pc-solaris
    /home/stro/perl/5.26.1/lib/5.26.1
    .