Report for Mastodon-Client-0.008

Back
From: metabase:user:31d414ea-2aae-11df-837a-5e0a49663a4f
Subject: NA Mastodon-Client-0.008 v5.8.9 GNU/Linux
Date: 2017-04-24T12:15:26Z

This distribution has been tested as part of the CPAN Testers
project, supporting the Perl programming language.  See
http://wiki.cpantesters.org/ for more information or email
questions to cpan-testers-discuss@perl.org


--
Dear Jose Joaquin Atria,

This is a computer-generated report for Mastodon-Client-0.008
on perl 5.8.9, created by CPAN-Reporter-1.2018.

Thank you for uploading your work to CPAN.  While attempting to build or test
this distribution, the distribution signaled that support is not available
either for this operating system or this version of Perl.  Nevertheless, any
diagnostic output produced is provided below for reference.  If this is not
what you expect, you may wish to consult the CPAN Testers Wiki:

http://wiki.cpantesters.org/wiki/CPANAuthorNotes

Sections of this report:

    * Tester comments
    * Program output
    * Prerequisites
    * Environment and other context

------------------------------
TESTER COMMENTS
------------------------------

Additional comments from tester:

this report is from an automated smoke testing program
and was not reviewed by a human for accuracy

------------------------------
PROGRAM OUTPUT
------------------------------

Output from '/usr/bin/make test':

PERL_DL_NONLAZY=1 "/home/david/cpantesting/perl-5.8.9/bin/perl" "-MExtUtils::Command::MM" "-MTest::Harness" "-e" "undef *Test::Harness::Switches; test_harness(0, 'blib/lib', 'blib/arch')" t/*.t
Perl v5.10.0 required--this is only v5.8.9, stopped at /home/david/cpantesting/perl-5.8.9/.cpan/build/Mastodon-Client-0.008-0/blib/lib/Mastodon/Client.pm line 6.
BEGIN failed--compilation aborted at /home/david/cpantesting/perl-5.8.9/.cpan/build/Mastodon-Client-0.008-0/blib/lib/Mastodon/Client.pm line 6.
Compilation failed in require at t/00_basic.t line 6.
BEGIN failed--compilation aborted at t/00_basic.t line 6.
t/00_basic.t ............ 
Dubious, test returned 255 (wstat 65280, 0xff00)
No subtests run 
Number found where operator expected at /home/david/cpantesting/perl-5.8.9/.cpan/build/Mastodon-Client-0.008-0/blib/lib/Mastodon/Entity/Account.pm line 97, near "over 4"
Number found where operator expected at /home/david/cpantesting/perl-5.8.9/.cpan/build/Mastodon-Client-0.008-0/blib/lib/Mastodon/Entity/Status.pm line 146, near "over 4"
	(Do you need to predeclare over?)
Semicolon seems to be missing at /home/david/cpantesting/perl-5.8.9/.cpan/build/Mastodon-Client-0.008-0/blib/lib/Mastodon/Entity/Status.pm line 149.
Semicolon seems to be missing at /home/david/cpantesting/perl-5.8.9/.cpan/build/Mastodon-Client-0.008-0/blib/lib/Mastodon/Entity/Status.pm line 153.
Semicolon seems to be missing at /home/david/cpantesting/perl-5.8.9/.cpan/build/Mastodon-Client-0.008-0/blib/lib/Mastodon/Entity/Status.pm line 157.
Semicolon seems to be missing at /home/david/cpantesting/perl-5.8.9/.cpan/build/Mastodon-Client-0.008-0/blib/lib/Mastodon/Entity/Status.pm line 161.
Bareword found where operator expected at /home/david/cpantesting/perl-5.8.9/.cpan/build/Mastodon-Client-0.008-0/blib/lib/Mastodon/Entity/Status.pm line 162, near "<Mastodon::Entity::Account> which"
	(Missing operator before which?)
Semicolon seems to be missing at /home/david/cpantesting/perl-5.8.9/.cpan/build/Mastodon-Client-0.008-0/blib/lib/Mastodon/Entity/Status.pm line 165.
Semicolon seems to be missing at /home/david/cpantesting/perl-5.8.9/.cpan/build/Mastodon-Client-0.008-0/blib/lib/Mastodon/Entity/Status.pm line 169.
Bareword found where operator expected at /home/david/cpantesting/perl-5.8.9/.cpan/build/Mastodon-Client-0.008-0/blib/lib/Mastodon/Entity/Status.pm line 170, near "account it"
	(Do you need to predeclare account?)
Semicolon seems to be missing at /home/david/cpantesting/perl-5.8.9/.cpan/build/Mastodon-Client-0.008-0/blib/lib/Mastodon/Entity/Status.pm line 173.
Semicolon seems to be missing at /home/david/cpantesting/perl-5.8.9/.cpan/build/Mastodon-Client-0.008-0/blib/lib/Mastodon/Entity/Status.pm line 177.
Semicolon seems to be missing at /home/david/cpantesting/perl-5.8.9/.cpan/build/Mastodon-Client-0.008-0/blib/lib/Mastodon/Entity/Status.pm line 181.
Bareword found where operator expected at /home/david/cpantesting/perl-5.8.9/.cpan/build/Mastodon-Client-0.008-0/blib/lib/Mastodon/Entity/Status.pm line 182, near "time the"
	(Do you need to predeclare time?)
Semicolon seems to be missing at /home/david/cpantesting/perl-5.8.9/.cpan/build/Mastodon-Client-0.008-0/blib/lib/Mastodon/Entity/Status.pm line 185.
Semicolon seems to be missing at /home/david/cpantesting/perl-5.8.9/.cpan/build/Mastodon-Client-0.008-0/blib/lib/Mastodon/Entity/Status.pm line 189.
Semicolon seems to be missing at /home/david/cpantesting/perl-5.8.9/.cpan/build/Mastodon-Client-0.008-0/blib/lib/Mastodon/Entity/Status.pm line 193.
Semicolon seems to be missing at /home/david/cpantesting/perl-5.8.9/.cpan/build/Mastodon-Client-0.008-0/blib/lib/Mastodon/Entity/Status.pm line 197.
Semicolon seems to be missing at /home/david/cpantesting/perl-5.8.9/.cpan/build/Mastodon-Client-0.008-0/blib/lib/Mastodon/Entity/Status.pm line 201.
Semicolon seems to be missing at /home/david/cpantesting/perl-5.8.9/.cpan/build/Mastodon-Client-0.008-0/blib/lib/Mastodon/Entity/Status.pm line 205.
Semicolon seems to be missing at /home/david/cpantesting/perl-5.8.9/.cpan/build/Mastodon-Client-0.008-0/blib/lib/Mastodon/Entity/Status.pm line 209.
Semicolon seems to be missing at /home/david/cpantesting/perl-5.8.9/.cpan/build/Mastodon-Client-0.008-0/blib/lib/Mastodon/Entity/Status.pm line 213.
Bareword found where operator expected at /home/david/cpantesting/perl-5.8.9/.cpan/build/Mastodon-Client-0.008-0/blib/lib/Mastodon/Entity/Status.pm line 214, near "<Mastodon::Entity::Attachment> objects"
	(Missing operator before objects?)
Semicolon seems to be missing at /home/david/cpantesting/perl-5.8.9/.cpan/build/Mastodon-Client-0.008-0/blib/lib/Mastodon/Entity/Status.pm line 217.
Bareword found where operator expected at /home/david/cpantesting/perl-5.8.9/.cpan/build/Mastodon-Client-0.008-0/blib/lib/Mastodon/Entity/Status.pm line 218, near "<Mastodon::Entity::Mention> objects"
	(Missing operator before objects?)
Semicolon seems to be missing at /home/david/cpantesting/perl-5.8.9/.cpan/build/Mastodon-Client-0.008-0/blib/lib/Mastodon/Entity/Status.pm line 221.
Bareword found where operator expected at /home/david/cpantesting/perl-5.8.9/.cpan/build/Mastodon-Client-0.008-0/blib/lib/Mastodon/Entity/Status.pm line 222, near "<Mastodon::Entity::Tag> objects"
	(Missing operator before objects?)
Semicolon seems to be missing at /home/david/cpantesting/perl-5.8.9/.cpan/build/Mastodon-Client-0.008-0/blib/lib/Mastodon/Entity/Status.pm line 225.
Bareword found where operator expected at /home/david/cpantesting/perl-5.8.9/.cpan/build/Mastodon-Client-0.008-0/blib/lib/Mastodon/Entity/Status.pm line 226, near "Application from"
	(Do you need to predeclare Application?)
Number found where operator expected at /home/david/cpantesting/perl-5.8.9/.cpan/build/Mastodon-Client-0.008-0/blib/lib/Mastodon/Entity/Status.pm line 237, near "over 4"
	(Do you need to predeclare over?)
Semicolon seems to be missing at /home/david/cpantesting/perl-5.8.9/.cpan/build/Mastodon-Client-0.008-0/blib/lib/Mastodon/Entity/Status.pm line 240.
Semicolon seems to be missing at /home/david/cpantesting/perl-5.8.9/.cpan/build/Mastodon-Client-0.008-0/blib/lib/Mastodon/Entity/Status.pm line 244.
Semicolon seems to be missing at /home/david/cpantesting/perl-5.8.9/.cpan/build/Mastodon-Client-0.008-0/blib/lib/Mastodon/Entity/Status.pm line 248.
Semicolon seems to be missing at /home/david/cpantesting/perl-5.8.9/.cpan/build/Mastodon-Client-0.008-0/blib/lib/Mastodon/Entity/Status.pm line 252.
Semicolon seems to be missing at /home/david/cpantesting/perl-5.8.9/.cpan/build/Mastodon-Client-0.008-0/blib/lib/Mastodon/Entity/Status.pm line 256.
Semicolon seems to be missing at /home/david/cpantesting/perl-5.8.9/.cpan/build/Mastodon-Client-0.008-0/blib/lib/Mastodon/Entity/Status.pm line 260.
Semicolon seems to be missing at /home/david/cpantesting/perl-5.8.9/.cpan/build/Mastodon-Client-0.008-0/blib/lib/Mastodon/Entity/Status.pm line 264.
Semicolon seems to be missing at /home/david/cpantesting/perl-5.8.9/.cpan/build/Mastodon-Client-0.008-0/blib/lib/Mastodon/Entity/Status.pm line 268.
Semicolon seems to be missing at /home/david/cpantesting/perl-5.8.9/.cpan/build/Mastodon-Client-0.008-0/blib/lib/Mastodon/Entity/Status.pm line 272.
Semicolon seems to be missing at /home/david/cpantesting/perl-5.8.9/.cpan/build/Mastodon-Client-0.008-0/blib/lib/Mastodon/Entity/Status.pm line 276.
Number found where operator expected at /home/david/cpantesting/perl-5.8.9/.cpan/build/Mastodon-Client-0.008-0/blib/lib/Mastodon/Entity/Status.pm line 283, near "over 4"
	(Do you need to predeclare over?)

#   Failed test 'no (unexpected) warnings (via done_testing)'
#   at t/01_entities.t line 89.
# Looks like you failed 1 test of 29.
t/01_entities.t ......... 
Dubious, test returned 1 (wstat 256, 0x100)
Failed 1/29 subtests 
Number found where operator expected at /home/david/cpantesting/perl-5.8.9/.cpan/build/Mastodon-Client-0.008-0/blib/lib/Mastodon/Entity/Status.pm line 146, near "over 4"
	(Do you need to predeclare over?)
Semicolon seems to be missing at /home/david/cpantesting/perl-5.8.9/.cpan/build/Mastodon-Client-0.008-0/blib/lib/Mastodon/Entity/Status.pm line 149.
Semicolon seems to be missing at /home/david/cpantesting/perl-5.8.9/.cpan/build/Mastodon-Client-0.008-0/blib/lib/Mastodon/Entity/Status.pm line 153.
Semicolon seems to be missing at /home/david/cpantesting/perl-5.8.9/.cpan/build/Mastodon-Client-0.008-0/blib/lib/Mastodon/Entity/Status.pm line 157.
Semicolon seems to be missing at /home/david/cpantesting/perl-5.8.9/.cpan/build/Mastodon-Client-0.008-0/blib/lib/Mastodon/Entity/Status.pm line 161.
Bareword found where operator expected at /home/david/cpantesting/perl-5.8.9/.cpan/build/Mastodon-Client-0.008-0/blib/lib/Mastodon/Entity/Status.pm line 162, near "<Mastodon::Entity::Account> which"
	(Missing operator before which?)
Semicolon seems to be missing at /home/david/cpantesting/perl-5.8.9/.cpan/build/Mastodon-Client-0.008-0/blib/lib/Mastodon/Entity/Status.pm line 165.
Semicolon seems to be missing at /home/david/cpantesting/perl-5.8.9/.cpan/build/Mastodon-Client-0.008-0/blib/lib/Mastodon/Entity/Status.pm line 169.
Bareword found where operator expected at /home/david/cpantesting/perl-5.8.9/.cpan/build/Mastodon-Client-0.008-0/blib/lib/Mastodon/Entity/Status.pm line 170, near "account it"
	(Do you need to predeclare account?)
Semicolon seems to be missing at /home/david/cpantesting/perl-5.8.9/.cpan/build/Mastodon-Client-0.008-0/blib/lib/Mastodon/Entity/Status.pm line 173.
Semicolon seems to be missing at /home/david/cpantesting/perl-5.8.9/.cpan/build/Mastodon-Client-0.008-0/blib/lib/Mastodon/Entity/Status.pm line 177.
Semicolon seems to be missing at /home/david/cpantesting/perl-5.8.9/.cpan/build/Mastodon-Client-0.008-0/blib/lib/Mastodon/Entity/Status.pm line 181.
Bareword found where operator expected at /home/david/cpantesting/perl-5.8.9/.cpan/build/Mastodon-Client-0.008-0/blib/lib/Mastodon/Entity/Status.pm line 182, near "time the"
	(Do you need to predeclare time?)
Semicolon seems to be missing at /home/david/cpantesting/perl-5.8.9/.cpan/build/Mastodon-Client-0.008-0/blib/lib/Mastodon/Entity/Status.pm line 185.
Semicolon seems to be missing at /home/david/cpantesting/perl-5.8.9/.cpan/build/Mastodon-Client-0.008-0/blib/lib/Mastodon/Entity/Status.pm line 189.
Semicolon seems to be missing at /home/david/cpantesting/perl-5.8.9/.cpan/build/Mastodon-Client-0.008-0/blib/lib/Mastodon/Entity/Status.pm line 193.
Semicolon seems to be missing at /home/david/cpantesting/perl-5.8.9/.cpan/build/Mastodon-Client-0.008-0/blib/lib/Mastodon/Entity/Status.pm line 197.
Semicolon seems to be missing at /home/david/cpantesting/perl-5.8.9/.cpan/build/Mastodon-Client-0.008-0/blib/lib/Mastodon/Entity/Status.pm line 201.
Semicolon seems to be missing at /home/david/cpantesting/perl-5.8.9/.cpan/build/Mastodon-Client-0.008-0/blib/lib/Mastodon/Entity/Status.pm line 205.
Semicolon seems to be missing at /home/david/cpantesting/perl-5.8.9/.cpan/build/Mastodon-Client-0.008-0/blib/lib/Mastodon/Entity/Status.pm line 209.
Semicolon seems to be missing at /home/david/cpantesting/perl-5.8.9/.cpan/build/Mastodon-Client-0.008-0/blib/lib/Mastodon/Entity/Status.pm line 213.
Bareword found where operator expected at /home/david/cpantesting/perl-5.8.9/.cpan/build/Mastodon-Client-0.008-0/blib/lib/Mastodon/Entity/Status.pm line 214, near "<Mastodon::Entity::Attachment> objects"
	(Missing operator before objects?)
Semicolon seems to be missing at /home/david/cpantesting/perl-5.8.9/.cpan/build/Mastodon-Client-0.008-0/blib/lib/Mastodon/Entity/Status.pm line 217.
Bareword found where operator expected at /home/david/cpantesting/perl-5.8.9/.cpan/build/Mastodon-Client-0.008-0/blib/lib/Mastodon/Entity/Status.pm line 218, near "<Mastodon::Entity::Mention> objects"
	(Missing operator before objects?)
Semicolon seems to be missing at /home/david/cpantesting/perl-5.8.9/.cpan/build/Mastodon-Client-0.008-0/blib/lib/Mastodon/Entity/Status.pm line 221.
Bareword found where operator expected at /home/david/cpantesting/perl-5.8.9/.cpan/build/Mastodon-Client-0.008-0/blib/lib/Mastodon/Entity/Status.pm line 222, near "<Mastodon::Entity::Tag> objects"
	(Missing operator before objects?)
Semicolon seems to be missing at /home/david/cpantesting/perl-5.8.9/.cpan/build/Mastodon-Client-0.008-0/blib/lib/Mastodon/Entity/Status.pm line 225.
Bareword found where operator expected at /home/david/cpantesting/perl-5.8.9/.cpan/build/Mastodon-Client-0.008-0/blib/lib/Mastodon/Entity/Status.pm line 226, near "Application from"
	(Do you need to predeclare Application?)
Number found where operator expected at /home/david/cpantesting/perl-5.8.9/.cpan/build/Mastodon-Client-0.008-0/blib/lib/Mastodon/Entity/Status.pm line 237, near "over 4"
	(Do you need to predeclare over?)
Semicolon seems to be missing at /home/david/cpantesting/perl-5.8.9/.cpan/build/Mastodon-Client-0.008-0/blib/lib/Mastodon/Entity/Status.pm line 240.
Semicolon seems to be missing at /home/david/cpantesting/perl-5.8.9/.cpan/build/Mastodon-Client-0.008-0/blib/lib/Mastodon/Entity/Status.pm line 244.
Semicolon seems to be missing at /home/david/cpantesting/perl-5.8.9/.cpan/build/Mastodon-Client-0.008-0/blib/lib/Mastodon/Entity/Status.pm line 248.
Semicolon seems to be missing at /home/david/cpantesting/perl-5.8.9/.cpan/build/Mastodon-Client-0.008-0/blib/lib/Mastodon/Entity/Status.pm line 252.
Semicolon seems to be missing at /home/david/cpantesting/perl-5.8.9/.cpan/build/Mastodon-Client-0.008-0/blib/lib/Mastodon/Entity/Status.pm line 256.
Semicolon seems to be missing at /home/david/cpantesting/perl-5.8.9/.cpan/build/Mastodon-Client-0.008-0/blib/lib/Mastodon/Entity/Status.pm line 260.
Semicolon seems to be missing at /home/david/cpantesting/perl-5.8.9/.cpan/build/Mastodon-Client-0.008-0/blib/lib/Mastodon/Entity/Status.pm line 264.
Semicolon seems to be missing at /home/david/cpantesting/perl-5.8.9/.cpan/build/Mastodon-Client-0.008-0/blib/lib/Mastodon/Entity/Status.pm line 268.
Semicolon seems to be missing at /home/david/cpantesting/perl-5.8.9/.cpan/build/Mastodon-Client-0.008-0/blib/lib/Mastodon/Entity/Status.pm line 272.
Semicolon seems to be missing at /home/david/cpantesting/perl-5.8.9/.cpan/build/Mastodon-Client-0.008-0/blib/lib/Mastodon/Entity/Status.pm line 276.
Number found where operator expected at /home/david/cpantesting/perl-5.8.9/.cpan/build/Mastodon-Client-0.008-0/blib/lib/Mastodon/Entity/Status.pm line 283, near "over 4"
	(Do you need to predeclare over?)

#   Failed test 'An object of class 'Mastodon::Entity::Status' isa 'Mastodon::Entity::Mention''
#   at t/02_entity_coercion.t line 78.
#     The object of class 'Mastodon::Entity::Status' isn't a 'Mastodon::Entity::Mention'

#   Failed test 'An object of class 'Mastodon::Entity::Status' isa 'Mastodon::Entity::Card''
#   at t/02_entity_coercion.t line 78.
#     The object of class 'Mastodon::Entity::Status' isn't a 'Mastodon::Entity::Card'

#   Failed test 'An object of class 'Mastodon::Entity::Status' isa 'Mastodon::Entity::Notification''
#   at t/02_entity_coercion.t line 78.
#     The object of class 'Mastodon::Entity::Status' isn't a 'Mastodon::Entity::Notification'

#   Failed test 'An object of class 'Mastodon::Entity::Status' isa 'Mastodon::Entity::Attachment''
#   at t/02_entity_coercion.t line 78.
#     The object of class 'Mastodon::Entity::Status' isn't a 'Mastodon::Entity::Attachment'

#   Failed test 'An object of class 'Mastodon::Entity::Status' isa 'Mastodon::Entity::Account''
#   at t/02_entity_coercion.t line 78.
#     The object of class 'Mastodon::Entity::Status' isn't a 'Mastodon::Entity::Account'

#   Failed test 'An object of class 'Mastodon::Entity::Status' isa 'Mastodon::Entity::Context''
#   at t/02_entity_coercion.t line 78.
#     The object of class 'Mastodon::Entity::Status' isn't a 'Mastodon::Entity::Context'

#   Failed test 'An object of class 'Mastodon::Entity::Status' isa 'Mastodon::Entity::Error''
#   at t/02_entity_coercion.t line 78.
#     The object of class 'Mastodon::Entity::Status' isn't a 'Mastodon::Entity::Error'

#   Failed test 'An object of class 'Mastodon::Entity::Status' isa 'Mastodon::Entity::Instance''
#   at t/02_entity_coercion.t line 78.
#     The object of class 'Mastodon::Entity::Status' isn't a 'Mastodon::Entity::Instance'

#   Failed test 'An object of class 'Mastodon::Entity::Status' isa 'Mastodon::Entity::Application''
#   at t/02_entity_coercion.t line 78.
#     The object of class 'Mastodon::Entity::Status' isn't a 'Mastodon::Entity::Application'

#   Failed test 'An object of class 'Mastodon::Entity::Status' isa 'Mastodon::Entity::Results''
#   at t/02_entity_coercion.t line 78.
#     The object of class 'Mastodon::Entity::Status' isn't a 'Mastodon::Entity::Results'

#   Failed test 'An object of class 'Mastodon::Entity::Status' isa 'Mastodon::Entity::Relationship''
#   at t/02_entity_coercion.t line 78.
#     The object of class 'Mastodon::Entity::Status' isn't a 'Mastodon::Entity::Relationship'

#   Failed test 'An object of class 'Mastodon::Entity::Status' isa 'Mastodon::Entity::Report''
#   at t/02_entity_coercion.t line 78.
#     The object of class 'Mastodon::Entity::Status' isn't a 'Mastodon::Entity::Report'

#   Failed test 'An object of class 'Mastodon::Entity::Status' isa 'Mastodon::Entity::Tag''
#   at t/02_entity_coercion.t line 78.
#     The object of class 'Mastodon::Entity::Status' isn't a 'Mastodon::Entity::Tag'

#   Failed test 'no (unexpected) warnings (via done_testing)'
#   at t/02_entity_coercion.t line 87.
# Looks like you failed 14 tests of 32.
t/02_entity_coercion.t .. 
Dubious, test returned 14 (wstat 3584, 0xe00)
Failed 14/32 subtests 
Perl v5.10.0 required--this is only v5.8.9, stopped at /home/david/cpantesting/perl-5.8.9/.cpan/build/Mastodon-Client-0.008-0/blib/lib/Mastodon/Client.pm line 6.
BEGIN failed--compilation aborted at /home/david/cpantesting/perl-5.8.9/.cpan/build/Mastodon-Client-0.008-0/blib/lib/Mastodon/Client.pm line 6.
Compilation failed in require at t/05_authorize.t line 8.
BEGIN failed--compilation aborted at t/05_authorize.t line 8.
t/05_authorize.t ........ 
Dubious, test returned 255 (wstat 65280, 0xff00)
No subtests run 
Perl v5.10.0 required--this is only v5.8.9, stopped at /home/david/cpantesting/perl-5.8.9/.cpan/build/Mastodon-Client-0.008-0/blib/lib/Mastodon/Client.pm line 6.
BEGIN failed--compilation aborted at /home/david/cpantesting/perl-5.8.9/.cpan/build/Mastodon-Client-0.008-0/blib/lib/Mastodon/Client.pm line 6.
Compilation failed in require at t/10_tcp.t line 9.
BEGIN failed--compilation aborted at t/10_tcp.t line 9.
t/10_tcp.t .............. 
Dubious, test returned 255 (wstat 65280, 0xff00)
No subtests run 

Test Summary Report
-------------------
t/00_basic.t          (Wstat: 65280 Tests: 0 Failed: 0)
  Non-zero exit status: 255
  Parse errors: No plan found in TAP output
t/01_entities.t       (Wstat: 256 Tests: 29 Failed: 1)
  Failed test:  29
  Non-zero exit status: 1
t/02_entity_coercion.t (Wstat: 3584 Tests: 32 Failed: 14)
  Failed tests:  2, 4, 8, 10, 12, 14, 16, 18, 20, 22, 24
                26, 28, 32
  Non-zero exit status: 14
t/05_authorize.t      (Wstat: 65280 Tests: 0 Failed: 0)
  Non-zero exit status: 255
  Parse errors: No plan found in TAP output
t/10_tcp.t            (Wstat: 65280 Tests: 0 Failed: 0)
  Non-zero exit status: 255
  Parse errors: No plan found in TAP output
Files=5, Tests=61,  2 wallclock secs ( 0.03 usr  0.02 sys +  0.54 cusr  0.08 csys =  0.67 CPU)
Result: FAIL
Failed 5/5 test programs. 15/61 subtests failed.
Makefile:946: recipe for target 'test_dynamic' failed
make: *** [test_dynamic] Error 255

------------------------------
PREREQUISITES
------------------------------

Prerequisite modules loaded:

requires:

    Module                     Need     Have    
    -------------------------- -------- --------
    AnyEvent                   7.13     7.13    
  ! AnyEvent::Emitter          0.02     n/a     
    AnyEvent::HTTP             2.23     2.23    
    DateTime                   1.42     1.42    
    DateTime::Format::Strptime 1.73     1.73    
    List::Util                 1.47     1.47    
    Log::Any                   1.049    1.049   
    LWP::UserAgent             6.25     6.26    
    Moo                        2.003002 2.003002
    Try::Tiny                  0.28     0.28    
    Type::Params               1.000006 1.000006
    Types::Common::String      1.000006 1.000006
    Types::Path::Tiny          0.005    0.005   
    Types::Standard            1.000006 1.000006
    URI                        1.71     1.71    

build_requires:

    Module                     Need     Have    
    -------------------------- -------- --------
    ExtUtils::MakeMaker        0        7.24    
  ! Plack                      1.0043   n/a     
    Test::Exception            0.043    0.43    
    Test::More                 1.302078 1.302083
    Test::TCP                  2.17     2.17    
    Test::Warnings             0.026    0.026   

configure_requires:

    Module                     Need     Have    
    -------------------------- -------- --------
    ExtUtils::MakeMaker        0        7.24    


------------------------------
ENVIRONMENT AND OTHER CONTEXT
------------------------------

Environment variables:

    AUTOMATED_TESTING = 1
    NONINTERACTIVE_TESTING = 1
    PATH = /usr/local/bin:/usr/bin:/bin:/usr/local/games:/usr/games
    PERL = 5.8.9
    PERL5LIB = 
    PERL5OPT = 
    PERL5_CPANPLUS_IS_RUNNING = 23321
    PERL5_CPAN_IS_RUNNING = 23321
    PERLVER = 5.8.9
    PERL_INLINE_DIRECTORY = /home/david/.Inline-5.8.9
    PERL_MM_USE_DEFAULT = 1
    PERL_USE_UNSAFE_INC = 0
    SHELL = /bin/bash
    TERM = screen

Perl special variables (and OS-specific diagnostics, for MSWin32):

    $^X = /home/david/cpantesting/perl-5.8.9/bin/perl
    $UID/$EUID = 1000 / 1000
    $GID = 1000 1000
    $EGID = 1000 1000

Perl module toolchain versions installed:

    Module              Have    
    ------------------- --------
    CPAN                2.14    
    CPAN::Meta          2.143240
    Cwd                 3.62    
    ExtUtils::CBuilder  0.280224
    ExtUtils::Command   7.24    
    ExtUtils::Install   1.54    
    ExtUtils::MakeMaker 7.24    
    ExtUtils::Manifest  1.70    
    ExtUtils::ParseXS   3.30    
    File::Spec          3.62    
    JSON                2.90    
    JSON::PP            2.27400 
    Module::Build       0.4222  
    Module::Signature   n/a     
    Parse::CPAN::Meta   1.4414  
    Test::Harness       3.39    
    Test::More          1.302083
    YAML                1.18    
    YAML::Syck          1.30    
    version             0.9917  


--

Summary of my perl5 (revision 5 version 8 subversion 9) configuration:
  Platform:
    osname=linux, osvers=3.16.0-4-amd64, archname=x86_64-linux-thread-multi
    uname='linux pigsty.barnyard.co.uk 3.16.0-4-amd64 #1 smp debian 3.16.36-1+deb8u1 (2016-09-03) x86_64 gnulinux '
    config_args='-de -Duse64bitall -Dusethreads -Dprefix=/home/david/cpantesting/perl-5.8.9'
    hint=recommended, useposix=true, d_sigaction=define
    usethreads=define use5005threads=undef useithreads=define usemultiplicity=define
    useperlio=define d_sfio=undef uselargefiles=define usesocks=undef
    use64bitint=define use64bitall=define uselongdouble=undef
    usemymalloc=n, bincompat5005=undef
  Compiler:
    cc='cc', ccflags ='-D_REENTRANT -D_GNU_SOURCE -fno-strict-aliasing -pipe -I/usr/local/include -D_LARGEFILE_SOURCE -D_FILE_OFFSET_BITS=64',
    optimize='-O2',
    cppflags='-D_REENTRANT -D_GNU_SOURCE -fno-strict-aliasing -pipe -I/usr/local/include'
    ccversion='', gccversion='4.9.2', gccosandvers=''
    intsize=4, longsize=8, ptrsize=8, doublesize=8, byteorder=12345678
    d_longlong=define, longlongsize=8, d_longdbl=define, longdblsize=16
    ivtype='long', ivsize=8, nvtype='double', nvsize=8, Off_t='off_t', lseeksize=8
    alignbytes=8, prototype=define
  Linker and Libraries:
    ld='cc', ldflags =' -L/usr/local/lib'
    libpth=/usr/local/lib /lib/x86_64-linux-gnu /lib/../lib /usr/lib/x86_64-linux-gnu /usr/lib/../lib /lib /usr/lib
    libs=-lnsl -ldb -ldl -lm -lcrypt -lutil -lpthread -lc
    perllibs=-lnsl -ldl -lm -lcrypt -lutil -lpthread -lc
    libc=libc-2.19.so, so=so, useshrplib=false, libperl=libperl.a
    gnulibc_version='2.19'
  Dynamic Linking:
    dlsrc=dl_dlopen.xs, dlext=so, d_dlsymun=undef, ccdlflags='-Wl,-E'
    cccdlflags='-fPIC', lddlflags='-shared -O2 -L/usr/local/lib'


Characteristics of this binary (from libperl): 
  Compile-time options: MULTIPLICITY PERL_IMPLICIT_CONTEXT PERL_MALLOC_WRAP
                        USE_64_BIT_ALL USE_64_BIT_INT USE_FAST_STDIO
                        USE_ITHREADS USE_LARGE_FILES USE_PERLIO
                        USE_REENTRANT_API
  Locally applied patches:
	Devel::PatchPerl 1.44
  Built under linux
  Compiled at Oct 12 2016 14:10:05
  %ENV:
    PERL="5.8.9"
    PERL5LIB=""
    PERL5OPT=""
    PERL5_CPANPLUS_IS_RUNNING="23321"
    PERL5_CPAN_IS_RUNNING="23321"
    PERLVER="5.8.9"
    PERL_INLINE_DIRECTORY="/home/david/.Inline-5.8.9"
    PERL_MM_USE_DEFAULT="1"
    PERL_USE_UNSAFE_INC="0"
  @INC:
    /home/david/cpantesting/perl-5.8.9/lib/5.8.9/x86_64-linux-thread-multi
    /home/david/cpantesting/perl-5.8.9/lib/5.8.9
    /home/david/cpantesting/perl-5.8.9/lib/site_perl/5.8.9/x86_64-linux-thread-multi
    /home/david/cpantesting/perl-5.8.9/lib/site_perl/5.8.9
    .