Image-Scale v0.14 Perl 5 v5.8.8 x86_64-linux-thread-multi

Status
Fail
From
Nigel Horne
Dist
Image-Scale v0.14
Platform
Perl 5 v5.8.8 x86_64-linux-thread-multi
Date
2018-03-19 17:19:37
ID
b37f02da-2b99-11e8-91ce-d3e3deac0b3f
This distribution has been tested as part of the CPAN Testers
project, supporting the Perl programming language.  See
http://wiki.cpantesters.org/ for more information or email
questions to cpan-testers-discuss@perl.org


--
Dear Andy Grundman,

This is a computer-generated report for Image-Scale-0.14
on perl 5.8.8, created by CPAN-Reporter-1.2018.

Thank you for uploading your work to CPAN.  However, there was a problem
testing your distribution.

If you think this report is invalid, please consult the CPAN Testers Wiki
for suggestions on how to avoid getting FAIL reports for missing library
or binary dependencies, unsupported operating systems, and so on:

http://wiki.cpantesters.org/wiki/CPANAuthorNotes

Sections of this report:

    * Tester comments
    * Program output
    * Prerequisites
    * Environment and other context

------------------------------
TESTER COMMENTS
------------------------------

Additional comments from tester:

this report is from an automated smoke testing program
and was not reviewed by a human for accuracy

------------------------------
PROGRAM OUTPUT
------------------------------

Output from '/usr/bin/make test':

"/home/njh/perl5/perlbrew/perls/perl-5.8.8/bin/perl" -MExtUtils::Command::MM -e 'cp_nonempty' -- Scale.bs blib/arch/auto/Image/Scale/Scale.bs 644
PERL_DL_NONLAZY=1 "/home/njh/perl5/perlbrew/perls/perl-5.8.8/bin/perl" "-MExtUtils::Command::MM" "-MTest::Harness" "-e" "undef *Test::Harness::Switches; test_harness(0, 'blib/lib', 'blib/arch')" t/*.t
t/01use.t .......... ok
t/02pod.t .......... skipped: set TEST_POD to enable this test
t/03podcoverage.t .. skipped: set TEST_POD to enable this test
t/04critic.t ....... skipped: Critic test only for developers.
t/gif.t ............ skipped: Image::Scale not built with giflib support
t/bmp.t ............ ok
# libjpeg version: 62
t/jpeg.t ........... ok
Cannot open /home/njh/.cpan/build/Image-Scale-0.14-7/t/tmp/rgba16_resize_gd_fixed_point_w100.png at t/png.t line 182.
# Looks like your test exited with 2 just after 24.
t/png.t ............ 
Dubious, test returned 2 (wstat 512, 0x200)
Failed 22/46 subtests 
t/stringify.t ...... ok

Test Summary Report
-------------------
t/png.t          (Wstat: 512 Tests: 24 Failed: 0)
  Non-zero exit status: 2
  Parse errors: Bad plan.  You planned 46 tests but ran 24.
Files=9, Tests=175,  1 wallclock secs ( 0.09 usr  0.03 sys +  0.82 cusr  0.19 csys =  1.13 CPU)
Result: FAIL
Failed 1/9 test programs. 0/175 subtests failed.
Makefile:1018: recipe for target 'test_dynamic' failed
make: *** [test_dynamic] Error 255

------------------------------
PREREQUISITES
------------------------------

Prerequisite modules loaded:

requires:

    Module              Need  Have    
    ------------------- ----- --------
    perl                5.008 5.008008
    Test::NoWarnings    0     1.04    

build_requires:

    Module              Need  Have    
    ------------------- ----- --------
    ExtUtils::MakeMaker 0     7.22    

configure_requires:

    Module              Need  Have    
    ------------------- ----- --------
    ExtUtils::MakeMaker 0     7.22    


------------------------------
ENVIRONMENT AND OTHER CONTEXT
------------------------------

Environment variables:

    AUTOMATED_TESTING = 1
    HARNESS_OPTIONS = j2
    LANG = en_GB.UTF-8
    LANGUAGE = en_GB:en
    PATH = /home/njh/perl5/perlbrew/bin:/home/njh/perl5/perlbrew/perls/perl-5.8.8/bin:src/njh/smoker/bin:/usr/bin:/bin
    PERL5LIB = /home/njh/.cpan/build/ExtUtils-PkgConfig-1.16-20/blib/arch:/home/njh/.cpan/build/ExtUtils-PkgConfig-1.16-20/blib/lib:/home/njh/.cpan/build/Cache-Memcached-1.30-7/blib/arch:/home/njh/.cpan/build/Cache-Memcached-1.30-7/blib/lib:/home/njh/.cpan/build/String-CRC32-1.6-8/blib/arch:/home/njh/.cpan/build/String-CRC32-1.6-8/blib/lib:/home/njh/.cpan/build/Error-0.17025-15/blib/arch:/home/njh/.cpan/build/Error-0.17025-15/blib/lib:/home/njh/.cpan/build/Digest-SHA1-2.13-17/blib/arch:/home/njh/.cpan/build/Digest-SHA1-2.13-17/blib/lib:/home/njh/.cpan/build/File-ShareDir-Install-0.11-110/blib/arch:/home/njh/.cpan/build/File-ShareDir-Install-0.11-110/blib/lib:/home/njh/.cpan/build/Inline-0.80-31/blib/arch:/home/njh/.cpan/build/Inline-0.80-31/blib/lib
    PERL5OPT = 
    PERL5_CPANPLUS_IS_RUNNING = 24675
    PERL5_CPAN_IS_RUNNING = 24675
    PERLBREW_BASHRC_VERSION = 0.75
    PERLBREW_HOME = /home/njh/.perlbrew
    PERLBREW_MANPATH = /home/njh/perl5/perlbrew/perls/perl-5.8.8/man
    PERLBREW_PATH = /home/njh/perl5/perlbrew/bin:/home/njh/perl5/perlbrew/perls/perl-5.8.8/bin
    PERLBREW_PERL = perl-5.8.8
    PERLBREW_ROOT = /home/njh/perl5/perlbrew
    PERLBREW_VERSION = 0.75
    SHELL = /bin/sh

Perl special variables (and OS-specific diagnostics, for MSWin32):

    $^X = /home/njh/perl5/perlbrew/perls/perl-5.8.8/bin/perl
    $UID/$EUID = 1000 / 1000
    $GID = 1000 1000 127 116 108 103 46 44 30 29 25 24 4
    $EGID = 1000 1000 127 116 108 103 46 44 30 29 25 24 4

Perl module toolchain versions installed:

    Module              Have    
    ------------------- --------
    CPAN                2.16    
    CPAN::Meta          2.150005
    Cwd                 3.47    
    ExtUtils::CBuilder  0.280220
    ExtUtils::Command   7.22    
    ExtUtils::Install   2.04    
    ExtUtils::MakeMaker 7.22    
    ExtUtils::Manifest  1.70    
    ExtUtils::ParseXS   3.30    
    File::Spec          3.47    
    JSON                2.90    
    JSON::PP            2.27400 
    Module::Build       0.4210  
    Module::Signature   n/a     
    Parse::CPAN::Meta   1.4422  
    Test::Harness       3.36    
    Test::More          1.302086
    YAML                1.23    
    YAML::Syck          1.30    
    version             0.9909  


--

Summary of my perl5 (revision 5 version 8 subversion 8) configuration:
  Platform:
    osname=linux, osvers=3.16-3-amd64, archname=x86_64-linux-thread-multi
    uname='linux compaq 3.16-3-amd64 #1 smp debian 3.16.5-1 (2014-10-10) x86_64 gnulinux '
    config_args='-de -Dprefix=/home/njh/perl5/perlbrew/perls/perl-5.8.8 -Duseithreads -Dusemultiplicity -Dusedevel -Accflags= -Aeval:scriptdir=/home/njh/perl5/perlbrew/perls/perl-5.8.8/bin'
    hint=recommended, useposix=true, d_sigaction=define
    usethreads=define use5005threads=undef useithreads=define usemultiplicity=define
    useperlio=define d_sfio=undef uselargefiles=define usesocks=undef
    use64bitint=define use64bitall=define uselongdouble=undef
    usemymalloc=n, bincompat5005=undef
  Compiler:
    cc='cc', ccflags ='-D_REENTRANT -D_GNU_SOURCE -fno-strict-aliasing -pipe -Wdeclaration-after-statement -I/usr/local/include -D_LARGEFILE_SOURCE -D_FILE_OFFSET_BITS=64',
    optimize='-O2',
    cppflags='-D_REENTRANT -D_GNU_SOURCE -fno-strict-aliasing -pipe -Wdeclaration-after-statement -I/usr/local/include'
    ccversion='', gccversion='4.9.2', gccosandvers=''
    intsize=4, longsize=8, ptrsize=8, doublesize=8, byteorder=12345678
    d_longlong=define, longlongsize=8, d_longdbl=define, longdblsize=16
    ivtype='long', ivsize=8, nvtype='double', nvsize=8, Off_t='off_t', lseeksize=8
    alignbytes=8, prototype=define
  Linker and Libraries:
    ld='cc', ldflags =' -L/usr/local/lib'
    libpth=/usr/local/lib /lib/x86_64-linux-gnu /lib/../lib /usr/lib/x86_64-linux-gnu /usr/lib/../lib /lib /usr/lib
    libs=-lnsl -lgdbm -ldb -ldl -lm -lcrypt -lutil -lpthread -lc -lgdbm_compat
    perllibs=-lnsl -ldl -lm -lcrypt -lutil -lpthread -lc -lgdbm_compat
    libc=, so=so, useshrplib=false, libperl=libperl.a
    gnulibc_version='2.19'
  Dynamic Linking:
    dlsrc=dl_dlopen.xs, dlext=so, d_dlsymun=undef, ccdlflags='-Wl,-E'
    cccdlflags='-fpic', lddlflags='-shared -L/usr/local/lib'


Characteristics of this binary (from libperl): 
  Compile-time options: MULTIPLICITY PERL_IMPLICIT_CONTEXT
                        PERL_MALLOC_WRAP USE_64_BIT_ALL USE_64_BIT_INT
                        USE_ITHREADS USE_LARGE_FILES USE_PERLIO
                        USE_REENTRANT_API
  Built under linux
  Compiled at Nov 15 2014 05:14:06
  %ENV:
    PERL5LIB="/home/njh/.cpan/build/ExtUtils-PkgConfig-1.16-20/blib/arch:/home/njh/.cpan/build/ExtUtils-PkgConfig-1.16-20/blib/lib:/home/njh/.cpan/build/Cache-Memcached-1.30-7/blib/arch:/home/njh/.cpan/build/Cache-Memcached-1.30-7/blib/lib:/home/njh/.cpan/build/String-CRC32-1.6-8/blib/arch:/home/njh/.cpan/build/String-CRC32-1.6-8/blib/lib:/home/njh/.cpan/build/Error-0.17025-15/blib/arch:/home/njh/.cpan/build/Error-0.17025-15/blib/lib:/home/njh/.cpan/build/Digest-SHA1-2.13-17/blib/arch:/home/njh/.cpan/build/Digest-SHA1-2.13-17/blib/lib:/home/njh/.cpan/build/File-ShareDir-Install-0.11-110/blib/arch:/home/njh/.cpan/build/File-ShareDir-Install-0.11-110/blib/lib:/home/njh/.cpan/build/Inline-0.80-31/blib/arch:/home/njh/.cpan/build/Inline-0.80-31/blib/lib"
    PERL5OPT=""
    PERL5_CPANPLUS_IS_RUNNING="24675"
    PERL5_CPAN_IS_RUNNING="24675"
    PERLBREW_BASHRC_VERSION="0.75"
    PERLBREW_HOME="/home/njh/.perlbrew"
    PERLBREW_MANPATH="/home/njh/perl5/perlbrew/perls/perl-5.8.8/man"
    PERLBREW_PATH="/home/njh/perl5/perlbrew/bin:/home/njh/perl5/perlbrew/perls/perl-5.8.8/bin"
    PERLBREW_PERL="perl-5.8.8"
    PERLBREW_ROOT="/home/njh/perl5/perlbrew"
    PERLBREW_VERSION="0.75"
  @INC:
    /home/njh/.cpan/build/ExtUtils-PkgConfig-1.16-20/blib/arch
    /home/njh/.cpan/build/ExtUtils-PkgConfig-1.16-20/blib/lib
    /home/njh/.cpan/build/Cache-Memcached-1.30-7/blib/arch
    /home/njh/.cpan/build/Cache-Memcached-1.30-7/blib/lib
    /home/njh/.cpan/build/String-CRC32-1.6-8/blib/arch
    /home/njh/.cpan/build/String-CRC32-1.6-8/blib/lib
    /home/njh/.cpan/build/Error-0.17025-15/blib/arch
    /home/njh/.cpan/build/Error-0.17025-15/blib/lib
    /home/njh/.cpan/build/Digest-SHA1-2.13-17/blib/arch
    /home/njh/.cpan/build/Digest-SHA1-2.13-17/blib/lib
    /home/njh/.cpan/build/File-ShareDir-Install-0.11-110/blib/arch
    /home/njh/.cpan/build/File-ShareDir-Install-0.11-110/blib/lib
    /home/njh/.cpan/build/Inline-0.80-31/blib/arch
    /home/njh/.cpan/build/Inline-0.80-31/blib/lib
    /home/njh/perl5/perlbrew/perls/perl-5.8.8/lib/5.8.8/x86_64-linux-thread-multi
    /home/njh/perl5/perlbrew/perls/perl-5.8.8/lib/5.8.8
    /home/njh/perl5/perlbrew/perls/perl-5.8.8/lib/site_perl/5.8.8/x86_64-linux-thread-multi
    /home/njh/perl5/perlbrew/perls/perl-5.8.8/lib/site_perl/5.8.8
    /home/njh/perl5/perlbrew/perls/perl-5.8.8/lib/site_perl
    .