Report for DBIx-Class-Tree-Mobius-0.212

Back
From: metabase:user:9820532a-708b-1014-9a05-b18a96298da1
Subject: FAIL DBIx-Class-Tree-Mobius-0.212 v5.12.4 FreeBSD
Date: 2011-09-09T22:54:41Z

This distribution has been tested as part of the CPAN Testers
project, supporting the Perl programming language.  See
http://wiki.cpantesters.org/ for more information or email
questions to cpan-testers-discuss@perl.org


--
Dear Valentin D Guillois,

This is a computer-generated report for DBIx-Class-Tree-Mobius-0.212
on perl 5.12.4, created by CPAN-Reporter-1.2002.

Thank you for uploading your work to CPAN.  However, there was a problem
testing your distribution.

If you think this report is invalid, please consult the CPAN Testers Wiki
for suggestions on how to avoid getting FAIL reports for missing library
or binary dependencies, unsupported operating systems, and so on:

http://wiki.cpantesters.org/wiki/CPANAuthorNotes

Sections of this report:

    * Tester comments
    * Program output
    * Prerequisites
    * Environment and other context

------------------------------
TESTER COMMENTS
------------------------------

Additional comments from tester:

this report is from an automated smoke testing program
and was not reviewed by a human for accuracy

------------------------------
PROGRAM OUTPUT
------------------------------

Output from '/usr/bin/make test':

PERL_DL_NONLAZY=1 /home/test/perl5/perlbrew/perls/perl-5.12.4/bin/perl "-MExtUtils::Command::MM" "-e" "test_harness(0, 'blib/lib', 'blib/arch')" t/*.t
t/01load.t ................ ok

#   Failed test 'check mobius path rec 3 child 1'
#   at t/02run.t line 82.
#          got: '2'
#     expected: '3.2'

#   Failed test 'check mobius path rec 3 child 2'
#   at t/02run.t line 83.
#          got: '2'
#     expected: '3.2'

#   Failed test 'check mobius path rec 3 child 3'
#   at t/02run.t line 84.
#          got: '1.2.1.2'
#     expected: '3.2'

#   Failed test 'check descendants count rec id 3'
#   at t/02run.t line 86.
#          got: '0'
#     expected: '3'
DBIx::Class::Tree::Mobius::attach_child(): DBI Exception: DBD::SQLite::st execute failed: constraint failed
columns a, c are not unique [for Statement "UPDATE test SET a = ?, c = ?, is_inner = ?, lft = ?, rgt = ? WHERE ( id = ? )"] at t/02run.t line 93
# Looks like you planned 86 tests but ran 26.
# Looks like you failed 4 tests of 26 run.
# Looks like your test exited with 2 just after 26.
t/02run.t ................. 
Dubious, test returned 2 (wstat 512, 0x200)
Failed 64/86 subtests 
t/03update.t .............. ok
t/04limits.t .............. skipped: these tests are for testing by the author
t/author-critic.t ......... skipped: these tests are for testing by the author
t/release-pod-coverage.t .. skipped: these tests are for release candidate testing
t/release-pod-syntax.t .... skipped: these tests are for release candidate testing

Test Summary Report
-------------------
t/02run.t               (Wstat: 512 Tests: 26 Failed: 4)
  Failed tests:  23-26
  Non-zero exit status: 2
  Parse errors: Bad plan.  You planned 86 tests but ran 26.
Files=7, Tests=28,  3 wallclock secs ( 0.08 usr  0.18 sys +  0.80 cusr  0.62 csys =  1.69 CPU)
Result: FAIL
Failed 1/7 test programs. 4/28 subtests failed.
*** Error code 255

Stop in /usr/home/test/.cpan/build/DBIx-Class-Tree-Mobius-0.212-I3Ze_3.

------------------------------
PREREQUISITES
------------------------------

Prerequisite modules loaded:

requires:

    Module              Need    Have   
    ------------------- ------- -------
    Carp                0       1.23   
    DBIx::Class         0       0.08195
    Digest              0       1.16   
    ExtUtils::MakeMaker 0       6.59   
    Math::BigFloat      0       1.997  

build_requires:

    Module              Need    Have   
    ------------------- ------- -------
    SQL::Translator     0.11006 0.11009
    Test::More          0       0.98   

configure_requires:

    Module              Need    Have   
    ------------------- ------- -------
    ExtUtils::MakeMaker 6.31    6.59   


------------------------------
ENVIRONMENT AND OTHER CONTEXT
------------------------------

Environment variables:

    AUTOMATED_TESTING = 1
    LANG = C
    LC_ALL = C
    PATH = /home/test/perl5/perlbrew/bin:/home/test/perl5/perlbrew/perls/perl-5.12.4/bin:~/bin:/sbin:/bin:/usr/sbin:/usr/bin:/usr/games:/usr/local/sbin:/usr/local/bin:/home/test/bin
    PATH_WITHOUT_PERLBREW = ~/bin:/sbin:/bin:/usr/sbin:/usr/bin:/usr/games:/usr/local/sbin:/usr/local/bin:/home/test/bin
    PERL5LIB = 
    PERL5OPT = 
    PERL5_CPANPLUS_IS_RUNNING = 52590
    PERL5_CPAN_IS_RUNNING = 52590
    PERL5_CPAN_IS_RUNNING_IN_RECURSION = 13897,52590
    PERLBREW_HOME = /home/test/.perlbrew
    PERLBREW_PATH = /home/test/perl5/perlbrew/bin:/home/test/perl5/perlbrew/perls/perl-5.12.4/bin
    PERLBREW_PERL = perl-5.12.4
    PERLBREW_ROOT = /home/test/perl5/perlbrew
    PERLBREW_VERSION = 0.28
    PERL_CPANM_OPT = --prompt --mirror http://172.16.1.3/cpan/
    PERL_CR_SMOKER_CURRENT = DBIx-Class-Tree-Mobius-0.212
    PERL_EXTUTILS_AUTOINSTALL = --defaultdeps
    PERL_MM_USE_DEFAULT = 1
    SHELL = /usr/local/bin/bash
    TERM = linux

Perl special variables (and OS-specific diagnostics, for MSWin32):

    $^X = /home/test/perl5/perlbrew/perls/perl-5.12.4/bin/perl
    $UID/$EUID = 1002 / 1002
    $GID = 1002 1002
    $EGID = 1002 1002

Perl module toolchain versions installed:

    Module              Have    
    ------------------- --------
    CPAN                1.9800  
    CPAN::Meta          2.112150
    Cwd                 3.33    
    ExtUtils::CBuilder  0.280202
    ExtUtils::Command   1.17    
    ExtUtils::Install   1.55    
    ExtUtils::MakeMaker 6.59    
    ExtUtils::Manifest  1.60    
    ExtUtils::ParseXS   3.04    
    File::Spec          3.33    
    JSON                2.53    
    JSON::PP            2.27200 
    Module::Build       0.3800  
    Module::Signature   n/a     
    Parse::CPAN::Meta   1.4401  
    Test::Harness       3.23    
    Test::More          0.98    
    YAML                0.73    
    YAML::Syck          1.17    
    version             0.94    


--

Summary of my perl5 (revision 5 version 12 subversion 4) configuration:
   
  Platform:
    osname=freebsd, osvers=8.1-release, archname=amd64-freebsd
    uname='freebsd fbsd.local 8.1-release freebsd 8.1-release #0: mon jul 19 02:36:49 utc 2010 root@mason.cse.buffalo.edu:usrobjusrsrcsysgeneric amd64 '
    config_args='-de -Dprefix=/home/test/perl5/perlbrew/perls/perl-5.12.4'
    hint=recommended, useposix=true, d_sigaction=define
    useithreads=undef, usemultiplicity=undef
    useperlio=define, d_sfio=undef, uselargefiles=define, usesocks=undef
    use64bitint=define, use64bitall=define, uselongdouble=undef
    usemymalloc=n, bincompat5005=undef
  Compiler:
    cc='cc', ccflags ='-DHAS_FPSETMASK -DHAS_FLOATINGPOINT_H -fno-strict-aliasing -pipe -fstack-protector -I/usr/local/include',
    optimize='-O',
    cppflags='-DHAS_FPSETMASK -DHAS_FLOATINGPOINT_H -fno-strict-aliasing -pipe -fstack-protector -I/usr/local/include'
    ccversion='', gccversion='4.2.1 20070719  [FreeBSD]', gccosandvers=''
    intsize=4, longsize=8, ptrsize=8, doublesize=8, byteorder=12345678
    d_longlong=define, longlongsize=8, d_longdbl=define, longdblsize=16
    ivtype='long', ivsize=8, nvtype='double', nvsize=8, Off_t='off_t', lseeksize=8
    alignbytes=8, prototype=define
  Linker and Libraries:
    ld='cc', ldflags ='-Wl,-E  -fstack-protector -L/usr/local/lib'
    libpth=/usr/lib /usr/local/lib
    libs=-lm -lcrypt -lutil -lc
    perllibs=-lm -lcrypt -lutil -lc
    libc=, so=so, useshrplib=false, libperl=libperl.a
    gnulibc_version=''
  Dynamic Linking:
    dlsrc=dl_dlopen.xs, dlext=so, d_dlsymun=undef, ccdlflags=' '
    cccdlflags='-DPIC -fPIC', lddlflags='-shared  -L/usr/local/lib -fstack-protector'


Characteristics of this binary (from libperl): 
  Compile-time options: PERL_DONT_CREATE_GVSV PERL_MALLOC_WRAP USE_64_BIT_ALL
                        USE_64_BIT_INT USE_LARGE_FILES USE_PERLIO
                        USE_PERL_ATOF
  Built under freebsd
  Compiled at Sep  8 2011 15:32:22
  %ENV:
    PERL5LIB=""
    PERL5OPT=""
    PERL5_CPANPLUS_IS_RUNNING="52590"
    PERL5_CPAN_IS_RUNNING="52590"
    PERL5_CPAN_IS_RUNNING_IN_RECURSION="13897,52590"
    PERLBREW_HOME="/home/test/.perlbrew"
    PERLBREW_PATH="/home/test/perl5/perlbrew/bin:/home/test/perl5/perlbrew/perls/perl-5.12.4/bin"
    PERLBREW_PERL="perl-5.12.4"
    PERLBREW_ROOT="/home/test/perl5/perlbrew"
    PERLBREW_VERSION="0.28"
    PERL_CPANM_OPT="--prompt --mirror http://172.16.1.3/cpan/"
    PERL_CR_SMOKER_CURRENT="DBIx-Class-Tree-Mobius-0.212"
    PERL_EXTUTILS_AUTOINSTALL="--defaultdeps"
    PERL_MM_USE_DEFAULT="1"
  @INC:
    /home/test/perl5/perlbrew/perls/perl-5.12.4/lib/site_perl/5.12.4/amd64-freebsd
    /home/test/perl5/perlbrew/perls/perl-5.12.4/lib/site_perl/5.12.4
    /home/test/perl5/perlbrew/perls/perl-5.12.4/lib/5.12.4/amd64-freebsd
    /home/test/perl5/perlbrew/perls/perl-5.12.4/lib/5.12.4
    .