Report for DBICx-Modeler-Generator-0.02

Back
From: metabase:user:d1ac2ff8-7f34-11e0-ad7d-d635d302c8a1
Subject: FAIL DBICx-Modeler-Generator-0.02 v5.14.0 GNU/Linux
Date: 2011-06-02T15:55:13Z

This distribution has been tested as part of the CPAN Testers
project, supporting the Perl programming language.  See
http://wiki.cpantesters.org/ for more information or email
questions to cpan-testers-discuss@perl.org


--
Dear Moriya Masaki,

This is a computer-generated report for DBICx-Modeler-Generator-0.02
on perl 5.14.0, created by CPAN-Reporter-1.1902.

Thank you for uploading your work to CPAN.  However, there was a problem
testing your distribution.

If you think this report is invalid, please consult the CPAN Testers Wiki
for suggestions on how to avoid getting FAIL reports for missing library
or binary dependencies, unsupported operating systems, and so on:

http://wiki.cpantesters.org/wiki/CPANAuthorNotes

Sections of this report:

    * Tester comments
    * Program output
    * Prerequisites
    * Environment and other context

------------------------------
TESTER COMMENTS
------------------------------

Additional comments from tester:

this report is from an automated smoke testing program
and was not reviewed by a human for accuracy

------------------------------
PROGRAM OUTPUT
------------------------------

Output from '/usr/bin/make test':

PERL_DL_NONLAZY=1 /home/lonesome/perl-5.14.0/bin/perl "-MExtUtils::Command::MM" "-e" "test_harness(0, 'inc', 'blib/lib', 'blib/arch')" t/*.t
The old Moose::Util::MetaRole API (before version 0.94) has been deprecated at /home/lonesome/.cpan/build/DBICx-Modeler-Generator-0.02-4DuYH2/blib/lib/DBICx/Modeler/Generator.pm line 27
	DBICx::Modeler::Generator::BEGIN() called at /home/lonesome/.cpan/build/DBICx-Modeler-Generator-0.02-4DuYH2/blib/lib/DBICx/Modeler/Generator.pm line 27
	eval {...} called at /home/lonesome/.cpan/build/DBICx-Modeler-Generator-0.02-4DuYH2/blib/lib/DBICx/Modeler/Generator.pm line 27
	require DBICx/Modeler/Generator.pm called at /home/lonesome/perl-5.14.0/lib/site_perl/5.14.0/i686-linux/Class/MOP.pm line 114
	Class::MOP::__ANON__() called at /home/lonesome/perl-5.14.0/lib/site_perl/5.14.0/Try/Tiny.pm line 71
	eval {...} called at /home/lonesome/perl-5.14.0/lib/site_perl/5.14.0/Try/Tiny.pm line 67
	Try::Tiny::try('CODE(0xa220700)', 'Try::Tiny::Catch=REF(0x9fe6568)') called at /home/lonesome/perl-5.14.0/lib/site_perl/5.14.0/i686-linux/Class/MOP.pm line 125
	Class::MOP::load_first_existing_class('DBICx::Modeler::Generator') called at /home/lonesome/perl-5.14.0/lib/site_perl/5.14.0/i686-linux/Class/MOP.pm line 137
	Class::MOP::load_class('DBICx::Modeler::Generator') called at /home/lonesome/perl-5.14.0/lib/site_perl/5.14.0/Orochi.pm line 213
	Orochi::inject_class('Orochi=HASH(0xa220380)', 'DBICx::Modeler::Generator') called at t/lib/Test/DBICx/Modeler/Generator/Manual.pm line 57
	Test::DBICx::Modeler::Generator::Manual::_inject_classes('Test::DBICx::Modeler::Generator::Manual::SQLite=HASH(0xa21c4b8)') called at t/lib/Test/DBICx/Modeler/Generator/Manual.pm line 29
	Test::DBICx::Modeler::Generator::Manual::_get_generator('Test::DBICx::Modeler::Generator::Manual::SQLite=HASH(0xa21c4b8)') called at t/lib/Test/DBICx/Modeler/Generator.pm line 44
	Test::DBICx::Modeler::Generator::startup('Test::DBICx::Modeler::Generator::Manual::SQLite=HASH(0xa21c4b8)') called at /home/lonesome/.cpan/build/DBICx-Modeler-Generator-0.02-4DuYH2/inc/Test/Class.pm line 257
	eval {...} called at /home/lonesome/.cpan/build/DBICx-Modeler-Generator-0.02-4DuYH2/inc/Test/Class.pm line 257
	Test::Class::_run_method('Test::DBICx::Modeler::Generator::Manual::SQLite=HASH(0xa21c4b8)', 'startup', 'ARRAY(0x9f5cdb0)') called at /home/lonesome/.cpan/build/DBICx-Modeler-Generator-0.02-4DuYH2/inc/Test/Class.pm line 337
	Test::Class::runtests('Test::DBICx::Modeler::Generator::Manual::SQLite') called at t/00_sqlite_manual.t line 11
The old Moose::Util::MetaRole API (before version 0.94) has been deprecated at /home/lonesome/.cpan/build/DBICx-Modeler-Generator-0.02-4DuYH2/blib/lib/DBICx/Modeler/Generator/Class.pm line 20
	DBICx::Modeler::Generator::Class::BEGIN() called at /home/lonesome/.cpan/build/DBICx-Modeler-Generator-0.02-4DuYH2/blib/lib/DBICx/Modeler/Generator/Class.pm line 20
	eval {...} called at /home/lonesome/.cpan/build/DBICx-Modeler-Generator-0.02-4DuYH2/blib/lib/DBICx/Modeler/Generator/Class.pm line 20
	require DBICx/Modeler/Generator/Class.pm called at /home/lonesome/perl-5.14.0/lib/site_perl/5.14.0/i686-linux/Class/MOP.pm line 114
	Class::MOP::__ANON__() called at /home/lonesome/perl-5.14.0/lib/site_perl/5.14.0/Try/Tiny.pm line 71
	eval {...} called at /home/lonesome/perl-5.14.0/lib/site_perl/5.14.0/Try/Tiny.pm line 67
	Try::Tiny::try('CODE(0xa239348)', 'Try::Tiny::Catch=REF(0xa302000)') called at /home/lonesome/perl-5.14.0/lib/site_perl/5.14.0/i686-linux/Class/MOP.pm line 125
	Class::MOP::load_first_existing_class('DBICx::Modeler::Generator::Class') called at /home/lonesome/perl-5.14.0/lib/site_perl/5.14.0/i686-linux/Class/MOP.pm line 137
	Class::MOP::load_class('DBICx::Modeler::Generator::Class') called at /home/lonesome/perl-5.14.0/lib/site_perl/5.14.0/Orochi.pm line 213
	Orochi::inject_class('Orochi=HASH(0xa220380)', 'DBICx::Modeler::Generator::Class') called at t/lib/Test/DBICx/Modeler/Generator/Manual.pm line 57
	Test::DBICx::Modeler::Generator::Manual::_inject_classes('Test::DBICx::Modeler::Generator::Manual::SQLite=HASH(0xa21c4b8)') called at t/lib/Test/DBICx/Modeler/Generator/Manual.pm line 29
	Test::DBICx::Modeler::Generator::Manual::_get_generator('Test::DBICx::Modeler::Generator::Manual::SQLite=HASH(0xa21c4b8)') called at t/lib/Test/DBICx/Modeler/Generator.pm line 44
	Test::DBICx::Modeler::Generator::startup('Test::DBICx::Modeler::Generator::Manual::SQLite=HASH(0xa21c4b8)') called at /home/lonesome/.cpan/build/DBICx-Modeler-Generator-0.02-4DuYH2/inc/Test/Class.pm line 257
	eval {...} called at /home/lonesome/.cpan/build/DBICx-Modeler-Generator-0.02-4DuYH2/inc/Test/Class.pm line 257
	Test::Class::_run_method('Test::DBICx::Modeler::Generator::Manual::SQLite=HASH(0xa21c4b8)', 'startup', 'ARRAY(0x9f5cdb0)') called at /home/lonesome/.cpan/build/DBICx-Modeler-Generator-0.02-4DuYH2/inc/Test/Class.pm line 337
	Test::Class::runtests('Test::DBICx::Modeler::Generator::Manual::SQLite') called at t/00_sqlite_manual.t line 11
The old Moose::Util::MetaRole API (before version 0.94) has been deprecated at /home/lonesome/.cpan/build/DBICx-Modeler-Generator-0.02-4DuYH2/blib/lib/DBICx/Modeler/Generator/Model.pm line 20
	DBICx::Modeler::Generator::Model::BEGIN() called at /home/lonesome/.cpan/build/DBICx-Modeler-Generator-0.02-4DuYH2/blib/lib/DBICx/Modeler/Generator/Model.pm line 20
	eval {...} called at /home/lonesome/.cpan/build/DBICx-Modeler-Generator-0.02-4DuYH2/blib/lib/DBICx/Modeler/Generator/Model.pm line 20
	require DBICx/Modeler/Generator/Model.pm called at /home/lonesome/perl-5.14.0/lib/site_perl/5.14.0/i686-linux/Class/MOP.pm line 114
	Class::MOP::__ANON__() called at /home/lonesome/perl-5.14.0/lib/site_perl/5.14.0/Try/Tiny.pm line 71
	eval {...} called at /home/lonesome/perl-5.14.0/lib/site_perl/5.14.0/Try/Tiny.pm line 67
	Try::Tiny::try('CODE(0xa239348)', 'Try::Tiny::Catch=REF(0xa33d6c0)') called at /home/lonesome/perl-5.14.0/lib/site_perl/5.14.0/i686-linux/Class/MOP.pm line 125
	Class::MOP::load_first_existing_class('DBICx::Modeler::Generator::Model') called at /home/lonesome/perl-5.14.0/lib/site_perl/5.14.0/i686-linux/Class/MOP.pm line 137
	Class::MOP::load_class('DBICx::Modeler::Generator::Model') called at /home/lonesome/perl-5.14.0/lib/site_perl/5.14.0/Orochi.pm line 213
	Orochi::inject_class('Orochi=HASH(0xa220380)', 'DBICx::Modeler::Generator::Model') called at t/lib/Test/DBICx/Modeler/Generator/Manual.pm line 57
	Test::DBICx::Modeler::Generator::Manual::_inject_classes('Test::DBICx::Modeler::Generator::Manual::SQLite=HASH(0xa21c4b8)') called at t/lib/Test/DBICx/Modeler/Generator/Manual.pm line 29
	Test::DBICx::Modeler::Generator::Manual::_get_generator('Test::DBICx::Modeler::Generator::Manual::SQLite=HASH(0xa21c4b8)') called at t/lib/Test/DBICx/Modeler/Generator.pm line 44
	Test::DBICx::Modeler::Generator::startup('Test::DBICx::Modeler::Generator::Manual::SQLite=HASH(0xa21c4b8)') called at /home/lonesome/.cpan/build/DBICx-Modeler-Generator-0.02-4DuYH2/inc/Test/Class.pm line 257
	eval {...} called at /home/lonesome/.cpan/build/DBICx-Modeler-Generator-0.02-4DuYH2/inc/Test/Class.pm line 257
	Test::Class::_run_method('Test::DBICx::Modeler::Generator::Manual::SQLite=HASH(0xa21c4b8)', 'startup', 'ARRAY(0x9f5cdb0)') called at /home/lonesome/.cpan/build/DBICx-Modeler-Generator-0.02-4DuYH2/inc/Test/Class.pm line 337
	Test::Class::runtests('Test::DBICx::Modeler::Generator::Manual::SQLite') called at t/00_sqlite_manual.t line 11
The old Moose::Util::MetaRole API (before version 0.94) has been deprecated at /home/lonesome/.cpan/build/DBICx-Modeler-Generator-0.02-4DuYH2/blib/lib/DBICx/Modeler/Generator/Path.pm line 20
	DBICx::Modeler::Generator::Path::BEGIN() called at /home/lonesome/.cpan/build/DBICx-Modeler-Generator-0.02-4DuYH2/blib/lib/DBICx/Modeler/Generator/Path.pm line 20
	eval {...} called at /home/lonesome/.cpan/build/DBICx-Modeler-Generator-0.02-4DuYH2/blib/lib/DBICx/Modeler/Generator/Path.pm line 20
	require DBICx/Modeler/Generator/Path.pm called at /home/lonesome/perl-5.14.0/lib/site_perl/5.14.0/i686-linux/Class/MOP.pm line 114
	Class::MOP::__ANON__() called at /home/lonesome/perl-5.14.0/lib/site_perl/5.14.0/Try/Tiny.pm line 71
	eval {...} called at /home/lonesome/perl-5.14.0/lib/site_perl/5.14.0/Try/Tiny.pm line 67
	Try::Tiny::try('CODE(0xa239348)', 'Try::Tiny::Catch=REF(0xa34aea0)') called at /home/lonesome/perl-5.14.0/lib/site_perl/5.14.0/i686-linux/Class/MOP.pm line 125
	Class::MOP::load_first_existing_class('DBICx::Modeler::Generator::Path') called at /home/lonesome/perl-5.14.0/lib/site_perl/5.14.0/i686-linux/Class/MOP.pm line 137
	Class::MOP::load_class('DBICx::Modeler::Generator::Path') called at /home/lonesome/perl-5.14.0/lib/site_perl/5.14.0/Orochi.pm line 213
	Orochi::inject_class('Orochi=HASH(0xa220380)', 'DBICx::Modeler::Generator::Path') called at t/lib/Test/DBICx/Modeler/Generator/Manual.pm line 57
	Test::DBICx::Modeler::Generator::Manual::_inject_classes('Test::DBICx::Modeler::Generator::Manual::SQLite=HASH(0xa21c4b8)') called at t/lib/Test/DBICx/Modeler/Generator/Manual.pm line 29
	Test::DBICx::Modeler::Generator::Manual::_get_generator('Test::DBICx::Modeler::Generator::Manual::SQLite=HASH(0xa21c4b8)') called at t/lib/Test/DBICx/Modeler/Generator.pm line 44
	Test::DBICx::Modeler::Generator::startup('Test::DBICx::Modeler::Generator::Manual::SQLite=HASH(0xa21c4b8)') called at /home/lonesome/.cpan/build/DBICx-Modeler-Generator-0.02-4DuYH2/inc/Test/Class.pm line 257
	eval {...} called at /home/lonesome/.cpan/build/DBICx-Modeler-Generator-0.02-4DuYH2/inc/Test/Class.pm line 257
	Test::Class::_run_method('Test::DBICx::Modeler::Generator::Manual::SQLite=HASH(0xa21c4b8)', 'startup', 'ARRAY(0x9f5cdb0)') called at /home/lonesome/.cpan/build/DBICx-Modeler-Generator-0.02-4DuYH2/inc/Test/Class.pm line 337
	Test::Class::runtests('Test::DBICx::Modeler::Generator::Manual::SQLite') called at t/00_sqlite_manual.t line 11
The old Moose::Util::MetaRole API (before version 0.94) has been deprecated at /home/lonesome/.cpan/build/DBICx-Modeler-Generator-0.02-4DuYH2/blib/lib/DBICx/Modeler/Generator/Schema.pm line 20
	DBICx::Modeler::Generator::Schema::BEGIN() called at /home/lonesome/.cpan/build/DBICx-Modeler-Generator-0.02-4DuYH2/blib/lib/DBICx/Modeler/Generator/Schema.pm line 20
	eval {...} called at /home/lonesome/.cpan/build/DBICx-Modeler-Generator-0.02-4DuYH2/blib/lib/DBICx/Modeler/Generator/Schema.pm line 20
	require DBICx/Modeler/Generator/Schema.pm called at /home/lonesome/perl-5.14.0/lib/site_perl/5.14.0/i686-linux/Class/MOP.pm line 114
	Class::MOP::__ANON__() called at /home/lonesome/perl-5.14.0/lib/site_perl/5.14.0/Try/Tiny.pm line 71
	eval {...} called at /home/lonesome/perl-5.14.0/lib/site_perl/5.14.0/Try/Tiny.pm line 67
	Try::Tiny::try('CODE(0xa239348)', 'Try::Tiny::Catch=REF(0xa54f0f0)') called at /home/lonesome/perl-5.14.0/lib/site_perl/5.14.0/i686-linux/Class/MOP.pm line 125
	Class::MOP::load_first_existing_class('DBICx::Modeler::Generator::Schema') called at /home/lonesome/perl-5.14.0/lib/site_perl/5.14.0/i686-linux/Class/MOP.pm line 137
	Class::MOP::load_class('DBICx::Modeler::Generator::Schema') called at /home/lonesome/perl-5.14.0/lib/site_perl/5.14.0/Orochi.pm line 213
	Orochi::inject_class('Orochi=HASH(0xa220380)', 'DBICx::Modeler::Generator::Schema') called at t/lib/Test/DBICx/Modeler/Generator/Manual.pm line 57
	Test::DBICx::Modeler::Generator::Manual::_inject_classes('Test::DBICx::Modeler::Generator::Manual::SQLite=HASH(0xa21c4b8)') called at t/lib/Test/DBICx/Modeler/Generator/Manual.pm line 29
	Test::DBICx::Modeler::Generator::Manual::_get_generator('Test::DBICx::Modeler::Generator::Manual::SQLite=HASH(0xa21c4b8)') called at t/lib/Test/DBICx/Modeler/Generator.pm line 44
	Test::DBICx::Modeler::Generator::startup('Test::DBICx::Modeler::Generator::Manual::SQLite=HASH(0xa21c4b8)') called at /home/lonesome/.cpan/build/DBICx-Modeler-Generator-0.02-4DuYH2/inc/Test/Class.pm line 257
	eval {...} called at /home/lonesome/.cpan/build/DBICx-Modeler-Generator-0.02-4DuYH2/inc/Test/Class.pm line 257
	Test::Class::_run_method('Test::DBICx::Modeler::Generator::Manual::SQLite=HASH(0xa21c4b8)', 'startup', 'ARRAY(0x9f5cdb0)') called at /home/lonesome/.cpan/build/DBICx-Modeler-Generator-0.02-4DuYH2/inc/Test/Class.pm line 337
	Test::Class::runtests('Test::DBICx::Modeler::Generator::Manual::SQLite') called at t/00_sqlite_manual.t line 11
The old Moose::Util::MetaRole API (before version 0.94) has been deprecated at /home/lonesome/.cpan/build/DBICx-Modeler-Generator-0.02-4DuYH2/blib/lib/DBICx/Modeler/Generator/Tree.pm line 20
	DBICx::Modeler::Generator::Tree::BEGIN() called at /home/lonesome/.cpan/build/DBICx-Modeler-Generator-0.02-4DuYH2/blib/lib/DBICx/Modeler/Generator/Tree.pm line 20
	eval {...} called at /home/lonesome/.cpan/build/DBICx-Modeler-Generator-0.02-4DuYH2/blib/lib/DBICx/Modeler/Generator/Tree.pm line 20
	require DBICx/Modeler/Generator/Tree.pm called at /home/lonesome/perl-5.14.0/lib/site_perl/5.14.0/i686-linux/Class/MOP.pm line 114
	Class::MOP::__ANON__() called at /home/lonesome/perl-5.14.0/lib/site_perl/5.14.0/Try/Tiny.pm line 71
	eval {...} called at /home/lonesome/perl-5.14.0/lib/site_perl/5.14.0/Try/Tiny.pm line 67
	Try::Tiny::try('CODE(0xa239348)', 'Try::Tiny::Catch=REF(0xa622ee8)') called at /home/lonesome/perl-5.14.0/lib/site_perl/5.14.0/i686-linux/Class/MOP.pm line 125
	Class::MOP::load_first_existing_class('DBICx::Modeler::Generator::Tree') called at /home/lonesome/perl-5.14.0/lib/site_perl/5.14.0/i686-linux/Class/MOP.pm line 137
	Class::MOP::load_class('DBICx::Modeler::Generator::Tree') called at /home/lonesome/perl-5.14.0/lib/site_perl/5.14.0/Orochi.pm line 213
	Orochi::inject_class('Orochi=HASH(0xa220380)', 'DBICx::Modeler::Generator::Tree') called at t/lib/Test/DBICx/Modeler/Generator/Manual.pm line 57
	Test::DBICx::Modeler::Generator::Manual::_inject_classes('Test::DBICx::Modeler::Generator::Manual::SQLite=HASH(0xa21c4b8)') called at t/lib/Test/DBICx/Modeler/Generator/Manual.pm line 29
	Test::DBICx::Modeler::Generator::Manual::_get_generator('Test::DBICx::Modeler::Generator::Manual::SQLite=HASH(0xa21c4b8)') called at t/lib/Test/DBICx/Modeler/Generator.pm line 44
	Test::DBICx::Modeler::Generator::startup('Test::DBICx::Modeler::Generator::Manual::SQLite=HASH(0xa21c4b8)') called at /home/lonesome/.cpan/build/DBICx-Modeler-Generator-0.02-4DuYH2/inc/Test/Class.pm line 257
	eval {...} called at /home/lonesome/.cpan/build/DBICx-Modeler-Generator-0.02-4DuYH2/inc/Test/Class.pm line 257
	Test::Class::_run_method('Test::DBICx::Modeler::Generator::Manual::SQLite=HASH(0xa21c4b8)', 'startup', 'ARRAY(0x9f5cdb0)') called at /home/lonesome/.cpan/build/DBICx-Modeler-Generator-0.02-4DuYH2/inc/Test/Class.pm line 337
	Test::Class::runtests('Test::DBICx::Modeler::Generator::Manual::SQLite') called at t/00_sqlite_manual.t line 11
The old Moose::Util::MetaRole API (before version 0.94) has been deprecated at /home/lonesome/.cpan/build/DBICx-Modeler-Generator-0.02-4DuYH2/blib/lib/DBICx/Modeler/Generator/Driver/SQLite.pm line 20
	DBICx::Modeler::Generator::Driver::SQLite::BEGIN() called at /home/lonesome/.cpan/build/DBICx-Modeler-Generator-0.02-4DuYH2/blib/lib/DBICx/Modeler/Generator/Driver/SQLite.pm line 20
	eval {...} called at /home/lonesome/.cpan/build/DBICx-Modeler-Generator-0.02-4DuYH2/blib/lib/DBICx/Modeler/Generator/Driver/SQLite.pm line 20
	require DBICx/Modeler/Generator/Driver/SQLite.pm called at /home/lonesome/perl-5.14.0/lib/site_perl/5.14.0/i686-linux/Class/MOP.pm line 114
	Class::MOP::__ANON__() called at /home/lonesome/perl-5.14.0/lib/site_perl/5.14.0/Try/Tiny.pm line 71
	eval {...} called at /home/lonesome/perl-5.14.0/lib/site_perl/5.14.0/Try/Tiny.pm line 67
	Try::Tiny::try('CODE(0xa239348)', 'Try::Tiny::Catch=REF(0xa7219f0)') called at /home/lonesome/perl-5.14.0/lib/site_perl/5.14.0/i686-linux/Class/MOP.pm line 125
	Class::MOP::load_first_existing_class('DBICx::Modeler::Generator::Driver::SQLite') called at /home/lonesome/perl-5.14.0/lib/site_perl/5.14.0/i686-linux/Class/MOP.pm line 137
	Class::MOP::load_class('DBICx::Modeler::Generator::Driver::SQLite') called at /home/lonesome/perl-5.14.0/lib/site_perl/5.14.0/Orochi.pm line 213
	Orochi::inject_class('Orochi=HASH(0xa220380)', 'DBICx::Modeler::Generator::Driver::SQLite') called at t/lib/Test/DBICx/Modeler/Generator/Manual.pm line 57
	Test::DBICx::Modeler::Generator::Manual::_inject_classes('Test::DBICx::Modeler::Generator::Manual::SQLite=HASH(0xa21c4b8)') called at t/lib/Test/DBICx/Modeler/Generator/Manual.pm line 29
	Test::DBICx::Modeler::Generator::Manual::_get_generator('Test::DBICx::Modeler::Generator::Manual::SQLite=HASH(0xa21c4b8)') called at t/lib/Test/DBICx/Modeler/Generator.pm line 44
	Test::DBICx::Modeler::Generator::startup('Test::DBICx::Modeler::Generator::Manual::SQLite=HASH(0xa21c4b8)') called at /home/lonesome/.cpan/build/DBICx-Modeler-Generator-0.02-4DuYH2/inc/Test/Class.pm line 257
	eval {...} called at /home/lonesome/.cpan/build/DBICx-Modeler-Generator-0.02-4DuYH2/inc/Test/Class.pm line 257
	Test::Class::_run_method('Test::DBICx::Modeler::Generator::Manual::SQLite=HASH(0xa21c4b8)', 'startup', 'ARRAY(0x9f5cdb0)') called at /home/lonesome/.cpan/build/DBICx-Modeler-Generator-0.02-4DuYH2/inc/Test/Class.pm line 337
	Test::Class::runtests('Test::DBICx::Modeler::Generator::Manual::SQLite') called at t/00_sqlite_manual.t line 11

#   Failed test 'no exception to update_schemata'
#   at t/lib/Test/DBICx/Modeler/Generator.pm line 273.
#   (in Test::DBICx::Modeler::Generator::Manual::SQLite->test_as_blackbox)
# died: Failed to reload class MyApp::Schema::Result::Artist: Can't locate object method "INC" via package "Path::Class::Dir" at (eval 700) line 2.
# .
# 
# CLASS SOURCE:
# 
# package MyApp::Schema::Result::Artist;
# 
# # Created by DBIx::Class::Schema::Loader
# # DO NOT MODIFY THE FIRST PART OF THIS FILE
# 
# use strict;
# use warnings;
# 
# use base 'DBIx::Class::Core';
# 
# 
# =head1 NAME
# 
# MyApp::Schema::Result::Artist
# 
# =cut
# 
# __PACKAGE__->table("artist");
# 
# =head1 ACCESSORS
# 
# =head2 id
# 
#   data_type: 'integer'
#   is_auto_increment: 1
#   is_nullable: 0
# 
# =head2 name
# 
#   data_type: 'text'
#   is_nullable: 0
# 
# =head2 insert_date_time
# 
#   data_type: 'date'
#   default_value: current_timestamp
#   is_nullable: 0
# 
# =cut
# 
# __PACKAGE__->add_columns(
#   "id",
#   { data_type => "integer", is_auto_increment => 1, is_nullable => 0 },
#   "name",
#   { data_type => "text", is_nullable => 0 },
#   "insert_date_time",
#   {
#     data_type     => "date",
#     default_value => \"current_timestamp",
#     is_nullable   => 0,
#   },
# );
# __PACKAGE__->set_primary_key("id");
# 
# =head1 RELATIONS
# 
# =head2 cds
# 
# Type: has_many
# 
# Related object: L<MyApp::Schema::Result::Cd>
# 
# =cut
# 
# __PACKAGE__->has_many(
#   "cds",
#   "MyApp::Schema::Result::Cd",
#   { "foreign.artist" => "self.id" },
#   { cascade_copy => 0, cascade_delete => 0 },
# );
# 
# 
# # Created by DBIx::Class::Schema::Loader v0.07010 @ 2011-06-02 16:55:03
# # DO NOT MODIFY THIS OR ANYTHING ABOVE! md5sum:9aL5YVGhTUTcO5gpsUhtAQ
# 
# 
# # You can replace this text with custom code or comments, and it will be preserved on regeneration
# 1;

#   Failed test 'schema module was generated: examples/MyApp/Schema/Artist.pm'
#   at t/lib/Test/DBICx/Modeler/Generator.pm line 298.
#   (in Test::DBICx::Modeler::Generator::Manual::SQLite->test_as_blackbox)

#   Failed test 'schema module was generated: examples/lib/MyApp/Schema/Cd.pm'
#   at t/lib/Test/DBICx/Modeler/Generator.pm line 300.
#   (in Test::DBICx::Modeler::Generator::Manual::SQLite->test_as_blackbox)

#   Failed test 'schema module was generated: examples/lib/MyApp/Schema/Track.pm'
#   at t/lib/Test/DBICx/Modeler/Generator.pm line 302.
#   (in Test::DBICx::Modeler::Generator::Manual::SQLite->test_as_blackbox)

#   Failed test 'use MyApp::Schema;'
#   at t/lib/Test/DBICx/Modeler/Generator.pm line 313.
#   (in Test::DBICx::Modeler::Generator::Manual::SQLite->test_as_blackbox)
#     Tried to use 'MyApp::Schema'.
#     Error:  Can't locate object method "INC" via package "Path::Class::Dir" at /home/lonesome/perl-5.14.0/lib/site_perl/5.14.0/DBIx/Class/Schema.pm line 169.
# Compilation failed in require at (eval 701) line 2.
# BEGIN failed--compilation aborted at (eval 701) line 2.

#   Failed test 'use MyApp::Schema::Artist;'
#   at t/lib/Test/DBICx/Modeler/Generator.pm line 321.
#   (in Test::DBICx::Modeler::Generator::Manual::SQLite->test_as_blackbox)
#     Tried to use 'MyApp::Schema::Artist'.
#     Error:  Can't locate object method "INC" via package "Path::Class::Dir" at (eval 702) line 2.
# BEGIN failed--compilation aborted at (eval 702) line 2.

#   Failed test 'The class isa DBIx::Class'
#   at t/lib/Test/DBICx/Modeler/Generator.pm line 322.
#   (in Test::DBICx::Modeler::Generator::Manual::SQLite->test_as_blackbox)
#     The class isn't a 'DBIx::Class' it's a ''

#   Failed test 'use MyApp::Schema::Cd;'
#   at t/lib/Test/DBICx/Modeler/Generator.pm line 321.
#   (in Test::DBICx::Modeler::Generator::Manual::SQLite->test_as_blackbox)
#     Tried to use 'MyApp::Schema::Cd'.
#     Error:  Can't locate object method "INC" via package "Path::Class::Dir" at (eval 703) line 2.
# BEGIN failed--compilation aborted at (eval 703) line 2.

#   Failed test 'The class isa DBIx::Class'
#   at t/lib/Test/DBICx/Modeler/Generator.pm line 322.
#   (in Test::DBICx::Modeler::Generator::Manual::SQLite->test_as_blackbox)
#     The class isn't a 'DBIx::Class' it's a ''

#   Failed test 'use MyApp::Schema::Track;'
#   at t/lib/Test/DBICx/Modeler/Generator.pm line 321.
#   (in Test::DBICx::Modeler::Generator::Manual::SQLite->test_as_blackbox)
#     Tried to use 'MyApp::Schema::Track'.
#     Error:  Can't locate object method "INC" via package "Path::Class::Dir" at (eval 704) line 2.
# BEGIN failed--compilation aborted at (eval 704) line 2.

#   Failed test 'The class isa DBIx::Class'
#   at t/lib/Test/DBICx/Modeler/Generator.pm line 322.
#   (in Test::DBICx::Modeler::Generator::Manual::SQLite->test_as_blackbox)
#     The class isn't a 'DBIx::Class' it's a ''

#   Failed test 'MyApp::Schema::Artist->can('birthday')'
#   at t/lib/Test/DBICx/Modeler/Generator.pm line 325.
#   (in Test::DBICx::Modeler::Generator::Manual::SQLite->test_as_blackbox)
#     MyApp::Schema::Artist->can('birthday') failed

#   Failed test 'MyApp::Schema::Track->can('recording_time')'
#   at t/lib/Test/DBICx/Modeler/Generator.pm line 326.
#   (in Test::DBICx::Modeler::Generator::Manual::SQLite->test_as_blackbox)
#     MyApp::Schema::Track->can('recording_time') failed

#   Failed test 'no exception to update_models'
#   at t/lib/Test/DBICx/Modeler/Generator.pm line 282.
#   (in Test::DBICx::Modeler::Generator::Manual::SQLite->test_as_blackbox)
# died: Can't locate object method "INC" via package "Path::Class::Dir" at /home/lonesome/perl-5.14.0/lib/5.14.0/utf8_heavy.pl line 447.

#   Failed test 'model module was generated: examples/lib/MyApp/Model/Artist.pm'
#   at t/lib/Test/DBICx/Modeler/Generator.pm line 339.
#   (in Test::DBICx::Modeler::Generator::Manual::SQLite->test_as_blackbox)

#   Failed test 'model sub directory was generated: examples/lib/MyApp/Model/Artist'
#   at t/lib/Test/DBICx/Modeler/Generator.pm line 341.
#   (in Test::DBICx::Modeler::Generator::Manual::SQLite->test_as_blackbox)

#   Failed test 'model module was generated: examples/MyApp/Model/Artist/Rock.pm'
#   at t/lib/Test/DBICx/Modeler/Generator.pm line 343.
#   (in Test::DBICx::Modeler::Generator::Manual::SQLite->test_as_blackbox)

#   Failed test 'model module was generated: examples/lib/MyApp/Model/Track.pm'
#   at t/lib/Test/DBICx/Modeler/Generator.pm line 347.
#   (in Test::DBICx::Modeler::Generator::Manual::SQLite->test_as_blackbox)

#   Failed test 'use MyApp::Model::Artist;'
#   at t/lib/Test/DBICx/Modeler/Generator.pm line 364.
#   (in Test::DBICx::Modeler::Generator::Manual::SQLite->test_as_blackbox)
#     Tried to use 'MyApp::Model::Artist'.
#     Error:  Can't locate object method "INC" via package "Path::Class::Dir" at (eval 707) line 2.
# BEGIN failed--compilation aborted at (eval 707) line 2.

#   Failed test 'test_as_blackbox died (Can't locate object method "INC" via package "Path::Class::Dir" at /home/lonesome/perl-5.14.0/lib/5.14.0/Module/Load.pm line 27.
# Can't locate object method "INC" via package "Path::Class::Dir" at /home/lonesome/perl-5.14.0/lib/5.14.0/Module/Load.pm line 27.)'
#   at t/00_sqlite_manual.t line 11.
#   (in Test::DBICx::Modeler::Generator::Manual::SQLite->test_as_blackbox)

#   Failed test 'shutdown died (Attempt to reload MyApp/Schema.pm aborted.
# Compilation failed in require at examples/lib/MyApp.pm line 23.
# BEGIN failed--compilation aborted at examples/lib/MyApp.pm line 23.
# Compilation failed in require at /home/lonesome/perl-5.14.0/lib/5.14.0/Module/Load.pm line 27.
# Can't locate object method "INC" via package "Path::Class::Dir" at /home/lonesome/perl-5.14.0/lib/5.14.0/Module/Load.pm line 27.)'
#   at t/00_sqlite_manual.t line 11.
#   (in Test::DBICx::Modeler::Generator::Manual::SQLite->shutdown)
# Looks like you failed 21 tests of 86.
t/00_sqlite_manual.t ...... 
Dubious, test returned 21 (wstat 5376, 0x1500)
Failed 21/86 subtests 
The old Moose::Util::MetaRole API (before version 0.94) has been deprecated at /home/lonesome/.cpan/build/DBICx-Modeler-Generator-0.02-4DuYH2/blib/lib/DBICx/Modeler/Generator/Class.pm line 20
	DBICx::Modeler::Generator::Class::BEGIN() called at /home/lonesome/.cpan/build/DBICx-Modeler-Generator-0.02-4DuYH2/blib/lib/DBICx/Modeler/Generator/Class.pm line 20
	eval {...} called at /home/lonesome/.cpan/build/DBICx-Modeler-Generator-0.02-4DuYH2/blib/lib/DBICx/Modeler/Generator/Class.pm line 20
	require DBICx/Modeler/Generator/Class.pm called at /home/lonesome/perl-5.14.0/lib/site_perl/5.14.0/i686-linux/Class/MOP.pm line 114
	Class::MOP::__ANON__() called at /home/lonesome/perl-5.14.0/lib/site_perl/5.14.0/Try/Tiny.pm line 71
	eval {...} called at /home/lonesome/perl-5.14.0/lib/site_perl/5.14.0/Try/Tiny.pm line 67
	Try::Tiny::try('CODE(0xa29d5c0)', 'Try::Tiny::Catch=REF(0xa10ee70)') called at /home/lonesome/perl-5.14.0/lib/site_perl/5.14.0/i686-linux/Class/MOP.pm line 125
	Class::MOP::load_first_existing_class('DBICx::Modeler::Generator::Class') called at /home/lonesome/perl-5.14.0/lib/site_perl/5.14.0/i686-linux/Class/MOP.pm line 137
	Class::MOP::load_class('DBICx::Modeler::Generator::Class') called at /home/lonesome/perl-5.14.0/lib/site_perl/5.14.0/Orochi.pm line 213
	Orochi::inject_class('Orochi=HASH(0xa288fc0)', 'DBICx::Modeler::Generator::Class') called at /home/lonesome/.cpan/build/DBICx-Modeler-Generator-0.02-4DuYH2/blib/lib/DBICx/Modeler/Generator/CLI.pm line 255
	DBICx::Modeler::Generator::CLI::_inject_classes('DBICx::Modeler::Generator::CLI=HASH(0xa299440)') called at /home/lonesome/.cpan/build/DBICx-Modeler-Generator-0.02-4DuYH2/blib/lib/DBICx/Modeler/Generator/CLI.pm line 220
	DBICx::Modeler::Generator::CLI::BUILD('DBICx::Modeler::Generator::CLI=HASH(0xa299440)', 'HASH(0xa299530)') called at generated method (unknown origin) line 127
	DBICx::Modeler::Generator::CLI::new('DBICx::Modeler::Generator::CLI', 'ARGV', 'ARRAY(0xa288fa0)', 'extra_argv', 'ARRAY(0xa299aa0)', 'usage', 'Getopt::Long::Descriptive::Usage=HASH(0x9d221d0)', 'literal', 'HASH(0xa288f30)', ...) called at /home/lonesome/perl-5.14.0/lib/site_perl/5.14.0/MooseX/Getopt/Basic.pm line 96
	MooseX::Getopt::Basic::new_with_options('DBICx::Modeler::Generator::CLI') called at t/lib/Test/DBICx/Modeler/Generator/CLI.pm line 56
	Test::DBICx::Modeler::Generator::CLI::_get_generator('Test::DBICx::Modeler::Generator::CLI::SQLite=HASH(0xa03c2d8)') called at t/lib/Test/DBICx/Modeler/Generator.pm line 44
	Test::DBICx::Modeler::Generator::startup('Test::DBICx::Modeler::Generator::CLI::SQLite=HASH(0xa03c2d8)') called at /home/lonesome/.cpan/build/DBICx-Modeler-Generator-0.02-4DuYH2/inc/Test/Class.pm line 257
	eval {...} called at /home/lonesome/.cpan/build/DBICx-Modeler-Generator-0.02-4DuYH2/inc/Test/Class.pm line 257
	Test::Class::_run_method('Test::DBICx::Modeler::Generator::CLI::SQLite=HASH(0xa03c2d8)', 'startup', 'ARRAY(0xa0909f0)') called at /home/lonesome/.cpan/build/DBICx-Modeler-Generator-0.02-4DuYH2/inc/Test/Class.pm line 337
	Test::Class::runtests('Test::DBICx::Modeler::Generator::CLI::SQLite') called at t/01_sqlite_longname.t line 12
The old Moose::Util::MetaRole API (before version 0.94) has been deprecated at /home/lonesome/.cpan/build/DBICx-Modeler-Generator-0.02-4DuYH2/blib/lib/DBICx/Modeler/Generator/Tree.pm line 20
	DBICx::Modeler::Generator::Tree::BEGIN() called at /home/lonesome/.cpan/build/DBICx-Modeler-Generator-0.02-4DuYH2/blib/lib/DBICx/Modeler/Generator/Tree.pm line 20
	eval {...} called at /home/lonesome/.cpan/build/DBICx-Modeler-Generator-0.02-4DuYH2/blib/lib/DBICx/Modeler/Generator/Tree.pm line 20
	require DBICx/Modeler/Generator/Tree.pm called at /home/lonesome/perl-5.14.0/lib/site_perl/5.14.0/i686-linux/Class/MOP.pm line 114
	Class::MOP::__ANON__() called at /home/lonesome/perl-5.14.0/lib/site_perl/5.14.0/Try/Tiny.pm line 71
	eval {...} called at /home/lonesome/perl-5.14.0/lib/site_perl/5.14.0/Try/Tiny.pm line 67
	Try::Tiny::try('CODE(0xa29fb48)', 'Try::Tiny::Catch=REF(0xa2f0178)') called at /home/lonesome/perl-5.14.0/lib/site_perl/5.14.0/i686-linux/Class/MOP.pm line 125
	Class::MOP::load_first_existing_class('DBICx::Modeler::Generator::Tree') called at /home/lonesome/perl-5.14.0/lib/site_perl/5.14.0/i686-linux/Class/MOP.pm line 137
	Class::MOP::load_class('DBICx::Modeler::Generator::Tree') called at /home/lonesome/perl-5.14.0/lib/site_perl/5.14.0/Orochi.pm line 213
	Orochi::inject_class('Orochi=HASH(0xa288fc0)', 'DBICx::Modeler::Generator::Tree') called at /home/lonesome/.cpan/build/DBICx-Modeler-Generator-0.02-4DuYH2/blib/lib/DBICx/Modeler/Generator/CLI.pm line 255
	DBICx::Modeler::Generator::CLI::_inject_classes('DBICx::Modeler::Generator::CLI=HASH(0xa299440)') called at /home/lonesome/.cpan/build/DBICx-Modeler-Generator-0.02-4DuYH2/blib/lib/DBICx/Modeler/Generator/CLI.pm line 220
	DBICx::Modeler::Generator::CLI::BUILD('DBICx::Modeler::Generator::CLI=HASH(0xa299440)', 'HASH(0xa299530)') called at generated method (unknown origin) line 127
	DBICx::Modeler::Generator::CLI::new('DBICx::Modeler::Generator::CLI', 'ARGV', 'ARRAY(0xa288fa0)', 'extra_argv', 'ARRAY(0xa299aa0)', 'usage', 'Getopt::Long::Descriptive::Usage=HASH(0x9d221d0)', 'literal', 'HASH(0xa288f30)', ...) called at /home/lonesome/perl-5.14.0/lib/site_perl/5.14.0/MooseX/Getopt/Basic.pm line 96
	MooseX::Getopt::Basic::new_with_options('DBICx::Modeler::Generator::CLI') called at t/lib/Test/DBICx/Modeler/Generator/CLI.pm line 56
	Test::DBICx::Modeler::Generator::CLI::_get_generator('Test::DBICx::Modeler::Generator::CLI::SQLite=HASH(0xa03c2d8)') called at t/lib/Test/DBICx/Modeler/Generator.pm line 44
	Test::DBICx::Modeler::Generator::startup('Test::DBICx::Modeler::Generator::CLI::SQLite=HASH(0xa03c2d8)') called at /home/lonesome/.cpan/build/DBICx-Modeler-Generator-0.02-4DuYH2/inc/Test/Class.pm line 257
	eval {...} called at /home/lonesome/.cpan/build/DBICx-Modeler-Generator-0.02-4DuYH2/inc/Test/Class.pm line 257
	Test::Class::_run_method('Test::DBICx::Modeler::Generator::CLI::SQLite=HASH(0xa03c2d8)', 'startup', 'ARRAY(0xa0909f0)') called at /home/lonesome/.cpan/build/DBICx-Modeler-Generator-0.02-4DuYH2/inc/Test/Class.pm line 337
	Test::Class::runtests('Test::DBICx::Modeler::Generator::CLI::SQLite') called at t/01_sqlite_longname.t line 12
The old Moose::Util::MetaRole API (before version 0.94) has been deprecated at /home/lonesome/.cpan/build/DBICx-Modeler-Generator-0.02-4DuYH2/blib/lib/DBICx/Modeler/Generator/Path.pm line 20
	DBICx::Modeler::Generator::Path::BEGIN() called at /home/lonesome/.cpan/build/DBICx-Modeler-Generator-0.02-4DuYH2/blib/lib/DBICx/Modeler/Generator/Path.pm line 20
	eval {...} called at /home/lonesome/.cpan/build/DBICx-Modeler-Generator-0.02-4DuYH2/blib/lib/DBICx/Modeler/Generator/Path.pm line 20
	require DBICx/Modeler/Generator/Path.pm called at /home/lonesome/perl-5.14.0/lib/site_perl/5.14.0/i686-linux/Class/MOP.pm line 114
	Class::MOP::__ANON__() called at /home/lonesome/perl-5.14.0/lib/site_perl/5.14.0/Try/Tiny.pm line 71
	eval {...} called at /home/lonesome/perl-5.14.0/lib/site_perl/5.14.0/Try/Tiny.pm line 67
	Try::Tiny::try('CODE(0xa29fb48)', 'Try::Tiny::Catch=REF(0xa35f5c0)') called at /home/lonesome/perl-5.14.0/lib/site_perl/5.14.0/i686-linux/Class/MOP.pm line 125
	Class::MOP::load_first_existing_class('DBICx::Modeler::Generator::Path') called at /home/lonesome/perl-5.14.0/lib/site_perl/5.14.0/i686-linux/Class/MOP.pm line 137
	Class::MOP::load_class('DBICx::Modeler::Generator::Path') called at /home/lonesome/perl-5.14.0/lib/site_perl/5.14.0/Orochi.pm line 213
	Orochi::inject_class('Orochi=HASH(0xa288fc0)', 'DBICx::Modeler::Generator::Path') called at /home/lonesome/.cpan/build/DBICx-Modeler-Generator-0.02-4DuYH2/blib/lib/DBICx/Modeler/Generator/CLI.pm line 255
	DBICx::Modeler::Generator::CLI::_inject_classes('DBICx::Modeler::Generator::CLI=HASH(0xa299440)') called at /home/lonesome/.cpan/build/DBICx-Modeler-Generator-0.02-4DuYH2/blib/lib/DBICx/Modeler/Generator/CLI.pm line 220
	DBICx::Modeler::Generator::CLI::BUILD('DBICx::Modeler::Generator::CLI=HASH(0xa299440)', 'HASH(0xa299530)') called at generated method (unknown origin) line 127
	DBICx::Modeler::Generator::CLI::new('DBICx::Modeler::Generator::CLI', 'ARGV', 'ARRAY(0xa288fa0)', 'extra_argv', 'ARRAY(0xa299aa0)', 'usage', 'Getopt::Long::Descriptive::Usage=HASH(0x9d221d0)', 'literal', 'HASH(0xa288f30)', ...) called at /home/lonesome/perl-5.14.0/lib/site_perl/5.14.0/MooseX/Getopt/Basic.pm line 96
	MooseX::Getopt::Basic::new_with_options('DBICx::Modeler::Generator::CLI') called at t/lib/Test/DBICx/Modeler/Generator/CLI.pm line 56
	Test::DBICx::Modeler::Generator::CLI::_get_generator('Test::DBICx::Modeler::Generator::CLI::SQLite=HASH(0xa03c2d8)') called at t/lib/Test/DBICx/Modeler/Generator.pm line 44
	Test::DBICx::Modeler::Generator::startup('Test::DBICx::Modeler::Generator::CLI::SQLite=HASH(0xa03c2d8)') called at /home/lonesome/.cpan/build/DBICx-Modeler-Generator-0.02-4DuYH2/inc/Test/Class.pm line 257
	eval {...} called at /home/lonesome/.cpan/build/DBICx-Modeler-Generator-0.02-4DuYH2/inc/Test/Class.pm line 257
	Test::Class::_run_method('Test::DBICx::Modeler::Generator::CLI::SQLite=HASH(0xa03c2d8)', 'startup', 'ARRAY(0xa0909f0)') called at /home/lonesome/.cpan/build/DBICx-Modeler-Generator-0.02-4DuYH2/inc/Test/Class.pm line 337
	Test::Class::runtests('Test::DBICx::Modeler::Generator::CLI::SQLite') called at t/01_sqlite_longname.t line 12
The old Moose::Util::MetaRole API (before version 0.94) has been deprecated at /home/lonesome/.cpan/build/DBICx-Modeler-Generator-0.02-4DuYH2/blib/lib/DBICx/Modeler/Generator/Model.pm line 20
	DBICx::Modeler::Generator::Model::BEGIN() called at /home/lonesome/.cpan/build/DBICx-Modeler-Generator-0.02-4DuYH2/blib/lib/DBICx/Modeler/Generator/Model.pm line 20
	eval {...} called at /home/lonesome/.cpan/build/DBICx-Modeler-Generator-0.02-4DuYH2/blib/lib/DBICx/Modeler/Generator/Model.pm line 20
	require DBICx/Modeler/Generator/Model.pm called at /home/lonesome/perl-5.14.0/lib/site_perl/5.14.0/i686-linux/Class/MOP.pm line 114
	Class::MOP::__ANON__() called at /home/lonesome/perl-5.14.0/lib/site_perl/5.14.0/Try/Tiny.pm line 71
	eval {...} called at /home/lonesome/perl-5.14.0/lib/site_perl/5.14.0/Try/Tiny.pm line 67
	Try::Tiny::try('CODE(0xa29fb48)', 'Try::Tiny::Catch=REF(0xa3a57c8)') called at /home/lonesome/perl-5.14.0/lib/site_perl/5.14.0/i686-linux/Class/MOP.pm line 125
	Class::MOP::load_first_existing_class('DBICx::Modeler::Generator::Model') called at /home/lonesome/perl-5.14.0/lib/site_perl/5.14.0/i686-linux/Class/MOP.pm line 137
	Class::MOP::load_class('DBICx::Modeler::Generator::Model') called at /home/lonesome/perl-5.14.0/lib/site_perl/5.14.0/Orochi.pm line 213
	Orochi::inject_class('Orochi=HASH(0xa288fc0)', 'DBICx::Modeler::Generator::Model') called at /home/lonesome/.cpan/build/DBICx-Modeler-Generator-0.02-4DuYH2/blib/lib/DBICx/Modeler/Generator/CLI.pm line 255
	DBICx::Modeler::Generator::CLI::_inject_classes('DBICx::Modeler::Generator::CLI=HASH(0xa299440)') called at /home/lonesome/.cpan/build/DBICx-Modeler-Generator-0.02-4DuYH2/blib/lib/DBICx/Modeler/Generator/CLI.pm line 220
	DBICx::Modeler::Generator::CLI::BUILD('DBICx::Modeler::Generator::CLI=HASH(0xa299440)', 'HASH(0xa299530)') called at generated method (unknown origin) line 127
	DBICx::Modeler::Generator::CLI::new('DBICx::Modeler::Generator::CLI', 'ARGV', 'ARRAY(0xa288fa0)', 'extra_argv', 'ARRAY(0xa299aa0)', 'usage', 'Getopt::Long::Descriptive::Usage=HASH(0x9d221d0)', 'literal', 'HASH(0xa288f30)', ...) called at /home/lonesome/perl-5.14.0/lib/site_perl/5.14.0/MooseX/Getopt/Basic.pm line 96
	MooseX::Getopt::Basic::new_with_options('DBICx::Modeler::Generator::CLI') called at t/lib/Test/DBICx/Modeler/Generator/CLI.pm line 56
	Test::DBICx::Modeler::Generator::CLI::_get_generator('Test::DBICx::Modeler::Generator::CLI::SQLite=HASH(0xa03c2d8)') called at t/lib/Test/DBICx/Modeler/Generator.pm line 44
	Test::DBICx::Modeler::Generator::startup('Test::DBICx::Modeler::Generator::CLI::SQLite=HASH(0xa03c2d8)') called at /home/lonesome/.cpan/build/DBICx-Modeler-Generator-0.02-4DuYH2/inc/Test/Class.pm line 257
	eval {...} called at /home/lonesome/.cpan/build/DBICx-Modeler-Generator-0.02-4DuYH2/inc/Test/Class.pm line 257
	Test::Class::_run_method('Test::DBICx::Modeler::Generator::CLI::SQLite=HASH(0xa03c2d8)', 'startup', 'ARRAY(0xa0909f0)') called at /home/lonesome/.cpan/build/DBICx-Modeler-Generator-0.02-4DuYH2/inc/Test/Class.pm line 337
	Test::Class::runtests('Test::DBICx::Modeler::Generator::CLI::SQLite') called at t/01_sqlite_longname.t line 12
The old Moose::Util::MetaRole API (before version 0.94) has been deprecated at /home/lonesome/.cpan/build/DBICx-Modeler-Generator-0.02-4DuYH2/blib/lib/DBICx/Modeler/Generator/Driver/SQLite.pm line 20
	DBICx::Modeler::Generator::Driver::SQLite::BEGIN() called at /home/lonesome/.cpan/build/DBICx-Modeler-Generator-0.02-4DuYH2/blib/lib/DBICx/Modeler/Generator/Driver/SQLite.pm line 20
	eval {...} called at /home/lonesome/.cpan/build/DBICx-Modeler-Generator-0.02-4DuYH2/blib/lib/DBICx/Modeler/Generator/Driver/SQLite.pm line 20
	require DBICx/Modeler/Generator/Driver/SQLite.pm called at /home/lonesome/perl-5.14.0/lib/site_perl/5.14.0/i686-linux/Class/MOP.pm line 114
	Class::MOP::__ANON__() called at /home/lonesome/perl-5.14.0/lib/site_perl/5.14.0/Try/Tiny.pm line 71
	eval {...} called at /home/lonesome/perl-5.14.0/lib/site_perl/5.14.0/Try/Tiny.pm line 67
	Try::Tiny::try('CODE(0xa29fb48)', 'Try::Tiny::Catch=REF(0xa3b53b0)') called at /home/lonesome/perl-5.14.0/lib/site_perl/5.14.0/i686-linux/Class/MOP.pm line 125
	Class::MOP::load_first_existing_class('DBICx::Modeler::Generator::Driver::SQLite') called at /home/lonesome/perl-5.14.0/lib/site_perl/5.14.0/i686-linux/Class/MOP.pm line 137
	Class::MOP::load_class('DBICx::Modeler::Generator::Driver::SQLite') called at /home/lonesome/perl-5.14.0/lib/site_perl/5.14.0/Orochi.pm line 213
	Orochi::inject_class('Orochi=HASH(0xa288fc0)', 'DBICx::Modeler::Generator::Driver::SQLite') called at /home/lonesome/.cpan/build/DBICx-Modeler-Generator-0.02-4DuYH2/blib/lib/DBICx/Modeler/Generator/CLI.pm line 255
	DBICx::Modeler::Generator::CLI::_inject_classes('DBICx::Modeler::Generator::CLI=HASH(0xa299440)') called at /home/lonesome/.cpan/build/DBICx-Modeler-Generator-0.02-4DuYH2/blib/lib/DBICx/Modeler/Generator/CLI.pm line 220
	DBICx::Modeler::Generator::CLI::BUILD('DBICx::Modeler::Generator::CLI=HASH(0xa299440)', 'HASH(0xa299530)') called at generated method (unknown origin) line 127
	DBICx::Modeler::Generator::CLI::new('DBICx::Modeler::Generator::CLI', 'ARGV', 'ARRAY(0xa288fa0)', 'extra_argv', 'ARRAY(0xa299aa0)', 'usage', 'Getopt::Long::Descriptive::Usage=HASH(0x9d221d0)', 'literal', 'HASH(0xa288f30)', ...) called at /home/lonesome/perl-5.14.0/lib/site_perl/5.14.0/MooseX/Getopt/Basic.pm line 96
	MooseX::Getopt::Basic::new_with_options('DBICx::Modeler::Generator::CLI') called at t/lib/Test/DBICx/Modeler/Generator/CLI.pm line 56
	Test::DBICx::Modeler::Generator::CLI::_get_generator('Test::DBICx::Modeler::Generator::CLI::SQLite=HASH(0xa03c2d8)') called at t/lib/Test/DBICx/Modeler/Generator.pm line 44
	Test::DBICx::Modeler::Generator::startup('Test::DBICx::Modeler::Generator::CLI::SQLite=HASH(0xa03c2d8)') called at /home/lonesome/.cpan/build/DBICx-Modeler-Generator-0.02-4DuYH2/inc/Test/Class.pm line 257
	eval {...} called at /home/lonesome/.cpan/build/DBICx-Modeler-Generator-0.02-4DuYH2/inc/Test/Class.pm line 257
	Test::Class::_run_method('Test::DBICx::Modeler::Generator::CLI::SQLite=HASH(0xa03c2d8)', 'startup', 'ARRAY(0xa0909f0)') called at /home/lonesome/.cpan/build/DBICx-Modeler-Generator-0.02-4DuYH2/inc/Test/Class.pm line 337
	Test::Class::runtests('Test::DBICx::Modeler::Generator::CLI::SQLite') called at t/01_sqlite_longname.t line 12
The old Moose::Util::MetaRole API (before version 0.94) has been deprecated at /home/lonesome/.cpan/build/DBICx-Modeler-Generator-0.02-4DuYH2/blib/lib/DBICx/Modeler/Generator/Schema.pm line 20
	DBICx::Modeler::Generator::Schema::BEGIN() called at /home/lonesome/.cpan/build/DBICx-Modeler-Generator-0.02-4DuYH2/blib/lib/DBICx/Modeler/Generator/Schema.pm line 20
	eval {...} called at /home/lonesome/.cpan/build/DBICx-Modeler-Generator-0.02-4DuYH2/blib/lib/DBICx/Modeler/Generator/Schema.pm line 20
	require DBICx/Modeler/Generator/Schema.pm called at /home/lonesome/perl-5.14.0/lib/site_perl/5.14.0/i686-linux/Class/MOP.pm line 114
	Class::MOP::__ANON__() called at /home/lonesome/perl-5.14.0/lib/site_perl/5.14.0/Try/Tiny.pm line 71
	eval {...} called at /home/lonesome/perl-5.14.0/lib/site_perl/5.14.0/Try/Tiny.pm line 67
	Try::Tiny::try('CODE(0xa29fb48)', 'Try::Tiny::Catch=REF(0xa4470d0)') called at /home/lonesome/perl-5.14.0/lib/site_perl/5.14.0/i686-linux/Class/MOP.pm line 125
	Class::MOP::load_first_existing_class('DBICx::Modeler::Generator::Schema') called at /home/lonesome/perl-5.14.0/lib/site_perl/5.14.0/i686-linux/Class/MOP.pm line 137
	Class::MOP::load_class('DBICx::Modeler::Generator::Schema') called at /home/lonesome/perl-5.14.0/lib/site_perl/5.14.0/Orochi.pm line 213
	Orochi::inject_class('Orochi=HASH(0xa288fc0)', 'DBICx::Modeler::Generator::Schema') called at /home/lonesome/.cpan/build/DBICx-Modeler-Generator-0.02-4DuYH2/blib/lib/DBICx/Modeler/Generator/CLI.pm line 255
	DBICx::Modeler::Generator::CLI::_inject_classes('DBICx::Modeler::Generator::CLI=HASH(0xa299440)') called at /home/lonesome/.cpan/build/DBICx-Modeler-Generator-0.02-4DuYH2/blib/lib/DBICx/Modeler/Generator/CLI.pm line 220
	DBICx::Modeler::Generator::CLI::BUILD('DBICx::Modeler::Generator::CLI=HASH(0xa299440)', 'HASH(0xa299530)') called at generated method (unknown origin) line 127
	DBICx::Modeler::Generator::CLI::new('DBICx::Modeler::Generator::CLI', 'ARGV', 'ARRAY(0xa288fa0)', 'extra_argv', 'ARRAY(0xa299aa0)', 'usage', 'Getopt::Long::Descriptive::Usage=HASH(0x9d221d0)', 'literal', 'HASH(0xa288f30)', ...) called at /home/lonesome/perl-5.14.0/lib/site_perl/5.14.0/MooseX/Getopt/Basic.pm line 96
	MooseX::Getopt::Basic::new_with_options('DBICx::Modeler::Generator::CLI') called at t/lib/Test/DBICx/Modeler/Generator/CLI.pm line 56
	Test::DBICx::Modeler::Generator::CLI::_get_generator('Test::DBICx::Modeler::Generator::CLI::SQLite=HASH(0xa03c2d8)') called at t/lib/Test/DBICx/Modeler/Generator.pm line 44
	Test::DBICx::Modeler::Generator::startup('Test::DBICx::Modeler::Generator::CLI::SQLite=HASH(0xa03c2d8)') called at /home/lonesome/.cpan/build/DBICx-Modeler-Generator-0.02-4DuYH2/inc/Test/Class.pm line 257
	eval {...} called at /home/lonesome/.cpan/build/DBICx-Modeler-Generator-0.02-4DuYH2/inc/Test/Class.pm line 257
	Test::Class::_run_method('Test::DBICx::Modeler::Generator::CLI::SQLite=HASH(0xa03c2d8)', 'startup', 'ARRAY(0xa0909f0)') called at /home/lonesome/.cpan/build/DBICx-Modeler-Generator-0.02-4DuYH2/inc/Test/Class.pm line 337
	Test::Class::runtests('Test::DBICx::Modeler::Generator::CLI::SQLite') called at t/01_sqlite_longname.t line 12
The old Moose::Util::MetaRole API (before version 0.94) has been deprecated at /home/lonesome/.cpan/build/DBICx-Modeler-Generator-0.02-4DuYH2/blib/lib/DBICx/Modeler/Generator.pm line 27
	DBICx::Modeler::Generator::BEGIN() called at /home/lonesome/.cpan/build/DBICx-Modeler-Generator-0.02-4DuYH2/blib/lib/DBICx/Modeler/Generator.pm line 27
	eval {...} called at /home/lonesome/.cpan/build/DBICx-Modeler-Generator-0.02-4DuYH2/blib/lib/DBICx/Modeler/Generator.pm line 27
	require DBICx/Modeler/Generator.pm called at /home/lonesome/perl-5.14.0/lib/site_perl/5.14.0/i686-linux/Class/MOP.pm line 114
	Class::MOP::__ANON__() called at /home/lonesome/perl-5.14.0/lib/site_perl/5.14.0/Try/Tiny.pm line 71
	eval {...} called at /home/lonesome/perl-5.14.0/lib/site_perl/5.14.0/Try/Tiny.pm line 67
	Try::Tiny::try('CODE(0xa29fb48)', 'Try::Tiny::Catch=REF(0xa523f88)') called at /home/lonesome/perl-5.14.0/lib/site_perl/5.14.0/i686-linux/Class/MOP.pm line 125
	Class::MOP::load_first_existing_class('DBICx::Modeler::Generator') called at /home/lonesome/perl-5.14.0/lib/site_perl/5.14.0/i686-linux/Class/MOP.pm line 137
	Class::MOP::load_class('DBICx::Modeler::Generator') called at /home/lonesome/perl-5.14.0/lib/site_perl/5.14.0/Orochi.pm line 213
	Orochi::inject_class('Orochi=HASH(0xa288fc0)', 'DBICx::Modeler::Generator') called at /home/lonesome/.cpan/build/DBICx-Modeler-Generator-0.02-4DuYH2/blib/lib/DBICx/Modeler/Generator/CLI.pm line 255
	DBICx::Modeler::Generator::CLI::_inject_classes('DBICx::Modeler::Generator::CLI=HASH(0xa299440)') called at /home/lonesome/.cpan/build/DBICx-Modeler-Generator-0.02-4DuYH2/blib/lib/DBICx/Modeler/Generator/CLI.pm line 220
	DBICx::Modeler::Generator::CLI::BUILD('DBICx::Modeler::Generator::CLI=HASH(0xa299440)', 'HASH(0xa299530)') called at generated method (unknown origin) line 127
	DBICx::Modeler::Generator::CLI::new('DBICx::Modeler::Generator::CLI', 'ARGV', 'ARRAY(0xa288fa0)', 'extra_argv', 'ARRAY(0xa299aa0)', 'usage', 'Getopt::Long::Descriptive::Usage=HASH(0x9d221d0)', 'literal', 'HASH(0xa288f30)', ...) called at /home/lonesome/perl-5.14.0/lib/site_perl/5.14.0/MooseX/Getopt/Basic.pm line 96
	MooseX::Getopt::Basic::new_with_options('DBICx::Modeler::Generator::CLI') called at t/lib/Test/DBICx/Modeler/Generator/CLI.pm line 56
	Test::DBICx::Modeler::Generator::CLI::_get_generator('Test::DBICx::Modeler::Generator::CLI::SQLite=HASH(0xa03c2d8)') called at t/lib/Test/DBICx/Modeler/Generator.pm line 44
	Test::DBICx::Modeler::Generator::startup('Test::DBICx::Modeler::Generator::CLI::SQLite=HASH(0xa03c2d8)') called at /home/lonesome/.cpan/build/DBICx-Modeler-Generator-0.02-4DuYH2/inc/Test/Class.pm line 257
	eval {...} called at /home/lonesome/.cpan/build/DBICx-Modeler-Generator-0.02-4DuYH2/inc/Test/Class.pm line 257
	Test::Class::_run_method('Test::DBICx::Modeler::Generator::CLI::SQLite=HASH(0xa03c2d8)', 'startup', 'ARRAY(0xa0909f0)') called at /home/lonesome/.cpan/build/DBICx-Modeler-Generator-0.02-4DuYH2/inc/Test/Class.pm line 337
	Test::Class::runtests('Test::DBICx::Modeler::Generator::CLI::SQLite') called at t/01_sqlite_longname.t line 12
t/01_sqlite_longname.t .... ok
The old Moose::Util::MetaRole API (before version 0.94) has been deprecated at /home/lonesome/.cpan/build/DBICx-Modeler-Generator-0.02-4DuYH2/blib/lib/DBICx/Modeler/Generator/Class.pm line 20
	DBICx::Modeler::Generator::Class::BEGIN() called at /home/lonesome/.cpan/build/DBICx-Modeler-Generator-0.02-4DuYH2/blib/lib/DBICx/Modeler/Generator/Class.pm line 20
	eval {...} called at /home/lonesome/.cpan/build/DBICx-Modeler-Generator-0.02-4DuYH2/blib/lib/DBICx/Modeler/Generator/Class.pm line 20
	require DBICx/Modeler/Generator/Class.pm called at /home/lonesome/perl-5.14.0/lib/site_perl/5.14.0/i686-linux/Class/MOP.pm line 114
	Class::MOP::__ANON__() called at /home/lonesome/perl-5.14.0/lib/site_perl/5.14.0/Try/Tiny.pm line 71
	eval {...} called at /home/lonesome/perl-5.14.0/lib/site_perl/5.14.0/Try/Tiny.pm line 67
	Try::Tiny::try('CODE(0xa88c600)', 'Try::Tiny::Catch=REF(0xa6fdf00)') called at /home/lonesome/perl-5.14.0/lib/site_perl/5.14.0/i686-linux/Class/MOP.pm line 125
	Class::MOP::load_first_existing_class('DBICx::Modeler::Generator::Class') called at /home/lonesome/perl-5.14.0/lib/site_perl/5.14.0/i686-linux/Class/MOP.pm line 137
	Class::MOP::load_class('DBICx::Modeler::Generator::Class') called at /home/lonesome/perl-5.14.0/lib/site_perl/5.14.0/Orochi.pm line 213
	Orochi::inject_class('Orochi=HASH(0xa877ff8)', 'DBICx::Modeler::Generator::Class') called at /home/lonesome/.cpan/build/DBICx-Modeler-Generator-0.02-4DuYH2/blib/lib/DBICx/Modeler/Generator/CLI.pm line 255
	DBICx::Modeler::Generator::CLI::_inject_classes('DBICx::Modeler::Generator::CLI=HASH(0xa888458)') called at /home/lonesome/.cpan/build/DBICx-Modeler-Generator-0.02-4DuYH2/blib/lib/DBICx/Modeler/Generator/CLI.pm line 220
	DBICx::Modeler::Generator::CLI::BUILD('DBICx::Modeler::Generator::CLI=HASH(0xa888458)', 'HASH(0xa888548)') called at generated method (unknown origin) line 127
	DBICx::Modeler::Generator::CLI::new('DBICx::Modeler::Generator::CLI', 'ARGV', 'ARRAY(0xa877fd8)', 'extra_argv', 'ARRAY(0xa888ab8)', 'usage', 'Getopt::Long::Descriptive::Usage=HASH(0xa311250)', 'literal', 'HASH(0xa877f68)', ...) called at /home/lonesome/perl-5.14.0/lib/site_perl/5.14.0/MooseX/Getopt/Basic.pm line 96
	MooseX::Getopt::Basic::new_with_options('DBICx::Modeler::Generator::CLI') called at t/lib/Test/DBICx/Modeler/Generator/CLI.pm line 56
	Test::DBICx::Modeler::Generator::CLI::_get_generator('Test::DBICx::Modeler::Generator::CLI::SQLite=HASH(0xa62b3c0)') called at t/lib/Test/DBICx/Modeler/Generator.pm line 44
	Test::DBICx::Modeler::Generator::startup('Test::DBICx::Modeler::Generator::CLI::SQLite=HASH(0xa62b3c0)') called at /home/lonesome/.cpan/build/DBICx-Modeler-Generator-0.02-4DuYH2/inc/Test/Class.pm line 257
	eval {...} called at /home/lonesome/.cpan/build/DBICx-Modeler-Generator-0.02-4DuYH2/inc/Test/Class.pm line 257
	Test::Class::_run_method('Test::DBICx::Modeler::Generator::CLI::SQLite=HASH(0xa62b3c0)', 'startup', 'ARRAY(0xa67fa00)') called at /home/lonesome/.cpan/build/DBICx-Modeler-Generator-0.02-4DuYH2/inc/Test/Class.pm line 337
	Test::Class::runtests('Test::DBICx::Modeler::Generator::CLI::SQLite') called at t/02_sqlite_shortname.t line 12
The old Moose::Util::MetaRole API (before version 0.94) has been deprecated at /home/lonesome/.cpan/build/DBICx-Modeler-Generator-0.02-4DuYH2/blib/lib/DBICx/Modeler/Generator/Tree.pm line 20
	DBICx::Modeler::Generator::Tree::BEGIN() called at /home/lonesome/.cpan/build/DBICx-Modeler-Generator-0.02-4DuYH2/blib/lib/DBICx/Modeler/Generator/Tree.pm line 20
	eval {...} called at /home/lonesome/.cpan/build/DBICx-Modeler-Generator-0.02-4DuYH2/blib/lib/DBICx/Modeler/Generator/Tree.pm line 20
	require DBICx/Modeler/Generator/Tree.pm called at /home/lonesome/perl-5.14.0/lib/site_perl/5.14.0/i686-linux/Class/MOP.pm line 114
	Class::MOP::__ANON__() called at /home/lonesome/perl-5.14.0/lib/site_perl/5.14.0/Try/Tiny.pm line 71
	eval {...} called at /home/lonesome/perl-5.14.0/lib/site_perl/5.14.0/Try/Tiny.pm line 67
	Try::Tiny::try('CODE(0xa88eb30)', 'Try::Tiny::Catch=REF(0xa8df210)') called at /home/lonesome/perl-5.14.0/lib/site_perl/5.14.0/i686-linux/Class/MOP.pm line 125
	Class::MOP::load_first_existing_class('DBICx::Modeler::Generator::Tree') called at /home/lonesome/perl-5.14.0/lib/site_perl/5.14.0/i686-linux/Class/MOP.pm line 137
	Class::MOP::load_class('DBICx::Modeler::Generator::Tree') called at /home/lonesome/perl-5.14.0/lib/site_perl/5.14.0/Orochi.pm line 213
	Orochi::inject_class('Orochi=HASH(0xa877ff8)', 'DBICx::Modeler::Generator::Tree') called at /home/lonesome/.cpan/build/DBICx-Modeler-Generator-0.02-4DuYH2/blib/lib/DBICx/Modeler/Generator/CLI.pm line 255
	DBICx::Modeler::Generator::CLI::_inject_classes('DBICx::Modeler::Generator::CLI=HASH(0xa888458)') called at /home/lonesome/.cpan/build/DBICx-Modeler-Generator-0.02-4DuYH2/blib/lib/DBICx/Modeler/Generator/CLI.pm line 220
	DBICx::Modeler::Generator::CLI::BUILD('DBICx::Modeler::Generator::CLI=HASH(0xa888458)', 'HASH(0xa888548)') called at generated method (unknown origin) line 127
	DBICx::Modeler::Generator::CLI::new('DBICx::Modeler::Generator::CLI', 'ARGV', 'ARRAY(0xa877fd8)', 'extra_argv', 'ARRAY(0xa888ab8)', 'usage', 'Getopt::Long::Descriptive::Usage=HASH(0xa311250)', 'literal', 'HASH(0xa877f68)', ...) called at /home/lonesome/perl-5.14.0/lib/site_perl/5.14.0/MooseX/Getopt/Basic.pm line 96
	MooseX::Getopt::Basic::new_with_options('DBICx::Modeler::Generator::CLI') called at t/lib/Test/DBICx/Modeler/Generator/CLI.pm line 56
	Test::DBICx::Modeler::Generator::CLI::_get_generator('Test::DBICx::Modeler::Generator::CLI::SQLite=HASH(0xa62b3c0)') called at t/lib/Test/DBICx/Modeler/Generator.pm line 44
	Test::DBICx::Modeler::Generator::startup('Test::DBICx::Modeler::Generator::CLI::SQLite=HASH(0xa62b3c0)') called at /home/lonesome/.cpan/build/DBICx-Modeler-Generator-0.02-4DuYH2/inc/Test/Class.pm line 257
	eval {...} called at /home/lonesome/.cpan/build/DBICx-Modeler-Generator-0.02-4DuYH2/inc/Test/Class.pm line 257
	Test::Class::_run_method('Test::DBICx::Modeler::Generator::CLI::SQLite=HASH(0xa62b3c0)', 'startup', 'ARRAY(0xa67fa00)') called at /home/lonesome/.cpan/build/DBICx-Modeler-Generator-0.02-4DuYH2/inc/Test/Class.pm line 337
	Test::Class::runtests('Test::DBICx::Modeler::Generator::CLI::SQLite') called at t/02_sqlite_shortname.t line 12
The old Moose::Util::MetaRole API (before version 0.94) has been deprecated at /home/lonesome/.cpan/build/DBICx-Modeler-Generator-0.02-4DuYH2/blib/lib/DBICx/Modeler/Generator/Path.pm line 20
	DBICx::Modeler::Generator::Path::BEGIN() called at /home/lonesome/.cpan/build/DBICx-Modeler-Generator-0.02-4DuYH2/blib/lib/DBICx/Modeler/Generator/Path.pm line 20
	eval {...} called at /home/lonesome/.cpan/build/DBICx-Modeler-Generator-0.02-4DuYH2/blib/lib/DBICx/Modeler/Generator/Path.pm line 20
	require DBICx/Modeler/Generator/Path.pm called at /home/lonesome/perl-5.14.0/lib/site_perl/5.14.0/i686-linux/Class/MOP.pm line 114
	Class::MOP::__ANON__() called at /home/lonesome/perl-5.14.0/lib/site_perl/5.14.0/Try/Tiny.pm line 71
	eval {...} called at /home/lonesome/perl-5.14.0/lib/site_perl/5.14.0/Try/Tiny.pm line 67
	Try::Tiny::try('CODE(0xa88eb30)', 'Try::Tiny::Catch=REF(0xa94e618)') called at /home/lonesome/perl-5.14.0/lib/site_perl/5.14.0/i686-linux/Class/MOP.pm line 125
	Class::MOP::load_first_existing_class('DBICx::Modeler::Generator::Path') called at /home/lonesome/perl-5.14.0/lib/site_perl/5.14.0/i686-linux/Class/MOP.pm line 137
	Class::MOP::load_class('DBICx::Modeler::Generator::Path') called at /home/lonesome/perl-5.14.0/lib/site_perl/5.14.0/Orochi.pm line 213
	Orochi::inject_class('Orochi=HASH(0xa877ff8)', 'DBICx::Modeler::Generator::Path') called at /home/lonesome/.cpan/build/DBICx-Modeler-Generator-0.02-4DuYH2/blib/lib/DBICx/Modeler/Generator/CLI.pm line 255
	DBICx::Modeler::Generator::CLI::_inject_classes('DBICx::Modeler::Generator::CLI=HASH(0xa888458)') called at /home/lonesome/.cpan/build/DBICx-Modeler-Generator-0.02-4DuYH2/blib/lib/DBICx/Modeler/Generator/CLI.pm line 220
	DBICx::Modeler::Generator::CLI::BUILD('DBICx::Modeler::Generator::CLI=HASH(0xa888458)', 'HASH(0xa888548)') called at generated method (unknown origin) line 127
	DBICx::Modeler::Generator::CLI::new('DBICx::Modeler::Generator::CLI', 'ARGV', 'ARRAY(0xa877fd8)', 'extra_argv', 'ARRAY(0xa888ab8)', 'usage', 'Getopt::Long::Descriptive::Usage=HASH(0xa311250)', 'literal', 'HASH(0xa877f68)', ...) called at /home/lonesome/perl-5.14.0/lib/site_perl/5.14.0/MooseX/Getopt/Basic.pm line 96
	MooseX::Getopt::Basic::new_with_options('DBICx::Modeler::Generator::CLI') called at t/lib/Test/DBICx/Modeler/Generator/CLI.pm line 56
	Test::DBICx::Modeler::Generator::CLI::_get_generator('Test::DBICx::Modeler::Generator::CLI::SQLite=HASH(0xa62b3c0)') called at t/lib/Test/DBICx/Modeler/Generator.pm line 44
	Test::DBICx::Modeler::Generator::startup('Test::DBICx::Modeler::Generator::CLI::SQLite=HASH(0xa62b3c0)') called at /home/lonesome/.cpan/build/DBICx-Modeler-Generator-0.02-4DuYH2/inc/Test/Class.pm line 257
	eval {...} called at /home/lonesome/.cpan/build/DBICx-Modeler-Generator-0.02-4DuYH2/inc/Test/Class.pm line 257
	Test::Class::_run_method('Test::DBICx::Modeler::Generator::CLI::SQLite=HASH(0xa62b3c0)', 'startup', 'ARRAY(0xa67fa00)') called at /home/lonesome/.cpan/build/DBICx-Modeler-Generator-0.02-4DuYH2/inc/Test/Class.pm line 337
	Test::Class::runtests('Test::DBICx::Modeler::Generator::CLI::SQLite') called at t/02_sqlite_shortname.t line 12
The old Moose::Util::MetaRole API (before version 0.94) has been deprecated at /home/lonesome/.cpan/build/DBICx-Modeler-Generator-0.02-4DuYH2/blib/lib/DBICx/Modeler/Generator/Model.pm line 20
	DBICx::Modeler::Generator::Model::BEGIN() called at /home/lonesome/.cpan/build/DBICx-Modeler-Generator-0.02-4DuYH2/blib/lib/DBICx/Modeler/Generator/Model.pm line 20
	eval {...} called at /home/lonesome/.cpan/build/DBICx-Modeler-Generator-0.02-4DuYH2/blib/lib/DBICx/Modeler/Generator/Model.pm line 20
	require DBICx/Modeler/Generator/Model.pm called at /home/lonesome/perl-5.14.0/lib/site_perl/5.14.0/i686-linux/Class/MOP.pm line 114
	Class::MOP::__ANON__() called at /home/lonesome/perl-5.14.0/lib/site_perl/5.14.0/Try/Tiny.pm line 71
	eval {...} called at /home/lonesome/perl-5.14.0/lib/site_perl/5.14.0/Try/Tiny.pm line 67
	Try::Tiny::try('CODE(0xa88eb30)', 'Try::Tiny::Catch=REF(0xa994880)') called at /home/lonesome/perl-5.14.0/lib/site_perl/5.14.0/i686-linux/Class/MOP.pm line 125
	Class::MOP::load_first_existing_class('DBICx::Modeler::Generator::Model') called at /home/lonesome/perl-5.14.0/lib/site_perl/5.14.0/i686-linux/Class/MOP.pm line 137
	Class::MOP::load_class('DBICx::Modeler::Generator::Model') called at /home/lonesome/perl-5.14.0/lib/site_perl/5.14.0/Orochi.pm line 213
	Orochi::inject_class('Orochi=HASH(0xa877ff8)', 'DBICx::Modeler::Generator::Model') called at /home/lonesome/.cpan/build/DBICx-Modeler-Generator-0.02-4DuYH2/blib/lib/DBICx/Modeler/Generator/CLI.pm line 255
	DBICx::Modeler::Generator::CLI::_inject_classes('DBICx::Modeler::Generator::CLI=HASH(0xa888458)') called at /home/lonesome/.cpan/build/DBICx-Modeler-Generator-0.02-4DuYH2/blib/lib/DBICx/Modeler/Generator/CLI.pm line 220
	DBICx::Modeler::Generator::CLI::BUILD('DBICx::Modeler::Generator::CLI=HASH(0xa888458)', 'HASH(0xa888548)') called at generated method (unknown origin) line 127
	DBICx::Modeler::Generator::CLI::new('DBICx::Modeler::Generator::CLI', 'ARGV', 'ARRAY(0xa877fd8)', 'extra_argv', 'ARRAY(0xa888ab8)', 'usage', 'Getopt::Long::Descriptive::Usage=HASH(0xa311250)', 'literal', 'HASH(0xa877f68)', ...) called at /home/lonesome/perl-5.14.0/lib/site_perl/5.14.0/MooseX/Getopt/Basic.pm line 96
	MooseX::Getopt::Basic::new_with_options('DBICx::Modeler::Generator::CLI') called at t/lib/Test/DBICx/Modeler/Generator/CLI.pm line 56
	Test::DBICx::Modeler::Generator::CLI::_get_generator('Test::DBICx::Modeler::Generator::CLI::SQLite=HASH(0xa62b3c0)') called at t/lib/Test/DBICx/Modeler/Generator.pm line 44
	Test::DBICx::Modeler::Generator::startup('Test::DBICx::Modeler::Generator::CLI::SQLite=HASH(0xa62b3c0)') called at /home/lonesome/.cpan/build/DBICx-Modeler-Generator-0.02-4DuYH2/inc/Test/Class.pm line 257
	eval {...} called at /home/lonesome/.cpan/build/DBICx-Modeler-Generator-0.02-4DuYH2/inc/Test/Class.pm line 257
	Test::Class::_run_method('Test::DBICx::Modeler::Generator::CLI::SQLite=HASH(0xa62b3c0)', 'startup', 'ARRAY(0xa67fa00)') called at /home/lonesome/.cpan/build/DBICx-Modeler-Generator-0.02-4DuYH2/inc/Test/Class.pm line 337
	Test::Class::runtests('Test::DBICx::Modeler::Generator::CLI::SQLite') called at t/02_sqlite_shortname.t line 12
The old Moose::Util::MetaRole API (before version 0.94) has been deprecated at /home/lonesome/.cpan/build/DBICx-Modeler-Generator-0.02-4DuYH2/blib/lib/DBICx/Modeler/Generator/Driver/SQLite.pm line 20
	DBICx::Modeler::Generator::Driver::SQLite::BEGIN() called at /home/lonesome/.cpan/build/DBICx-Modeler-Generator-0.02-4DuYH2/blib/lib/DBICx/Modeler/Generator/Driver/SQLite.pm line 20
	eval {...} called at /home/lonesome/.cpan/build/DBICx-Modeler-Generator-0.02-4DuYH2/blib/lib/DBICx/Modeler/Generator/Driver/SQLite.pm line 20
	require DBICx/Modeler/Generator/Driver/SQLite.pm called at /home/lonesome/perl-5.14.0/lib/site_perl/5.14.0/i686-linux/Class/MOP.pm line 114
	Class::MOP::__ANON__() called at /home/lonesome/perl-5.14.0/lib/site_perl/5.14.0/Try/Tiny.pm line 71
	eval {...} called at /home/lonesome/perl-5.14.0/lib/site_perl/5.14.0/Try/Tiny.pm line 67
	Try::Tiny::try('CODE(0xa88eb30)', 'Try::Tiny::Catch=REF(0xa9a4468)') called at /home/lonesome/perl-5.14.0/lib/site_perl/5.14.0/i686-linux/Class/MOP.pm line 125
	Class::MOP::load_first_existing_class('DBICx::Modeler::Generator::Driver::SQLite') called at /home/lonesome/perl-5.14.0/lib/site_perl/5.14.0/i686-linux/Class/MOP.pm line 137
	Class::MOP::load_class('DBICx::Modeler::Generator::Driver::SQLite') called at /home/lonesome/perl-5.14.0/lib/site_perl/5.14.0/Orochi.pm line 213
	Orochi::inject_class('Orochi=HASH(0xa877ff8)', 'DBICx::Modeler::Generator::Driver::SQLite') called at /home/lonesome/.cpan/build/DBICx-Modeler-Generator-0.02-4DuYH2/blib/lib/DBICx/Modeler/Generator/CLI.pm line 255
	DBICx::Modeler::Generator::CLI::_inject_classes('DBICx::Modeler::Generator::CLI=HASH(0xa888458)') called at /home/lonesome/.cpan/build/DBICx-Modeler-Generator-0.02-4DuYH2/blib/lib/DBICx/Modeler/Generator/CLI.pm line 220
	DBICx::Modeler::Generator::CLI::BUILD('DBICx::Modeler::Generator::CLI=HASH(0xa888458)', 'HASH(0xa888548)') called at generated method (unknown origin) line 127
	DBICx::Modeler::Generator::CLI::new('DBICx::Modeler::Generator::CLI', 'ARGV', 'ARRAY(0xa877fd8)', 'extra_argv', 'ARRAY(0xa888ab8)', 'usage', 'Getopt::Long::Descriptive::Usage=HASH(0xa311250)', 'literal', 'HASH(0xa877f68)', ...) called at /home/lonesome/perl-5.14.0/lib/site_perl/5.14.0/MooseX/Getopt/Basic.pm line 96
	MooseX::Getopt::Basic::new_with_options('DBICx::Modeler::Generator::CLI') called at t/lib/Test/DBICx/Modeler/Generator/CLI.pm line 56
	Test::DBICx::Modeler::Generator::CLI::_get_generator('Test::DBICx::Modeler::Generator::CLI::SQLite=HASH(0xa62b3c0)') called at t/lib/Test/DBICx/Modeler/Generator.pm line 44
	Test::DBICx::Modeler::Generator::startup('Test::DBICx::Modeler::Generator::CLI::SQLite=HASH(0xa62b3c0)') called at /home/lonesome/.cpan/build/DBICx-Modeler-Generator-0.02-4DuYH2/inc/Test/Class.pm line 257
	eval {...} called at /home/lonesome/.cpan/build/DBICx-Modeler-Generator-0.02-4DuYH2/inc/Test/Class.pm line 257
	Test::Class::_run_method('Test::DBICx::Modeler::Generator::CLI::SQLite=HASH(0xa62b3c0)', 'startup', 'ARRAY(0xa67fa00)') called at /home/lonesome/.cpan/build/DBICx-Modeler-Generator-0.02-4DuYH2/inc/Test/Class.pm line 337
	Test::Class::runtests('Test::DBICx::Modeler::Generator::CLI::SQLite') called at t/02_sqlite_shortname.t line 12
The old Moose::Util::MetaRole API (before version 0.94) has been deprecated at /home/lonesome/.cpan/build/DBICx-Modeler-Generator-0.02-4DuYH2/blib/lib/DBICx/Modeler/Generator/Schema.pm line 20
	DBICx::Modeler::Generator::Schema::BEGIN() called at /home/lonesome/.cpan/build/DBICx-Modeler-Generator-0.02-4DuYH2/blib/lib/DBICx/Modeler/Generator/Schema.pm line 20
	eval {...} called at /home/lonesome/.cpan/build/DBICx-Modeler-Generator-0.02-4DuYH2/blib/lib/DBICx/Modeler/Generator/Schema.pm line 20
	require DBICx/Modeler/Generator/Schema.pm called at /home/lonesome/perl-5.14.0/lib/site_perl/5.14.0/i686-linux/Class/MOP.pm line 114
	Class::MOP::__ANON__() called at /home/lonesome/perl-5.14.0/lib/site_perl/5.14.0/Try/Tiny.pm line 71
	eval {...} called at /home/lonesome/perl-5.14.0/lib/site_perl/5.14.0/Try/Tiny.pm line 67
	Try::Tiny::try('CODE(0xa88eb30)', 'Try::Tiny::Catch=REF(0xaa360e8)') called at /home/lonesome/perl-5.14.0/lib/site_perl/5.14.0/i686-linux/Class/MOP.pm line 125
	Class::MOP::load_first_existing_class('DBICx::Modeler::Generator::Schema') called at /home/lonesome/perl-5.14.0/lib/site_perl/5.14.0/i686-linux/Class/MOP.pm line 137
	Class::MOP::load_class('DBICx::Modeler::Generator::Schema') called at /home/lonesome/perl-5.14.0/lib/site_perl/5.14.0/Orochi.pm line 213
	Orochi::inject_class('Orochi=HASH(0xa877ff8)', 'DBICx::Modeler::Generator::Schema') called at /home/lonesome/.cpan/build/DBICx-Modeler-Generator-0.02-4DuYH2/blib/lib/DBICx/Modeler/Generator/CLI.pm line 255
	DBICx::Modeler::Generator::CLI::_inject_classes('DBICx::Modeler::Generator::CLI=HASH(0xa888458)') called at /home/lonesome/.cpan/build/DBICx-Modeler-Generator-0.02-4DuYH2/blib/lib/DBICx/Modeler/Generator/CLI.pm line 220
	DBICx::Modeler::Generator::CLI::BUILD('DBICx::Modeler::Generator::CLI=HASH(0xa888458)', 'HASH(0xa888548)') called at generated method (unknown origin) line 127
	DBICx::Modeler::Generator::CLI::new('DBICx::Modeler::Generator::CLI', 'ARGV', 'ARRAY(0xa877fd8)', 'extra_argv', 'ARRAY(0xa888ab8)', 'usage', 'Getopt::Long::Descriptive::Usage=HASH(0xa311250)', 'literal', 'HASH(0xa877f68)', ...) called at /home/lonesome/perl-5.14.0/lib/site_perl/5.14.0/MooseX/Getopt/Basic.pm line 96
	MooseX::Getopt::Basic::new_with_options('DBICx::Modeler::Generator::CLI') called at t/lib/Test/DBICx/Modeler/Generator/CLI.pm line 56
	Test::DBICx::Modeler::Generator::CLI::_get_generator('Test::DBICx::Modeler::Generator::CLI::SQLite=HASH(0xa62b3c0)') called at t/lib/Test/DBICx/Modeler/Generator.pm line 44
	Test::DBICx::Modeler::Generator::startup('Test::DBICx::Modeler::Generator::CLI::SQLite=HASH(0xa62b3c0)') called at /home/lonesome/.cpan/build/DBICx-Modeler-Generator-0.02-4DuYH2/inc/Test/Class.pm line 257
	eval {...} called at /home/lonesome/.cpan/build/DBICx-Modeler-Generator-0.02-4DuYH2/inc/Test/Class.pm line 257
	Test::Class::_run_method('Test::DBICx::Modeler::Generator::CLI::SQLite=HASH(0xa62b3c0)', 'startup', 'ARRAY(0xa67fa00)') called at /home/lonesome/.cpan/build/DBICx-Modeler-Generator-0.02-4DuYH2/inc/Test/Class.pm line 337
	Test::Class::runtests('Test::DBICx::Modeler::Generator::CLI::SQLite') called at t/02_sqlite_shortname.t line 12
The old Moose::Util::MetaRole API (before version 0.94) has been deprecated at /home/lonesome/.cpan/build/DBICx-Modeler-Generator-0.02-4DuYH2/blib/lib/DBICx/Modeler/Generator.pm line 27
	DBICx::Modeler::Generator::BEGIN() called at /home/lonesome/.cpan/build/DBICx-Modeler-Generator-0.02-4DuYH2/blib/lib/DBICx/Modeler/Generator.pm line 27
	eval {...} called at /home/lonesome/.cpan/build/DBICx-Modeler-Generator-0.02-4DuYH2/blib/lib/DBICx/Modeler/Generator.pm line 27
	require DBICx/Modeler/Generator.pm called at /home/lonesome/perl-5.14.0/lib/site_perl/5.14.0/i686-linux/Class/MOP.pm line 114
	Class::MOP::__ANON__() called at /home/lonesome/perl-5.14.0/lib/site_perl/5.14.0/Try/Tiny.pm line 71
	eval {...} called at /home/lonesome/perl-5.14.0/lib/site_perl/5.14.0/Try/Tiny.pm line 67
	Try::Tiny::try('CODE(0xa88eb30)', 'Try::Tiny::Catch=REF(0xab13048)') called at /home/lonesome/perl-5.14.0/lib/site_perl/5.14.0/i686-linux/Class/MOP.pm line 125
	Class::MOP::load_first_existing_class('DBICx::Modeler::Generator') called at /home/lonesome/perl-5.14.0/lib/site_perl/5.14.0/i686-linux/Class/MOP.pm line 137
	Class::MOP::load_class('DBICx::Modeler::Generator') called at /home/lonesome/perl-5.14.0/lib/site_perl/5.14.0/Orochi.pm line 213
	Orochi::inject_class('Orochi=HASH(0xa877ff8)', 'DBICx::Modeler::Generator') called at /home/lonesome/.cpan/build/DBICx-Modeler-Generator-0.02-4DuYH2/blib/lib/DBICx/Modeler/Generator/CLI.pm line 255
	DBICx::Modeler::Generator::CLI::_inject_classes('DBICx::Modeler::Generator::CLI=HASH(0xa888458)') called at /home/lonesome/.cpan/build/DBICx-Modeler-Generator-0.02-4DuYH2/blib/lib/DBICx/Modeler/Generator/CLI.pm line 220
	DBICx::Modeler::Generator::CLI::BUILD('DBICx::Modeler::Generator::CLI=HASH(0xa888458)', 'HASH(0xa888548)') called at generated method (unknown origin) line 127
	DBICx::Modeler::Generator::CLI::new('DBICx::Modeler::Generator::CLI', 'ARGV', 'ARRAY(0xa877fd8)', 'extra_argv', 'ARRAY(0xa888ab8)', 'usage', 'Getopt::Long::Descriptive::Usage=HASH(0xa311250)', 'literal', 'HASH(0xa877f68)', ...) called at /home/lonesome/perl-5.14.0/lib/site_perl/5.14.0/MooseX/Getopt/Basic.pm line 96
	MooseX::Getopt::Basic::new_with_options('DBICx::Modeler::Generator::CLI') called at t/lib/Test/DBICx/Modeler/Generator/CLI.pm line 56
	Test::DBICx::Modeler::Generator::CLI::_get_generator('Test::DBICx::Modeler::Generator::CLI::SQLite=HASH(0xa62b3c0)') called at t/lib/Test/DBICx/Modeler/Generator.pm line 44
	Test::DBICx::Modeler::Generator::startup('Test::DBICx::Modeler::Generator::CLI::SQLite=HASH(0xa62b3c0)') called at /home/lonesome/.cpan/build/DBICx-Modeler-Generator-0.02-4DuYH2/inc/Test/Class.pm line 257
	eval {...} called at /home/lonesome/.cpan/build/DBICx-Modeler-Generator-0.02-4DuYH2/inc/Test/Class.pm line 257
	Test::Class::_run_method('Test::DBICx::Modeler::Generator::CLI::SQLite=HASH(0xa62b3c0)', 'startup', 'ARRAY(0xa67fa00)') called at /home/lonesome/.cpan/build/DBICx-Modeler-Generator-0.02-4DuYH2/inc/Test/Class.pm line 337
	Test::Class::runtests('Test::DBICx::Modeler::Generator::CLI::SQLite') called at t/02_sqlite_shortname.t line 12

#   Failed test 'no exception to update_schemata'
#   at t/lib/Test/DBICx/Modeler/Generator.pm line 273.
#   (in Test::DBICx::Modeler::Generator::CLI::SQLite->test_as_blackbox)
# died: Failed to reload class MyApp::Schema::Result::Artist: Can't locate object method "INC" via package "Path::Class::Dir" at (eval 768) line 2.
# .
# 
# CLASS SOURCE:
# 
# package MyApp::Schema::Result::Artist;
# 
# # Created by DBIx::Class::Schema::Loader
# # DO NOT MODIFY THE FIRST PART OF THIS FILE
# 
# use strict;
# use warnings;
# 
# use base 'DBIx::Class::Core';
# 
# 
# =head1 NAME
# 
# MyApp::Schema::Result::Artist
# 
# =cut
# 
# __PACKAGE__->table("artist");
# 
# =head1 ACCESSORS
# 
# =head2 id
# 
#   data_type: 'integer'
#   is_auto_increment: 1
#   is_nullable: 0
# 
# =head2 name
# 
#   data_type: 'text'
#   is_nullable: 0
# 
# =head2 insert_date_time
# 
#   data_type: 'date'
#   default_value: current_timestamp
#   is_nullable: 0
# 
# =cut
# 
# __PACKAGE__->add_columns(
#   "id",
#   { data_type => "integer", is_auto_increment => 1, is_nullable => 0 },
#   "name",
#   { data_type => "text", is_nullable => 0 },
#   "insert_date_time",
#   {
#     data_type     => "date",
#     default_value => \"current_timestamp",
#     is_nullable   => 0,
#   },
# );
# __PACKAGE__->set_primary_key("id");
# 
# =head1 RELATIONS
# 
# =head2 cds
# 
# Type: has_many
# 
# Related object: L<MyApp::Schema::Result::Cd>
# 
# =cut
# 
# __PACKAGE__->has_many(
#   "cds",
#   "MyApp::Schema::Result::Cd",
#   { "foreign.artist" => "self.id" },
#   { cascade_copy => 0, cascade_delete => 0 },
# );
# 
# 
# # Created by DBIx::Class::Schema::Loader v0.07010 @ 2011-06-02 16:55:06
# # DO NOT MODIFY THIS OR ANYTHING ABOVE! md5sum:Z7pJEJEDvNSVCvyeG1vYwg
# 
# 
# # You can replace this text with custom code or comments, and it will be preserved on regeneration
# 1;

#   Failed test 'schema module was generated: examples/MyApp/Schema/Artist.pm'
#   at t/lib/Test/DBICx/Modeler/Generator.pm line 298.
#   (in Test::DBICx::Modeler::Generator::CLI::SQLite->test_as_blackbox)

#   Failed test 'schema module was generated: examples/lib/MyApp/Schema/Cd.pm'
#   at t/lib/Test/DBICx/Modeler/Generator.pm line 300.
#   (in Test::DBICx::Modeler::Generator::CLI::SQLite->test_as_blackbox)

#   Failed test 'schema module was generated: examples/lib/MyApp/Schema/Track.pm'
#   at t/lib/Test/DBICx/Modeler/Generator.pm line 302.
#   (in Test::DBICx::Modeler::Generator::CLI::SQLite->test_as_blackbox)

#   Failed test 'use MyApp::Schema;'
#   at t/lib/Test/DBICx/Modeler/Generator.pm line 313.
#   (in Test::DBICx::Modeler::Generator::CLI::SQLite->test_as_blackbox)
#     Tried to use 'MyApp::Schema'.
#     Error:  Can't locate object method "INC" via package "Path::Class::Dir" at /home/lonesome/perl-5.14.0/lib/site_perl/5.14.0/DBIx/Class/Schema.pm line 169.
# Compilation failed in require at (eval 769) line 2.
# BEGIN failed--compilation aborted at (eval 769) line 2.

#   Failed test 'use MyApp::Schema::Artist;'
#   at t/lib/Test/DBICx/Modeler/Generator.pm line 321.
#   (in Test::DBICx::Modeler::Generator::CLI::SQLite->test_as_blackbox)
#     Tried to use 'MyApp::Schema::Artist'.
#     Error:  Can't locate object method "INC" via package "Path::Class::Dir" at (eval 770) line 2.
# BEGIN failed--compilation aborted at (eval 770) line 2.

#   Failed test 'The class isa DBIx::Class'
#   at t/lib/Test/DBICx/Modeler/Generator.pm line 322.
#   (in Test::DBICx::Modeler::Generator::CLI::SQLite->test_as_blackbox)
#     The class isn't a 'DBIx::Class' it's a ''

#   Failed test 'use MyApp::Schema::Cd;'
#   at t/lib/Test/DBICx/Modeler/Generator.pm line 321.
#   (in Test::DBICx::Modeler::Generator::CLI::SQLite->test_as_blackbox)
#     Tried to use 'MyApp::Schema::Cd'.
#     Error:  Can't locate object method "INC" via package "Path::Class::Dir" at (eval 771) line 2.
# BEGIN failed--compilation aborted at (eval 771) line 2.

#   Failed test 'The class isa DBIx::Class'
#   at t/lib/Test/DBICx/Modeler/Generator.pm line 322.
#   (in Test::DBICx::Modeler::Generator::CLI::SQLite->test_as_blackbox)
#     The class isn't a 'DBIx::Class' it's a ''

#   Failed test 'use MyApp::Schema::Track;'
#   at t/lib/Test/DBICx/Modeler/Generator.pm line 321.
#   (in Test::DBICx::Modeler::Generator::CLI::SQLite->test_as_blackbox)
#     Tried to use 'MyApp::Schema::Track'.
#     Error:  Can't locate object method "INC" via package "Path::Class::Dir" at (eval 772) line 2.
# BEGIN failed--compilation aborted at (eval 772) line 2.

#   Failed test 'The class isa DBIx::Class'
#   at t/lib/Test/DBICx/Modeler/Generator.pm line 322.
#   (in Test::DBICx::Modeler::Generator::CLI::SQLite->test_as_blackbox)
#     The class isn't a 'DBIx::Class' it's a ''

#   Failed test 'MyApp::Schema::Artist->can('birthday')'
#   at t/lib/Test/DBICx/Modeler/Generator.pm line 325.
#   (in Test::DBICx::Modeler::Generator::CLI::SQLite->test_as_blackbox)
#     MyApp::Schema::Artist->can('birthday') failed

#   Failed test 'MyApp::Schema::Track->can('recording_time')'
#   at t/lib/Test/DBICx/Modeler/Generator.pm line 326.
#   (in Test::DBICx::Modeler::Generator::CLI::SQLite->test_as_blackbox)
#     MyApp::Schema::Track->can('recording_time') failed

#   Failed test 'no exception to update_models'
#   at t/lib/Test/DBICx/Modeler/Generator.pm line 282.
#   (in Test::DBICx::Modeler::Generator::CLI::SQLite->test_as_blackbox)
# died: Can't locate object method "INC" via package "Path::Class::Dir" at /home/lonesome/perl-5.14.0/lib/5.14.0/utf8_heavy.pl line 447.

#   Failed test 'model module was generated: examples/lib/MyApp/Model/Artist.pm'
#   at t/lib/Test/DBICx/Modeler/Generator.pm line 339.
#   (in Test::DBICx::Modeler::Generator::CLI::SQLite->test_as_blackbox)

#   Failed test 'model sub directory was generated: examples/lib/MyApp/Model/Artist'
#   at t/lib/Test/DBICx/Modeler/Generator.pm line 341.
#   (in Test::DBICx::Modeler::Generator::CLI::SQLite->test_as_blackbox)

#   Failed test 'model module was generated: examples/MyApp/Model/Artist/Rock.pm'
#   at t/lib/Test/DBICx/Modeler/Generator.pm line 343.
#   (in Test::DBICx::Modeler::Generator::CLI::SQLite->test_as_blackbox)

#   Failed test 'model module was generated: examples/lib/MyApp/Model/Track.pm'
#   at t/lib/Test/DBICx/Modeler/Generator.pm line 347.
#   (in Test::DBICx::Modeler::Generator::CLI::SQLite->test_as_blackbox)

#   Failed test 'use MyApp::Model::Artist;'
#   at t/lib/Test/DBICx/Modeler/Generator.pm line 364.
#   (in Test::DBICx::Modeler::Generator::CLI::SQLite->test_as_blackbox)
#     Tried to use 'MyApp::Model::Artist'.
#     Error:  Can't locate object method "INC" via package "Path::Class::Dir" at (eval 775) line 2.
# BEGIN failed--compilation aborted at (eval 775) line 2.

#   Failed test 'test_as_blackbox died (Can't locate object method "INC" via package "Path::Class::Dir" at /home/lonesome/perl-5.14.0/lib/5.14.0/Module/Load.pm line 27.
# Can't locate object method "INC" via package "Path::Class::Dir" at /home/lonesome/perl-5.14.0/lib/5.14.0/Module/Load.pm line 27.)'
#   at t/02_sqlite_shortname.t line 12.
#   (in Test::DBICx::Modeler::Generator::CLI::SQLite->test_as_blackbox)

#   Failed test 'shutdown died (Attempt to reload MyApp/Schema.pm aborted.
# Compilation failed in require at examples/lib/MyApp.pm line 23.
# BEGIN failed--compilation aborted at examples/lib/MyApp.pm line 23.
# Compilation failed in require at /home/lonesome/perl-5.14.0/lib/5.14.0/Module/Load.pm line 27.
# Can't locate object method "INC" via package "Path::Class::Dir" at /home/lonesome/perl-5.14.0/lib/5.14.0/Module/Load.pm line 27.)'
#   at t/02_sqlite_shortname.t line 12.
#   (in Test::DBICx::Modeler::Generator::CLI::SQLite->shutdown)
# Looks like you failed 21 tests of 86.
t/02_sqlite_shortname.t ... 
Dubious, test returned 21 (wstat 5376, 0x1500)
Failed 21/86 subtests 
The old Moose::Util::MetaRole API (before version 0.94) has been deprecated at /home/lonesome/.cpan/build/DBICx-Modeler-Generator-0.02-4DuYH2/blib/lib/DBICx/Modeler/Generator/Class.pm line 20
	DBICx::Modeler::Generator::Class::BEGIN() called at /home/lonesome/.cpan/build/DBICx-Modeler-Generator-0.02-4DuYH2/blib/lib/DBICx/Modeler/Generator/Class.pm line 20
	eval {...} called at /home/lonesome/.cpan/build/DBICx-Modeler-Generator-0.02-4DuYH2/blib/lib/DBICx/Modeler/Generator/Class.pm line 20
	require DBICx/Modeler/Generator/Class.pm called at /home/lonesome/perl-5.14.0/lib/site_perl/5.14.0/i686-linux/Class/MOP.pm line 114
	Class::MOP::__ANON__() called at /home/lonesome/perl-5.14.0/lib/site_perl/5.14.0/Try/Tiny.pm line 71
	eval {...} called at /home/lonesome/perl-5.14.0/lib/site_perl/5.14.0/Try/Tiny.pm line 67
	Try::Tiny::try('CODE(0x900c2e0)', 'Try::Tiny::Catch=REF(0x8e91db0)') called at /home/lonesome/perl-5.14.0/lib/site_perl/5.14.0/i686-linux/Class/MOP.pm line 125
	Class::MOP::load_first_existing_class('DBICx::Modeler::Generator::Class') called at /home/lonesome/perl-5.14.0/lib/site_perl/5.14.0/i686-linux/Class/MOP.pm line 137
	Class::MOP::load_class('DBICx::Modeler::Generator::Class') called at /home/lonesome/perl-5.14.0/lib/site_perl/5.14.0/Orochi.pm line 213
	Orochi::inject_class('Orochi=HASH(0x9032870)', 'DBICx::Modeler::Generator::Class') called at /home/lonesome/.cpan/build/DBICx-Modeler-Generator-0.02-4DuYH2/blib/lib/DBICx/Modeler/Generator/CLI.pm line 255
	DBICx::Modeler::Generator::CLI::_inject_classes('DBICx::Modeler::Generator::CLI=HASH(0x8af1670)') called at /home/lonesome/.cpan/build/DBICx-Modeler-Generator-0.02-4DuYH2/blib/lib/DBICx/Modeler/Generator/CLI.pm line 220
	DBICx::Modeler::Generator::CLI::BUILD('DBICx::Modeler::Generator::CLI=HASH(0x8af1670)', 'HASH(0x9032780)') called at generated method (unknown origin) line 127
	DBICx::Modeler::Generator::CLI::new('DBICx::Modeler::Generator::CLI', 'ARGV', 'ARRAY(0x900c0a0)', 'extra_argv', 'ARRAY(0x9034ab0)', 'usage', 'Getopt::Long::Descriptive::Usage=HASH(0x8aa5248)', 'configfile', 't/sqlite.yml', ...) called at /home/lonesome/perl-5.14.0/lib/site_perl/5.14.0/MooseX/Getopt/Basic.pm line 96
	MooseX::Getopt::Basic::new_with_options('DBICx::Modeler::Generator::CLI') called at t/lib/Test/DBICx/Modeler/Generator/CLI.pm line 56
	Test::DBICx::Modeler::Generator::CLI::_get_generator('Test::DBICx::Modeler::Generator::CLI::SQLite=HASH(0x8dbf328)') called at t/lib/Test/DBICx/Modeler/Generator.pm line 44
	Test::DBICx::Modeler::Generator::startup('Test::DBICx::Modeler::Generator::CLI::SQLite=HASH(0x8dbf328)') called at /home/lonesome/.cpan/build/DBICx-Modeler-Generator-0.02-4DuYH2/inc/Test/Class.pm line 257
	eval {...} called at /home/lonesome/.cpan/build/DBICx-Modeler-Generator-0.02-4DuYH2/inc/Test/Class.pm line 257
	Test::Class::_run_method('Test::DBICx::Modeler::Generator::CLI::SQLite=HASH(0x8dbf328)', 'startup', 'ARRAY(0x8e13948)') called at /home/lonesome/.cpan/build/DBICx-Modeler-Generator-0.02-4DuYH2/inc/Test/Class.pm line 337
	Test::Class::runtests('Test::DBICx::Modeler::Generator::CLI::SQLite') called at t/03_sqlite_configfile.t line 13
The old Moose::Util::MetaRole API (before version 0.94) has been deprecated at /home/lonesome/.cpan/build/DBICx-Modeler-Generator-0.02-4DuYH2/blib/lib/DBICx/Modeler/Generator/Tree.pm line 20
	DBICx::Modeler::Generator::Tree::BEGIN() called at /home/lonesome/.cpan/build/DBICx-Modeler-Generator-0.02-4DuYH2/blib/lib/DBICx/Modeler/Generator/Tree.pm line 20
	eval {...} called at /home/lonesome/.cpan/build/DBICx-Modeler-Generator-0.02-4DuYH2/blib/lib/DBICx/Modeler/Generator/Tree.pm line 20
	require DBICx/Modeler/Generator/Tree.pm called at /home/lonesome/perl-5.14.0/lib/site_perl/5.14.0/i686-linux/Class/MOP.pm line 114
	Class::MOP::__ANON__() called at /home/lonesome/perl-5.14.0/lib/site_perl/5.14.0/Try/Tiny.pm line 71
	eval {...} called at /home/lonesome/perl-5.14.0/lib/site_perl/5.14.0/Try/Tiny.pm line 67
	Try::Tiny::try('CODE(0x91d5df0)', 'Try::Tiny::Catch=REF(0x921a2f8)') called at /home/lonesome/perl-5.14.0/lib/site_perl/5.14.0/i686-linux/Class/MOP.pm line 125
	Class::MOP::load_first_existing_class('DBICx::Modeler::Generator::Tree') called at /home/lonesome/perl-5.14.0/lib/site_perl/5.14.0/i686-linux/Class/MOP.pm line 137
	Class::MOP::load_class('DBICx::Modeler::Generator::Tree') called at /home/lonesome/perl-5.14.0/lib/site_perl/5.14.0/Orochi.pm line 213
	Orochi::inject_class('Orochi=HASH(0x9032870)', 'DBICx::Modeler::Generator::Tree') called at /home/lonesome/.cpan/build/DBICx-Modeler-Generator-0.02-4DuYH2/blib/lib/DBICx/Modeler/Generator/CLI.pm line 255
	DBICx::Modeler::Generator::CLI::_inject_classes('DBICx::Modeler::Generator::CLI=HASH(0x8af1670)') called at /home/lonesome/.cpan/build/DBICx-Modeler-Generator-0.02-4DuYH2/blib/lib/DBICx/Modeler/Generator/CLI.pm line 220
	DBICx::Modeler::Generator::CLI::BUILD('DBICx::Modeler::Generator::CLI=HASH(0x8af1670)', 'HASH(0x9032780)') called at generated method (unknown origin) line 127
	DBICx::Modeler::Generator::CLI::new('DBICx::Modeler::Generator::CLI', 'ARGV', 'ARRAY(0x900c0a0)', 'extra_argv', 'ARRAY(0x9034ab0)', 'usage', 'Getopt::Long::Descriptive::Usage=HASH(0x8aa5248)', 'configfile', 't/sqlite.yml', ...) called at /home/lonesome/perl-5.14.0/lib/site_perl/5.14.0/MooseX/Getopt/Basic.pm line 96
	MooseX::Getopt::Basic::new_with_options('DBICx::Modeler::Generator::CLI') called at t/lib/Test/DBICx/Modeler/Generator/CLI.pm line 56
	Test::DBICx::Modeler::Generator::CLI::_get_generator('Test::DBICx::Modeler::Generator::CLI::SQLite=HASH(0x8dbf328)') called at t/lib/Test/DBICx/Modeler/Generator.pm line 44
	Test::DBICx::Modeler::Generator::startup('Test::DBICx::Modeler::Generator::CLI::SQLite=HASH(0x8dbf328)') called at /home/lonesome/.cpan/build/DBICx-Modeler-Generator-0.02-4DuYH2/inc/Test/Class.pm line 257
	eval {...} called at /home/lonesome/.cpan/build/DBICx-Modeler-Generator-0.02-4DuYH2/inc/Test/Class.pm line 257
	Test::Class::_run_method('Test::DBICx::Modeler::Generator::CLI::SQLite=HASH(0x8dbf328)', 'startup', 'ARRAY(0x8e13948)') called at /home/lonesome/.cpan/build/DBICx-Modeler-Generator-0.02-4DuYH2/inc/Test/Class.pm line 337
	Test::Class::runtests('Test::DBICx::Modeler::Generator::CLI::SQLite') called at t/03_sqlite_configfile.t line 13
The old Moose::Util::MetaRole API (before version 0.94) has been deprecated at /home/lonesome/.cpan/build/DBICx-Modeler-Generator-0.02-4DuYH2/blib/lib/DBICx/Modeler/Generator/Path.pm line 20
	DBICx::Modeler::Generator::Path::BEGIN() called at /home/lonesome/.cpan/build/DBICx-Modeler-Generator-0.02-4DuYH2/blib/lib/DBICx/Modeler/Generator/Path.pm line 20
	eval {...} called at /home/lonesome/.cpan/build/DBICx-Modeler-Generator-0.02-4DuYH2/blib/lib/DBICx/Modeler/Generator/Path.pm line 20
	require DBICx/Modeler/Generator/Path.pm called at /home/lonesome/perl-5.14.0/lib/site_perl/5.14.0/i686-linux/Class/MOP.pm line 114
	Class::MOP::__ANON__() called at /home/lonesome/perl-5.14.0/lib/site_perl/5.14.0/Try/Tiny.pm line 71
	eval {...} called at /home/lonesome/perl-5.14.0/lib/site_perl/5.14.0/Try/Tiny.pm line 67
	Try::Tiny::try('CODE(0x91d5df0)', 'Try::Tiny::Catch=REF(0x928b270)') called at /home/lonesome/perl-5.14.0/lib/site_perl/5.14.0/i686-linux/Class/MOP.pm line 125
	Class::MOP::load_first_existing_class('DBICx::Modeler::Generator::Path') called at /home/lonesome/perl-5.14.0/lib/site_perl/5.14.0/i686-linux/Class/MOP.pm line 137
	Class::MOP::load_class('DBICx::Modeler::Generator::Path') called at /home/lonesome/perl-5.14.0/lib/site_perl/5.14.0/Orochi.pm line 213
	Orochi::inject_class('Orochi=HASH(0x9032870)', 'DBICx::Modeler::Generator::Path') called at /home/lonesome/.cpan/build/DBICx-Modeler-Generator-0.02-4DuYH2/blib/lib/DBICx/Modeler/Generator/CLI.pm line 255
	DBICx::Modeler::Generator::CLI::_inject_classes('DBICx::Modeler::Generator::CLI=HASH(0x8af1670)') called at /home/lonesome/.cpan/build/DBICx-Modeler-Generator-0.02-4DuYH2/blib/lib/DBICx/Modeler/Generator/CLI.pm line 220
	DBICx::Modeler::Generator::CLI::BUILD('DBICx::Modeler::Generator::CLI=HASH(0x8af1670)', 'HASH(0x9032780)') called at generated method (unknown origin) line 127
	DBICx::Modeler::Generator::CLI::new('DBICx::Modeler::Generator::CLI', 'ARGV', 'ARRAY(0x900c0a0)', 'extra_argv', 'ARRAY(0x9034ab0)', 'usage', 'Getopt::Long::Descriptive::Usage=HASH(0x8aa5248)', 'configfile', 't/sqlite.yml', ...) called at /home/lonesome/perl-5.14.0/lib/site_perl/5.14.0/MooseX/Getopt/Basic.pm line 96
	MooseX::Getopt::Basic::new_with_options('DBICx::Modeler::Generator::CLI') called at t/lib/Test/DBICx/Modeler/Generator/CLI.pm line 56
	Test::DBICx::Modeler::Generator::CLI::_get_generator('Test::DBICx::Modeler::Generator::CLI::SQLite=HASH(0x8dbf328)') called at t/lib/Test/DBICx/Modeler/Generator.pm line 44
	Test::DBICx::Modeler::Generator::startup('Test::DBICx::Modeler::Generator::CLI::SQLite=HASH(0x8dbf328)') called at /home/lonesome/.cpan/build/DBICx-Modeler-Generator-0.02-4DuYH2/inc/Test/Class.pm line 257
	eval {...} called at /home/lonesome/.cpan/build/DBICx-Modeler-Generator-0.02-4DuYH2/inc/Test/Class.pm line 257
	Test::Class::_run_method('Test::DBICx::Modeler::Generator::CLI::SQLite=HASH(0x8dbf328)', 'startup', 'ARRAY(0x8e13948)') called at /home/lonesome/.cpan/build/DBICx-Modeler-Generator-0.02-4DuYH2/inc/Test/Class.pm line 337
	Test::Class::runtests('Test::DBICx::Modeler::Generator::CLI::SQLite') called at t/03_sqlite_configfile.t line 13
The old Moose::Util::MetaRole API (before version 0.94) has been deprecated at /home/lonesome/.cpan/build/DBICx-Modeler-Generator-0.02-4DuYH2/blib/lib/DBICx/Modeler/Generator/Model.pm line 20
	DBICx::Modeler::Generator::Model::BEGIN() called at /home/lonesome/.cpan/build/DBICx-Modeler-Generator-0.02-4DuYH2/blib/lib/DBICx/Modeler/Generator/Model.pm line 20
	eval {...} called at /home/lonesome/.cpan/build/DBICx-Modeler-Generator-0.02-4DuYH2/blib/lib/DBICx/Modeler/Generator/Model.pm line 20
	require DBICx/Modeler/Generator/Model.pm called at /home/lonesome/perl-5.14.0/lib/site_perl/5.14.0/i686-linux/Class/MOP.pm line 114
	Class::MOP::__ANON__() called at /home/lonesome/perl-5.14.0/lib/site_perl/5.14.0/Try/Tiny.pm line 71
	eval {...} called at /home/lonesome/perl-5.14.0/lib/site_perl/5.14.0/Try/Tiny.pm line 67
	Try::Tiny::try('CODE(0x91d5df0)', 'Try::Tiny::Catch=REF(0x92d2190)') called at /home/lonesome/perl-5.14.0/lib/site_perl/5.14.0/i686-linux/Class/MOP.pm line 125
	Class::MOP::load_first_existing_class('DBICx::Modeler::Generator::Model') called at /home/lonesome/perl-5.14.0/lib/site_perl/5.14.0/i686-linux/Class/MOP.pm line 137
	Class::MOP::load_class('DBICx::Modeler::Generator::Model') called at /home/lonesome/perl-5.14.0/lib/site_perl/5.14.0/Orochi.pm line 213
	Orochi::inject_class('Orochi=HASH(0x9032870)', 'DBICx::Modeler::Generator::Model') called at /home/lonesome/.cpan/build/DBICx-Modeler-Generator-0.02-4DuYH2/blib/lib/DBICx/Modeler/Generator/CLI.pm line 255
	DBICx::Modeler::Generator::CLI::_inject_classes('DBICx::Modeler::Generator::CLI=HASH(0x8af1670)') called at /home/lonesome/.cpan/build/DBICx-Modeler-Generator-0.02-4DuYH2/blib/lib/DBICx/Modeler/Generator/CLI.pm line 220
	DBICx::Modeler::Generator::CLI::BUILD('DBICx::Modeler::Generator::CLI=HASH(0x8af1670)', 'HASH(0x9032780)') called at generated method (unknown origin) line 127
	DBICx::Modeler::Generator::CLI::new('DBICx::Modeler::Generator::CLI', 'ARGV', 'ARRAY(0x900c0a0)', 'extra_argv', 'ARRAY(0x9034ab0)', 'usage', 'Getopt::Long::Descriptive::Usage=HASH(0x8aa5248)', 'configfile', 't/sqlite.yml', ...) called at /home/lonesome/perl-5.14.0/lib/site_perl/5.14.0/MooseX/Getopt/Basic.pm line 96
	MooseX::Getopt::Basic::new_with_options('DBICx::Modeler::Generator::CLI') called at t/lib/Test/DBICx/Modeler/Generator/CLI.pm line 56
	Test::DBICx::Modeler::Generator::CLI::_get_generator('Test::DBICx::Modeler::Generator::CLI::SQLite=HASH(0x8dbf328)') called at t/lib/Test/DBICx/Modeler/Generator.pm line 44
	Test::DBICx::Modeler::Generator::startup('Test::DBICx::Modeler::Generator::CLI::SQLite=HASH(0x8dbf328)') called at /home/lonesome/.cpan/build/DBICx-Modeler-Generator-0.02-4DuYH2/inc/Test/Class.pm line 257
	eval {...} called at /home/lonesome/.cpan/build/DBICx-Modeler-Generator-0.02-4DuYH2/inc/Test/Class.pm line 257
	Test::Class::_run_method('Test::DBICx::Modeler::Generator::CLI::SQLite=HASH(0x8dbf328)', 'startup', 'ARRAY(0x8e13948)') called at /home/lonesome/.cpan/build/DBICx-Modeler-Generator-0.02-4DuYH2/inc/Test/Class.pm line 337
	Test::Class::runtests('Test::DBICx::Modeler::Generator::CLI::SQLite') called at t/03_sqlite_configfile.t line 13
The old Moose::Util::MetaRole API (before version 0.94) has been deprecated at /home/lonesome/.cpan/build/DBICx-Modeler-Generator-0.02-4DuYH2/blib/lib/DBICx/Modeler/Generator/Driver/SQLite.pm line 20
	DBICx::Modeler::Generator::Driver::SQLite::BEGIN() called at /home/lonesome/.cpan/build/DBICx-Modeler-Generator-0.02-4DuYH2/blib/lib/DBICx/Modeler/Generator/Driver/SQLite.pm line 20
	eval {...} called at /home/lonesome/.cpan/build/DBICx-Modeler-Generator-0.02-4DuYH2/blib/lib/DBICx/Modeler/Generator/Driver/SQLite.pm line 20
	require DBICx/Modeler/Generator/Driver/SQLite.pm called at /home/lonesome/perl-5.14.0/lib/site_perl/5.14.0/i686-linux/Class/MOP.pm line 114
	Class::MOP::__ANON__() called at /home/lonesome/perl-5.14.0/lib/site_perl/5.14.0/Try/Tiny.pm line 71
	eval {...} called at /home/lonesome/perl-5.14.0/lib/site_perl/5.14.0/Try/Tiny.pm line 67
	Try::Tiny::try('CODE(0x91d5df0)', 'Try::Tiny::Catch=REF(0x92dc248)') called at /home/lonesome/perl-5.14.0/lib/site_perl/5.14.0/i686-linux/Class/MOP.pm line 125
	Class::MOP::load_first_existing_class('DBICx::Modeler::Generator::Driver::SQLite') called at /home/lonesome/perl-5.14.0/lib/site_perl/5.14.0/i686-linux/Class/MOP.pm line 137
	Class::MOP::load_class('DBICx::Modeler::Generator::Driver::SQLite') called at /home/lonesome/perl-5.14.0/lib/site_perl/5.14.0/Orochi.pm line 213
	Orochi::inject_class('Orochi=HASH(0x9032870)', 'DBICx::Modeler::Generator::Driver::SQLite') called at /home/lonesome/.cpan/build/DBICx-Modeler-Generator-0.02-4DuYH2/blib/lib/DBICx/Modeler/Generator/CLI.pm line 255
	DBICx::Modeler::Generator::CLI::_inject_classes('DBICx::Modeler::Generator::CLI=HASH(0x8af1670)') called at /home/lonesome/.cpan/build/DBICx-Modeler-Generator-0.02-4DuYH2/blib/lib/DBICx/Modeler/Generator/CLI.pm line 220
	DBICx::Modeler::Generator::CLI::BUILD('DBICx::Modeler::Generator::CLI=HASH(0x8af1670)', 'HASH(0x9032780)') called at generated method (unknown origin) line 127
	DBICx::Modeler::Generator::CLI::new('DBICx::Modeler::Generator::CLI', 'ARGV', 'ARRAY(0x900c0a0)', 'extra_argv', 'ARRAY(0x9034ab0)', 'usage', 'Getopt::Long::Descriptive::Usage=HASH(0x8aa5248)', 'configfile', 't/sqlite.yml', ...) called at /home/lonesome/perl-5.14.0/lib/site_perl/5.14.0/MooseX/Getopt/Basic.pm line 96
	MooseX::Getopt::Basic::new_with_options('DBICx::Modeler::Generator::CLI') called at t/lib/Test/DBICx/Modeler/Generator/CLI.pm line 56
	Test::DBICx::Modeler::Generator::CLI::_get_generator('Test::DBICx::Modeler::Generator::CLI::SQLite=HASH(0x8dbf328)') called at t/lib/Test/DBICx/Modeler/Generator.pm line 44
	Test::DBICx::Modeler::Generator::startup('Test::DBICx::Modeler::Generator::CLI::SQLite=HASH(0x8dbf328)') called at /home/lonesome/.cpan/build/DBICx-Modeler-Generator-0.02-4DuYH2/inc/Test/Class.pm line 257
	eval {...} called at /home/lonesome/.cpan/build/DBICx-Modeler-Generator-0.02-4DuYH2/inc/Test/Class.pm line 257
	Test::Class::_run_method('Test::DBICx::Modeler::Generator::CLI::SQLite=HASH(0x8dbf328)', 'startup', 'ARRAY(0x8e13948)') called at /home/lonesome/.cpan/build/DBICx-Modeler-Generator-0.02-4DuYH2/inc/Test/Class.pm line 337
	Test::Class::runtests('Test::DBICx::Modeler::Generator::CLI::SQLite') called at t/03_sqlite_configfile.t line 13
The old Moose::Util::MetaRole API (before version 0.94) has been deprecated at /home/lonesome/.cpan/build/DBICx-Modeler-Generator-0.02-4DuYH2/blib/lib/DBICx/Modeler/Generator/Schema.pm line 20
	DBICx::Modeler::Generator::Schema::BEGIN() called at /home/lonesome/.cpan/build/DBICx-Modeler-Generator-0.02-4DuYH2/blib/lib/DBICx/Modeler/Generator/Schema.pm line 20
	eval {...} called at /home/lonesome/.cpan/build/DBICx-Modeler-Generator-0.02-4DuYH2/blib/lib/DBICx/Modeler/Generator/Schema.pm line 20
	require DBICx/Modeler/Generator/Schema.pm called at /home/lonesome/perl-5.14.0/lib/site_perl/5.14.0/i686-linux/Class/MOP.pm line 114
	Class::MOP::__ANON__() called at /home/lonesome/perl-5.14.0/lib/site_perl/5.14.0/Try/Tiny.pm line 71
	eval {...} called at /home/lonesome/perl-5.14.0/lib/site_perl/5.14.0/Try/Tiny.pm line 67
	Try::Tiny::try('CODE(0x91d5df0)', 'Try::Tiny::Catch=REF(0x9358f70)') called at /home/lonesome/perl-5.14.0/lib/site_perl/5.14.0/i686-linux/Class/MOP.pm line 125
	Class::MOP::load_first_existing_class('DBICx::Modeler::Generator::Schema') called at /home/lonesome/perl-5.14.0/lib/site_perl/5.14.0/i686-linux/Class/MOP.pm line 137
	Class::MOP::load_class('DBICx::Modeler::Generator::Schema') called at /home/lonesome/perl-5.14.0/lib/site_perl/5.14.0/Orochi.pm line 213
	Orochi::inject_class('Orochi=HASH(0x9032870)', 'DBICx::Modeler::Generator::Schema') called at /home/lonesome/.cpan/build/DBICx-Modeler-Generator-0.02-4DuYH2/blib/lib/DBICx/Modeler/Generator/CLI.pm line 255
	DBICx::Modeler::Generator::CLI::_inject_classes('DBICx::Modeler::Generator::CLI=HASH(0x8af1670)') called at /home/lonesome/.cpan/build/DBICx-Modeler-Generator-0.02-4DuYH2/blib/lib/DBICx/Modeler/Generator/CLI.pm line 220
	DBICx::Modeler::Generator::CLI::BUILD('DBICx::Modeler::Generator::CLI=HASH(0x8af1670)', 'HASH(0x9032780)') called at generated method (unknown origin) line 127
	DBICx::Modeler::Generator::CLI::new('DBICx::Modeler::Generator::CLI', 'ARGV', 'ARRAY(0x900c0a0)', 'extra_argv', 'ARRAY(0x9034ab0)', 'usage', 'Getopt::Long::Descriptive::Usage=HASH(0x8aa5248)', 'configfile', 't/sqlite.yml', ...) called at /home/lonesome/perl-5.14.0/lib/site_perl/5.14.0/MooseX/Getopt/Basic.pm line 96
	MooseX::Getopt::Basic::new_with_options('DBICx::Modeler::Generator::CLI') called at t/lib/Test/DBICx/Modeler/Generator/CLI.pm line 56
	Test::DBICx::Modeler::Generator::CLI::_get_generator('Test::DBICx::Modeler::Generator::CLI::SQLite=HASH(0x8dbf328)') called at t/lib/Test/DBICx/Modeler/Generator.pm line 44
	Test::DBICx::Modeler::Generator::startup('Test::DBICx::Modeler::Generator::CLI::SQLite=HASH(0x8dbf328)') called at /home/lonesome/.cpan/build/DBICx-Modeler-Generator-0.02-4DuYH2/inc/Test/Class.pm line 257
	eval {...} called at /home/lonesome/.cpan/build/DBICx-Modeler-Generator-0.02-4DuYH2/inc/Test/Class.pm line 257
	Test::Class::_run_method('Test::DBICx::Modeler::Generator::CLI::SQLite=HASH(0x8dbf328)', 'startup', 'ARRAY(0x8e13948)') called at /home/lonesome/.cpan/build/DBICx-Modeler-Generator-0.02-4DuYH2/inc/Test/Class.pm line 337
	Test::Class::runtests('Test::DBICx::Modeler::Generator::CLI::SQLite') called at t/03_sqlite_configfile.t line 13
The old Moose::Util::MetaRole API (before version 0.94) has been deprecated at /home/lonesome/.cpan/build/DBICx-Modeler-Generator-0.02-4DuYH2/blib/lib/DBICx/Modeler/Generator.pm line 27
	DBICx::Modeler::Generator::BEGIN() called at /home/lonesome/.cpan/build/DBICx-Modeler-Generator-0.02-4DuYH2/blib/lib/DBICx/Modeler/Generator.pm line 27
	eval {...} called at /home/lonesome/.cpan/build/DBICx-Modeler-Generator-0.02-4DuYH2/blib/lib/DBICx/Modeler/Generator.pm line 27
	require DBICx/Modeler/Generator.pm called at /home/lonesome/perl-5.14.0/lib/site_perl/5.14.0/i686-linux/Class/MOP.pm line 114
	Class::MOP::__ANON__() called at /home/lonesome/perl-5.14.0/lib/site_perl/5.14.0/Try/Tiny.pm line 71
	eval {...} called at /home/lonesome/perl-5.14.0/lib/site_perl/5.14.0/Try/Tiny.pm line 67
	Try::Tiny::try('CODE(0x91d5df0)', 'Try::Tiny::Catch=REF(0x9424be8)') called at /home/lonesome/perl-5.14.0/lib/site_perl/5.14.0/i686-linux/Class/MOP.pm line 125
	Class::MOP::load_first_existing_class('DBICx::Modeler::Generator') called at /home/lonesome/perl-5.14.0/lib/site_perl/5.14.0/i686-linux/Class/MOP.pm line 137
	Class::MOP::load_class('DBICx::Modeler::Generator') called at /home/lonesome/perl-5.14.0/lib/site_perl/5.14.0/Orochi.pm line 213
	Orochi::inject_class('Orochi=HASH(0x9032870)', 'DBICx::Modeler::Generator') called at /home/lonesome/.cpan/build/DBICx-Modeler-Generator-0.02-4DuYH2/blib/lib/DBICx/Modeler/Generator/CLI.pm line 255
	DBICx::Modeler::Generator::CLI::_inject_classes('DBICx::Modeler::Generator::CLI=HASH(0x8af1670)') called at /home/lonesome/.cpan/build/DBICx-Modeler-Generator-0.02-4DuYH2/blib/lib/DBICx/Modeler/Generator/CLI.pm line 220
	DBICx::Modeler::Generator::CLI::BUILD('DBICx::Modeler::Generator::CLI=HASH(0x8af1670)', 'HASH(0x9032780)') called at generated method (unknown origin) line 127
	DBICx::Modeler::Generator::CLI::new('DBICx::Modeler::Generator::CLI', 'ARGV', 'ARRAY(0x900c0a0)', 'extra_argv', 'ARRAY(0x9034ab0)', 'usage', 'Getopt::Long::Descriptive::Usage=HASH(0x8aa5248)', 'configfile', 't/sqlite.yml', ...) called at /home/lonesome/perl-5.14.0/lib/site_perl/5.14.0/MooseX/Getopt/Basic.pm line 96
	MooseX::Getopt::Basic::new_with_options('DBICx::Modeler::Generator::CLI') called at t/lib/Test/DBICx/Modeler/Generator/CLI.pm line 56
	Test::DBICx::Modeler::Generator::CLI::_get_generator('Test::DBICx::Modeler::Generator::CLI::SQLite=HASH(0x8dbf328)') called at t/lib/Test/DBICx/Modeler/Generator.pm line 44
	Test::DBICx::Modeler::Generator::startup('Test::DBICx::Modeler::Generator::CLI::SQLite=HASH(0x8dbf328)') called at /home/lonesome/.cpan/build/DBICx-Modeler-Generator-0.02-4DuYH2/inc/Test/Class.pm line 257
	eval {...} called at /home/lonesome/.cpan/build/DBICx-Modeler-Generator-0.02-4DuYH2/inc/Test/Class.pm line 257
	Test::Class::_run_method('Test::DBICx::Modeler::Generator::CLI::SQLite=HASH(0x8dbf328)', 'startup', 'ARRAY(0x8e13948)') called at /home/lonesome/.cpan/build/DBICx-Modeler-Generator-0.02-4DuYH2/inc/Test/Class.pm line 337
	Test::Class::runtests('Test::DBICx::Modeler::Generator::CLI::SQLite') called at t/03_sqlite_configfile.t line 13
t/03_sqlite_configfile.t .. ok
t/10_mysql_manual.t ....... skipped: Test requires module 'DBD::mysql' but it's not found
t/11_mysql_longname.t ..... skipped: Test requires module 'DBD::mysql' but it's not found
t/12_mysql_shortname.t .... skipped: Test requires module 'DBD::mysql' but it's not found
t/13_mysql_configfile.t ... skipped: Test requires module 'DBD::mysql' but it's not found
t/supplement.t ............ skipped: Test requires module 'DBD::mysql' but it's not found

Test Summary Report
-------------------
t/00_sqlite_manual.t    (Wstat: 5376 Tests: 86 Failed: 21)
  Failed tests:  4, 7-10, 12-20, 23-25, 27-29, 86
  Non-zero exit status: 21
t/02_sqlite_shortname.t (Wstat: 5376 Tests: 86 Failed: 21)
  Failed tests:  4, 7-10, 12-20, 23-25, 27-29, 86
  Non-zero exit status: 21
Files=9, Tests=286,  9 wallclock secs ( 0.08 usr  0.02 sys +  6.52 cusr  0.57 csys =  7.19 CPU)
Result: FAIL
Failed 2/9 test programs. 42/286 subtests failed.
make: *** [test_dynamic] Error 255

------------------------------
PREREQUISITES
------------------------------

Prerequisite modules loaded:

requires:

    Module                        Need     Have    
    ----------------------------- -------- --------
    Class::Unload                 0        0.07    
    DBICx::Modeler                0.005    0.005   
    DBIx::Class::Schema::Loader   0        0.07010 
    File::Find::Rule              0        0.32    
    List::MoreUtils               0        0.32    
    Module::Load                  0        0.18    
    Moose                         0.89_01  1.17    
    MooseX::Types::Path::Class    0        0.05    
    namespace::clean              0.08     0.20    
    Orochi                        0        0.00009 
    perl                          5.008001 5.014000
    Text::MicroTemplate::Extended 0        0.12    

build_requires:

    Module                        Need     Have    
    ----------------------------- -------- --------
    ExtUtils::MakeMaker           6.42     6.57_11 
    Test::Class                   0.34     0.36    
    Test::Exception               0.27     0.31    
    Test::More                    0        0.98    
    Test::Requires                0        0.06    
    Test::Warn                    0        0.23    

configure_requires:

    Module                        Need     Have    
    ----------------------------- -------- --------
    ExtUtils::MakeMaker           6.42     6.57_11 


------------------------------
ENVIRONMENT AND OTHER CONTEXT
------------------------------

Environment variables:

    AUTOMATED_TESTING = 1
    LANG = en_GB.UTF-8
    PATH = /usr/lib/ccache:/usr/local/bin:/bin:/usr/bin:/usr/local/sbin:/usr/sbin:/sbin:/home/lonesome/bin
    PERL5LIB = 
    PERL5OPT = 
    PERL5_CPANPLUS_IS_RUNNING = 30072
    PERL5_CPAN_IS_RUNNING = 30072
    PERL5_CPAN_IS_RUNNING_IN_RECURSION = 9665,30072
    PERL_CR_SMOKER_CURRENT = DBICx-Modeler-Generator-0.02
    PERL_EXTUTILS_AUTOINSTALL = --defaultdeps
    PERL_MM_USE_DEFAULT = 1
    SHELL = /bin/bash
    TERM = screen

Perl special variables (and OS-specific diagnostics, for MSWin32):

    $^X = /home/lonesome/perl-5.14.0/bin/perl
    $UID/$EUID = 500 / 500
    $GID = 500 10 500
    $EGID = 500 10 500

Perl module toolchain versions installed:

    Module              Have    
    ------------------- --------
    CPAN                1.9600  
    Cwd                 3.33    
    ExtUtils::CBuilder  0.280202
    ExtUtils::Command   1.17    
    ExtUtils::Install   1.56    
    ExtUtils::MakeMaker 6.57_11 
    ExtUtils::Manifest  1.58    
    ExtUtils::ParseXS   2.2206  
    File::Spec          3.33    
    Module::Build       0.3800  
    Module::Signature   0.68    
    Test::Harness       3.23    
    Test::More          0.98    
    YAML                0.73    
    YAML::Syck          1.17    
    version             0.90    


--

Summary of my perl5 (revision 5 version 14 subversion 0) configuration:
   
  Platform:
    osname=linux, osvers=2.6.38.6-27.fc15.i686, archname=i686-linux
    uname='linux fedora15 2.6.38.6-27.fc15.i686 #1 smp sun may 15 17:57:13 utc 2011 i686 i686 i386 gnulinux '
    config_args='-des -Dcc=ccache gcc -Dld=gcc -Dprefix=/home/lonesome/perl-5.14.0'
    hint=recommended, useposix=true, d_sigaction=define
    useithreads=undef, usemultiplicity=undef
    useperlio=define, d_sfio=undef, uselargefiles=define, usesocks=undef
    use64bitint=undef, use64bitall=undef, uselongdouble=undef
    usemymalloc=n, bincompat5005=undef
  Compiler:
    cc='ccache gcc', ccflags ='-fno-strict-aliasing -pipe -fstack-protector -I/usr/local/include -D_LARGEFILE_SOURCE -D_FILE_OFFSET_BITS=64',
    optimize='-O2',
    cppflags='-fno-strict-aliasing -pipe -fstack-protector -I/usr/local/include'
    ccversion='', gccversion='4.6.0 20110509 (Red Hat 4.6.0-7)', gccosandvers=''
    intsize=4, longsize=4, ptrsize=4, doublesize=8, byteorder=1234
    d_longlong=define, longlongsize=8, d_longdbl=define, longdblsize=12
    ivtype='long', ivsize=4, nvtype='double', nvsize=8, Off_t='off_t', lseeksize=8
    alignbytes=4, prototype=define
  Linker and Libraries:
    ld='gcc', ldflags =' -fstack-protector -L/usr/local/lib'
    libpth=/usr/local/lib /lib /usr/lib
    libs=-lnsl -ldl -lm -lcrypt -lutil -lc
    perllibs=-lnsl -ldl -lm -lcrypt -lutil -lc
    libc=/lib/libc-2.13.90.so, so=so, useshrplib=false, libperl=libperl.a
    gnulibc_version='2.13.90'
  Dynamic Linking:
    dlsrc=dl_dlopen.xs, dlext=so, d_dlsymun=undef, ccdlflags='-Wl,-E'
    cccdlflags='-fPIC', lddlflags='-shared -O2 -L/usr/local/lib -fstack-protector'


Characteristics of this binary (from libperl): 
  Compile-time options: PERL_DONT_CREATE_GVSV PERL_MALLOC_WRAP
                        PERL_PRESERVE_IVUV USE_LARGE_FILES USE_PERLIO
                        USE_PERL_ATOF
  Built under linux
  Compiled at Jun  1 2011 10:32:53
  %ENV:
    PERL5LIB=""
    PERL5OPT=""
    PERL5_CPANPLUS_IS_RUNNING="30072"
    PERL5_CPAN_IS_RUNNING="30072"
    PERL5_CPAN_IS_RUNNING_IN_RECURSION="9665,30072"
    PERL_CR_SMOKER_CURRENT="DBICx-Modeler-Generator-0.02"
    PERL_EXTUTILS_AUTOINSTALL="--defaultdeps"
    PERL_MM_USE_DEFAULT="1"
  @INC:
    /home/lonesome/perl-5.14.0/lib/site_perl/5.14.0/i686-linux
    /home/lonesome/perl-5.14.0/lib/site_perl/5.14.0
    /home/lonesome/perl-5.14.0/lib/5.14.0/i686-linux
    /home/lonesome/perl-5.14.0/lib/5.14.0
    .