Module-Build-Kwalitee v0.24 Perl 5 v5.24.3 OpenBSD.amd64-openbsd-thread-multi-ld
- Status
- Fail
- From
- Alceu Rodrigues de Freitas Junior
- Dist
-
Module-Build-Kwalitee v0.24
- Platform
- Perl 5 v5.24.3 OpenBSD.amd64-openbsd-thread-multi-ld
- Date
- 2018-03-27 18:00:16
- ID
- b494cc5e-31e8-11e8-b7f5-e5632c01aee6
This distribution has been tested as part of the CPAN Testers
project, supporting the Perl programming language. See
http://wiki.cpantesters.org/ for more information or email
questions to cpan-testers-discuss@perl.org
--
Dear Fotango Ltd,
This is a computer-generated report for Module-Build-Kwalitee-0.24
on perl 5.24.3, created by CPAN-Reporter-1.2018.
Thank you for uploading your work to CPAN. However, there was a problem
testing your distribution.
If you think this report is invalid, please consult the CPAN Testers Wiki
for suggestions on how to avoid getting FAIL reports for missing library
or binary dependencies, unsupported operating systems, and so on:
http://wiki.cpantesters.org/wiki/CPANAuthorNotes
Sections of this report:
* Tester comments
* Program output
* Prerequisites
* Environment and other context
------------------------------
TESTER COMMENTS
------------------------------
Additional comments from tester:
this report is from an automated smoke testing program
and was not reviewed by a human for accuracy
------------------------------
PROGRAM OUTPUT
------------------------------
Output from './Build test':
main::path_to_pkg() called too early to check prototype at t/000compile.t line 16.
t/000compile.t .. ok
t/001pragmas.t .. ok
# Failed test 'lib/Module/Build/Kwalitee/Stub.pm has POD'
# at t/003pod.t line 65.
# Looks like you failed 1 test of 7.
t/003pod.t ......
Dubious, test returned 1 (wstat 256, 0x100)
Failed 1/7 subtests
(less 1 skipped subtest: 5 okay)
t/004uselib.t ... ok
No 'module_name' was provided and it could not be inferred
from other properties. This will prevent a packlist from
being written for this file. Please set either 'module_name'
or 'dist_version_from' in Build.PL.
Creating t/ dir for tests...
File 'MANIFEST.SKIP' does not exist: Creating a temporary 'MANIFEST.SKIP'
Added to MANIFEST: MANIFEST
Added to MANIFEST: t/000compile.t
Added to MANIFEST: t/001pragmas.t
Added to MANIFEST: t/003pod.t
Added to MANIFEST: t/004uselib.t
Module::Build was not found in configure_requires! Adding it now
automatically as: configure_requires => { 'Module::Build' => 0.42 }
t/build.t ....... ok
# Failed test 'passed t/003pod.t'
# at t/mbk.t line 25.
#
# # Failed test 'lib/MBKFail.pm has POD'
# # at t/003pod.t line 65.
# # Looks like you failed 1 test of 4.
# t/003pod.t ..
# Dubious, test returned 1 (wstat 256, 0x100)
# Failed 1/4 subtests
# (less 2 skipped subtests: 1 okay)
#
# Test Summary Report
# -------------------
# t/003pod.t (Wstat: 256 Tests: 4 Failed: 1)
# Failed test: 2
# Non-zero exit status: 1
# Files=1, Tests=4, 1 wallclock secs ( 0.04 usr 0.04 sys + 0.14 cusr 0.06 csys = 0.28 CPU)
# Result: FAIL
# Failed test 'passed t/003pod.t'
# at t/mbk.t line 25.
#
# # Failed test 'lib/MBKFail.pm has POD'
# # at t/003pod.t line 65.
# # Looks like you failed 1 test of 4.
# t/003pod.t ..
# Dubious, test returned 1 (wstat 256, 0x100)
# Failed 1/4 subtests
# (less 2 skipped subtests: 1 okay)
#
# Test Summary Report
# -------------------
# t/003pod.t (Wstat: 256 Tests: 4 Failed: 1)
# Failed test: 2
# Non-zero exit status: 1
# Files=1, Tests=4, 0 wallclock secs ( 0.04 usr 0.01 sys + 0.15 cusr 0.05 csys = 0.25 CPU)
# Result: FAIL
# Looks like you failed 2 tests of 30.
t/mbk.t .........
Dubious, test returned 2 (wstat 512, 0x200)
Failed 2/30 subtests
Test Summary Report
-------------------
t/003pod.t (Wstat: 256 Tests: 7 Failed: 1)
Failed test: 5
Non-zero exit status: 1
t/mbk.t (Wstat: 512 Tests: 30 Failed: 2)
Failed tests: 17, 29
Non-zero exit status: 2
Files=6, Tests=59, 15 wallclock secs ( 0.02 usr 0.09 sys + 7.58 cusr 4.40 csys = 12.09 CPU)
Result: FAIL
Failed 2/6 test programs. 3/59 subtests failed.
------------------------------
PREREQUISITES
------------------------------
Prerequisite modules loaded:
requires:
Module Need Have
--------------------------- ------ --------
File::Find::Rule 0 0.34
Module::Build 0.2609 0.4224
perl v5.8.1 5.024003
Pod::Coverage::CountParents 0 0
Test::More 0 1.302134
Test::Pod 0 1.51
YAML 0 1.24
build_requires:
Module Need Have
--------------------------- ------ --------
IPC::Open3 0 1.20
------------------------------
ENVIRONMENT AND OTHER CONTEXT
------------------------------
Environment variables:
AUTOMATED_TESTING = 1
DBD_MYSQL_TESTDB = test
DBD_MYSQL_TESTHOST = localhost
DBD_MYSQL_TESTPASSWORD =
DBD_MYSQL_TESTPORT = 3306
DBD_MYSQL_TESTUSER = goku
EXTENDED_TESTING = 1
PATH = /home/goku/perl5/perlbrew/bin:/home/goku/perl5/perlbrew/perls/perl-5.24.3/bin:/home/goku/bin:/usr/bin:/bin:/usr/sbin:/sbin:/usr/X11R6/bin:/usr/local/bin:/usr/local/sbin
PERL5LIB =
PERL5OPT =
PERL5_CPANPLUS_IS_RUNNING = 67324
PERL5_CPAN_IS_RUNNING = 67324
PERL5_CPAN_IS_RUNNING_IN_RECURSION = 25583,67324
PERLBREW_HOME = /home/goku/.perlbrew
PERLBREW_MANPATH = /home/goku/perl5/perlbrew/perls/perl-5.24.3/man
PERLBREW_PATH = /home/goku/perl5/perlbrew/bin:/home/goku/perl5/perlbrew/perls/perl-5.24.3/bin
PERLBREW_PERL = perl-5.24.3
PERLBREW_ROOT = /home/goku/perl5/perlbrew
PERLBREW_SHELLRC_VERSION = 0.82
PERLBREW_VERSION = 0.82
PERL_CR_SMOKER_CURRENT = Module-Build-Kwalitee-0.24
PERL_EXTUTILS_AUTOINSTALL = --defaultdeps
PERL_MM_USE_DEFAULT = 1
PERL_USE_UNSAFE_INC = 1
SHELL = /usr/local/bin/bash
TERM = xterm
Perl special variables (and OS-specific diagnostics, for MSWin32):
$^X = /home/goku/perl5/perlbrew/perls/perl-5.24.3/bin/perl
$UID/$EUID = 1001 / 1001
$GID = 998 998 1001
$EGID = 998 998 1001
Perl module toolchain versions installed:
Module Have
------------------- --------
CPAN 2.20
CPAN::Meta 2.150010
Cwd 3.74
ExtUtils::CBuilder 0.280230
ExtUtils::Command 7.34
ExtUtils::Install 2.14
ExtUtils::MakeMaker 7.34
ExtUtils::Manifest 1.70
ExtUtils::ParseXS 3.35
File::Spec 3.74
JSON 2.90
JSON::PP 2.97001
Module::Build 0.4224
Module::Signature n/a
Parse::CPAN::Meta 2.150010
Test::Harness 3.42
Test::More 1.302134
YAML 1.24
YAML::Syck 1.30
version 0.9918
--
Summary of my perl5 (revision 5 version 24 subversion 3) configuration:
Platform:
osname=openbsd, osvers=6.2, archname=OpenBSD.amd64-openbsd-thread-multi-ld
uname='openbsd cpan-smoker-openbsd 6.2 generic.mp#134 amd64 '
config_args='-de -Dprefix=/home/goku/perl5/perlbrew/perls/perl-5.24.3 -Dman1dir=none -Dman3dir=none -Dusemultiplicity -Duselongdouble -Dusethreads -Duse64bitall -Duse64bitint -Aeval:scriptdir=/home/goku/perl5/perlbrew/perls/perl-5.24.3/bin'
hint=recommended, useposix=true, d_sigaction=define
useithreads=define, usemultiplicity=define
use64bitint=define, use64bitall=define, uselongdouble=define
usemymalloc=n, bincompat5005=undef
Compiler:
cc='cc', ccflags ='-pthread -fno-strict-aliasing -pipe -fstack-protector-strong -I/usr/local/include -D_FORTIFY_SOURCE=2',
optimize='-O2',
cppflags='-pthread -fno-strict-aliasing -pipe -fstack-protector-strong -I/usr/local/include'
ccversion='', gccversion='4.2.1 Compatible OpenBSD Clang 4.0.0 (tags/RELEASE_400/final)', gccosandvers=''
intsize=4, longsize=8, ptrsize=8, doublesize=8, byteorder=12345678, doublekind=3
d_longlong=define, longlongsize=8, d_longdbl=define, longdblsize=16, longdblkind=3
ivtype='long', ivsize=8, nvtype='long double', nvsize=16, Off_t='off_t', lseeksize=8
alignbytes=16, prototype=define
Linker and Libraries:
ld='cc', ldflags ='-pthread -Wl,-E -fstack-protector-strong -L/usr/local/lib'
libpth=/usr/lib /usr/local/lib
libs=-lpthread -lm -lutil -lc
perllibs=-lpthread -lm -lutil -lc
libc=/usr/lib/libc.so.90.0, so=so, useshrplib=false, libperl=libperl.a
gnulibc_version=''
Dynamic Linking:
dlsrc=dl_dlopen.xs, dlext=so, d_dlsymun=undef, ccdlflags=' '
cccdlflags='-DPIC -fPIC ', lddlflags='-shared -fPIC -L/usr/local/lib -fstack-protector-strong'
Characteristics of this binary (from libperl):
Compile-time options: HAS_TIMES MULTIPLICITY PERLIO_LAYERS
PERL_COPY_ON_WRITE PERL_DONT_CREATE_GVSV
PERL_HASH_FUNC_ONE_AT_A_TIME_HARD
PERL_IMPLICIT_CONTEXT PERL_MALLOC_WRAP
PERL_PRESERVE_IVUV USE_64_BIT_ALL USE_64_BIT_INT
USE_ITHREADS USE_LARGE_FILES USE_LOCALE
USE_LOCALE_COLLATE USE_LOCALE_CTYPE
USE_LOCALE_NUMERIC USE_LOCALE_TIME USE_LONG_DOUBLE
USE_PERLIO USE_PERL_ATOF USE_REENTRANT_API
Locally applied patches:
Devel::PatchPerl 1.48
Built under openbsd
Compiled at Mar 6 2018 14:59:03
%ENV:
PERL5LIB=""
PERL5OPT=""
PERL5_CPANPLUS_IS_RUNNING="67324"
PERL5_CPAN_IS_RUNNING="67324"
PERL5_CPAN_IS_RUNNING_IN_RECURSION="25583,67324"
PERLBREW_HOME="/home/goku/.perlbrew"
PERLBREW_MANPATH="/home/goku/perl5/perlbrew/perls/perl-5.24.3/man"
PERLBREW_PATH="/home/goku/perl5/perlbrew/bin:/home/goku/perl5/perlbrew/perls/perl-5.24.3/bin"
PERLBREW_PERL="perl-5.24.3"
PERLBREW_ROOT="/home/goku/perl5/perlbrew"
PERLBREW_SHELLRC_VERSION="0.82"
PERLBREW_VERSION="0.82"
PERL_CR_SMOKER_CURRENT="Module-Build-Kwalitee-0.24"
PERL_EXTUTILS_AUTOINSTALL="--defaultdeps"
PERL_MM_USE_DEFAULT="1"
PERL_USE_UNSAFE_INC="1"
@INC:
/home/goku/perl5/perlbrew/perls/perl-5.24.3/lib/site_perl/5.24.3/OpenBSD.amd64-openbsd-thread-multi-ld
/home/goku/perl5/perlbrew/perls/perl-5.24.3/lib/site_perl/5.24.3
/home/goku/perl5/perlbrew/perls/perl-5.24.3/lib/5.24.3/OpenBSD.amd64-openbsd-thread-multi-ld
/home/goku/perl5/perlbrew/perls/perl-5.24.3/lib/5.24.3
.