Back
From: metabase:user:d49cdc72-1559-11e3-9efd-e82414baadac
Subject: FAIL Data-Util-0.63 v5.21.11 GNU/Linux
Date: 2015-04-22T03:50:24Z
This distribution has been tested as part of the CPAN Testers
project, supporting the Perl programming language. See
http://wiki.cpantesters.org/ for more information or email
questions to cpan-testers-discuss@perl.org
--
Dear Goro Fuji,
This is a computer-generated report for Data-Util-0.63
on perl 5.21.11, created by CPAN-Reporter-1.2014.
Thank you for uploading your work to CPAN. However, there was a problem
testing your distribution.
If you think this report is invalid, please consult the CPAN Testers Wiki
for suggestions on how to avoid getting FAIL reports for missing library
or binary dependencies, unsupported operating systems, and so on:
http://wiki.cpantesters.org/wiki/CPANAuthorNotes
Sections of this report:
* Tester comments
* Program output
* Prerequisites
* Environment and other context
------------------------------
TESTER COMMENTS
------------------------------
Additional comments from tester:
none provided
------------------------------
PROGRAM OUTPUT
------------------------------
Output from '/usr/bin/make test':
Running Mkbootstrap for Data::Util ()
chmod 644 "Util.bs"
PERL_DL_NONLAZY=1 "/home/vagrant/perl5/perlbrew/perls/perl-5.21.11/bin/perl5.21.11" "-MExtUtils::Command::MM" "-MTest::Harness" "-e" "undef *Test::Harness::Switches; test_harness(0, 'inc', 'blib/lib', 'blib/arch')" t/*.t
# Testing XS
# Testing Data::Util 0.63 (XS)
t/00_load.t .................. ok
t/03_gen.t ................... ok
t/01_refs.t .................. ok
t/02_inst.t .................. ok
Can't locate package A for @Bar::ISA during global destruction.
Can't locate package A for @Bar::ISA during global destruction.
t/09_paranoia.t .............. ok
t/05_get_stash.t ............. ok
t/08_mgvars.t ................ ok
t/10_neat.t .................. ok
t/04_overloaded.t ............ ok
t/06_subroutine.t ............ ok
t/12_in_attr_handler.t ....... skipped: This test is for old perls
t/11_fail_handler.t .......... ok
t/15_curry.t ................. ok
Constant subroutine f1 uninstalled at t/14_uninst_subr.t line 51.
Constant subroutine f3 uninstalled at t/14_uninst_subr.t line 51.
Constant subroutine f4 uninstalled at t/14_uninst_subr.t line 51.
# Failed test 'specify an unmatched subr (not uninstalled)'
# at t/14_uninst_subr.t line 60.
# Looks like you failed 1 test of 23.
t/14_uninst_subr.t ...........
Dubious, test returned 1 (wstat 256, 0x100)
Failed 1/23 subtests
t/13_optlist.t ............... ok
t/19_multiple_modifiers.t .... ok
t/18_is_value.t .............. ok
t/16_modify.t ................ ok
t/20_lexical_sub.t ........... ok
t/17_nsclean.t ............... ok
t/22_install2.t .............. ok
t/pp00_load.t ................ ok
t/23_largeargs.t ............. ok
t/21_get_code_ref.t .......... ok
# Testing PurePerl
t/24_eval_in_modifiers.t ..... ok
t/pp03_gen.t ................. ok
t/pp04_overloaded.t .......... ok
t/pp01_refs.t ................ ok
t/pp02_inst.t ................ ok
t/pp05_get_stash.t ........... ok
t/pp08_mgvars.t .............. ok
t/pp12_in_attr_handler.t ..... skipped: This test is for old perls
t/pp06_subroutine.t .......... ok
t/pp10_neat.t ................ ok
t/pp11_fail_handler.t ........ ok
Constant subroutine f4 uninstalled at t/14_uninst_subr.t line 51.
Constant subroutine f3 uninstalled at t/14_uninst_subr.t line 51.
Constant subroutine f1 uninstalled at t/14_uninst_subr.t line 51.
# Failed test 'specify an unmatched subr (not uninstalled)'
# at t/14_uninst_subr.t line 60.
# Looks like you failed 1 test of 23.
t/pp14_uninst_subr.t .........
Dubious, test returned 1 (wstat 256, 0x100)
Failed 1/23 subtests
t/pp13_optlist.t ............. ok
t/pp15_curry.t ............... ok
t/pp17_nsclean.t ............. ok
t/pp19_multiple_modifiers.t .. ok
t/pp20_lexical_sub.t ......... ok
t/pp18_is_value.t ............ ok
t/pp22_install2.t ............ ok
t/pp21_get_code_ref.t ........ ok
t/pp24_eval_in_modifiers.t ... ok
t/pp16_modify.t .............. ok
t/pp23_largeargs.t ........... ok
Test Summary Report
-------------------
t/14_uninst_subr.t (Wstat: 256 Tests: 23 Failed: 1)
Failed test: 12
Non-zero exit status: 1
t/pp14_uninst_subr.t (Wstat: 256 Tests: 23 Failed: 1)
Failed test: 12
Non-zero exit status: 1
Files=47, Tests=1141, 4 wallclock secs ( 0.16 usr 0.04 sys + 2.56 cusr 0.68 csys = 3.44 CPU)
Result: FAIL
Failed 2/47 test programs. 2/1141 subtests failed.
Makefile:972: recipe for target 'test_dynamic' failed
make: *** [test_dynamic] Error 255
------------------------------
PREREQUISITES
------------------------------
Prerequisite modules loaded:
requires:
Module Need Have
----------------------------- -------- ------------
perl 5.008001 5.021011
XSLoader 0.02 0.20
build_requires:
Module Need Have
----------------------------- -------- ------------
Devel::PPPort 3.19 3.31
ExtUtils::MakeMaker 6.59 7.04
ExtUtils::ParseXS 3.18 3.28
Hash::Util::FieldHash::Compat 0 0.08
Scope::Guard 0 0.20
Test::Exception 0.27 0.38
Test::More 0.62 1.301001_105
configure_requires:
Module Need Have
----------------------------- -------- ------------
Devel::PPPort 3.19 3.31
ExtUtils::MakeMaker 6.59 7.04
ExtUtils::ParseXS 3.18 3.28
------------------------------
ENVIRONMENT AND OTHER CONTEXT
------------------------------
Environment variables:
HARNESS_OPTIONS = j10
LC_CTYPE = en_NZ.UTF8
NONINTERACTIVE_TESTING = 1
PATH = /home/vagrant/perl5/perlbrew/bin:/home/vagrant/perl5/perlbrew/perls/perl-5.21.11/bin:/usr/local/bin:/usr/bin:/bin:/opt/bin:/usr/x86_64-pc-linux-gnu/gcc-bin/4.8.4
PERL5LIB =
PERL5OPT =
PERL5_CPANPLUS_IS_RUNNING = 5688
PERL5_CPAN_IS_RUNNING = 5688
PERLBREW_BASHRC_VERSION = 0.73
PERLBREW_HOME = /home/vagrant/.perlbrew
PERLBREW_MANPATH = /home/vagrant/perl5/perlbrew/perls/perl-5.21.11/man
PERLBREW_PATH = /home/vagrant/perl5/perlbrew/bin:/home/vagrant/perl5/perlbrew/perls/perl-5.21.11/bin
PERLBREW_PERL = perl-5.21.11
PERLBREW_ROOT = /home/vagrant/perl5/perlbrew
PERLBREW_VERSION = 0.73
PERL_MM_USE_DEFAULT = 1
SHELL = /bin/bash
TERM = screen
Perl special variables (and OS-specific diagnostics, for MSWin32):
$^X = /home/vagrant/perl5/perlbrew/perls/perl-5.21.11/bin/perl5.21.11
$UID/$EUID = 1000 / 1000
$GID = 1000 1000
$EGID = 1000 1000
Perl module toolchain versions installed:
Module Have
------------------- ------------
CPAN 2.11
CPAN::Meta 2.150001
Cwd 3.56
ExtUtils::CBuilder 0.280221
ExtUtils::Command 1.20
ExtUtils::Install 2.04
ExtUtils::MakeMaker 7.04
ExtUtils::Manifest 1.70
ExtUtils::ParseXS 3.28
File::Spec 3.56
JSON 2.90
JSON::PP 2.27300
Module::Build 0.4211
Module::Signature 0.78
Parse::CPAN::Meta 1.4414
Test::Harness 3.35
Test::More 1.301001_105
YAML 1.15
YAML::Syck 1.29
version 0.9912
--
Summary of my perl5 (revision 5 version 21 subversion 11) configuration:
Platform:
osname=linux, osvers=3.18.11-gentoo, archname=x86_64-linux
uname='linux localhost 3.18.11-gentoo #1 smp sat apr 18 20:24:48 utc 2015 x86_64 intel(r) core(tm) i5-2410m cpu @ 2.30ghz genuineintel gnulinux '
config_args='-de -Dprefix=/home/vagrant/perl5/perlbrew/perls/perl-5.21.11 -Doptimize= -O3 -march=native -mtune=native -Dman1dir=none -Dman3dir=none -Dusedevel -Accflags=-DPERL_HASH_FUNC_SDBM -Aeval:scriptdir=/home/vagrant/perl5/perlbrew/perls/perl-5.21.11/bin'
hint=recommended, useposix=true, d_sigaction=define
useithreads=undef, usemultiplicity=undef
use64bitint=define, use64bitall=define, uselongdouble=undef
usemymalloc=n, bincompat5005=undef
Compiler:
cc='cc', ccflags ='-DPERL_HASH_FUNC_SDBM -fwrapv -fno-strict-aliasing -pipe -fstack-protector -D_LARGEFILE_SOURCE -D_FILE_OFFSET_BITS=64',
optimize=' -O3 -march=native -mtune=native',
cppflags='-DPERL_HASH_FUNC_SDBM -fwrapv -fno-strict-aliasing -pipe -fstack-protector'
ccversion='', gccversion='4.8.4', gccosandvers=''
intsize=4, longsize=8, ptrsize=8, doublesize=8, byteorder=12345678, doublekind=3
d_longlong=define, longlongsize=8, d_longdbl=define, longdblsize=16, longdblkind=3
ivtype='long', ivsize=8, nvtype='double', nvsize=8, Off_t='off_t', lseeksize=8
alignbytes=8, prototype=define
Linker and Libraries:
ld='cc', ldflags =' -fstack-protector -L/usr/local/lib'
libpth=/usr/lib/gcc/x86_64-pc-linux-gnu/4.8.4/include-fixed /usr/lib /usr/local/lib /lib/../lib64 /usr/lib/../lib64 /lib /lib64 /usr/lib64 /usr/local/lib64
libs=-lpthread -lnsl -lgdbm -ldb -ldl -lm -lcrypt -lutil -lc -lgdbm_compat
perllibs=-lpthread -lnsl -ldl -lm -lcrypt -lutil -lc
libc=libc-2.20.so, so=so, useshrplib=false, libperl=libperl.a
gnulibc_version='2.20'
Dynamic Linking:
dlsrc=dl_dlopen.xs, dlext=so, d_dlsymun=undef, ccdlflags='-Wl,-E'
cccdlflags='-fPIC', lddlflags='-shared -O3 -march=native -mtune=native -L/usr/local/lib -fstack-protector'
Characteristics of this binary (from libperl):
Compile-time options: HAS_TIMES PERLIO_LAYERS PERL_DONT_CREATE_GVSV
PERL_HASH_FUNC_SDBM PERL_MALLOC_WRAP
PERL_NEW_COPY_ON_WRITE PERL_PRESERVE_IVUV
PERL_USE_DEVEL USE_64_BIT_ALL USE_64_BIT_INT
USE_LARGE_FILES USE_LOCALE USE_LOCALE_COLLATE
USE_LOCALE_CTYPE USE_LOCALE_NUMERIC USE_LOCALE_TIME
USE_PERLIO USE_PERL_ATOF
Built under linux
Compiled at Apr 21 2015 08:27:16
%ENV:
PERL5LIB=""
PERL5OPT=""
PERL5_CPANPLUS_IS_RUNNING="5688"
PERL5_CPAN_IS_RUNNING="5688"
PERLBREW_BASHRC_VERSION="0.73"
PERLBREW_HOME="/home/vagrant/.perlbrew"
PERLBREW_MANPATH="/home/vagrant/perl5/perlbrew/perls/perl-5.21.11/man"
PERLBREW_PATH="/home/vagrant/perl5/perlbrew/bin:/home/vagrant/perl5/perlbrew/perls/perl-5.21.11/bin"
PERLBREW_PERL="perl-5.21.11"
PERLBREW_ROOT="/home/vagrant/perl5/perlbrew"
PERLBREW_VERSION="0.73"
PERL_MM_USE_DEFAULT="1"
@INC:
/home/vagrant/perl5/perlbrew/perls/perl-5.21.11/lib/site_perl/5.21.11/x86_64-linux
/home/vagrant/perl5/perlbrew/perls/perl-5.21.11/lib/site_perl/5.21.11
/home/vagrant/perl5/perlbrew/perls/perl-5.21.11/lib/5.21.11/x86_64-linux
/home/vagrant/perl5/perlbrew/perls/perl-5.21.11/lib/5.21.11
.