Report for SQL-Interpolate-0.32

Back
From: metabase:user:314402c4-2aae-11df-837a-5e0a49663a4f
Subject: FAIL SQL-Interpolate-0.32 v5.25.4 GNU/Linux
Date: 2016-09-07T08:11:40Z

This distribution has been tested as part of the CPAN Testers
project, supporting the Perl programming language.  See
http://wiki.cpantesters.org/ for more information or email
questions to cpan-testers-discuss@perl.org


--
Dear David Manura,

This is a computer-generated report for SQL-Interpolate-0.32
on perl 5.25.4, created by CPAN-Reporter-1.2018.

Thank you for uploading your work to CPAN.  However, there was a problem
testing your distribution.

If you think this report is invalid, please consult the CPAN Testers Wiki
for suggestions on how to avoid getting FAIL reports for missing library
or binary dependencies, unsupported operating systems, and so on:

http://wiki.cpantesters.org/wiki/CPANAuthorNotes

Sections of this report:

    * Tester comments
    * Program output
    * Prerequisites
    * Environment and other context

------------------------------
TESTER COMMENTS
------------------------------

Additional comments from tester:

none provided

------------------------------
PROGRAM OUTPUT
------------------------------

Output from './Build test':

t/dbi.t ........... ok
t/dbi_filter.t .... ok
t/dbi_interp.t .... ok
t/dist.t .......... ok

#   Failed test 'inline hashref'
#   at t/filter.t line 23.
#          got: '[ 'SELECT * FROM mytable WHERE ', { 'x' => 3, 'z' => 2 } ]'
#     expected: '[ 'SELECT * FROM mytable WHERE ', { 'z' => 2, 'x' => 3 } ]'

#   Failed test 'INSERT inline hashref'
#   at t/filter.t line 57.
#          got: '[ 'INSERT INTO mytable ', { 'one' => 1, 'two' => 2 } ]'
#     expected: '[ 'INSERT INTO mytable ', { 'two' => 2, 'one' => 1 } ]'
# Looks like you failed 2 tests of 17.
t/filter.t ........ 
Dubious, test returned 2 (wstat 512, 0x200)
Failed 2/17 subtests 
t/macro.t ......... ok
t/pod-coverage.t .. ok
t/pod.t ........... ok

#   Failed test 'INSERT hashref of sql_var + sql()'
#   at t/lib.pl line 36.
#     Structures begin differing at:
#          $got->[0] = 'INSERT INTO mytable (two, one, three) VALUES( ?, ?, 3)'
#     $expected->[0] = 'INSERT INTO mytable (two, one, three) VALUES(?, ?,  3)'
$VAR1 = [
          'INSERT INTO mytable (two, one, three) VALUES( ?, ?, 3)',
          [
            5,
            bless( {
                     'value' => \5,
                     'type' => 1
                   }, 'SQL::Interpolate::Variable' )
          ],
          [
            1,
            bless( {
                     'value' => \1
                   }, 'SQL::Interpolate::Variable' )
          ]
        ];
$VAR2 = [
          'INSERT INTO mytable (two, one, three) VALUES(?, ?,  3)',
          [
            5,
            $VAR1->[1][1]
          ],
          [
            1,
            bless( {
                     'value' => \1
                   }, 'SQL::Interpolate::Variable' )
          ]
        ];
$VAR3 = 'INSERT hashref of sql_var + sql()';

#   Failed test 'INSERT hashref of sql_var + sql() OO'
#   at t/lib.pl line 36.
#     Structures begin differing at:
#          $got->[0] = 'INSERT INTO mytable (two, one, three) VALUES( ?, ?, 3)'
#     $expected->[0] = 'INSERT INTO mytable (two, one, three) VALUES(?, ?,  3)'
$VAR1 = [
          'INSERT INTO mytable (two, one, three) VALUES( ?, ?, 3)',
          [
            5,
            bless( {
                     'value' => \5,
                     'type' => 1
                   }, 'SQL::Interpolate::Variable' )
          ],
          [
            1,
            bless( {
                     'value' => \1
                   }, 'SQL::Interpolate::Variable' )
          ]
        ];
$VAR2 = [
          'INSERT INTO mytable (two, one, three) VALUES(?, ?,  3)',
          [
            5,
            $VAR1->[1][1]
          ],
          [
            1,
            bless( {
                     'value' => \1
                   }, 'SQL::Interpolate::Variable' )
          ]
        ];
$VAR3 = 'INSERT hashref of sql_var + sql() OO';

#   Failed test 'INSERT hashref of sql_var + sql() closure'
#   at t/lib.pl line 36.
#     Structures begin differing at:
#          $got->[0] = 'INSERT INTO mytable (two, one, three) VALUES( ?, ?, 3)'
#     $expected->[0] = 'INSERT INTO mytable (two, one, three) VALUES(?, ?,  3)'
$VAR1 = [
          'INSERT INTO mytable (two, one, three) VALUES( ?, ?, 3)',
          [
            5,
            bless( {
                     'value' => \5,
                     'type' => 1
                   }, 'SQL::Interpolate::Variable' )
          ],
          [
            1,
            bless( {
                     'value' => \1
                   }, 'SQL::Interpolate::Variable' )
          ]
        ];
$VAR2 = [
          'INSERT INTO mytable (two, one, three) VALUES(?, ?,  3)',
          [
            5,
            $VAR1->[1][1]
          ],
          [
            1,
            bless( {
                     'value' => \1
                   }, 'SQL::Interpolate::Variable' )
          ]
        ];
$VAR3 = 'INSERT hashref of sql_var + sql() closure';

#   Failed test 'INSERT hashref of sql_var + sql() closure2'
#   at t/lib.pl line 36.
#     Structures begin differing at:
#          $got->[0] = 'INSERT INTO mytable (two, one, three) VALUES( ?, ?, 3)'
#     $expected->[0] = 'INSERT INTO mytable (two, one, three) VALUES(?, ?,  3)'
$VAR1 = [
          'INSERT INTO mytable (two, one, three) VALUES( ?, ?, 3)',
          [
            5,
            bless( {
                     'value' => \5,
                     'type' => 1
                   }, 'SQL::Interpolate::Variable' )
          ],
          [
            1,
            bless( {
                     'value' => \1
                   }, 'SQL::Interpolate::Variable' )
          ]
        ];
$VAR2 = [
          'INSERT INTO mytable (two, one, three) VALUES(?, ?,  3)',
          [
            5,
            $VAR1->[1][1]
          ],
          [
            1,
            bless( {
                     'value' => \1
                   }, 'SQL::Interpolate::Variable' )
          ]
        ];
$VAR3 = 'INSERT hashref of sql_var + sql() closure2';

#   Failed test 'INSERT hashref with macro'
#   at t/lib.pl line 36.
#     Structures begin differing at:
#          $got->[0] = 'INSERT INTO mytable (two, one) VALUES( ? * ?, ?)'
#     $expected->[0] = 'INSERT INTO mytable (one, two) VALUES(?,  ? * ?)'
$VAR1 = [
          'INSERT INTO mytable (two, one) VALUES( ? * ?, ?)',
          5,
          5,
          1
        ];
$VAR2 = [
          'INSERT INTO mytable (one, two) VALUES(?,  ? * ?)',
          1,
          5,
          5
        ];
$VAR3 = 'INSERT hashref with macro';

#   Failed test 'INSERT hashref with macro OO'
#   at t/lib.pl line 36.
#     Structures begin differing at:
#          $got->[0] = 'INSERT INTO mytable (two, one) VALUES( ? * ?, ?)'
#     $expected->[0] = 'INSERT INTO mytable (one, two) VALUES(?,  ? * ?)'
$VAR1 = [
          'INSERT INTO mytable (two, one) VALUES( ? * ?, ?)',
          5,
          5,
          1
        ];
$VAR2 = [
          'INSERT INTO mytable (one, two) VALUES(?,  ? * ?)',
          1,
          5,
          5
        ];
$VAR3 = 'INSERT hashref with macro OO';

#   Failed test 'INSERT hashref with macro closure'
#   at t/lib.pl line 36.
#     Structures begin differing at:
#          $got->[0] = 'INSERT INTO mytable (two, one) VALUES( ? * ?, ?)'
#     $expected->[0] = 'INSERT INTO mytable (one, two) VALUES(?,  ? * ?)'
$VAR1 = [
          'INSERT INTO mytable (two, one) VALUES( ? * ?, ?)',
          5,
          5,
          1
        ];
$VAR2 = [
          'INSERT INTO mytable (one, two) VALUES(?,  ? * ?)',
          1,
          5,
          5
        ];
$VAR3 = 'INSERT hashref with macro closure';

#   Failed test 'INSERT hashref with macro closure2'
#   at t/lib.pl line 36.
#     Structures begin differing at:
#          $got->[0] = 'INSERT INTO mytable (two, one) VALUES( ? * ?, ?)'
#     $expected->[0] = 'INSERT INTO mytable (one, two) VALUES(?,  ? * ?)'
$VAR1 = [
          'INSERT INTO mytable (two, one) VALUES( ? * ?, ?)',
          5,
          5,
          1
        ];
$VAR2 = [
          'INSERT INTO mytable (one, two) VALUES(?,  ? * ?)',
          1,
          5,
          5
        ];
$VAR3 = 'INSERT hashref with macro closure2';

#   Failed test 'SET hashref of sql_var types, sql()'
#   at t/lib.pl line 36.
#     Structures begin differing at:
#          $got->[0] = 'UPDATE mytable SET one=?, three=3, two= ?'
#     $expected->[0] = 'UPDATE mytable SET three=3, one=?, two= ?'
$VAR1 = [
          'UPDATE mytable SET one=?, three=3, two= ?',
          [
            1,
            bless( {
                     'value' => \1
                   }, 'SQL::Interpolate::Variable' )
          ],
          [
            5,
            bless( {
                     'value' => \5,
                     'type' => 1
                   }, 'SQL::Interpolate::Variable' )
          ]
        ];
$VAR2 = [
          'UPDATE mytable SET three=3, one=?, two= ?',
          [
            1,
            bless( {
                     'value' => \1
                   }, 'SQL::Interpolate::Variable' )
          ],
          [
            5,
            $VAR1->[2][1]
          ]
        ];
$VAR3 = 'SET hashref of sql_var types, sql()';

#   Failed test 'SET hashref of sql_var types, sql() OO'
#   at t/lib.pl line 36.
#     Structures begin differing at:
#          $got->[0] = 'UPDATE mytable SET one=?, three=3, two= ?'
#     $expected->[0] = 'UPDATE mytable SET three=3, one=?, two= ?'
$VAR1 = [
          'UPDATE mytable SET one=?, three=3, two= ?',
          [
            1,
            bless( {
                     'value' => \1
                   }, 'SQL::Interpolate::Variable' )
          ],
          [
            5,
            bless( {
                     'value' => \5,
                     'type' => 1
                   }, 'SQL::Interpolate::Variable' )
          ]
        ];
$VAR2 = [
          'UPDATE mytable SET three=3, one=?, two= ?',
          [
            1,
            bless( {
                     'value' => \1
                   }, 'SQL::Interpolate::Variable' )
          ],
          [
            5,
            $VAR1->[2][1]
          ]
        ];
$VAR3 = 'SET hashref of sql_var types, sql() OO';

#   Failed test 'SET hashref of sql_var types, sql() closure'
#   at t/lib.pl line 36.
#     Structures begin differing at:
#          $got->[0] = 'UPDATE mytable SET one=?, three=3, two= ?'
#     $expected->[0] = 'UPDATE mytable SET three=3, one=?, two= ?'
$VAR1 = [
          'UPDATE mytable SET one=?, three=3, two= ?',
          [
            1,
            bless( {
                     'value' => \1
                   }, 'SQL::Interpolate::Variable' )
          ],
          [
            5,
            bless( {
                     'value' => \5,
                     'type' => 1
                   }, 'SQL::Interpolate::Variable' )
          ]
        ];
$VAR2 = [
          'UPDATE mytable SET three=3, one=?, two= ?',
          [
            1,
            bless( {
                     'value' => \1
                   }, 'SQL::Interpolate::Variable' )
          ],
          [
            5,
            $VAR1->[2][1]
          ]
        ];
$VAR3 = 'SET hashref of sql_var types, sql() closure';

#   Failed test 'SET hashref of sql_var types, sql() closure2'
#   at t/lib.pl line 36.
#     Structures begin differing at:
#          $got->[0] = 'UPDATE mytable SET one=?, three=3, two= ?'
#     $expected->[0] = 'UPDATE mytable SET three=3, one=?, two= ?'
$VAR1 = [
          'UPDATE mytable SET one=?, three=3, two= ?',
          [
            1,
            bless( {
                     'value' => \1
                   }, 'SQL::Interpolate::Variable' )
          ],
          [
            5,
            bless( {
                     'value' => \5,
                     'type' => 1
                   }, 'SQL::Interpolate::Variable' )
          ]
        ];
$VAR2 = [
          'UPDATE mytable SET three=3, one=?, two= ?',
          [
            1,
            bless( {
                     'value' => \1
                   }, 'SQL::Interpolate::Variable' )
          ],
          [
            5,
            $VAR1->[2][1]
          ]
        ];
$VAR3 = 'SET hashref of sql_var types, sql() closure2';

#   Failed test 'WHERE hashref sql()'
#   at t/lib.pl line 36.
#     Structures begin differing at:
#          $got->[0] = 'WHERE (x=? AND y=2)'
#     $expected->[0] = 'WHERE (y=2 AND x=?)'
$VAR1 = [
          'WHERE (x=? AND y=2)',
          1
        ];
$VAR2 = [
          'WHERE (y=2 AND x=?)',
          1
        ];
$VAR3 = 'WHERE hashref sql()';

#   Failed test 'WHERE hashref sql() OO'
#   at t/lib.pl line 36.
#     Structures begin differing at:
#          $got->[0] = 'WHERE (x=? AND y=2)'
#     $expected->[0] = 'WHERE (y=2 AND x=?)'
$VAR1 = [
          'WHERE (x=? AND y=2)',
          1
        ];
$VAR2 = [
          'WHERE (y=2 AND x=?)',
          1
        ];
$VAR3 = 'WHERE hashref sql() OO';

#   Failed test 'WHERE hashref sql() closure'
#   at t/lib.pl line 36.
#     Structures begin differing at:
#          $got->[0] = 'WHERE (x=? AND y=2)'
#     $expected->[0] = 'WHERE (y=2 AND x=?)'
$VAR1 = [
          'WHERE (x=? AND y=2)',
          1
        ];
$VAR2 = [
          'WHERE (y=2 AND x=?)',
          1
        ];
$VAR3 = 'WHERE hashref sql() closure';

#   Failed test 'WHERE hashref sql() closure2'
#   at t/lib.pl line 36.
#     Structures begin differing at:
#          $got->[0] = 'WHERE (x=? AND y=2)'
#     $expected->[0] = 'WHERE (y=2 AND x=?)'
$VAR1 = [
          'WHERE (x=? AND y=2)',
          1
        ];
$VAR2 = [
          'WHERE (y=2 AND x=?)',
          1
        ];
$VAR3 = 'WHERE hashref sql() closure2';

#   Failed test 'WHERE hashref of \$x, sql_var typed'
#   at t/lib.pl line 36.
#     Structures begin differing at:
#          $got->[0] = 'WHERE (x=? AND y= ?) AND z= ?'
#     $expected->[0] = 'WHERE (y= ? AND x=?) AND z= ?'
$VAR1 = [
          'WHERE (x=? AND y= ?) AND z= ?',
          [
            5,
            bless( {
                     'value' => \5
                   }, 'SQL::Interpolate::Variable' )
          ],
          [
            5,
            bless( {
                     'value' => \5,
                     'type' => 1
                   }, 'SQL::Interpolate::Variable' )
          ],
          [
            5,
            bless( {
                     'value' => \5
                   }, 'SQL::Interpolate::Variable' )
          ]
        ];
$VAR2 = [
          'WHERE (y= ? AND x=?) AND z= ?',
          [
            5,
            $VAR1->[2][1]
          ],
          [
            5,
            bless( {
                     'value' => $VAR1->[2][1]{'value'}
                   }, 'SQL::Interpolate::Variable' )
          ],
          [
            5,
            bless( {
                     'value' => $VAR1->[2][1]{'value'}
                   }, 'SQL::Interpolate::Variable' )
          ]
        ];
$VAR3 = 'WHERE hashref of \\$x, sql_var typed';

#   Failed test 'WHERE hashref of \$x, sql_var typed OO'
#   at t/lib.pl line 36.
#     Structures begin differing at:
#          $got->[0] = 'WHERE (x=? AND y= ?) AND z= ?'
#     $expected->[0] = 'WHERE (y= ? AND x=?) AND z= ?'
$VAR1 = [
          'WHERE (x=? AND y= ?) AND z= ?',
          [
            5,
            bless( {
                     'value' => \5
                   }, 'SQL::Interpolate::Variable' )
          ],
          [
            5,
            bless( {
                     'value' => \5,
                     'type' => 1
                   }, 'SQL::Interpolate::Variable' )
          ],
          [
            5,
            bless( {
                     'value' => \5
                   }, 'SQL::Interpolate::Variable' )
          ]
        ];
$VAR2 = [
          'WHERE (y= ? AND x=?) AND z= ?',
          [
            5,
            $VAR1->[2][1]
          ],
          [
            5,
            bless( {
                     'value' => $VAR1->[2][1]{'value'}
                   }, 'SQL::Interpolate::Variable' )
          ],
          [
            5,
            bless( {
                     'value' => $VAR1->[2][1]{'value'}
                   }, 'SQL::Interpolate::Variable' )
          ]
        ];
$VAR3 = 'WHERE hashref of \\$x, sql_var typed OO';

#   Failed test 'WHERE hashref of \$x, sql_var typed closure'
#   at t/lib.pl line 36.
#     Structures begin differing at:
#          $got->[0] = 'WHERE (x=? AND y= ?) AND z= ?'
#     $expected->[0] = 'WHERE (y= ? AND x=?) AND z= ?'
$VAR1 = [
          'WHERE (x=? AND y= ?) AND z= ?',
          [
            5,
            bless( {
                     'value' => \5
                   }, 'SQL::Interpolate::Variable' )
          ],
          [
            5,
            bless( {
                     'value' => \5,
                     'type' => 1
                   }, 'SQL::Interpolate::Variable' )
          ],
          [
            5,
            bless( {
                     'value' => \5
                   }, 'SQL::Interpolate::Variable' )
          ]
        ];
$VAR2 = [
          'WHERE (y= ? AND x=?) AND z= ?',
          [
            5,
            $VAR1->[2][1]
          ],
          [
            5,
            bless( {
                     'value' => $VAR1->[2][1]{'value'}
                   }, 'SQL::Interpolate::Variable' )
          ],
          [
            5,
            bless( {
                     'value' => $VAR1->[2][1]{'value'}
                   }, 'SQL::Interpolate::Variable' )
          ]
        ];
$VAR3 = 'WHERE hashref of \\$x, sql_var typed closure';

#   Failed test 'WHERE hashref of \$x, sql_var typed closure2'
#   at t/lib.pl line 36.
#     Structures begin differing at:
#          $got->[0] = 'WHERE (x=? AND y= ?) AND z= ?'
#     $expected->[0] = 'WHERE (y= ? AND x=?) AND z= ?'
$VAR1 = [
          'WHERE (x=? AND y= ?) AND z= ?',
          [
            5,
            bless( {
                     'value' => \5
                   }, 'SQL::Interpolate::Variable' )
          ],
          [
            5,
            bless( {
                     'value' => \5,
                     'type' => 1
                   }, 'SQL::Interpolate::Variable' )
          ],
          [
            5,
            bless( {
                     'value' => \5
                   }, 'SQL::Interpolate::Variable' )
          ]
        ];
$VAR2 = [
          'WHERE (y= ? AND x=?) AND z= ?',
          [
            5,
            $VAR1->[2][1]
          ],
          [
            5,
            bless( {
                     'value' => $VAR1->[2][1]{'value'}
                   }, 'SQL::Interpolate::Variable' )
          ],
          [
            5,
            bless( {
                     'value' => $VAR1->[2][1]{'value'}
                   }, 'SQL::Interpolate::Variable' )
          ]
        ];
$VAR3 = 'WHERE hashref of \\$x, sql_var typed closure2';

#   Failed test 'WHERE hashref of \$x, sql()'
#   at t/lib.pl line 36.
#     Structures begin differing at:
#          $got->[0] = 'WHERE (x=? AND y=z)'
#     $expected->[0] = 'WHERE (y=z AND x=?)'
$VAR1 = [
          'WHERE (x=? AND y=z)',
          5
        ];
$VAR2 = [
          'WHERE (y=z AND x=?)',
          5
        ];
$VAR3 = 'WHERE hashref of \\$x, sql()';

#   Failed test 'WHERE hashref of \$x, sql() OO'
#   at t/lib.pl line 36.
#     Structures begin differing at:
#          $got->[0] = 'WHERE (x=? AND y=z)'
#     $expected->[0] = 'WHERE (y=z AND x=?)'
$VAR1 = [
          'WHERE (x=? AND y=z)',
          5
        ];
$VAR2 = [
          'WHERE (y=z AND x=?)',
          5
        ];
$VAR3 = 'WHERE hashref of \\$x, sql() OO';

#   Failed test 'WHERE hashref of \$x, sql() closure'
#   at t/lib.pl line 36.
#     Structures begin differing at:
#          $got->[0] = 'WHERE (x=? AND y=z)'
#     $expected->[0] = 'WHERE (y=z AND x=?)'
$VAR1 = [
          'WHERE (x=? AND y=z)',
          5
        ];
$VAR2 = [
          'WHERE (y=z AND x=?)',
          5
        ];
$VAR3 = 'WHERE hashref of \\$x, sql() closure';

#   Failed test 'WHERE hashref of \$x, sql() closure2'
#   at t/lib.pl line 36.
#     Structures begin differing at:
#          $got->[0] = 'WHERE (x=? AND y=z)'
#     $expected->[0] = 'WHERE (y=z AND x=?)'
$VAR1 = [
          'WHERE (x=? AND y=z)',
          5
        ];
$VAR2 = [
          'WHERE (y=z AND x=?)',
          5
        ];
$VAR3 = 'WHERE hashref of \\$x, sql() closure2';
# Looks like you failed 24 tests of 167.
t/sql_interp.t .... 
Dubious, test returned 24 (wstat 6144, 0x1800)
Failed 24/167 subtests 

Test Summary Report
-------------------
t/filter.t      (Wstat: 512 Tests: 17 Failed: 2)
  Failed tests:  2, 12
  Non-zero exit status: 2
t/sql_interp.t  (Wstat: 6144 Tests: 167 Failed: 24)
  Failed tests:  66-73, 122-125, 134-137, 154-157, 162-165
  Non-zero exit status: 24
Files=9, Tests=256,  2 wallclock secs ( 0.03 usr  0.04 sys +  0.50 cusr  0.08 csys =  0.65 CPU)
Result: FAIL
Failed 2/9 test programs. 26/256 subtests failed.

------------------------------
PREREQUISITES
------------------------------

Prerequisite modules loaded:

opt_requires:

    Module         Need Have
    -------------- ---- ----
    Filter::Simple 0    0.92
    Text::Balanced 1.87 2.03


------------------------------
ENVIRONMENT AND OTHER CONTEXT
------------------------------

Environment variables:

    LANG = C
    LC_ALL = de_DE.UTF-8
    PATH = /usr/local/bin:/usr/bin:/bin:/usr/local/sbin:/usr/sbin:/sbin:/home/cpansand/bin/linux-gnu:/home/cpansand/bin/sh:/home/cpansand/bin:/usr/games:/home/cpansand/devel:/home/eserte/src/srezic-misc/scripts
    PERL5LIB = 
    PERL5OPT = 
    PERL5_CPANPLUS_IS_RUNNING = 32759
    PERL5_CPAN_IS_RUNNING = 32759
    PERL5_CPAN_IS_RUNNING_IN_RECURSION = 26873,32759
    PERLDOC = -MPod::Perldoc::ToTextOverstrike
    PERL_BATCH = yes
    PERL_CANARY_STABILITY_NOPROMPT = 1
    PERL_CPAN_REPORTER_CONFIG = /run/user/1023/cpansmoker/2016090618/cpanreporter_001_config.ini
    PERL_EXTUTILS_AUTOINSTALL = --defaultdeps
    PERL_PARALLEL_SMOKER = yes
    PERL_USE_UNSAFE_INC = 1
    SHELL = /bin/zsh
    TERM = screen
    TMPDIR = /run/user/1023/cpansmoker/2016090618

Perl special variables (and OS-specific diagnostics, for MSWin32):

    $^X = /bbbike/perl-5.25.4/bin/perl5.25.4
    $UID/$EUID = 1023 / 1023
    $GID = 1023 1023
    $EGID = 1023 1023

Perl module toolchain versions installed:

    Module              Have    
    ------------------- --------
    CPAN                2.14    
    CPAN::Meta          2.150010
    Cwd                 3.62    
    ExtUtils::CBuilder  0.280224
    ExtUtils::Command   7.24    
    ExtUtils::Install   2.04    
    ExtUtils::MakeMaker 7.24    
    ExtUtils::Manifest  1.70    
    ExtUtils::ParseXS   3.30    
    File::Spec          3.62    
    JSON                2.90    
    JSON::PP            2.27400 
    Module::Build       0.4220  
    Module::Signature   0.80    
    Parse::CPAN::Meta   2.150010
    Test::Harness       3.36    
    Test::More          1.302052
    YAML                1.18    
    YAML::Syck          1.29    
    version             0.9917  


--

Summary of my perl5 (revision 5 version 25 subversion 4) configuration:
   
  Platform:
    osname=linux
    osvers=3.16.0-4-amd64
    archname=x86_64-linux
    uname='linux eserte 3.16.0-4-amd64 #1 smp debian 3.16.7-ckt25-2+deb8u3 (2016-07-02) x86_64 gnulinux '
    config_args='-ds -e -Dprefix=/opt/perl-5.25.4 -Dusedevel -Dusemallocwrap=no -Dcf_email=srezic@cpan.org'
    hint=recommended
    useposix=true
    d_sigaction=define
    useithreads=undef
    usemultiplicity=undef
    use64bitint=define
    use64bitall=define
    uselongdouble=undef
    usemymalloc=n
    bincompat5005=undef
  Compiler:
    cc='cc'
    ccflags ='-fwrapv -fno-strict-aliasing -pipe -fstack-protector-strong -I/usr/local/include -D_LARGEFILE_SOURCE -D_FILE_OFFSET_BITS=64 -D_FORTIFY_SOURCE=2'
    optimize='-O2'
    cppflags='-fwrapv -fno-strict-aliasing -pipe -fstack-protector-strong -I/usr/local/include'
    ccversion=''
    gccversion='4.9.2'
    gccosandvers=''
    intsize=4
    longsize=8
    ptrsize=8
    doublesize=8
    byteorder=12345678
    doublekind=3
    d_longlong=define
    longlongsize=8
    d_longdbl=define
    longdblsize=16
    longdblkind=3
    ivtype='long'
    ivsize=8
    nvtype='double'
    nvsize=8
    Off_t='off_t'
    lseeksize=8
    alignbytes=8
    prototype=define
  Linker and Libraries:
    ld='cc'
    ldflags =' -fstack-protector-strong -L/usr/local/lib'
    libpth=/usr/local/lib /usr/lib/gcc/x86_64-linux-gnu/4.9/include-fixed /usr/include/x86_64-linux-gnu /usr/lib /lib/x86_64-linux-gnu /lib/../lib /usr/lib/x86_64-linux-gnu /usr/lib/../lib /lib
    libs=-lpthread -lnsl -lgdbm -ldb -ldl -lm -lcrypt -lutil -lc -lgdbm_compat
    perllibs=-lpthread -lnsl -ldl -lm -lcrypt -lutil -lc
    libc=libc-2.19.so
    so=so
    useshrplib=false
    libperl=libperl.a
    gnulibc_version='2.19'
  Dynamic Linking:
    dlsrc=dl_dlopen.xs
    dlext=so
    d_dlsymun=undef
    ccdlflags='-Wl,-E'
    cccdlflags='-fPIC'
    lddlflags='-shared -O2 -L/usr/local/lib -fstack-protector-strong'


Characteristics of this binary (from libperl): 
  Compile-time options:
    HAS_TIMES
    PERLIO_LAYERS
    PERL_COPY_ON_WRITE
    PERL_DONT_CREATE_GVSV
    PERL_HASH_FUNC_ONE_AT_A_TIME_HARD
    PERL_OP_PARENT
    PERL_PRESERVE_IVUV
    PERL_USE_DEVEL
    USE_64_BIT_ALL
    USE_64_BIT_INT
    USE_LARGE_FILES
    USE_LOCALE
    USE_LOCALE_COLLATE
    USE_LOCALE_CTYPE
    USE_LOCALE_NUMERIC
    USE_LOCALE_TIME
    USE_PERLIO
    USE_PERL_ATOF
  Built under linux
  Compiled at Aug 20 2016 21:18:40
  %ENV:
    PERL5LIB=""
    PERL5OPT=""
    PERL5_CPANPLUS_IS_RUNNING="32759"
    PERL5_CPAN_IS_RUNNING="32759"
    PERL5_CPAN_IS_RUNNING_IN_RECURSION="26873,32759"
    PERLDOC="-MPod::Perldoc::ToTextOverstrike"
    PERL_BATCH="yes"
    PERL_CANARY_STABILITY_NOPROMPT="1"
    PERL_CPAN_REPORTER_CONFIG="/run/user/1023/cpansmoker/2016090618/cpanreporter_001_config.ini"
    PERL_EXTUTILS_AUTOINSTALL="--defaultdeps"
    PERL_PARALLEL_SMOKER="yes"
    PERL_USE_UNSAFE_INC="1"
  @INC:
    /opt/perl-5.25.4/lib/site_perl/5.25.4/x86_64-linux
    /opt/perl-5.25.4/lib/site_perl/5.25.4
    /opt/perl-5.25.4/lib/5.25.4/x86_64-linux
    /opt/perl-5.25.4/lib/5.25.4
    .