Report for Dancer2-Plugin-REST-0.25

Back
From: metabase:user:7298ebcc-b357-11e4-8d18-8eca7e4756b9
Subject: FAIL Dancer2-Plugin-REST-0.25 v5.14.3 GNU/Linux
Date: 2015-03-12T09:11:02Z

This distribution has been tested as part of the CPAN Testers
project, supporting the Perl programming language.  See
http://wiki.cpantesters.org/ for more information or email
questions to cpan-testers-discuss@perl.org


--
Dear YANICK,

This is a computer-generated report for Dancer2-Plugin-REST-0.25
on perl 5.14.3, created by App::cpanminus::reporter 0.12 (1.7027).

Thank you for uploading your work to CPAN.  However, there was a problem
testing your distribution.

If you think this report is invalid, please consult the CPAN Testers Wiki
for suggestions on how to avoid getting FAIL reports for missing library
or binary dependencies, unsupported operating systems, and so on:

http://wiki.cpantesters.org/wiki/CPANAuthorNotes

Sections of this report:

    * Tester comments
    * Program output
    * Prerequisites
    * Environment and other context

------------------------------
TESTER COMMENTS
------------------------------

Additional comments from tester:

none provided

------------------------------
PROGRAM OUTPUT
------------------------------

Output from '':

Building and testing Dancer2-Plugin-REST-0.25
Building Dancer2-Plugin-REST
t/00-compile.t ........................ ok
# 
# 
# Generated by Dist::Zilla::Plugin::ReportVersions::Tiny v1.10
# perl: 5.014003 (wanted 5.006) on linux from /home/mojolicious/perl5/perlbrew/perls/perl-5.14.3/bin/perl
# 
# Carp                                          => 1.3301     (want any version)
# Class::Load                                   => 0.22       (want any version)
# Dancer2                                       => 0.159002   (want 0.149000_01)
# Dancer2::Core::Request                        => 0.159002   (want any version)
# Dancer2::Plugin                               => 0.159002   (want any version)
# Data::Dumper                                  => 2.130_02   (want any version)
# File::Spec                                    => 3.33       (want any version)
# HTTP::Request::Common                         => 6.04       (want any version)
# IO::Handle                                    => 1.31       (want any version)
# IPC::Open3                                    => 1.0901     (want any version)
# JSON                                          => 2.90       (want any version)
# Module::Build                                 => 0.38       (want 0.28)   
# Module::Runtime                               => 0.014      (want any version)
# Moo::Role                                     => 2          (want any version)
# Plack::Test                                   => <undef>    (want any version)
# Test::More                                    => 1.001014   (want 0.88)   
# strict                                        => 1.04       (want any version)
# warnings                                      => 1.12       (want any version)
# 
# Thanks for using my code.  I hope it works for you.
# If not, please try and include this output in the bug report.
# That will help me reproduce the issue and solve your problem.
# 
t/000-report-versions-tiny.t .......... ok

#   Failed test 'headers have content_type set to (?^:text/html)'
#   at t/02_prepare_serializer_for_format.t line 69.
#                   'text/x-yaml'
#     doesn't match '(?^:text/html)'

#   Failed test '$data has been encoded'
#   at t/02_prepare_serializer_for_format.t line 73.
#          got: '--- root
# '
#     expected: 'root'
# Looks like you failed 2 tests of 10.
t/02_prepare_serializer_for_format.t .. 
Dubious, test returned 2 (wstat 512, 0x200)
Failed 2/10 subtests 
t/03_resource.t ....................... ok
t/04_helpers.t ........................ ok
[Webservice:3243] core @2015-03-12 10:10:58> Failed to serialize the request: hash- or arrayref expected (not a simple scalar, use allow_nonref to allow this) at /tmp/tAijs6LBsX/lib/perl5/Dancer2/Serializer/JSON.pm line 34. in (eval 240) l. 2

#   Failed test 'response looks good for 'GET /''
#   at t/04_plugin_settings.t line 67.
#          got: ''
#     expected: 'root'

#   Failed test 'response looks good for 'GET /''
#   at t/04_plugin_settings.t line 67.
#          got: '--- root
# '
#     expected: 'root'
# Looks like you failed 2 tests of 5.
t/04_plugin_settings.t ................ 
Dubious, test returned 2 (wstat 512, 0x200)
Failed 2/5 subtests 

#   Failed test 'headers have content_type set to (?^:text/html)'
#   at t/05_named_captures.t line 62.
#                   'text/x-yaml'
#     doesn't match '(?^:text/html)'

#   Failed test '$data has been encoded'
#   at t/05_named_captures.t line 66.
#          got: '--- root
# '
#     expected: 'root'
# Looks like you failed 2 tests of 8.
t/05_named_captures.t ................. 
Dubious, test returned 2 (wstat 512, 0x200)
Failed 2/8 subtests 
t/06_tcp_server.t ..................... ok

Test Summary Report
-------------------
t/02_prepare_serializer_for_format.t (Wstat: 512 Tests: 10 Failed: 2)
  Failed tests:  9-10
  Non-zero exit status: 2
t/04_plugin_settings.t              (Wstat: 512 Tests: 5 Failed: 2)
  Failed tests:  1, 5
  Non-zero exit status: 2
t/05_named_captures.t               (Wstat: 512 Tests: 8 Failed: 2)
  Failed tests:  7-8
  Non-zero exit status: 2
Files=8, Tests=50,  3 wallclock secs ( 0.04 usr  0.01 sys +  2.59 cusr  0.27 csys =  2.91 CPU)
Result: FAIL

------------------------------
PREREQUISITES
------------------------------

Prerequisite modules loaded:

runtime:

    Module          Need        Have  
    --------------- ----------- ------
    Carp            0           1.20  
  ! Class::Load     0           n/a   
  ! Dancer2         0.149000_01 n/a   
  ! Dancer2::Plugin 0           n/a   
  ! Moo::Role       0           n/a   
    strict          0           1.04  
    warnings        0           1.12  

build:

    Module          Need        Have  
    --------------- ----------- ------
    Module::Build   0.28        0.3800

configure:

    Module          Need        Have  
    --------------- ----------- ------
    Module::Build   0.28        0.3800


------------------------------
ENVIRONMENT AND OTHER CONTEXT
------------------------------

Environment variables:

    PATH = /home/mojolicious/perl5/perlbrew/bin:/home/mojolicious/perl5/perlbrew/perls/perl-5.20.1/bin:/usr/local/bin:/usr/bin:/bin:/usr/local/games:/usr/games
    PERLBREW_BASHRC_VERSION = 0.73
    PERLBREW_HOME = /home/mojolicious/.perlbrew
    PERLBREW_MANPATH = /home/mojolicious/perl5/perlbrew/perls/perl-5.20.1/man
    PERLBREW_PATH = /home/mojolicious/perl5/perlbrew/bin:/home/mojolicious/perl5/perlbrew/perls/perl-5.20.1/bin
    PERLBREW_PERL = perl-5.20.1
    PERLBREW_ROOT = /home/mojolicious/perl5/perlbrew
    PERLBREW_VERSION = 0.73
    SHELL = /bin/bash
    TERM = xterm

Perl special variables (and OS-specific diagnostics, for MSWin32):

    EGID = 1003 1003
    EUID = 1003
    EXECUTABLE_NAME = /home/mojolicious/perl5/perlbrew/perls/perl-5.14.3/bin/perl
    GID = 1003 1003
    UID = 1003

Perl module toolchain versions installed:

    Module              Have     
    ------------------- ---------
    CPAN                1.9600_01
    CPAN::Meta          2.120351 
    Cwd                 3.36     
    ExtUtils::CBuilder  0.280203 
    ExtUtils::Command   1.17     
    ExtUtils::Install   1.56     
    ExtUtils::MakeMaker 7.04     
    ExtUtils::Manifest  1.65     
    ExtUtils::ParseXS   2.2210   
    File::Spec          3.33     
    JSON                2.90     
    JSON::PP            2.27203  
    Module::Build       0.3800   
    Module::Signature   n/a      
    Parse::CPAN::Meta   1.4405   
    Test::Harness       3.23     
    Test::More          1.001014 
    YAML                n/a      
    YAML::Syck          n/a      
    version             0.88     


--

Summary of my perl5 (revision 5 version 14 subversion 3) configuration:
   
  Platform:
    osname=linux, osvers=3.13.0-042stab094.8, archname=x86_64-linux
    uname='linux lvps92-51-161-142.dedicated.hosteurope.de 3.13.0-042stab094.8 #1 smp tue dec 16 20:36:56 msk 2014 x86_64 x86_64 x86_64 gnulinux '
    config_args='-de -Dprefix=/home/mojolicious/perl5/perlbrew/perls/perl-5.14.3 -Aeval:scriptdir=/home/mojolicious/perl5/perlbrew/perls/perl-5.14.3/bin'
    hint=recommended, useposix=true, d_sigaction=define
    useithreads=undef, usemultiplicity=undef
    useperlio=define, d_sfio=undef, uselargefiles=define, usesocks=undef
    use64bitint=define, use64bitall=define, uselongdouble=undef
    usemymalloc=n, bincompat5005=undef
  Compiler:
    cc='cc', ccflags ='-fno-strict-aliasing -pipe -fstack-protector -I/usr/local/include -D_LARGEFILE_SOURCE -D_FILE_OFFSET_BITS=64',
    optimize='-O2',
    cppflags='-fno-strict-aliasing -pipe -fstack-protector -I/usr/local/include'
    ccversion='', gccversion='4.8.2', gccosandvers=''
    intsize=4, longsize=8, ptrsize=8, doublesize=8, byteorder=12345678
    d_longlong=define, longlongsize=8, d_longdbl=define, longdblsize=16
    ivtype='long', ivsize=8, nvtype='double', nvsize=8, Off_t='off_t', lseeksize=8
    alignbytes=8, prototype=define
  Linker and Libraries:
    ld='cc', ldflags =' -fstack-protector -L/usr/local/lib'
    libpth=/usr/local/lib /lib/x86_64-linux-gnu /lib/../lib /usr/lib/x86_64-linux-gnu /usr/lib/../lib /lib /usr/lib
    libs=-lnsl -ldl -lm -lcrypt -lutil -lc
    perllibs=-lnsl -ldl -lm -lcrypt -lutil -lc
    libc=libc-2.19.so, so=so, useshrplib=false, libperl=libperl.a
    gnulibc_version='2.19'
  Dynamic Linking:
    dlsrc=dl_dlopen.xs, dlext=so, d_dlsymun=undef, ccdlflags='-Wl,-E'
    cccdlflags='-fPIC', lddlflags='-shared -O2 -L/usr/local/lib -fstack-protector'


Characteristics of this binary (from libperl): 
  Compile-time options: PERL_DONT_CREATE_GVSV PERL_MALLOC_WRAP
                        PERL_PRESERVE_IVUV USE_64_BIT_ALL USE_64_BIT_INT
                        USE_LARGE_FILES USE_PERLIO USE_PERL_ATOF
  Locally applied patches:
	Devel::PatchPerl 1.30
  Built under linux
  Compiled at Mar  5 2015 10:56:46
  %ENV:
    PERLBREW_BASHRC_VERSION="0.73"
    PERLBREW_HOME="/home/mojolicious/.perlbrew"
    PERLBREW_MANPATH="/home/mojolicious/perl5/perlbrew/perls/perl-5.20.1/man"
    PERLBREW_PATH="/home/mojolicious/perl5/perlbrew/bin:/home/mojolicious/perl5/perlbrew/perls/perl-5.20.1/bin"
    PERLBREW_PERL="perl-5.20.1"
    PERLBREW_ROOT="/home/mojolicious/perl5/perlbrew"
    PERLBREW_VERSION="0.73"
  @INC:
    /home/mojolicious/perl5/perlbrew/perls/perl-5.14.3/lib/site_perl/5.14.3/x86_64-linux
    /home/mojolicious/perl5/perlbrew/perls/perl-5.14.3/lib/site_perl/5.14.3
    /home/mojolicious/perl5/perlbrew/perls/perl-5.14.3/lib/5.14.3/x86_64-linux
    /home/mojolicious/perl5/perlbrew/perls/perl-5.14.3/lib/5.14.3
    .