Starman v0.4017 Perl 5 v5.36.0 x86_64-linux

Status
Fail
From
Slaven Rezić
Dist
Starman v0.4017
Platform
Perl 5 v5.36.0 x86_64-linux
Date
2023-09-14 05:58:20
ID
b515413e-52c3-11ee-8861-94106e8775ea
This distribution has been tested as part of the CPAN Testers
project, supporting the Perl programming language.  See
http://wiki.cpantesters.org/ for more information or email
questions to cpan-testers-discuss@perl.org


--
Dear Tatsuhiko Miyagawa,

This is a computer-generated report for Starman-0.4017
on perl 5.36.0, created by CPAN-Reporter-1.2019.

Thank you for uploading your work to CPAN.  However, there was a problem
testing your distribution.

If you think this report is invalid, please consult the CPAN Testers Wiki
for suggestions on how to avoid getting FAIL reports for missing library
or binary dependencies, unsupported operating systems, and so on:

http://wiki.cpantesters.org/wiki/CPANAuthorNotes

Sections of this report:

    * Tester comments
    * Program output
    * Prerequisites
    * Environment and other context

------------------------------
TESTER COMMENTS
------------------------------

Additional comments from tester:

none provided

------------------------------
PROGRAM OUTPUT
------------------------------

Output from './Build test':

t/00_compile.t ........... ok
t/author-pod-syntax.t .... skipped: these tests are for testing by the author
2023/09/13-20:39:21 Starman::Server (type Net::Server::PreFork) starting! pid(300749)
Binding to TCP port 35773 on host 127.0.0.1 with IPv4
Setting gid to "1023 1023 1023"
2023/09/13-20:39:21 Server closing!
t/chunked_req.t .......... ok
t/chunked_termination.t .. ok
2023/09/13-20:39:21 Starman::Server (type Net::Server::PreFork) starting! pid(300757)
Binding to TCP port 43189 on host 127.0.0.1 with IPv4
Setting gid to "1023 1023 1023"
2023/09/13-20:39:21 Server closing!
t/chunked_zero_length.t .. ok
2023/09/13-20:39:21 Starman::Server (type Net::Server::PreFork) starting! pid(300764)
Binding to TCP port 33421 on host 127.0.0.1 with IPv4
Setting gid to "1023 1023 1023"
2023/09/13-20:39:21 Server closing!
t/early-hints.t .......... ok
2023/09/13-20:39:21 Starman::Server (type Net::Server::PreFork) starting! pid(300771)
Binding to TCP port 40785 on host 127.0.0.1 with IPv4
Setting gid to "1023 1023 1023"
2023/09/13-20:39:22 Server closing!
t/eintr.t ................ ok
2023/09/13-20:39:23 Starman::Server (type Net::Server::PreFork) starting! pid(300778)
Binding to TCP port 40699 on host 127.0.0.1 with IPv4
Setting gid to "1023 1023 1023"
2023/09/13-20:39:23 Server closing!
t/expect.t ............... ok
2023/09/13-20:39:23 Starman::Server (type Net::Server::PreFork) starting! pid(300785)
Binding to TCP port 40967 on host 127.0.0.1 with IPv4
Setting gid to "1023 1023 1023"
2023/09/13-20:39:23 Server closing!
2023/09/13-20:39:23 Starman::Server (type Net::Server::PreFork) starting! pid(300791)
Binding to TCP port 39711 on host 127.0.0.1 with IPv4
Setting gid to "1023 1023 1023"
2023/09/13-20:39:23 Server closing!
t/harakiri.t ............. ok
2023/09/13-20:39:23 Starman::Server (type Net::Server::PreFork) starting! pid(300821)
Binding to TCP port 36657 on host 127.0.0.1 with IPv4
Setting gid to "1023 1023 1023"
2023/09/13-20:39:23 Server closing!
t/lf_only_request.t ...... ok
2023/09/13-20:39:23 Starman::Server (type Net::Server::PreFork) starting! pid(300828)
Binding to TCP port 44387 on host 127.0.0.1 with IPv4
Setting gid to "1023 1023 1023"
2023/09/13-20:39:23 Server closing!
t/no_chunked_head.t ...... ok
t/release-findbin.t ...... skipped: these tests are for release candidate testing
t/release-rand.t ......... skipped: these tests are for release candidate testing
2023/09/13-20:39:23 Starman::Server (type Net::Server::PreFork) starting! pid(300837)
Binding to TCP port 42341 on host 127.0.0.1 with IPv4
Setting gid to "1023 1023 1023"
2023/09/13-20:39:23 Server closing!
t/single_zero.t .......... ok
2023/09/13-20:39:23 Starman::Server (type Net::Server::PreFork) starting! pid(300844)
Resolved [localhost]:38573 to [127.0.0.1]:38573, IPv4
Resolved [localhost]:38573 to [::1]:38573, IPv6
Binding to SSL port 38573 on host 127.0.0.1 with IPv4
Binding to SSL port 38573 on host ::1 with IPv6
2023/09/13-20:39:23 Cannot connect to SSL port 38573 on ::1 [Cannot assign requested address]
  at line 108 in file /opt/perl-5.36.0/lib/site_perl/5.36.0/Net/Server/Proto/SSL.pm
2023/09/13-20:39:23 Received QUIT. Running a graceful shutdown
2023/09/13-20:39:23 Worker processes cleaned up
2023/09/13-20:39:23 Server closing!
cannot open port: 127.0.0.1:38573 at /opt/perl-5.36.0/lib/site_perl/5.36.0/Test/TCP.pm line 53.
t/ssl.t .................. 
Dubious, test returned 111 (wstat 28416, 0x6f00)
No subtests run 
2023/09/13-20:39:40 Starman::Server (type Net::Server::PreFork) starting! pid(300846)
Resolved [localhost]:43139 to [127.0.0.1]:43139, IPv4
Resolved [localhost]:43139 to [::1]:43139, IPv6
Binding to SSL port 43139 on host 127.0.0.1 with IPv4
Binding to SSL port 43139 on host ::1 with IPv6
2023/09/13-20:39:40 Cannot connect to SSL port 43139 on ::1 [Cannot assign requested address]
  at line 108 in file /opt/perl-5.36.0/lib/site_perl/5.36.0/Net/Server/Proto/SSL.pm
2023/09/13-20:39:40 Received QUIT. Running a graceful shutdown
2023/09/13-20:39:40 Worker processes cleaned up
2023/09/13-20:39:40 Server closing!
cannot open port: 127.0.0.1:43139 at /opt/perl-5.36.0/lib/site_perl/5.36.0/Test/TCP.pm line 53.
t/ssl_largebody.t ........ 
Dubious, test returned 111 (wstat 28416, 0x6f00)
No subtests run 
2023/09/13-20:39:57 Starman::Server (type Net::Server::PreFork) starting! pid(300959)
Binding to TCP port 45733 on host 127.0.0.1 with IPv4
Setting gid to "1023 1023 1023"
2023/09/13-20:39:57 Server closing!
t/suite.t ................ ok

Test Summary Report
-------------------
t/ssl.t                (Wstat: 28416 (exited 111) Tests: 0 Failed: 0)
  Non-zero exit status: 111
  Parse errors: No plan found in TAP output
t/ssl_largebody.t      (Wstat: 28416 (exited 111) Tests: 0 Failed: 0)
  Non-zero exit status: 111
  Parse errors: No plan found in TAP output
Files=17, Tests=121, 36 wallclock secs ( 0.04 usr  0.03 sys +  1.76 cusr  0.39 csys =  2.22 CPU)
Result: FAIL

------------------------------
PREREQUISITES
------------------------------

Prerequisite modules loaded:

requires:

    Module              Need     Have    
    ------------------- -------- --------
    Data::Dump          0        1.25    
    HTTP::Date          0        6.06    
    HTTP::Parser::XS    0        0.17    
    HTTP::Status        0        6.44    
    Net::Server         2.007    2.013   
    parent              0        0.238   
    perl                5.008001 5.036000
    Plack               0.9971   1.0050  
    Test::TCP           2.00     2.22    

build_requires:

    Module              Need     Have    
    ------------------- -------- --------
    LWP::UserAgent      0        6.70    
    Test::More          0        1.302195
    Test::Requires      0        0.11    

configure_requires:

    Module              Need     Have    
    ------------------- -------- --------
    Module::Build::Tiny 0.034    0.046   


------------------------------
ENVIRONMENT AND OTHER CONTEXT
------------------------------

Environment variables:

    LANG = en_US.UTF-8
    PATH = /usr/local/bin:/usr/bin:/bin:/usr/local/sbin:/usr/sbin:/sbin:/home/cpansand/bin/linux-gnu:/home/cpansand/bin/sh:/home/cpansand/bin:/usr/games:/home/cpansand/devel:/home/eserte/src/srezic-misc/scripts
    PERL5LIB = 
    PERL5OPT = 
    PERL5_CPANPLUS_IS_RUNNING = 300719
    PERL5_CPAN_IS_RUNNING = 300719
    PERL5_CPAN_IS_RUNNING_IN_RECURSION = 300192,300719
    PERLDOC = -MPod::Perldoc::ToTextOverstrike
    PERL_BATCH = yes
    PERL_CANARY_STABILITY_NOPROMPT = 1
    PERL_CPAN_REPORTER_CONFIG = /var/tmp/cpansmoker-1023/2023091320/cpanreporter_000_config.ini
    PERL_EXTUTILS_AUTOINSTALL = --defaultdeps
    PERL_USE_UNSAFE_INC = 1
    SHELL = /usr/bin/zsh
    TERM = screen
    TMPDIR = /var/tmp/cpansmoker-1023/2023091320

Perl special variables (and OS-specific diagnostics, for MSWin32):

    $^X = /opt/perl-5.36.0/bin/perl
    $UID/$EUID = 1023 / 1023
    $GID = 1023 1023
    $EGID = 1023 1023

Perl module toolchain versions installed:

    Module              Have    
    ------------------- --------
    CPAN                2.33    
    CPAN::Meta          2.150010
    Cwd                 3.84    
    ExtUtils::CBuilder  0.280236
    ExtUtils::Command   7.70    
    ExtUtils::Install   2.22    
    ExtUtils::MakeMaker 7.70    
    ExtUtils::Manifest  1.75    
    ExtUtils::ParseXS   3.51    
    File::Spec          3.84    
    JSON                4.10    
    JSON::PP            4.16    
    Module::Build       0.4234  
    Module::Signature   n/a     
    Parse::CPAN::Meta   2.150010
    Test2               1.302195
    Test::Harness       3.47    
    Test::More          1.302195
    YAML                1.30    
    YAML::Syck          1.34    
    version             0.9929  


--

Summary of my perl5 (revision 5 version 36 subversion 0) configuration:
   
  Platform:
    osname=linux
    osvers=5.15.0-56-generic
    archname=x86_64-linux
    uname='linux cloud14.bbbike.org 5.15.0-56-generic #62-ubuntu smp tue nov 22 19:54:14 utc 2022 x86_64 x86_64 x86_64 gnulinux '
    config_args='-ds -e -Dprefix=/opt/perl-5.36.0 -Dcf_email=srezic@cpan.org'
    hint=recommended
    useposix=true
    d_sigaction=define
    useithreads=undef
    usemultiplicity=undef
    use64bitint=define
    use64bitall=define
    uselongdouble=undef
    usemymalloc=n
    default_inc_excludes_dot=define
  Compiler:
    cc='cc'
    ccflags ='-fwrapv -fno-strict-aliasing -pipe -fstack-protector-strong -I/usr/local/include -D_LARGEFILE_SOURCE -D_FILE_OFFSET_BITS=64'
    optimize='-O2'
    cppflags='-fwrapv -fno-strict-aliasing -pipe -fstack-protector-strong -I/usr/local/include'
    ccversion=''
    gccversion='11.3.0'
    gccosandvers=''
    intsize=4
    longsize=8
    ptrsize=8
    doublesize=8
    byteorder=12345678
    doublekind=3
    d_longlong=define
    longlongsize=8
    d_longdbl=define
    longdblsize=16
    longdblkind=3
    ivtype='long'
    ivsize=8
    nvtype='double'
    nvsize=8
    Off_t='off_t'
    lseeksize=8
    alignbytes=8
    prototype=define
  Linker and Libraries:
    ld='cc'
    ldflags =' -fstack-protector-strong -L/usr/local/lib'
    libpth=/usr/local/lib /usr/lib/x86_64-linux-gnu /usr/lib /usr/lib64
    libs=-lpthread -lnsl -lgdbm -ldb -ldl -lm -lcrypt -lutil -lc
    perllibs=-lpthread -lnsl -ldl -lm -lcrypt -lutil -lc
    libc=/lib/x86_64-linux-gnu/libc.so.6
    so=so
    useshrplib=false
    libperl=libperl.a
    gnulibc_version='2.35'
  Dynamic Linking:
    dlsrc=dl_dlopen.xs
    dlext=so
    d_dlsymun=undef
    ccdlflags='-Wl,-E'
    cccdlflags='-fPIC'
    lddlflags='-shared -O2 -L/usr/local/lib -fstack-protector-strong'


Characteristics of this binary (from libperl): 
  Compile-time options:
    HAS_TIMES
    PERLIO_LAYERS
    PERL_COPY_ON_WRITE
    PERL_DONT_CREATE_GVSV
    PERL_MALLOC_WRAP
    PERL_OP_PARENT
    PERL_PRESERVE_IVUV
    USE_64_BIT_ALL
    USE_64_BIT_INT
    USE_LARGE_FILES
    USE_LOCALE
    USE_LOCALE_COLLATE
    USE_LOCALE_CTYPE
    USE_LOCALE_NUMERIC
    USE_LOCALE_TIME
    USE_PERLIO
    USE_PERL_ATOF
  Built under linux
  Compiled at Dec 18 2022 14:30:04
  %ENV:
    PERL5LIB=""
    PERL5OPT=""
    PERL5_CPANPLUS_IS_RUNNING="300719"
    PERL5_CPAN_IS_RUNNING="300719"
    PERL5_CPAN_IS_RUNNING_IN_RECURSION="300192,300719"
    PERLDOC="-MPod::Perldoc::ToTextOverstrike"
    PERL_BATCH="yes"
    PERL_CANARY_STABILITY_NOPROMPT="1"
    PERL_CPAN_REPORTER_CONFIG="/var/tmp/cpansmoker-1023/2023091320/cpanreporter_000_config.ini"
    PERL_EXTUTILS_AUTOINSTALL="--defaultdeps"
    PERL_USE_UNSAFE_INC="1"
  @INC:
    /opt/perl-5.36.0/lib/site_perl/5.36.0/x86_64-linux
    /opt/perl-5.36.0/lib/site_perl/5.36.0
    /opt/perl-5.36.0/lib/5.36.0/x86_64-linux
    /opt/perl-5.36.0/lib/5.36.0
    .