Report for Module-Info-0.35

Back
From: metabase:user:66e9a482-228a-11e4-a8ad-1cac160f318f
Subject: FAIL Module-Info-0.35 v5.22.0 RC2 Mac OS X
Date: 2015-05-26T16:38:58Z

This distribution has been tested as part of the CPAN Testers
project, supporting the Perl programming language.  See
http://wiki.cpantesters.org/ for more information or email
questions to cpan-testers-discuss@perl.org


--
Dear MBARBON,

This is a computer-generated report for Module-Info-0.35
on perl 5.22.0, created by App::cpanminus::reporter 0.13 (1.7034).

Thank you for uploading your work to CPAN.  However, there was a problem
testing your distribution.

If you think this report is invalid, please consult the CPAN Testers Wiki
for suggestions on how to avoid getting FAIL reports for missing library
or binary dependencies, unsupported operating systems, and so on:

http://wiki.cpantesters.org/wiki/CPANAuthorNotes

Sections of this report:

    * Tester comments
    * Program output
    * Prerequisites
    * Environment and other context

------------------------------
TESTER COMMENTS
------------------------------

Additional comments from tester:

none provided

------------------------------
PROGRAM OUTPUT
------------------------------

Output from '':

Building and testing Module-Info-0.35
Building Module-Info
#     Failed test (t/Module-Info.t at line 82)
#          got: '4'
#     expected: '3'
#     Failed test (t/Module-Info.t at line 83)
#     Structures begin differing at:
#          $got->[3] = 'Subroutine B::OP::parent redefined at blib/lib/B/BUtils.pm line 217.'
#     $expected->[3] = Does not exist
#     Failed test (t/Module-Info.t at line 88)
#          got: '4'
#     expected: '3'
#     Failed test (t/Module-Info.t at line 89)
#          got: 'Illegal division by zero at -e line 1.'
#     expected: '0.35'
#     Failed test (t/Module-Info.t at line 185)
#          got: '3'
#     expected: '2'
#     Failed test (t/Module-Info.t at line 186)
#     Failed test (t/Module-Info.t at line 189)
#          got: '3'
#     expected: '2'
#     Failed test (t/Module-Info.t at line 190)
#          got: undef
#     expected: '7.254'
B::Module::Info,subs_called use failed with 255 saying:
Subroutine B::OP::parent redefined at blib/lib/B/BUtils.pm line 217.

function call to wibble at "/Users/genehack/.cpanm/work/1432650200.10766/Module-Info-0.35/t/lib/Foo.pm" line 25

function call using symbolic ref at "/Users/genehack/.cpanm/work/1432650200.10766/Module-Info-0.35/t/lib/Foo.pm" line 26

Can't locate object method "PV" via package "B::SPECIAL" at blib/lib/B/Module/Info.pm line 388.

CHECK failed--call queue aborted.
#     Failed test (t/Module-Info.t at line 296)
#     Structures begin differing at:
#          $got->[0] = Does not exist
#     $expected->[0] = 'HASH(0x7fd529144598)'
B::Module::Info,subs_called use failed with 255 saying:
Subroutine B::OP::parent redefined at blib/lib/B/BUtils.pm line 217.

function call to wibble at "/Users/genehack/.cpanm/work/1432650200.10766/Module-Info-0.35/t/lib/Foo.pm" line 25

function call using symbolic ref at "/Users/genehack/.cpanm/work/1432650200.10766/Module-Info-0.35/t/lib/Foo.pm" line 26

Can't locate object method "PV" via package "B::SPECIAL" at blib/lib/B/Module/Info.pm line 388.

CHECK failed--call queue aborted.
#     Failed test (t/Module-Info.t at line 298)
#     Structures begin differing at:
#          $got->[0] = Does not exist
#     $expected->[0] = 'HASH(0x7fd529144850)'
# Looks like you failed 10 tests of 59.
t/Module-Info.t .......... 
Dubious, test returned 10 (wstat 2560, 0xa00)
Failed 10/59 subtests 
t/n0_die_on_error.t ...... ok
#     Failed test (t/n1_modules_required.t at line 17)
#     Structures begin differing at:
#          $got->[0] = Does not exist
#     $expected->[0] = '1'
# Looks like you failed 1 tests of 3.
t/n1_modules_required.t .. 
Dubious, test returned 1 (wstat 256, 0x100)
Failed 1/3 subtests 
t/n2_safe.t .............. ok
t/n3_version.t ........... ok
t/zy_pod_coverage.t ...... ok
t/zz_pod.t ............... ok

Test Summary Report
-------------------
t/Module-Info.t        (Wstat: 2560 Tests: 59 Failed: 10)
  Failed tests:  10-13, 43-46, 56-57
  Non-zero exit status: 10
t/n1_modules_required.t (Wstat: 256 Tests: 3 Failed: 1)
  Failed test:  2
  Non-zero exit status: 1
Files=7, Tests=118,  1 wallclock secs ( 0.04 usr  0.02 sys +  1.20 cusr  0.15 csys =  1.41 CPU)
Result: FAIL

------------------------------
PREREQUISITES
------------------------------

Prerequisite modules loaded:

    No requirements found

------------------------------
ENVIRONMENT AND OTHER CONTEXT
------------------------------

Environment variables:

    LANG = en_US.UTF-8
    LC_ALL = en_US.UTF-8
    PATH = /opt/plenv/versions/5.22.0-RC2/bin:/opt/plenv/libexec:/opt/plenv/plugins/perl-build/bin:/opt/plenv/shims:/opt/plenv/bin:/Users/genehack/bin:/opt/sbt/bin:/opt/scala/bin:/opt/play:/opt/go/bin:/opt/vim/bin:/opt/tmux/bin:/opt/sml/bin:/opt/rust/bin:/opt/python/bin:/opt/node/bin:/opt/git/bin:/opt/emacs/bin:/opt/local/bin:/usr/bin:/bin:/usr/sbin:/sbin:/usr/local/bin:/usr/X11/bin:/Users/genehack/proj/go/bin
    PERL_CPANM_OPT = --skip-installed --prompt
    SHELL = /bin/zsh
    TERM = screen-256color
    TMPDIR = /var/folders/gd/n6xwfsjd0dzcngcyp60cxvth0000gn/T/

Perl special variables (and OS-specific diagnostics, for MSWin32):

    EGID = 20 20 12 61 79 80 81 98 398 399 33 100 204
    EUID = 501
    EXECUTABLE_NAME = /opt/plenv/versions/5.22.0-RC2/bin/perl5.22.0
    GID = 20 20 12 61 79 80 81 98 398 399 33 100 204
    UID = 501

Perl module toolchain versions installed:

    Module              Have    
    ------------------- --------
    CPAN                2.11    
    CPAN::Meta          2.150001
    Cwd                 3.56    
    ExtUtils::CBuilder  0.280221
    ExtUtils::Command   1.20    
    ExtUtils::Install   2.04    
    ExtUtils::MakeMaker 7.04_01 
    ExtUtils::Manifest  1.70    
    ExtUtils::ParseXS   3.28    
    File::Spec          3.56    
    JSON                2.90    
    JSON::PP            2.27300 
    Module::Build       0.4212  
    Module::Signature   n/a     
    Parse::CPAN::Meta   1.4414  
    Test::Harness       3.35    
    Test::More          1.001014
    YAML                1.15    
    YAML::Syck          n/a     
    version             0.9909  


--

Summary of my perl5 (revision 5 version 22 subversion 0) configuration:
   
  Platform:
    osname=darwin, osvers=14.3.0, archname=darwin-2level
    uname='darwin irving.home.genehack.org 14.3.0 darwin kernel version 14.3.0: mon mar 23 11:59:05 pdt 2015; root:xnu-2782.20.48~5release_x86_64 x86_64 i386 macbookpro11,1 darwin '
    config_args='-Dprefix=/opt/plenv/versions/5.22.0-RC2 -de -Dusedevel -A'eval:scriptdir=/opt/plenv/versions/5.22.0-RC2/bin''
    hint=recommended, useposix=true, d_sigaction=define
    useithreads=undef, usemultiplicity=undef
    use64bitint=define, use64bitall=define, uselongdouble=undef
    usemymalloc=n, bincompat5005=undef
  Compiler:
    cc='cc', ccflags ='-fno-common -DPERL_DARWIN -fno-strict-aliasing -pipe -fstack-protector-strong -I/opt/local/include',
    optimize='-O3',
    cppflags='-fno-common -DPERL_DARWIN -fno-strict-aliasing -pipe -fstack-protector-strong -I/opt/local/include'
    ccversion='', gccversion='4.2.1 Compatible Apple LLVM 6.1.0 (clang-602.0.53)', gccosandvers=''
    intsize=4, longsize=8, ptrsize=8, doublesize=8, byteorder=12345678, doublekind=3
    d_longlong=define, longlongsize=8, d_longdbl=define, longdblsize=16, longdblkind=3
    ivtype='long', ivsize=8, nvtype='double', nvsize=8, Off_t='off_t', lseeksize=8
    alignbytes=8, prototype=define
  Linker and Libraries:
    ld='env MACOSX_DEPLOYMENT_TARGET=10.3 cc', ldflags =' -fstack-protector-strong -L/usr/local/lib -L/opt/local/lib'
    libpth=/Applications/Xcode.app/Contents/Developer/Toolchains/XcodeDefault.xctoolchain/usr/bin/../lib/clang/6.1.0/lib /Applications/Xcode.app/Contents/Developer/Toolchains/XcodeDefault.xctoolchain/usr/lib /usr/lib /usr/local/lib /opt/local/lib
    libs=-lpthread -ldbm -ldl -lm -lutil -lc
    perllibs=-lpthread -ldl -lm -lutil -lc
    libc=, so=dylib, useshrplib=false, libperl=libperl.a
    gnulibc_version=''
  Dynamic Linking:
    dlsrc=dl_dlopen.xs, dlext=bundle, d_dlsymun=undef, ccdlflags=' '
    cccdlflags=' ', lddlflags=' -bundle -undefined dynamic_lookup -L/usr/local/lib -L/opt/local/lib -fstack-protector-strong'


Characteristics of this binary (from libperl): 
  Compile-time options: HAS_TIMES PERLIO_LAYERS PERL_DONT_CREATE_GVSV
                        PERL_HASH_FUNC_ONE_AT_A_TIME_HARD PERL_MALLOC_WRAP
                        PERL_NEW_COPY_ON_WRITE PERL_PRESERVE_IVUV
                        PERL_USE_DEVEL USE_64_BIT_ALL USE_64_BIT_INT
                        USE_LARGE_FILES USE_LOCALE USE_LOCALE_COLLATE
                        USE_LOCALE_CTYPE USE_LOCALE_NUMERIC USE_LOCALE_TIME
                        USE_PERLIO USE_PERL_ATOF
  Locally applied patches:
	RC2
	Devel::PatchPerl 1.30
  Built under darwin
  Compiled at May 26 2015 07:05:21
  %ENV:
    PERL_CPANM_OPT="--skip-installed --prompt"
  @INC:
    /opt/plenv/versions/5.22.0-RC2/lib/perl5/site_perl/5.22.0/darwin-2level
    /opt/plenv/versions/5.22.0-RC2/lib/perl5/site_perl/5.22.0
    /opt/plenv/versions/5.22.0-RC2/lib/perl5/5.22.0/darwin-2level
    /opt/plenv/versions/5.22.0-RC2/lib/perl5/5.22.0
    .