File-TypeCategories vv0.8.2 Perl 5 v5.16.3 x86_64-linux-thread-multi

Status
Fail
From
David Cantrell (DCANTRELL)
Dist
File-TypeCategories vv0.8.2
Platform
Perl 5 v5.16.3 x86_64-linux-thread-multi
Date
2022-03-07 14:27:25
ID
b597ae78-9e22-11ec-bbba-11c03b4d1ede
This distribution has been tested as part of the CPAN Testers
project, supporting the Perl programming language.  See
http://wiki.cpantesters.org/ for more information or email
questions to cpan-testers-discuss@perl.org


--
Dear Ivan Wills,

This is a computer-generated report for File-TypeCategories-v0.8.2
on perl 5.16.3, created by CPAN-Reporter-1.2018.

Thank you for uploading your work to CPAN.  However, there was a problem
testing your distribution.

If you think this report is invalid, please consult the CPAN Testers Wiki
for suggestions on how to avoid getting FAIL reports for missing library
or binary dependencies, unsupported operating systems, and so on:

http://wiki.cpantesters.org/wiki/CPANAuthorNotes

Sections of this report:

    * Tester comments
    * Program output
    * Prerequisites
    * Environment and other context

------------------------------
TESTER COMMENTS
------------------------------

Additional comments from tester:

this report is from an automated smoke testing program
and was not reviewed by a human for accuracy

------------------------------
PROGRAM OUTPUT
------------------------------

Output from './Build test':


#   Failed test 'use File::TypeCategories;'
#   at t/00-load.t line 9.
#     Tried to use 'File::TypeCategories'.
#     Error:  Can't locate File/TypeCategories/Git.pm in @INC (@INC contains: /home/david/cpantesting/perl-5.16.3/.cpan/build/File-TypeCategories-v0.8.2-m5kzd3/blib/lib /home/david/cpantesting/perl-5.16.3/.cpan/build/File-TypeCategories-v0.8.2-m5kzd3/blib/arch /home/david/cpantesting/perl-5.16.3/lib/site_perl/5.16.3/x86_64-linux-thread-multi /home/david/cpantesting/perl-5.16.3/lib/site_perl/5.16.3 /home/david/cpantesting/perl-5.16.3/lib/5.16.3/x86_64-linux-thread-multi /home/david/cpantesting/perl-5.16.3/lib/5.16.3 .) at /home/david/cpantesting/perl-5.16.3/.cpan/build/File-TypeCategories-v0.8.2-m5kzd3/blib/lib/File/TypeCategories.pm line 20.
# BEGIN failed--compilation aborted at /home/david/cpantesting/perl-5.16.3/.cpan/build/File-TypeCategories-v0.8.2-m5kzd3/blib/lib/File/TypeCategories.pm line 20.
# Compilation failed in require at t/00-load.t line 9.
# BEGIN failed--compilation aborted at t/00-load.t line 9.

#   Failed test 'use File::TypeCategories::Git;'
#   at t/00-load.t line 10.
#     Tried to use 'File::TypeCategories::Git'.
#     Error:  Can't locate File/TypeCategories/Git.pm in @INC (@INC contains: /home/david/cpantesting/perl-5.16.3/.cpan/build/File-TypeCategories-v0.8.2-m5kzd3/blib/lib /home/david/cpantesting/perl-5.16.3/.cpan/build/File-TypeCategories-v0.8.2-m5kzd3/blib/arch /home/david/cpantesting/perl-5.16.3/lib/site_perl/5.16.3/x86_64-linux-thread-multi /home/david/cpantesting/perl-5.16.3/lib/site_perl/5.16.3 /home/david/cpantesting/perl-5.16.3/lib/5.16.3/x86_64-linux-thread-multi /home/david/cpantesting/perl-5.16.3/lib/5.16.3 .) at t/00-load.t line 10.
# BEGIN failed--compilation aborted at t/00-load.t line 10.
Use of uninitialized value $File::TypeCategories::VERSION in concatenation (.) or string at t/00-load.t line 13.
# Testing File::TypeCategories , Perl 5.016003, /home/david/cpantesting/perl-5.16.3/bin/perl

#   Failed test 'no (unexpected) warnings (via done_testing)'
#   at t/00-load.t line 14.
# Looks like you failed 3 tests of 3.
t/00-load.t ........... 
Dubious, test returned 3 (wstat 768, 0x300)
Failed 3/3 subtests 
couldn't open lib/File/TypeCategories/Git.pm for reading: No such file or directory at t/boilerplate.t line 10.
# Tests were run but no plan was declared and done_testing() was not seen.
# Looks like your test exited with 2 just after 5.
t/boilerplate.t ....... 
Dubious, test returned 2 (wstat 512, 0x200)
All 5 subtests passed 
Can't locate File/TypeCategories/Git.pm in @INC (@INC contains: /home/david/cpantesting/perl-5.16.3/.cpan/build/File-TypeCategories-v0.8.2-m5kzd3/blib/lib /home/david/cpantesting/perl-5.16.3/.cpan/build/File-TypeCategories-v0.8.2-m5kzd3/blib/arch /home/david/cpantesting/perl-5.16.3/lib/site_perl/5.16.3/x86_64-linux-thread-multi /home/david/cpantesting/perl-5.16.3/lib/site_perl/5.16.3 /home/david/cpantesting/perl-5.16.3/lib/5.16.3/x86_64-linux-thread-multi /home/david/cpantesting/perl-5.16.3/lib/5.16.3 .) at /home/david/cpantesting/perl-5.16.3/.cpan/build/File-TypeCategories-v0.8.2-m5kzd3/blib/lib/File/TypeCategories.pm line 20.
BEGIN failed--compilation aborted at /home/david/cpantesting/perl-5.16.3/.cpan/build/File-TypeCategories-v0.8.2-m5kzd3/blib/lib/File/TypeCategories.pm line 20.
Compilation failed in require at t/categories.t line 7.
BEGIN failed--compilation aborted at t/categories.t line 7.
t/categories.t ........ 
Dubious, test returned 2 (wstat 512, 0x200)
No subtests run 
Can't locate File/TypeCategories/Git.pm in @INC (@INC contains: /home/david/cpantesting/perl-5.16.3/.cpan/build/File-TypeCategories-v0.8.2-m5kzd3/blib/lib /home/david/cpantesting/perl-5.16.3/.cpan/build/File-TypeCategories-v0.8.2-m5kzd3/blib/arch /home/david/cpantesting/perl-5.16.3/lib/site_perl/5.16.3/x86_64-linux-thread-multi /home/david/cpantesting/perl-5.16.3/lib/site_perl/5.16.3 /home/david/cpantesting/perl-5.16.3/lib/5.16.3/x86_64-linux-thread-multi /home/david/cpantesting/perl-5.16.3/lib/5.16.3 .) at /home/david/cpantesting/perl-5.16.3/.cpan/build/File-TypeCategories-v0.8.2-m5kzd3/blib/lib/File/TypeCategories.pm line 20.
BEGIN failed--compilation aborted at /home/david/cpantesting/perl-5.16.3/.cpan/build/File-TypeCategories-v0.8.2-m5kzd3/blib/lib/File/TypeCategories.pm line 20.
Compilation failed in require at t/config.t line 7.
BEGIN failed--compilation aborted at t/config.t line 7.
t/config.t ............ 
Dubious, test returned 2 (wstat 512, 0x200)
No subtests run 
t/critic.t ............ skipped: Author test.  Set TEST_AUTHOR environment variable to a true value to run.
t/kwalitee.t .......... skipped: Author test.  Set TEST_AUTHOR environment variable to a true value to run.
t/manifest.t .......... skipped: Author test.  Set TEST_AUTHOR environment variable to a true value to run.
Can't locate File/TypeCategories/Git.pm in @INC (@INC contains: /home/david/cpantesting/perl-5.16.3/.cpan/build/File-TypeCategories-v0.8.2-m5kzd3/blib/lib /home/david/cpantesting/perl-5.16.3/.cpan/build/File-TypeCategories-v0.8.2-m5kzd3/blib/arch /home/david/cpantesting/perl-5.16.3/lib/site_perl/5.16.3/x86_64-linux-thread-multi /home/david/cpantesting/perl-5.16.3/lib/site_perl/5.16.3 /home/david/cpantesting/perl-5.16.3/lib/5.16.3/x86_64-linux-thread-multi /home/david/cpantesting/perl-5.16.3/lib/5.16.3 .) at /home/david/cpantesting/perl-5.16.3/.cpan/build/File-TypeCategories-v0.8.2-m5kzd3/blib/lib/File/TypeCategories.pm line 20.
BEGIN failed--compilation aborted at /home/david/cpantesting/perl-5.16.3/.cpan/build/File-TypeCategories-v0.8.2-m5kzd3/blib/lib/File/TypeCategories.pm line 20.
Compilation failed in require at t/overwrite_config.t line 7.
BEGIN failed--compilation aborted at t/overwrite_config.t line 7.
t/overwrite_config.t .. 
Dubious, test returned 2 (wstat 512, 0x200)
No subtests run 
t/pod-coverage.t ...... skipped: Author test.  Set TEST_AUTHOR environment variable to a true value to run.
t/pod.t ............... ok
t/spelling.t .......... skipped: Author test.  Set TEST_AUTHOR environment variable to a true value to run.

Test Summary Report
-------------------
t/00-load.t         (Wstat: 768 Tests: 3 Failed: 3)
  Failed tests:  1-3
  Non-zero exit status: 3
t/boilerplate.t     (Wstat: 512 Tests: 5 Failed: 0)
  Non-zero exit status: 2
  Parse errors: No plan found in TAP output
t/categories.t      (Wstat: 512 Tests: 0 Failed: 0)
  Non-zero exit status: 2
  Parse errors: No plan found in TAP output
t/config.t          (Wstat: 512 Tests: 0 Failed: 0)
  Non-zero exit status: 2
  Parse errors: No plan found in TAP output
t/overwrite_config.t (Wstat: 512 Tests: 0 Failed: 0)
  Non-zero exit status: 2
  Parse errors: No plan found in TAP output
Files=11, Tests=10,  6 wallclock secs ( 0.10 usr  0.01 sys +  2.15 cusr  0.30 csys =  2.56 CPU)
Result: FAIL
Failed 5/11 test programs. 3/10 subtests failed.

------------------------------
PREREQUISITES
------------------------------

Prerequisite modules loaded:

requires:

    Module          Need  Have    
    --------------- ----- --------
    autodie         0     2.10    
    File::chdir     0     0.1010  
    File::ShareDir  1.0   1.118   
    List::Util      1.55  1.61    
    Moo             1.0   2.005004
    Path::Tiny      0     0.122   
    perl            5.010 5.016003
    Type::Tiny      1.0   1.012004
    Types::Standard 1.0   1.012004
    version         0     0.99    
    YAML            1.0   1.30    

build_requires:

    Module          Need  Have    
    --------------- ----- --------
    Test::More      0.88  1.302188
    Test::Warnings  0.026 0.031   

configure_requires:

    Module          Need  Have    
    --------------- ----- --------
    Module::Build   0.38  0.4231  


------------------------------
ENVIRONMENT AND OTHER CONTEXT
------------------------------

Environment variables:

    AUTOMATED_TESTING = 1
    LANG = en_GB.UTF-8
    LANGUAGE = en_GB:en
    LC_TERMINAL = iTerm2
    LC_TERMINAL_VERSION = 3.4.14
    NONINTERACTIVE_TESTING = 1
    PATH = /home/david/perl5/perlbrew/bin:/home/david/perl5/perlbrew/perls/perl-5.30.2/bin:/home/david/bin:/usr/local/bin:/usr/bin:/bin:/usr/local/games:/usr/games
    PERL = 5.16.3
    PERL5LIB = 
    PERL5OPT = 
    PERL5_CPANPLUS_IS_RUNNING = 3865488
    PERL5_CPAN_IS_RUNNING = 3865488
    PERLBREW_HOME = /home/david/.perlbrew
    PERLBREW_MANPATH = /home/david/perl5/perlbrew/perls/perl-5.30.2/man
    PERLBREW_PATH = /home/david/perl5/perlbrew/bin:/home/david/perl5/perlbrew/perls/perl-5.30.2/bin
    PERLBREW_PERL = perl-5.30.2
    PERLBREW_ROOT = /home/david/perl5/perlbrew
    PERLBREW_SHELLRC_VERSION = 0.89
    PERLBREW_VERSION = 0.89
    PERLVER = 5.16.3
    PERL_INLINE_DIRECTORY = /home/david/.Inline-5.16.3
    PERL_MM_USE_DEFAULT = 1
    PERL_USE_UNSAFE_INC = 0
    SHELL = /bin/bash
    TERM = screen

Perl special variables (and OS-specific diagnostics, for MSWin32):

    $^X = /home/david/cpantesting/perl-5.16.3/bin/perl
    $UID/$EUID = 1000 / 1000
    $GID = 1000 24 25 27 29 30 44 46 109 1000
    $EGID = 1000 24 25 27 29 30 44 46 109 1000

Perl module toolchain versions installed:

    Module              Have    
    ------------------- --------
    CPAN                1.9800  
    CPAN::Meta          2.143240
    Cwd                 3.39_02 
    ExtUtils::CBuilder  0.280206
    ExtUtils::Command   7.64    
    ExtUtils::Install   2.06    
    ExtUtils::MakeMaker 7.64    
    ExtUtils::Manifest  1.70    
    ExtUtils::ParseXS   3.44    
    File::Spec          3.39_02 
    JSON                4.05    
    JSON::PP            4.07    
    Module::Build       0.4231  
    Module::Signature   n/a     
    Parse::CPAN::Meta   1.4414  
    Test::Harness       3.42    
    Test::More          1.302188
    YAML                1.30    
    YAML::Syck          n/a     
    version             0.99    


--

Summary of my perl5 (revision 5 version 16 subversion 3) configuration:
   
  Platform:
    osname=linux, osvers=5.10.0-11-amd64, archname=x86_64-linux-thread-multi
    uname='linux cpantesting-linux-utm 5.10.0-11-amd64 #1 smp debian 5.10.92-1 (2022-01-18) x86_64 gnulinux '
    config_args='-de -Dusethreads -Dprefix=/home/david/cpantesting/perl-5.16.3 -A ccflags=-fwrapv'
    hint=recommended, useposix=true, d_sigaction=define
    useithreads=define, usemultiplicity=define
    useperlio=define, d_sfio=undef, uselargefiles=define, usesocks=undef
    use64bitint=define, use64bitall=define, uselongdouble=undef
    usemymalloc=n, bincompat5005=undef
  Compiler:
    cc='cc', ccflags ='-D_REENTRANT -D_GNU_SOURCE -fwrapv -fno-strict-aliasing -pipe -fstack-protector -I/usr/local/include -D_LARGEFILE_SOURCE -D_FILE_OFFSET_BITS=64',
    optimize='-O2',
    cppflags='-D_REENTRANT -D_GNU_SOURCE -fwrapv -fno-strict-aliasing -pipe -fstack-protector -I/usr/local/include'
    ccversion='', gccversion='10.2.1 20210110', gccosandvers=''
    intsize=4, longsize=8, ptrsize=8, doublesize=8, byteorder=12345678
    d_longlong=define, longlongsize=8, d_longdbl=define, longdblsize=16
    ivtype='long', ivsize=8, nvtype='double', nvsize=8, Off_t='off_t', lseeksize=8
    alignbytes=8, prototype=define
  Linker and Libraries:
    ld='cc', ldflags =' -fstack-protector -L/usr/local/lib'
    libpth=/usr/local/lib /lib/x86_64-linux-gnu /lib/../lib /usr/lib/x86_64-linux-gnu /usr/lib/../lib /lib /usr/lib /lib64 /usr/lib64
    libs=-lnsl -ldl -lm -lcrypt -lutil -lpthread -lc
    perllibs=-lnsl -ldl -lm -lcrypt -lutil -lpthread -lc
    libc=libc-2.31.so, so=so, useshrplib=false, libperl=libperl.a
    gnulibc_version='2.31'
  Dynamic Linking:
    dlsrc=dl_dlopen.xs, dlext=so, d_dlsymun=undef, ccdlflags='-Wl,-E'
    cccdlflags='-fPIC', lddlflags='-shared -O2 -L/usr/local/lib -fstack-protector'


Characteristics of this binary (from libperl): 
  Compile-time options: HAS_TIMES MULTIPLICITY PERLIO_LAYERS
                        PERL_DONT_CREATE_GVSV PERL_IMPLICIT_CONTEXT
                        PERL_MALLOC_WRAP PERL_PRESERVE_IVUV USE_64_BIT_ALL
                        USE_64_BIT_INT USE_ITHREADS USE_LARGE_FILES
                        USE_LOCALE USE_LOCALE_COLLATE USE_LOCALE_CTYPE
                        USE_LOCALE_NUMERIC USE_PERLIO USE_PERL_ATOF
                        USE_REENTRANT_API
  Locally applied patches:
	Devel::PatchPerl 2.08
  Built under linux
  Compiled at Feb  5 2022 21:05:05
  %ENV:
    PERL="5.16.3"
    PERL5LIB=""
    PERL5OPT=""
    PERL5_CPANPLUS_IS_RUNNING="3865488"
    PERL5_CPAN_IS_RUNNING="3865488"
    PERLBREW_HOME="/home/david/.perlbrew"
    PERLBREW_MANPATH="/home/david/perl5/perlbrew/perls/perl-5.30.2/man"
    PERLBREW_PATH="/home/david/perl5/perlbrew/bin:/home/david/perl5/perlbrew/perls/perl-5.30.2/bin"
    PERLBREW_PERL="perl-5.30.2"
    PERLBREW_ROOT="/home/david/perl5/perlbrew"
    PERLBREW_SHELLRC_VERSION="0.89"
    PERLBREW_VERSION="0.89"
    PERLVER="5.16.3"
    PERL_INLINE_DIRECTORY="/home/david/.Inline-5.16.3"
    PERL_MM_USE_DEFAULT="1"
    PERL_USE_UNSAFE_INC="0"
  @INC:
    /home/david/cpantesting/perl-5.16.3/lib/site_perl/5.16.3/x86_64-linux-thread-multi
    /home/david/cpantesting/perl-5.16.3/lib/site_perl/5.16.3
    /home/david/cpantesting/perl-5.16.3/lib/5.16.3/x86_64-linux-thread-multi
    /home/david/cpantesting/perl-5.16.3/lib/5.16.3
    .