Report for TM-1.56

Back
From: metabase:user:320bfe00-2aae-11df-837a-5e0a49663a4f
Subject: FAIL TM-1.56 v5.21.2 GNU/Linux
Date: 2014-07-18T19:42:53Z

This distribution has been tested as part of the CPAN Testers
project, supporting the Perl programming language.  See
http://wiki.cpantesters.org/ for more information or email
questions to cpan-testers-discuss@perl.org


--
Dear Robert Barta,

This is a computer-generated report for TM-1.56
on perl 5.21.2, created by CPAN-Reporter-1.2011.

Thank you for uploading your work to CPAN.  However, there was a problem
testing your distribution.

If you think this report is invalid, please consult the CPAN Testers Wiki
for suggestions on how to avoid getting FAIL reports for missing library
or binary dependencies, unsupported operating systems, and so on:

http://wiki.cpantesters.org/wiki/CPANAuthorNotes

Sections of this report:

    * Tester comments
    * Program output
    * Prerequisites
    * Environment and other context

------------------------------
TESTER COMMENTS
------------------------------

Additional comments from tester:

this report is from an automated smoke testing program
and was not reviewed by a human for accuracy

------------------------------
PROGRAM OUTPUT
------------------------------

Output from '/usr/bin/make test':

PERL_DL_NONLAZY=1 /tmp/basesmoker-reloperl-Yieg/bin/perl "-MExtUtils::Command::MM" "-MTest::Harness" "-e" "undef *Test::Harness::Switches; test_harness(0, 'blib/lib', 'blib/arch')" t/*.t
t/00pods.t ............. ok
t/00utils.t ............ ok
t/010infrastructure.t .. ok
t/011manipulate.t ...... ok
t/012analysis.t ........ ok
t/013index.t ........... ok
t/014insane.t .......... ok
given is experimental at /tmp/loop_over_bdir-17898-TUnS6v/TM-1.56-6jvagF/blib/lib/TM/IndexAble.pm line 246.
when is experimental at /tmp/loop_over_bdir-17898-TUnS6v/TM-1.56-6jvagF/blib/lib/TM/IndexAble.pm line 247.
when is experimental at /tmp/loop_over_bdir-17898-TUnS6v/TM-1.56-6jvagF/blib/lib/TM/IndexAble.pm line 250.
when is experimental at /tmp/loop_over_bdir-17898-TUnS6v/TM-1.56-6jvagF/blib/lib/TM/IndexAble.pm line 253.
# 1measurable speedup (taxo) with lazy index ? (0.0637710094451904297 < 0.377912044525146484, 5.93)
# 1measurable speedup (taxo) with eager index ? (0.0740330219268798828 < 0.726695060729980469, 9.82)
# 1measurable speedup (char) with lazy index ? (0.0523478984832763672 < 0.206825971603393555, 3.95)
# no measurable speedup (reify) with lazy index + MLDBM ? (0.265463113784790039 < 0.256920814514160156, 0.97)
t/015indexable.t ....... ok
t/021ctmdeserialize.t .. ok
t/031synchronize.t ..... ok
t/032serialize.t ....... ok
t/03resource.t ......... ok
t/041astmafact.t ....... ok
t/042merge.t ........... ok

#   Failed test 'assertions applying to identical topics are found'
#   at t/043diff.t line 395.
# Comparing hash keys of $data->{"identities"}
# Extra: 'xtm-psi-occurrence'
# Looks like you failed 1 test of 52.
t/043diff.t ............ 
Dubious, test returned 1 (wstat 256, 0x100)
Failed 1/52 subtests 
t/044merge2.t .......... ok

#   Failed test 'Syntax error: Found ID but expected EOL or LPAREN at yapp/astma2-fact.yp line 693.'
#   at t/045astma2fact.t line 1031.
#                   'Syntax error: Found ID but expected EOL or LPAREN at yapp/astma2-fact.yp line 693.
# '
#     doesn't match '(?^i:Found ID but expected LPAREN)'

#   Failed test 'Syntax error: Found DOT but expected EOL or LPAREN at yapp/astma2-fact.yp line 693.'
#   at t/045astma2fact.t line 1037.
#                   'Syntax error: Found DOT but expected EOL or LPAREN at yapp/astma2-fact.yp line 693.
# '
#     doesn't match '(?^i:Found DOT but expected LPAREN)'

#   Failed test 'Syntax error: Found DOT but expected EQUAL or URI or DATE or ID or WILDCARD or TILDE at yapp/astma2-fact.yp line 693.'
#   at t/045astma2fact.t line 1064.
#                   'Syntax error: Found DOT but expected EQUAL or URI or DATE or ID or WILDCARD or TILDE at yapp/astma2-fact.yp line 693.
# '
#     doesn't match '(?^i:Found DOT but expected ID)'

#   Failed test 'Syntax error: Found HAS but expected EQUAL or DATE or URI or WILDCARD or ID or TILDE at yapp/astma2-fact.yp line 693.'
#   at t/045astma2fact.t line 1071.
#                   'Syntax error: Found HAS but expected EQUAL or DATE or URI or WILDCARD or ID or TILDE at yapp/astma2-fact.yp line 693.
# '
#     doesn't match '(?^i:Found HAS but expected ID)'
# Looks like you failed 4 tests of 184.
t/045astma2fact.t ...... 
Dubious, test returned 4 (wstat 1024, 0x400)
Failed 4/184 subtests 
t/046astma1serial.t .... ok
t/050astma.t ........... ok
t/051mldbm.t ........... ok
t/052mldbm2.t .......... ok
t/054ltm.t ............. ok
t/055jtm.t ............. ok
# populating map ...
# ...done
t/056bdb.t ............. ok
# no MEMCACHEDS environment variable defined, tests skipped
t/057memcached.t ....... ok
t/061xtmdeserialize.t .. ok

#   Failed test 'round tripping'
#   at t/061xtmserialize.t line 238.
#          got: '<?xml version="1.0" encoding="iso-8859-1"?>
# <topicMap xmlns:xlink="http://www.w3.org/1999/xlink"
# ><topic id="ascope"
# ><instanceOf
# ><topicRef xlink:href="#scope"
#  /></instanceOf
# ></topic
# ><topic id="atop"
# ><subjectIdentity
# ><topicRef xlink:href="#a068ce15eb7cf7cc4536d504c73a4c05c"
#  /></subjectIdentity
# ><baseName
# ><baseNameString
# >just a topic</baseNameString
# ></baseName
# ></topic
# ><topic id="btop"
# ><instanceOf
# ><topicRef xlink:href="#ctop"
#  /></instanceOf
# ><baseName
# ><scope
# ><topicRef xlink:href="#ascope"
#  /></scope
# ><baseNameString
# >some other thing</baseNameString
# ></baseName
# ><baseName
# ><baseNameString
# >something</baseNameString
# ></baseName
# ></topic
# ><topic id="ctop"
# ><baseName
# ><baseNameString
# >over the top!</baseNameString
# ></baseName
# ><occurrence
# ><resourceData
# >somemore</resourceData
# ></occurrence
# ><occurrence
# ><instanceOf
# ><topicRef xlink:href="#sometype"
#  /></instanceOf
# ><resourceRef xlink:href="http://typedoc"
#  /></occurrence
# ><occurrence
# ><instanceOf
# ><topicRef xlink:href="#sometype"
#  /></instanceOf
# ><scope
# ><topicRef xlink:href="#ascope"
#  /></scope
# ><resourceData
# >also typed</resourceData
# ></occurrence
# ><occurrence
# ><resourceData
# >something</resourceData
# ></occurrence
# ><occurrence
# ><scope
# ><topicRef xlink:href="#ascope"
#  /></scope
# ><resourceData
# >scoped</resourceData
# ></occurrence
# ><occurrence
# ><instanceOf
# ><topicRef xlink:href="#sometype"
#  /></instanceOf
# ><scope
# ><topicRef xlink:href="#ascope"
#  /></scope
# ><resourceRef xlink:href="http://typedandscopedoc"
#  /></occurrence
# ><occurrence
# ><resourceRef xlink:href="http://somewhere"
#  /></occurrence
# ></topic
# ><topic id="nackertes_topic"
# ></topic
# ><topic id="nobody"
# ></topic
# ><topic id="others"
# ></topic
# ><topic id="sometype"
# ></topic
# ><topic id="sucker"
# ></topic
# ><topic id="sucks-more-than"
# ></topic
# ><topic id="thistop"
# ><subjectIdentity
# ><resourceRef xlink:href="http://rumsti"
#  /><subjectIndicatorRef xlink:href="http://nowhere.never.ever"
#  /><subjectIndicatorRef xlink:href="http://nowhere.ever.never"
#  /></subjectIdentity
# ><baseName
# ><baseNameString
# >reification</baseNameString
# ></baseName
# ><occurrence
# ><resourceData
# >reification</resourceData
# ></occurrence
# ></topic
# ><topic id="winner"
# ></topic
# ><association id="a068ce15eb7cf7cc4536d504c73a4c05c"
# ><instanceOf
# ><topicRef xlink:href="#sucks-more-than"
#  /></instanceOf
# ><member
# ><roleSpec
# ><topicRef xlink:href="#sucker"
#  /></roleSpec
# ><topicRef xlink:href="#nobody"
#  /></member
# ><member
# ><roleSpec
# ><topicRef xlink:href="#winner"
#  /></roleSpec
# ><topicRef xlink:href="#nobody"
#  /></member
# ></association
# ><association id="a1347a22207f0c6c1c1e638880f656779"
# ><instanceOf
# ><topicRef xlink:href="#sucks-more-than"
#  /></instanceOf
# ><scope
# ><topicRef xlink:href="#ascope"
#  /></scope
# ><member
# ><roleSpec
# ><topicRef xlink:href="#sucker"
#  /></roleSpec
# ><topicRef xlink:href="#nobody"
#  /></member
# ><member
# ><roleSpec
# ><topicRef xlink:href="#winner"
#  /></roleSpec
# ><topicRef xlink:href="#nobody"
#  /></member
# ></association
# ><association id="a40543dbafd5a060415c45edc24fd7310"
# ><instanceOf
# ><topicRef xlink:href="#is-subclass-of"
#  /></instanceOf
# ><member
# ><roleSpec
# ><topicRef xlink:href="#subclass"
#  /></roleSpec
# ><topicRef xlink:href="#sometype"
#  /></member
# ><member
# ><roleSpec
# ><topicRef xlink:href="#superclass"
#  /></roleSpec
# ><topicRef xlink:href="#occurrence"
#  /></member
# ></association
# ><association id="a4abe49897cefeb950e4affaab0418e4f"
# ><instanceOf
# ><topicRef xlink:href="#sucks-more-than"
#  /></instanceOf
# ><member
# ><roleSpec
# ><topicRef xlink:href="#sucker"
#  /></roleSpec
# ><topicRef xlink:href="#ctop"
#  /></member
# ><member
# ><roleSpec
# ><topicRef xlink:href="#winner"
#  /></roleSpec
# ><topicRef xlink:href="#atop"
#  /><topicRef xlink:href="#others"
#  /></member
# ></association
# ></topicMap
# >
# '
#     expected: '<?xml version="1.0" encoding="iso-8859-1"?>
# <topicMap xmlns:xlink="http://www.w3.org/1999/xlink"
# ><topic id="ascope"
# ><instanceOf
# ><topicRef xlink:href="#scope"
#  /></instanceOf
# ></topic
# ><topic id="atop"
# ><subjectIdentity
# ><topicRef xlink:href="#a068ce15eb7cf7cc4536d504c73a4c05c"
#  /></subjectIdentity
# ><baseName
# ><baseNameString
# >just a topic</baseNameString
# ></baseName
# ></topic
# ><topic id="btop"
# ><instanceOf
# ><topicRef xlink:href="#ctop"
#  /></instanceOf
# ><baseName
# ><scope
# ><topicRef xlink:href="#ascope"
#  /></scope
# ><baseNameString
# >some other thing</baseNameString
# ></baseName
# ><baseName
# ><baseNameString
# >something</baseNameString
# ></baseName
# ></topic
# ><topic id="ctop"
# ><baseName
# ><baseNameString
# >over the top!</baseNameString
# ></baseName
# ><occurrence
# ><resourceData
# >somemore</resourceData
# ></occurrence
# ><occurrence
# ><instanceOf
# ><topicRef xlink:href="#sometype"
#  /></instanceOf
# ><resourceRef xlink:href="http://typedoc"
#  /></occurrence
# ><occurrence
# ><instanceOf
# ><topicRef xlink:href="#sometype"
#  /></instanceOf
# ><scope
# ><topicRef xlink:href="#ascope"
#  /></scope
# ><resourceData
# >also typed</resourceData
# ></occurrence
# ><occurrence
# ><resourceData
# >something</resourceData
# ></occurrence
# ><occurrence
# ><scope
# ><topicRef xlink:href="#ascope"
#  /></scope
# ><resourceData
# >scoped</resourceData
# ></occurrence
# ><occurrence
# ><instanceOf
# ><topicRef xlink:href="#sometype"
#  /></instanceOf
# ><scope
# ><topicRef xlink:href="#ascope"
#  /></scope
# ><resourceRef xlink:href="http://typedandscopedoc"
#  /></occurrence
# ><occurrence
# ><resourceRef xlink:href="http://somewhere"
#  /></occurrence
# ></topic
# ><topic id="nackertes_topic"
# ></topic
# ><topic id="nobody"
# ></topic
# ><topic id="others"
# ></topic
# ><topic id="sometype"
# ></topic
# ><topic id="sucker"
# ></topic
# ><topic id="sucks-more-than"
# ></topic
# ><topic id="thistop"
# ><subjectIdentity
# ><resourceRef xlink:href="http://rumsti"
#  /><subjectIndicatorRef xlink:href="http://nowhere.never.ever"
#  /><subjectIndicatorRef xlink:href="http://nowhere.ever.never"
#  /></subjectIdentity
# ><baseName
# ><baseNameString
# >reification</baseNameString
# ></baseName
# ><occurrence
# ><resourceData
# >reification</resourceData
# ></occurrence
# ></topic
# ><topic id="winner"
# ></topic
# ><association id="a068ce15eb7cf7cc4536d504c73a4c05c"
# ><instanceOf
# ><topicRef xlink:href="#sucks-more-than"
#  /></instanceOf
# ><member
# ><roleSpec
# ><topicRef xlink:href="#winner"
#  /></roleSpec
# ><topicRef xlink:href="#nobody"
#  /></member
# ><member
# ><roleSpec
# ><topicRef xlink:href="#sucker"
#  /></roleSpec
# ><topicRef xlink:href="#nobody"
#  /></member
# ></association
# ><association id="a1347a22207f0c6c1c1e638880f656779"
# ><instanceOf
# ><topicRef xlink:href="#sucks-more-than"
#  /></instanceOf
# ><scope
# ><topicRef xlink:href="#ascope"
#  /></scope
# ><member
# ><roleSpec
# ><topicRef xlink:href="#sucker"
#  /></roleSpec
# ><topicRef xlink:href="#nobody"
#  /></member
# ><member
# ><roleSpec
# ><topicRef xlink:href="#winner"
#  /></roleSpec
# ><topicRef xlink:href="#nobody"
#  /></member
# ></association
# ><association id="a40543dbafd5a060415c45edc24fd7310"
# ><instanceOf
# ><topicRef xlink:href="#is-subclass-of"
#  /></instanceOf
# ><member
# ><roleSpec
# ><topicRef xlink:href="#subclass"
#  /></roleSpec
# ><topicRef xlink:href="#sometype"
#  /></member
# ><member
# ><roleSpec
# ><topicRef xlink:href="#superclass"
#  /></roleSpec
# ><topicRef xlink:href="#occurrence"
#  /></member
# ></association
# ><association id="a4abe49897cefeb950e4affaab0418e4f"
# ><instanceOf
# ><topicRef xlink:href="#sucks-more-than"
#  /></instanceOf
# ><member
# ><roleSpec
# ><topicRef xlink:href="#winner"
#  /></roleSpec
# ><topicRef xlink:href="#atop"
#  /><topicRef xlink:href="#others"
#  /></member
# ><member
# ><roleSpec
# ><topicRef xlink:href="#sucker"
#  /></roleSpec
# ><topicRef xlink:href="#ctop"
#  /></member
# ></association
# ></topicMap
# >
# '
# Looks like you failed 1 test of 25.
t/061xtmserialize.t .... 
Dubious, test returned 1 (wstat 256, 0x100)
Failed 1/25 subtests 
t/062xtmdeserialize.t .. ok
t/062xtmserialize.t .... ok
t/063xtm.t ............. ok
t/064csv.t ............. ok
t/072bulk.t ............ ok
t/091taufilter.t ....... ok
t/092taufederate.t ..... ok
t/095tau.t ............. ok
t/096taumapsphere.t .... ok
t/100mapsphere.t ....... ok
t/101mapsphere.t ....... ok
t/102mapsphere.t ....... ok
t/103objectable.t ...... ok
t/13tmdm.t ............. ok

Test Summary Report
-------------------
t/043diff.t          (Wstat: 256 Tests: 52 Failed: 1)
  Failed test:  52
  Non-zero exit status: 1
t/045astma2fact.t    (Wstat: 1024 Tests: 184 Failed: 4)
  Failed tests:  158-159, 162-163
  Non-zero exit status: 4
t/061xtmserialize.t  (Wstat: 256 Tests: 25 Failed: 1)
  Failed test:  23
  Non-zero exit status: 1
Files=41, Tests=11841, 35 wallclock secs ( 1.04 usr  0.05 sys + 32.52 cusr  0.70 csys = 34.31 CPU)
Result: FAIL
Failed 3/41 test programs. 6/11841 subtests failed.
Makefile:1278: recipe for target 'test_dynamic' failed
make: *** [test_dynamic] Error 255

------------------------------
PREREQUISITES
------------------------------

Prerequisite modules loaded:

requires:

    Module              Need  Have      
    ------------------- ----- ----------
    BerkeleyDB          0.26  0.54      
    Cache::Memcached    0     1.30      
    Class::Trait        0.22  0.31      
    Config::General     2.26  2.56      
    IO::String          1.08  1.08      
    Log::Log4perl       0.5   1.44      
    LWP::Simple         1.41  6.00      
    MLDBM               2.01  2.05      
    MLDBM::Sync         0.3   0.30      
    Parse::RecDescent   0     1.967009  
    Parse::Yapp::Driver 1.05  1.05      
    Pod::Usage          1.16  1.64      
    Regexp::Common      0     2013031301
    Term::ReadLine      1.01  1.14      
    Test::Deep          0.093 0.112     
    Test::More          0.47  1.001003  
    Test::Pod           1     1.48      
    Text::CSV           0     1.32      
    URI                 1.35  1.64      
    XML::LibXML         1.58  2.0116    
    XML::Simple         2.13  2.20      
    XML::Writer         0.602 0.625     
    YAML::Syck          0     1.27      

build_requires:

    Module              Need  Have      
    ------------------- ----- ----------
    ExtUtils::MakeMaker 0     6.98      

configure_requires:

    Module              Need  Have      
    ------------------- ----- ----------
    ExtUtils::MakeMaker 0     6.98      


------------------------------
ENVIRONMENT AND OTHER CONTEXT
------------------------------

Environment variables:

    AUTOMATED_TESTING = 1
    LANG = en_US.UTF-8
    LANGUAGE = en_US:en
    PATH = /usr/lib/ccache:/home/sand/bin:/usr/local/bin:/usr/bin:/bin:/usr/games:/usr/local/perl/bin:/usr/X11/bin:/sbin:/usr/sbin
    PERL5LIB = /tmp/loop_over_bdir-17898-TUnS6v/Sepia-0.992-k6anKN/blib/arch:/tmp/loop_over_bdir-17898-TUnS6v/Sepia-0.992-k6anKN/blib/lib:/tmp/loop_over_bdir-17898-TUnS6v/ProjectBuilder-0.12.2-_DvfOK/blib/arch:/tmp/loop_over_bdir-17898-TUnS6v/ProjectBuilder-0.12.2-_DvfOK/blib/lib:/tmp/loop_over_bdir-17898-TUnS6v/FusionInventory-Agent-2.3.9.1-AhDAvJ/blib/arch:/tmp/loop_over_bdir-17898-TUnS6v/FusionInventory-Agent-2.3.9.1-AhDAvJ/blib/lib
    PERL5OPT = 
    PERL5_CPANPLUS_IS_RUNNING = 2144
    PERL5_CPAN_IS_RUNNING = 2144
    PERL_MM_USE_DEFAULT = 1
    SHELL = /usr/bin/zsh
    TERM = screen

Perl special variables (and OS-specific diagnostics, for MSWin32):

    $^X = /tmp/basesmoker-reloperl-Yieg/bin/perl
    $UID/$EUID = 1005 / 1005
    $GID = 1005 1005
    $EGID = 1005 1005

Perl module toolchain versions installed:

    Module              Have    
    ------------------- --------
    CPAN                2.05    
    CPAN::Meta          2.141520
    Cwd                 3.49    
    ExtUtils::CBuilder  0.280216
    ExtUtils::Command   1.18    
    ExtUtils::Install   1.68    
    ExtUtils::MakeMaker 6.98    
    ExtUtils::Manifest  1.64    
    ExtUtils::ParseXS   3.25    
    File::Spec          3.49    
    JSON                2.90    
    JSON::PP            2.27203 
    Module::Build       0.4206  
    Module::Signature   0.73    
    Parse::CPAN::Meta   1.4414  
    Test::Harness       3.32    
    Test::More          1.001003
    YAML                0.97    
    YAML::Syck          1.27    
    version             0.9908  


--

Summary of my perl5 (revision 5 version 21 subversion 2) configuration:
  Commit id: 194734d1647a25bcfe4a9f71d3e57b1eb95650f2
  Platform:
    osname=linux, osvers=3.14-1-amd64, archname=x86_64-linux-thread-multi-ld
    uname='linux k83 3.14-1-amd64 #1 smp debian 3.14.5-1 (2014-06-05) x86_64 gnulinux '
    config_args='-Dprefix=/home/sand/src/perl/repoperls/installed-perls/perl/v5.21.1-173-g194734d/a2da -Dmyhostname=k83 -Dinstallusrbinperl=n -Uversiononly -Dusedevel -des -Ui_db -Duseithreads -Duselongdouble -DDEBUGGING=-g'
    hint=recommended, useposix=true, d_sigaction=define
    useithreads=define, usemultiplicity=define
    use64bitint=define, use64bitall=define, uselongdouble=define
    usemymalloc=n, bincompat5005=undef
  Compiler:
    cc='cc', ccflags ='-D_REENTRANT -D_GNU_SOURCE -fwrapv -fno-strict-aliasing -pipe -fstack-protector -I/usr/local/include -D_LARGEFILE_SOURCE -D_FILE_OFFSET_BITS=64 -D_FORTIFY_SOURCE=2',
    optimize='-O2 -g',
    cppflags='-D_REENTRANT -D_GNU_SOURCE -fwrapv -fno-strict-aliasing -pipe -fstack-protector -I/usr/local/include'
    ccversion='', gccversion='4.8.3', gccosandvers=''
    intsize=4, longsize=8, ptrsize=8, doublesize=8, byteorder=12345678
    d_longlong=define, longlongsize=8, d_longdbl=define, longdblsize=16
    ivtype='long', ivsize=8, nvtype='long double', nvsize=16, Off_t='off_t', lseeksize=8
    alignbytes=16, prototype=define
  Linker and Libraries:
    ld='cc', ldflags =' -fstack-protector -L/usr/local/lib'
    libpth=/usr/local/lib /usr/lib/gcc/x86_64-linux-gnu/4.8/include-fixed /usr/include/x86_64-linux-gnu /usr/lib /lib/x86_64-linux-gnu /lib/../lib /usr/lib/x86_64-linux-gnu /usr/lib/../lib /lib
    libs=-lnsl -lgdbm -ldb -ldl -lm -lcrypt -lutil -lpthread -lc -lgdbm_compat
    perllibs=-lnsl -ldl -lm -lcrypt -lutil -lpthread -lc
    libc=libc-2.19.so, so=so, useshrplib=false, libperl=libperl.a
    gnulibc_version='2.19'
  Dynamic Linking:
    dlsrc=dl_dlopen.xs, dlext=so, d_dlsymun=undef, ccdlflags='-Wl,-E'
    cccdlflags='-fPIC', lddlflags='-shared -O2 -g -L/usr/local/lib -fstack-protector'


Characteristics of this binary (from libperl): 
  Compile-time options: HAS_TIMES MULTIPLICITY PERLIO_LAYERS
                        PERL_DONT_CREATE_GVSV
                        PERL_HASH_FUNC_ONE_AT_A_TIME_HARD
                        PERL_IMPLICIT_CONTEXT PERL_MALLOC_WRAP
                        PERL_NEW_COPY_ON_WRITE PERL_PRESERVE_IVUV
                        PERL_USE_DEVEL USE_64_BIT_ALL USE_64_BIT_INT
                        USE_ITHREADS USE_LARGE_FILES USE_LOCALE
                        USE_LOCALE_COLLATE USE_LOCALE_CTYPE
                        USE_LOCALE_NUMERIC USE_LOCALE_TIME USE_LONG_DOUBLE
                        USE_PERLIO USE_PERL_ATOF USE_REENTRANT_API
  Built under linux
  Compiled at Jul 17 2014 15:02:31
  %ENV:
    PERL5LIB="/tmp/loop_over_bdir-17898-TUnS6v/Sepia-0.992-k6anKN/blib/arch:/tmp/loop_over_bdir-17898-TUnS6v/Sepia-0.992-k6anKN/blib/lib:/tmp/loop_over_bdir-17898-TUnS6v/ProjectBuilder-0.12.2-_DvfOK/blib/arch:/tmp/loop_over_bdir-17898-TUnS6v/ProjectBuilder-0.12.2-_DvfOK/blib/lib:/tmp/loop_over_bdir-17898-TUnS6v/FusionInventory-Agent-2.3.9.1-AhDAvJ/blib/arch:/tmp/loop_over_bdir-17898-TUnS6v/FusionInventory-Agent-2.3.9.1-AhDAvJ/blib/lib"
    PERL5OPT=""
    PERL5_CPANPLUS_IS_RUNNING="2144"
    PERL5_CPAN_IS_RUNNING="2144"
    PERL_MM_USE_DEFAULT="1"
  @INC:
    /tmp/loop_over_bdir-17898-TUnS6v/Sepia-0.992-k6anKN/blib/arch
    /tmp/loop_over_bdir-17898-TUnS6v/Sepia-0.992-k6anKN/blib/lib
    /tmp/loop_over_bdir-17898-TUnS6v/ProjectBuilder-0.12.2-_DvfOK/blib/arch
    /tmp/loop_over_bdir-17898-TUnS6v/ProjectBuilder-0.12.2-_DvfOK/blib/lib
    /tmp/loop_over_bdir-17898-TUnS6v/FusionInventory-Agent-2.3.9.1-AhDAvJ/blib/arch
    /tmp/loop_over_bdir-17898-TUnS6v/FusionInventory-Agent-2.3.9.1-AhDAvJ/blib/lib
    /home/sand/src/perl/repoperls/installed-perls/perl/v5.21.1-173-g194734d/a2da/lib/site_perl/5.21.2/x86_64-linux-thread-multi-ld
    /home/sand/src/perl/repoperls/installed-perls/perl/v5.21.1-173-g194734d/a2da/lib/site_perl/5.21.2
    /home/sand/src/perl/repoperls/installed-perls/perl/v5.21.1-173-g194734d/a2da/lib/5.21.2/x86_64-linux-thread-multi-ld
    /home/sand/src/perl/repoperls/installed-perls/perl/v5.21.1-173-g194734d/a2da/lib/5.21.2
    .