Back
From: metabase:user:314402c4-2aae-11df-837a-5e0a49663a4f
Subject: FAIL TRD-WebRelayMail-0.0.5 v5.26.0 RC1 GNU/Linux
Date: 2017-05-14T19:29:55Z
This distribution has been tested as part of the CPAN Testers
project, supporting the Perl programming language. See
http://wiki.cpantesters.org/ for more information or email
questions to cpan-testers-discuss@perl.org
--
Dear Takuya Ichikawa,
This is a computer-generated report for TRD-WebRelayMail-0.0.5
on perl 5.26.0, created by CPAN-Reporter-1.2018.
Thank you for uploading your work to CPAN. However, there was a problem
testing your distribution.
If you think this report is invalid, please consult the CPAN Testers Wiki
for suggestions on how to avoid getting FAIL reports for missing library
or binary dependencies, unsupported operating systems, and so on:
http://wiki.cpantesters.org/wiki/CPANAuthorNotes
Sections of this report:
* Tester comments
* Program output
* Prerequisites
* Environment and other context
------------------------------
TESTER COMMENTS
------------------------------
Additional comments from tester:
none provided
------------------------------
PROGRAM OUTPUT
------------------------------
Output from './Build test':
# Testing TRD::WebRelayMail 0.0.5
t/00.load.t ....... ok
# Failed test 'Test::Perl::Critic for "blib/lib/TRD/WebRelayMail.pm"'
# at /opt/perl-5.26.0-RC1/lib/site_perl/5.26.0/Test/Perl/Critic.pm line 104.
#
# Variable, subroutine, and package names have to be in CamelCase at line 26, column 5. (no explanation). (Severity: 5)
# Variable, subroutine, and package names have to be in CamelCase at line 32, column 5. (no explanation). (Severity: 5)
# Variable, subroutine, and package names have to be in CamelCase at line 43, column 1. (no explanation). (Severity: 5)
# Variable, subroutine, and package names have to be in CamelCase at line 45, column 5. (no explanation). (Severity: 5)
# Variable, subroutine, and package names have to be in CamelCase at line 46, column 5. (no explanation). (Severity: 5)
# Variable, subroutine, and package names have to be in CamelCase at line 48, column 2. (no explanation). (Severity: 5)
# Variable, subroutine, and package names have to be in CamelCase at line 48, column 31. (no explanation). (Severity: 5)
# Variable, subroutine, and package names have to be in CamelCase at line 59, column 1. (no explanation). (Severity: 5)
# Variable, subroutine, and package names have to be in CamelCase at line 61, column 5. (no explanation). (Severity: 5)
# Variable, subroutine, and package names have to be in CamelCase at line 62, column 5. (no explanation). (Severity: 5)
# Variable, subroutine, and package names have to be in CamelCase at line 64, column 2. (no explanation). (Severity: 5)
# Variable, subroutine, and package names have to be in CamelCase at line 64, column 29. (no explanation). (Severity: 5)
# Variable, subroutine, and package names have to be in CamelCase at line 79, column 5. (no explanation). (Severity: 5)
# Variable, subroutine, and package names have to be in CamelCase at line 80, column 5. (no explanation). (Severity: 5)
# Variable, subroutine, and package names have to be in CamelCase at line 82, column 5. (no explanation). (Severity: 5)
# Variable, subroutine, and package names have to be in CamelCase at line 84, column 5. (no explanation). (Severity: 5)
# Variable, subroutine, and package names have to be in CamelCase at line 85, column 5. (no explanation). (Severity: 5)
# Variable, subroutine, and package names have to be in CamelCase at line 86, column 8. (no explanation). (Severity: 5)
# Variable, subroutine, and package names have to be in CamelCase at line 87, column 5. (no explanation). (Severity: 5)
# Variable, subroutine, and package names have to be in CamelCase at line 87, column 15. (no explanation). (Severity: 5)
# Variable, subroutine, and package names have to be in CamelCase at line 87, column 30. (no explanation). (Severity: 5)
# Variable, subroutine, and package names have to be in CamelCase at line 89, column 5. (no explanation). (Severity: 5)
# Variable, subroutine, and package names have to be in CamelCase at line 89, column 12. (no explanation). (Severity: 5)
# Variable, subroutine, and package names have to be in CamelCase at line 90, column 5. (no explanation). (Severity: 5)
# Variable, subroutine, and package names have to be in CamelCase at line 90, column 45. (no explanation). (Severity: 5)
# Variable, subroutine, and package names have to be in CamelCase at line 90, column 82. (no explanation). (Severity: 5)
# Variable, subroutine, and package names have to be in CamelCase at line 95, column 5. (no explanation). (Severity: 5)
# Variable, subroutine, and package names have to be in CamelCase at line 99, column 14. (no explanation). (Severity: 5)
# Variable, subroutine, and package names have to be in CamelCase at line 100, column 3. (no explanation). (Severity: 5)
# Variable, subroutine, and package names have to be in CamelCase at line 100, column 28. (no explanation). (Severity: 5)
# Variable, subroutine, and package names have to be in CamelCase at line 103, column 5. (no explanation). (Severity: 5)
# Variable, subroutine, and package names have to be in CamelCase at line 103, column 40. (no explanation). (Severity: 5)
# Variable, subroutine, and package names have to be in CamelCase at line 104, column 2. (no explanation). (Severity: 5)
# Variable, subroutine, and package names have to be in CamelCase at line 104, column 17. (no explanation). (Severity: 5)
# Variable, subroutine, and package names have to be in CamelCase at line 106, column 5. (no explanation). (Severity: 5)
# Variable, subroutine, and package names have to be in CamelCase at line 106, column 17. (no explanation). (Severity: 5)
# Variable, subroutine, and package names have to be in CamelCase at line 106, column 36. (no explanation). (Severity: 5)
# Variable, subroutine, and package names have to be in CamelCase at line 109, column 6. (no explanation). (Severity: 5)
# Method invocation should use "()" at line 109, column 15. Use "->MethodName()" instead of "->MethodName". (Severity: 5)
# Variable, subroutine, and package names have to be in CamelCase at line 110, column 3. (no explanation). (Severity: 5)
# Variable, subroutine, and package names have to be in CamelCase at line 112, column 9. (no explanation). (Severity: 5)
# Variable, subroutine, and package names have to be in CamelCase at line 125, column 5. (no explanation). (Severity: 5)
# Variable, subroutine, and package names have to be in CamelCase at line 126, column 5. (no explanation). (Severity: 5)
# Variable, subroutine, and package names have to be in CamelCase at line 127, column 5. (no explanation). (Severity: 5)
# Variable, subroutine, and package names have to be in CamelCase at line 128, column 5. (no explanation). (Severity: 5)
# Variable, subroutine, and package names have to be in CamelCase at line 130, column 5. (no explanation). (Severity: 5)
# Variable, subroutine, and package names have to be in CamelCase at line 130, column 15. (no explanation). (Severity: 5)
# Variable, subroutine, and package names have to be in CamelCase at line 131, column 5. (no explanation). (Severity: 5)
# Variable, subroutine, and package names have to be in CamelCase at line 131, column 16. (no explanation). (Severity: 5)
# Variable, subroutine, and package names have to be in CamelCase at line 133, column 2. (no explanation). (Severity: 5)
# Private Member Data shouldn't be accessed directly at line 133, column 2. Accessing an objects data directly breaks encapsulation and should be avoided. Example: $object->{ some_key }. (Severity: 5)
# Variable, subroutine, and package names have to be in CamelCase at line 133, column 22. (no explanation). (Severity: 5)
# Variable, subroutine, and package names have to be in CamelCase at line 134, column 2. (no explanation). (Severity: 5)
# Private Member Data shouldn't be accessed directly at line 134, column 2. Accessing an objects data directly breaks encapsulation and should be avoided. Example: $object->{ some_key }. (Severity: 5)
# Variable, subroutine, and package names have to be in CamelCase at line 134, column 23. (no explanation). (Severity: 5)
# Variable, subroutine, and package names have to be in CamelCase at line 136, column 7. (no explanation). (Severity: 5)
# Variable, subroutine, and package names have to be in CamelCase at line 136, column 26. (no explanation). (Severity: 5)
# Variable, subroutine, and package names have to be in CamelCase at line 137, column 3. (no explanation). (Severity: 5)
# Variable, subroutine, and package names have to be in CamelCase at line 139, column 2. (no explanation). (Severity: 5)
# Private Member Data shouldn't be accessed directly at line 139, column 2. Accessing an objects data directly breaks encapsulation and should be avoided. Example: $object->{ some_key }. (Severity: 5)
# Variable, subroutine, and package names have to be in CamelCase at line 139, column 19. (no explanation). (Severity: 5)
# Variable, subroutine, and package names have to be in CamelCase at line 141, column 9. (no explanation). (Severity: 5)
# Variable, subroutine, and package names have to be in CamelCase at line 151, column 1. (no explanation). (Severity: 5)
# Variable, subroutine, and package names have to be in CamelCase at line 153, column 5. (no explanation). (Severity: 5)
# Variable, subroutine, and package names have to be in CamelCase at line 155, column 2. (no explanation). (Severity: 5)
# Variable, subroutine, and package names have to be in CamelCase at line 156, column 2. (no explanation). (Severity: 5)
# Variable, subroutine, and package names have to be in CamelCase at line 158, column 9. (no explanation). (Severity: 5)
t/perlcritic.t ....
Dubious, test returned 1 (wstat 256, 0x100)
Failed 1/1 subtests
t/pod-coverage.t .. ok
# Failed test 'POD test for blib/lib/TRD/WebRelayMail.pm'
# at /opt/perl-5.26.0-RC1/lib/site_perl/5.26.0/Test/Pod.pm line 187.
Wide character in print at /opt/perl-5.26.0-RC1/lib/site_perl/5.26.0/Test2/Formatter/TAP.pm line 113.
# blib/lib/TRD/WebRelayMail.pm (20): Non-ASCII character seen before =encoding in 'TRD::WebRelayMailãªãã¸ã§ã¯ãã使ããã³ã³ã¹ãã©ã¯ã¿ã§ãã'. Assuming UTF-8
# Looks like you failed 1 test of 1.
t/pod.t ...........
Dubious, test returned 1 (wstat 256, 0x100)
Failed 1/1 subtests
Test Summary Report
-------------------
t/perlcritic.t (Wstat: 256 Tests: 1 Failed: 1)
Failed test: 1
Non-zero exit status: 1
t/pod.t (Wstat: 256 Tests: 1 Failed: 1)
Failed test: 1
Non-zero exit status: 1
Files=4, Tests=4, 1 wallclock secs ( 0.01 usr 0.03 sys + 0.93 cusr 0.17 csys = 1.14 CPU)
Result: FAIL
Failed 2/4 test programs. 2/4 subtests failed.
------------------------------
PREREQUISITES
------------------------------
Prerequisite modules loaded:
requires:
Module Need Have
------------------- ---- --------
Carp 0 1.38
CGI 0 4.36
LWP 0 6.26
Test::More 0 1.302085
Test::Perl::Critic 0 1.03
version 0 0.9918
configure_requires:
Module Need Have
------------------- ---- --------
ExtUtils::MakeMaker 0 7.24
------------------------------
ENVIRONMENT AND OTHER CONTEXT
------------------------------
Environment variables:
LANG = C
LC_ALL = de_DE.UTF-8
PATH = /usr/local/bin:/usr/bin:/bin:/usr/local/sbin:/usr/sbin:/sbin:/home/cpansand/bin/linux-gnu:/home/cpansand/bin/sh:/home/cpansand/bin:/usr/games:/home/cpansand/devel:/home/eserte/src/srezic-misc/scripts
PERL5LIB =
PERL5OPT =
PERL5_CPANPLUS_IS_RUNNING = 17061
PERL5_CPAN_IS_RUNNING = 17061
PERL5_CPAN_IS_RUNNING_IN_RECURSION = 17976,17061
PERLDOC = -MPod::Perldoc::ToTextOverstrike
PERL_BATCH = yes
PERL_CANARY_STABILITY_NOPROMPT = 1
PERL_CPAN_REPORTER_CONFIG = /var/tmp/cpansmoker-1023/2017051418/cpanreporter_000_config.ini
PERL_EXTUTILS_AUTOINSTALL = --defaultdeps
PERL_PARALLEL_SMOKER = yes
PERL_USE_UNSAFE_INC = 1
SHELL = /bin/zsh
TERM = screen
TMPDIR = /var/tmp/cpansmoker-1023/2017051418
Perl special variables (and OS-specific diagnostics, for MSWin32):
$^X = /bbbike/perl-5.26.0-RC1/bin/perl
$UID/$EUID = 1023 / 1023
$GID = 1023 1023
$EGID = 1023 1023
Perl module toolchain versions installed:
Module Have
------------------- --------
CPAN 2.18
CPAN::Meta 2.150010
Cwd 3.62
ExtUtils::CBuilder 0.280224
ExtUtils::Command 7.24
ExtUtils::Install 2.08
ExtUtils::MakeMaker 7.24
ExtUtils::Manifest 1.70
ExtUtils::ParseXS 3.30
File::Spec 3.62
JSON 2.90
JSON::PP 2.27400
Module::Build 0.4222
Module::Signature 0.81
Parse::CPAN::Meta 2.150010
Test::Harness 3.39
Test::More 1.302085
YAML 1.23
YAML::Syck 1.30
version 0.9918
--
Summary of my perl5 (revision 5 version 26 subversion 0) configuration:
Platform:
osname=linux
osvers=3.16.0-4-amd64
archname=x86_64-linux
uname='linux eserte 3.16.0-4-amd64 #1 smp debian 3.16.43-2 (2017-04-30) x86_64 gnulinux '
config_args='-ds -e -Dprefix=/opt/perl-5.26.0-RC1 -Dcf_email=srezic@cpan.org'
hint=recommended
useposix=true
d_sigaction=define
useithreads=undef
usemultiplicity=undef
use64bitint=define
use64bitall=define
uselongdouble=undef
usemymalloc=n
default_inc_excludes_dot=define
bincompat5005=undef
Compiler:
cc='cc'
ccflags ='-fwrapv -fno-strict-aliasing -pipe -fstack-protector-strong -I/usr/local/include -D_LARGEFILE_SOURCE -D_FILE_OFFSET_BITS=64 -D_FORTIFY_SOURCE=2'
optimize='-O2'
cppflags='-fwrapv -fno-strict-aliasing -pipe -fstack-protector-strong -I/usr/local/include'
ccversion=''
gccversion='4.9.2'
gccosandvers=''
intsize=4
longsize=8
ptrsize=8
doublesize=8
byteorder=12345678
doublekind=3
d_longlong=define
longlongsize=8
d_longdbl=define
longdblsize=16
longdblkind=3
ivtype='long'
ivsize=8
nvtype='double'
nvsize=8
Off_t='off_t'
lseeksize=8
alignbytes=8
prototype=define
Linker and Libraries:
ld='cc'
ldflags =' -fstack-protector-strong -L/usr/local/lib'
libpth=/usr/local/lib /usr/lib/gcc/x86_64-linux-gnu/4.9/include-fixed /usr/include/x86_64-linux-gnu /usr/lib /lib/x86_64-linux-gnu /lib/../lib /usr/lib/x86_64-linux-gnu /usr/lib/../lib /lib
libs=-lpthread -lnsl -lgdbm -ldb -ldl -lm -lcrypt -lutil -lc -lgdbm_compat
perllibs=-lpthread -lnsl -ldl -lm -lcrypt -lutil -lc
libc=libc-2.19.so
so=so
useshrplib=false
libperl=libperl.a
gnulibc_version='2.19'
Dynamic Linking:
dlsrc=dl_dlopen.xs
dlext=so
d_dlsymun=undef
ccdlflags='-Wl,-E'
cccdlflags='-fPIC'
lddlflags='-shared -O2 -L/usr/local/lib -fstack-protector-strong'
Characteristics of this binary (from libperl):
Compile-time options:
HAS_TIMES
PERLIO_LAYERS
PERL_COPY_ON_WRITE
PERL_DONT_CREATE_GVSV
PERL_MALLOC_WRAP
PERL_OP_PARENT
PERL_PRESERVE_IVUV
USE_64_BIT_ALL
USE_64_BIT_INT
USE_LARGE_FILES
USE_LOCALE
USE_LOCALE_COLLATE
USE_LOCALE_CTYPE
USE_LOCALE_NUMERIC
USE_LOCALE_TIME
USE_PERLIO
USE_PERL_ATOF
Locally applied patches:
RC1
Built under linux
Compiled at May 11 2017 21:08:09
%ENV:
PERL5LIB=""
PERL5OPT=""
PERL5_CPANPLUS_IS_RUNNING="17061"
PERL5_CPAN_IS_RUNNING="17061"
PERL5_CPAN_IS_RUNNING_IN_RECURSION="17976,17061"
PERLDOC="-MPod::Perldoc::ToTextOverstrike"
PERL_BATCH="yes"
PERL_CANARY_STABILITY_NOPROMPT="1"
PERL_CPAN_REPORTER_CONFIG="/var/tmp/cpansmoker-1023/2017051418/cpanreporter_000_config.ini"
PERL_EXTUTILS_AUTOINSTALL="--defaultdeps"
PERL_PARALLEL_SMOKER="yes"
PERL_USE_UNSAFE_INC="1"
@INC:
/opt/perl-5.26.0-RC1/lib/site_perl/5.26.0/x86_64-linux
/opt/perl-5.26.0-RC1/lib/site_perl/5.26.0
/opt/perl-5.26.0-RC1/lib/5.26.0/x86_64-linux
/opt/perl-5.26.0-RC1/lib/5.26.0
.