Report for Data-TUID-0.0111_4

Back
From: metabase:user:30977d10-2aae-11df-837a-5e0a49663a4f
Subject: FAIL Data-TUID-0.0111_4 v5.13.4 GNU/Linux
Date: 2010-09-17T13:01:39Z

This distribution has been tested as part of the CPAN Testers
project, supporting the Perl programming language.  See
http://wiki.cpantesters.org/ for more information or email
questions to cpan-testers-discuss@perl.org


--
Dear Robert Krimen,

This is a computer-generated report for Data-TUID-0.0111_4
on perl 5.13.4, created by CPAN-Reporter-1.1801.

Thank you for uploading your work to CPAN.  However, there was a problem
testing your distribution.

If you think this report is invalid, please consult the CPAN Testers Wiki
for suggestions on how to avoid getting FAIL reports for missing library
or binary dependencies, unsupported operating systems, and so on:

http://wiki.cpantesters.org/wiki/CPANAuthorNotes

Sections of this report:

    * Tester comments
    * Program output
    * Prerequisites
    * Environment and other context

------------------------------
TESTER COMMENTS
------------------------------

Additional comments from tester:

this report is from an automated smoke testing program
and was not reviewed by a human for accuracy

------------------------------
PROGRAM OUTPUT
------------------------------

Output from '/usr/bin/make test':

PERL_DL_NONLAZY=1 /home/stro/perl/perl5134/bin/perl "-MExtUtils::Command::MM" "-e" "test_harness(0, 'blib/lib', 'blib/arch')" t/*.t

#   Failed test at t/01-basic.t line 16.
#          got: '19'
#     expected: '20'

#   Failed test at t/01-basic.t line 17.
#          got: '19'
#     expected: '20'

#   Failed test at t/01-basic.t line 19.
#          got: '19'
#     expected: '20'

#   Failed test at t/01-basic.t line 21.
#          got: '19'
#     expected: '20'
# Looks like you failed 4 tests of 10.
t/01-basic.t .......... 
Dubious, test returned 4 (wstat 1024, 0x400)
Failed 4/10 subtests 

#   Failed test at t/02-best.t line 23.
#          got: '16'
#     expected: '36'
# Looks like you failed 1 test of 4.
t/02-best.t ........... 
Dubious, test returned 1 (wstat 256, 0x100)
Failed 1/4 subtests 
t/03-skip-LibUUID.t ... ok
t/04-skip-DataUUID.t .. ok

Test Summary Report
-------------------
t/01-basic.t        (Wstat: 1024 Tests: 10 Failed: 4)
  Failed tests:  5-6, 8, 10
  Non-zero exit status: 4
t/02-best.t         (Wstat: 256 Tests: 4 Failed: 1)
  Failed test:  2
  Non-zero exit status: 1
Files=4, Tests=16,  0 wallclock secs ( 0.03 usr  0.03 sys +  0.29 cusr  0.15 csys =  0.50 CPU)
Result: FAIL
Failed 2/4 test programs. 5/16 subtests failed.
make: *** [test_dynamic] Error 255

------------------------------
PREREQUISITES
------------------------------

Prerequisite modules loaded:

requires:

    Module                    Need Have   
    ------------------------- ---- -------
    Data::UUID                0    1.217  
    Encode::Base32::Crockford 0    1.2    

build_requires:

    Module                    Need Have   
    ------------------------- ---- -------
    Test::Most                0    0.23   

configure_requires:

    Module                    Need Have   
    ------------------------- ---- -------
    ExtUtils::MakeMaker       6.31 6.57_01


------------------------------
ENVIRONMENT AND OTHER CONTEXT
------------------------------

Environment variables:

    AUTOMATED_TESTING = 1
    LANG = en_US.UTF-8
    PATH = /usr/local/bin:/usr/bin:/bin:/usr/games
    PERL5LIB = /home/stro/cpan/build/5.13.4/Encode-Base32-Crockford-1.2-0ecdoT/blib/arch:/home/stro/cpan/build/5.13.4/Encode-Base32-Crockford-1.2-0ecdoT/blib/lib
    PERL5OPT = 
    PERL5_CPANPLUS_IS_RUNNING = 4038
    PERL5_CPAN_IS_RUNNING = 4038
    PERL5_CPAN_IS_RUNNING_IN_RECURSION = 2721,4038
    PERL_CR_SMOKER_CURRENT = Data-TUID-0.0111_4
    PERL_EXTUTILS_AUTOINSTALL = --defaultdeps
    PERL_MM_USE_DEFAULT = 1
    SHELL = /bin/bash
    TERM = xterm

Perl special variables (and OS-specific diagnostics, for MSWin32):

    $^X = /home/stro/perl/perl5134/bin/perl
    $UID/$EUID = 1000 / 1000
    $GID = 1000 20 24 25 29 44 46 1000
    $EGID = 1000 20 24 25 29 44 46 1000

Perl module toolchain versions installed:

    Module              Have   
    ------------------- -------
    CPAN                1.94_58
    Cwd                 3.31_02
    ExtUtils::CBuilder  0.2703 
    ExtUtils::Command   1.16   
    ExtUtils::Install   1.55   
    ExtUtils::MakeMaker 6.57_01
    ExtUtils::Manifest  1.58   
    ExtUtils::ParseXS   2.2206 
    File::Spec          3.31_02
    Module::Build       0.36_16
    Module::Signature   0.66   
    Test::Harness       3.22   
    Test::More          0.96   
    YAML                0.72   
    YAML::Syck          1.14   
    version             0.82   


--

Summary of my perl5 (revision 5 version 13 subversion 4) configuration:
   
  Platform:
    osname=linux, osvers=2.6.26-2-686, archname=i686-linux
    uname='linux debian5 2.6.26-2-686 #1 smp mon jun 21 05:58:44 utc 2010 i686 gnulinux '
    config_args=''
    hint=recommended, useposix=true, d_sigaction=define
    useithreads=undef, usemultiplicity=undef
    useperlio=define, d_sfio=undef, uselargefiles=define, usesocks=undef
    use64bitint=undef, use64bitall=undef, uselongdouble=undef
    usemymalloc=n, bincompat5005=undef
  Compiler:
    cc='cc', ccflags ='-fno-strict-aliasing -pipe -fstack-protector -I/usr/local/include -D_LARGEFILE_SOURCE -D_FILE_OFFSET_BITS=64',
    optimize='-O2',
    cppflags='-fno-strict-aliasing -pipe -fstack-protector -I/usr/local/include'
    ccversion='', gccversion='4.3.2', gccosandvers=''
    intsize=4, longsize=4, ptrsize=4, doublesize=8, byteorder=1234
    d_longlong=define, longlongsize=8, d_longdbl=define, longdblsize=12
    ivtype='long', ivsize=4, nvtype='double', nvsize=8, Off_t='off_t', lseeksize=8
    alignbytes=4, prototype=define
  Linker and Libraries:
    ld='cc', ldflags =' -fstack-protector -L/usr/local/lib'
    libpth=/usr/local/lib /lib /usr/lib
    libs=-lnsl -ldb -ldl -lm -lcrypt -lutil -lc
    perllibs=-lnsl -ldl -lm -lcrypt -lutil -lc
    libc=/lib/libc-2.7.so, so=so, useshrplib=false, libperl=libperl.a
    gnulibc_version='2.7'
  Dynamic Linking:
    dlsrc=dl_dlopen.xs, dlext=so, d_dlsymun=undef, ccdlflags='-Wl,-E'
    cccdlflags='-fPIC', lddlflags='-shared -O2 -L/usr/local/lib -fstack-protector'


Characteristics of this binary (from libperl): 
  Compile-time options: PERL_DONT_CREATE_GVSV PERL_MALLOC_WRAP
                        USE_LARGE_FILES USE_PERLIO USE_PERL_ATOF
  Built under linux
  Compiled at Aug 26 2010 15:50:20
  %ENV:
    PERL5LIB="/home/stro/cpan/build/5.13.4/Encode-Base32-Crockford-1.2-0ecdoT/blib/arch:/home/stro/cpan/build/5.13.4/Encode-Base32-Crockford-1.2-0ecdoT/blib/lib"
    PERL5OPT=""
    PERL5_CPANPLUS_IS_RUNNING="4038"
    PERL5_CPAN_IS_RUNNING="4038"
    PERL5_CPAN_IS_RUNNING_IN_RECURSION="2721,4038"
    PERL_CR_SMOKER_CURRENT="Data-TUID-0.0111_4"
    PERL_EXTUTILS_AUTOINSTALL="--defaultdeps"
    PERL_MM_USE_DEFAULT="1"
  @INC:
    /home/stro/cpan/build/5.13.4/Encode-Base32-Crockford-1.2-0ecdoT/blib/arch
    /home/stro/cpan/build/5.13.4/Encode-Base32-Crockford-1.2-0ecdoT/blib/lib
    /home/stro/perl/perl5134/lib/site_perl/5.13.4/i686-linux
    /home/stro/perl/perl5134/lib/site_perl/5.13.4
    /home/stro/perl/perl5134/lib/5.13.4/i686-linux
    /home/stro/perl/perl5134/lib/5.13.4
    .