Back
From: metabase:user:314402c4-2aae-11df-837a-5e0a49663a4f
Subject: FAIL Google-AJAX-Library-0.022 v5.22.0 GNU/Linux
Date: 2015-06-07T14:15:55Z
This distribution has been tested as part of the CPAN Testers
project, supporting the Perl programming language. See
http://wiki.cpantesters.org/ for more information or email
questions to cpan-testers-discuss@perl.org
--
Dear Robert Krimen,
This is a computer-generated report for Google-AJAX-Library-0.022
on perl 5.22.0, created by CPAN-Reporter-1.2014.
Thank you for uploading your work to CPAN. However, there was a problem
testing your distribution.
If you think this report is invalid, please consult the CPAN Testers Wiki
for suggestions on how to avoid getting FAIL reports for missing library
or binary dependencies, unsupported operating systems, and so on:
http://wiki.cpantesters.org/wiki/CPANAuthorNotes
Sections of this report:
* Tester comments
* Program output
* Prerequisites
* Environment and other context
------------------------------
TESTER COMMENTS
------------------------------
Additional comments from tester:
none provided
------------------------------
PROGRAM OUTPUT
------------------------------
Output from '/usr/bin/make test':
PERL_DL_NONLAZY=1 "/bbbike/perl-5.22.0/bin/perl" "-MExtUtils::Command::MM" "-MTest::Harness" "-e" "undef *Test::Harness::Switches; test_harness(0, 'blib/lib', 'blib/arch')" t/*.t
You are overwriting a locally defined function (file) with an accessor at /opt/perl-5.22.0/lib/site_perl/5.22.0/x86_64-linux/Moose/Meta/Attribute.pm line 1048.
Moose::Meta::Attribute::_process_accessors(Moose::Meta::Attribute=HASH(0x1da3f40), "reader", "file", undef) called at /opt/perl-5.22.0/lib/site_perl/5.22.0/x86_64-linux/Class/MOP/Attribute.pm line 450
Class::MOP::Attribute::install_accessors(Moose::Meta::Attribute=HASH(0x1da3f40)) called at /opt/perl-5.22.0/lib/site_perl/5.22.0/x86_64-linux/Moose/Meta/Attribute.pm line 995
Moose::Meta::Attribute::install_accessors(Moose::Meta::Attribute=HASH(0x1da3f40)) called at /opt/perl-5.22.0/lib/site_perl/5.22.0/x86_64-linux/Class/MOP/Class.pm line 899
Class::MOP::Class::try {...} () called at /opt/perl-5.22.0/lib/site_perl/5.22.0/Try/Tiny.pm line 81
eval {...} called at /opt/perl-5.22.0/lib/site_perl/5.22.0/Try/Tiny.pm line 72
Try::Tiny::try(CODE(0x1da3808), Try::Tiny::Catch=REF(0x1da38b0)) called at /opt/perl-5.22.0/lib/site_perl/5.22.0/x86_64-linux/Class/MOP/Class.pm line 904
Class::MOP::Class::_post_add_attribute(Moose::Meta::Class=HASH(0x2a59b70), Moose::Meta::Attribute=HASH(0x1da3f40)) called at /opt/perl-5.22.0/lib/site_perl/5.22.0/x86_64-linux/Class/MOP/Mixin/HasAttributes.pm line 39
Class::MOP::Mixin::HasAttributes::add_attribute(Moose::Meta::Class=HASH(0x2a59b70), Moose::Meta::Attribute=HASH(0x1da3f40)) called at /opt/perl-5.22.0/lib/site_perl/5.22.0/x86_64-linux/Moose/Meta/Class.pm line 573
Moose::Meta::Class::add_attribute(Moose::Meta::Class=HASH(0x2a59b70), "file", "definition_context", HASH(0x324c518), "is", "ro") called at /opt/perl-5.22.0/lib/site_perl/5.22.0/x86_64-linux/Moose.pm line 76
Moose::has(Moose::Meta::Class=HASH(0x2a59b70), "file", "is", "ro") called at /opt/perl-5.22.0/lib/site_perl/5.22.0/x86_64-linux/Moose/Exporter.pm line 419
Moose::has("file", "is", "ro") called at /tmpfs/.cpan-build/Google-AJAX-Library-0.022-BkNC4T/blib/lib/Google/AJAX/Library.pm line 32
require Google/AJAX/Library.pm called at t/01-basic.t line 5
main::BEGIN() called at /tmpfs/.cpan-build/Google-AJAX-Library-0.022-BkNC4T/blib/lib/Google/AJAX/Library.pm line 0
eval {...} called at /tmpfs/.cpan-build/Google-AJAX-Library-0.022-BkNC4T/blib/lib/Google/AJAX/Library.pm line 0
# Failed test at t/01-basic.t line 13.
# got: '<script type="text/javascript" src="http://ajax.googleapis.com/ajax/libs/jquery/1/jquery.min.js"></script>'
# expected: '<script src="http://ajax.googleapis.com/ajax/libs/jquery/1/jquery.min.js" type="text/javascript"></script>'
# Looks like you failed 1 test of 25.
t/01-basic.t ....
Dubious, test returned 1 (wstat 256, 0x100)
Failed 1/25 subtests
You are overwriting a locally defined function (file) with an accessor at /opt/perl-5.22.0/lib/site_perl/5.22.0/x86_64-linux/Moose/Meta/Attribute.pm line 1048.
Moose::Meta::Attribute::_process_accessors(Moose::Meta::Attribute=HASH(0x1deb188), "reader", "file", undef) called at /opt/perl-5.22.0/lib/site_perl/5.22.0/x86_64-linux/Class/MOP/Attribute.pm line 450
Class::MOP::Attribute::install_accessors(Moose::Meta::Attribute=HASH(0x1deb188)) called at /opt/perl-5.22.0/lib/site_perl/5.22.0/x86_64-linux/Moose/Meta/Attribute.pm line 995
Moose::Meta::Attribute::install_accessors(Moose::Meta::Attribute=HASH(0x1deb188)) called at /opt/perl-5.22.0/lib/site_perl/5.22.0/x86_64-linux/Class/MOP/Class.pm line 899
Class::MOP::Class::try {...} () called at /opt/perl-5.22.0/lib/site_perl/5.22.0/Try/Tiny.pm line 81
eval {...} called at /opt/perl-5.22.0/lib/site_perl/5.22.0/Try/Tiny.pm line 72
Try::Tiny::try(CODE(0x1deaaf8), Try::Tiny::Catch=REF(0x1deabe8)) called at /opt/perl-5.22.0/lib/site_perl/5.22.0/x86_64-linux/Class/MOP/Class.pm line 904
Class::MOP::Class::_post_add_attribute(Moose::Meta::Class=HASH(0x2aa0ee0), Moose::Meta::Attribute=HASH(0x1deb188)) called at /opt/perl-5.22.0/lib/site_perl/5.22.0/x86_64-linux/Class/MOP/Mixin/HasAttributes.pm line 39
Class::MOP::Mixin::HasAttributes::add_attribute(Moose::Meta::Class=HASH(0x2aa0ee0), Moose::Meta::Attribute=HASH(0x1deb188)) called at /opt/perl-5.22.0/lib/site_perl/5.22.0/x86_64-linux/Moose/Meta/Class.pm line 573
Moose::Meta::Class::add_attribute(Moose::Meta::Class=HASH(0x2aa0ee0), "file", "definition_context", HASH(0x3293d18), "is", "ro") called at /opt/perl-5.22.0/lib/site_perl/5.22.0/x86_64-linux/Moose.pm line 76
Moose::has(Moose::Meta::Class=HASH(0x2aa0ee0), "file", "is", "ro") called at /opt/perl-5.22.0/lib/site_perl/5.22.0/x86_64-linux/Moose/Exporter.pm line 419
Moose::has("file", "is", "ro") called at /tmpfs/.cpan-build/Google-AJAX-Library-0.022-BkNC4T/blib/lib/Google/AJAX/Library.pm line 32
require Google/AJAX/Library.pm called at t/02-library.t line 5
main::BEGIN() called at /tmpfs/.cpan-build/Google-AJAX-Library-0.022-BkNC4T/blib/lib/Google/AJAX/Library.pm line 0
eval {...} called at /tmpfs/.cpan-build/Google-AJAX-Library-0.022-BkNC4T/blib/lib/Google/AJAX/Library.pm line 0
t/02-library.t .. ok
You are overwriting a locally defined function (file) with an accessor at /opt/perl-5.22.0/lib/site_perl/5.22.0/x86_64-linux/Moose/Meta/Attribute.pm line 1048.
Moose::Meta::Attribute::_process_accessors(Moose::Meta::Attribute=HASH(0x12f5b60), "reader", "file", undef) called at /opt/perl-5.22.0/lib/site_perl/5.22.0/x86_64-linux/Class/MOP/Attribute.pm line 450
Class::MOP::Attribute::install_accessors(Moose::Meta::Attribute=HASH(0x12f5b60)) called at /opt/perl-5.22.0/lib/site_perl/5.22.0/x86_64-linux/Moose/Meta/Attribute.pm line 995
Moose::Meta::Attribute::install_accessors(Moose::Meta::Attribute=HASH(0x12f5b60)) called at /opt/perl-5.22.0/lib/site_perl/5.22.0/x86_64-linux/Class/MOP/Class.pm line 899
Class::MOP::Class::try {...} () called at /opt/perl-5.22.0/lib/site_perl/5.22.0/Try/Tiny.pm line 81
eval {...} called at /opt/perl-5.22.0/lib/site_perl/5.22.0/Try/Tiny.pm line 72
Try::Tiny::try(CODE(0x12f5578), Try::Tiny::Catch=REF(0x12f5698)) called at /opt/perl-5.22.0/lib/site_perl/5.22.0/x86_64-linux/Class/MOP/Class.pm line 904
Class::MOP::Class::_post_add_attribute(Moose::Meta::Class=HASH(0x1fab840), Moose::Meta::Attribute=HASH(0x12f5b60)) called at /opt/perl-5.22.0/lib/site_perl/5.22.0/x86_64-linux/Class/MOP/Mixin/HasAttributes.pm line 39
Class::MOP::Mixin::HasAttributes::add_attribute(Moose::Meta::Class=HASH(0x1fab840), Moose::Meta::Attribute=HASH(0x12f5b60)) called at /opt/perl-5.22.0/lib/site_perl/5.22.0/x86_64-linux/Moose/Meta/Class.pm line 573
Moose::Meta::Class::add_attribute(Moose::Meta::Class=HASH(0x1fab840), "file", "definition_context", HASH(0x279ec68), "is", "ro") called at /opt/perl-5.22.0/lib/site_perl/5.22.0/x86_64-linux/Moose.pm line 76
Moose::has(Moose::Meta::Class=HASH(0x1fab840), "file", "is", "ro") called at /opt/perl-5.22.0/lib/site_perl/5.22.0/x86_64-linux/Moose/Exporter.pm line 419
Moose::has("file", "is", "ro") called at /tmpfs/.cpan-build/Google-AJAX-Library-0.022-BkNC4T/blib/lib/Google/AJAX/Library.pm line 32
require Google/AJAX/Library.pm called at t/03-fetch.t line 5
main::BEGIN() called at /tmpfs/.cpan-build/Google-AJAX-Library-0.022-BkNC4T/blib/lib/Google/AJAX/Library.pm line 0
eval {...} called at /tmpfs/.cpan-build/Google-AJAX-Library-0.022-BkNC4T/blib/lib/Google/AJAX/Library.pm line 0
t/03-fetch.t .... skipped: Not going out to http://ajax.googleapis.com to test fetching/writing
Test Summary Report
-------------------
t/01-basic.t (Wstat: 256 Tests: 25 Failed: 1)
Failed test: 4
Non-zero exit status: 1
Files=3, Tests=61, 1 wallclock secs ( 0.02 usr 0.03 sys + 0.64 cusr 0.09 csys = 0.78 CPU)
Result: FAIL
Failed 1/3 test programs. 1/61 subtests failed.
make: *** [test_dynamic] Error 255
------------------------------
PREREQUISITES
------------------------------
Prerequisite modules loaded:
requires:
Module Need Have
------------------- ---- ------
Carp::Clan::Share 0 0.013
HTML::Declare 0 2.4
LWP::UserAgent 0 6.13
Moose 0 2.1404
Path::Class 0 0.35
URI 0 1.67
build_requires:
Module Need Have
------------------- ---- ------
File::Temp 0 0.2304
Test::Most 0 0.34
configure_requires:
Module Need Have
------------------- ---- ------
ExtUtils::MakeMaker 6.31 7.04
------------------------------
ENVIRONMENT AND OTHER CONTEXT
------------------------------
Environment variables:
DBIC_NO_WARN_BAD_PERL = 1
LANG = C
PATH = /usr/local/bin:/usr/bin:/bin:/usr/local/sbin:/usr/sbin:/sbin:/home/eserte/bin/linux-gnu:/home/eserte/bin/sh:/home/eserte/bin:/usr/games:/home/eserte/devel:/home/eserte/src/srezic-misc/scripts
PERL5LIB =
PERL5OPT =
PERL5_CPANPLUS_IS_RUNNING = 7345
PERL5_CPAN_IS_RUNNING = 7345
PERL5_CPAN_IS_RUNNING_IN_RECURSION = 7219,7345
PERLDOC = -MPod::Perldoc::ToTextOverstrike
PERL_BATCH = yes
PERL_CANARY_STABILITY_NOPROMPT = 1
PERL_CPAN_REPORTER_CONFIG = /var/tmp/cpansmoker-1001/cpanreporter_047_config.ini
PERL_EXTUTILS_AUTOINSTALL = --defaultdeps
PERL_HTML_DISPLAY_CLASS = HTML::Display::Mozilla
SHELL = /bin/zsh
TERM = screen
TMPDIR = /var/tmp/cpansmoker-1001
Perl special variables (and OS-specific diagnostics, for MSWin32):
$^X = /bbbike/perl-5.22.0/bin/perl
$UID/$EUID = 1001 / 1001
$GID = 1001 109 1001
$EGID = 1001 109 1001
Perl module toolchain versions installed:
Module Have
------------------- --------
CPAN 2.10
CPAN::Meta 2.150001
Cwd 3.56
ExtUtils::CBuilder 0.280221
ExtUtils::Command 1.20
ExtUtils::Install 2.04
ExtUtils::MakeMaker 7.04
ExtUtils::Manifest 1.70
ExtUtils::ParseXS 3.28
File::Spec 3.56
JSON 2.90
JSON::PP 2.27300
Module::Build 0.4212
Module::Signature 0.79
Parse::CPAN::Meta 1.4414
Test::Harness 3.35
Test::More 1.001014
YAML 1.15
YAML::Syck 1.29
version 0.9912
--
Summary of my perl5 (revision 5 version 22 subversion 0) configuration:
Platform:
osname=linux, osvers=3.2.0-4-amd64, archname=x86_64-linux
uname='linux eserte 3.2.0-4-amd64 #1 smp debian 3.2.68-1+deb7u1 x86_64 gnulinux '
config_args='-ds -e -Dprefix=/opt/perl-5.22.0 -Dcf_email=srezic@cpan.org'
hint=recommended, useposix=true, d_sigaction=define
useithreads=undef, usemultiplicity=undef
use64bitint=define, use64bitall=define, uselongdouble=undef
usemymalloc=n, bincompat5005=undef
Compiler:
cc='cc', ccflags ='-fwrapv -fno-strict-aliasing -pipe -fstack-protector -I/usr/local/include -D_LARGEFILE_SOURCE -D_FILE_OFFSET_BITS=64 -D_FORTIFY_SOURCE=2',
optimize='-O2',
cppflags='-fwrapv -fno-strict-aliasing -pipe -fstack-protector -I/usr/local/include'
ccversion='', gccversion='4.7.2', gccosandvers=''
intsize=4, longsize=8, ptrsize=8, doublesize=8, byteorder=12345678, doublekind=3
d_longlong=define, longlongsize=8, d_longdbl=define, longdblsize=16, longdblkind=3
ivtype='long', ivsize=8, nvtype='double', nvsize=8, Off_t='off_t', lseeksize=8
alignbytes=8, prototype=define
Linker and Libraries:
ld='cc', ldflags =' -fstack-protector -L/usr/local/lib'
libpth=/usr/local/lib /usr/lib/gcc/x86_64-linux-gnu/4.7/include-fixed /usr/include/x86_64-linux-gnu /usr/lib /lib/x86_64-linux-gnu /lib/../lib /usr/lib/x86_64-linux-gnu /usr/lib/../lib /lib
libs=-lpthread -lnsl -ldb -ldl -lm -lcrypt -lutil -lc
perllibs=-lpthread -lnsl -ldl -lm -lcrypt -lutil -lc
libc=libc-2.13.so, so=so, useshrplib=false, libperl=libperl.a
gnulibc_version='2.13'
Dynamic Linking:
dlsrc=dl_dlopen.xs, dlext=so, d_dlsymun=undef, ccdlflags='-Wl,-E'
cccdlflags='-fPIC', lddlflags='-shared -O2 -L/usr/local/lib -fstack-protector'
Characteristics of this binary (from libperl):
Compile-time options: HAS_TIMES PERLIO_LAYERS PERL_DONT_CREATE_GVSV
PERL_HASH_FUNC_ONE_AT_A_TIME_HARD PERL_MALLOC_WRAP
PERL_NEW_COPY_ON_WRITE PERL_PRESERVE_IVUV
USE_64_BIT_ALL USE_64_BIT_INT USE_LARGE_FILES
USE_LOCALE USE_LOCALE_COLLATE USE_LOCALE_CTYPE
USE_LOCALE_NUMERIC USE_LOCALE_TIME USE_PERLIO
USE_PERL_ATOF
Built under linux
Compiled at Jun 1 2015 18:17:49
%ENV:
PERL5LIB=""
PERL5OPT=""
PERL5_CPANPLUS_IS_RUNNING="7345"
PERL5_CPAN_IS_RUNNING="7345"
PERL5_CPAN_IS_RUNNING_IN_RECURSION="7219,7345"
PERLDOC="-MPod::Perldoc::ToTextOverstrike"
PERL_BATCH="yes"
PERL_CANARY_STABILITY_NOPROMPT="1"
PERL_CPAN_REPORTER_CONFIG="/var/tmp/cpansmoker-1001/cpanreporter_047_config.ini"
PERL_EXTUTILS_AUTOINSTALL="--defaultdeps"
PERL_HTML_DISPLAY_CLASS="HTML::Display::Mozilla"
@INC:
/opt/perl-5.22.0/lib/site_perl/5.22.0/x86_64-linux
/opt/perl-5.22.0/lib/site_perl/5.22.0
/opt/perl-5.22.0/lib/5.22.0/x86_64-linux
/opt/perl-5.22.0/lib/5.22.0
.