Net-Azure-NotificationHubs v0.08 Perl 5 v5.24.4 arm-freebsd

Status
Fail
From
Nigel Horne
Dist
Net-Azure-NotificationHubs v0.08
Platform
Perl 5 v5.24.4 arm-freebsd
Date
2018-06-29 08:02:04
ID
b5e901b4-7b72-11e8-8fb1-ef5133556b3f
This distribution has been tested as part of the CPAN Testers
project, supporting the Perl programming language.  See
http://wiki.cpantesters.org/ for more information or email
questions to cpan-testers-discuss@perl.org


--
Dear Satoshi Azuma,

This is a computer-generated report for Net-Azure-NotificationHubs-0.08
on perl 5.24.4, created by CPAN-Reporter-1.2018.

Thank you for uploading your work to CPAN.  However, there was a problem
testing your distribution.

If you think this report is invalid, please consult the CPAN Testers Wiki
for suggestions on how to avoid getting FAIL reports for missing library
or binary dependencies, unsupported operating systems, and so on:

http://wiki.cpantesters.org/wiki/CPANAuthorNotes

Sections of this report:

    * Tester comments
    * Program output
    * Prerequisites
    * Environment and other context

------------------------------
TESTER COMMENTS
------------------------------

Additional comments from tester:

this report is from an automated smoke testing program
and was not reviewed by a human for accuracy

------------------------------
PROGRAM OUTPUT
------------------------------

Output from './Build test':

t/00_compile.t .............. ok
t/10_new.t .................. ok
t/11_send_request.t ......... ok
t/12_uri.t .................. ok
599 Internal Exception at t/21_request_do.t line 16.
# Tests were run but no plan was declared and done_testing() was not seen.
# Looks like your test exited with 255 just after 1.
t/21_request_do.t ........... 
Dubious, test returned 255 (wstat 65280, 0xff00)
All 1 subtests passed 
t/13_req.t .................. ok
    # No tests run!

#   Failed test 'No tests run for subtest "html response"'
#   at t/31_response_as_hashref.t line 16.
599 Internal Exception at t/31_response_as_hashref.t line 12.
# Tests were run but no plan was declared and done_testing() was not seen.
# Looks like your test exited with 255 just after 1.
t/31_response_as_hashref.t .. 
Dubious, test returned 255 (wstat 65280, 0xff00)
Failed 1/1 subtests 

Test Summary Report
-------------------
t/21_request_do.t         (Wstat: 65280 Tests: 1 Failed: 0)
  Non-zero exit status: 255
  Parse errors: No plan found in TAP output
t/31_response_as_hashref.t (Wstat: 65280 Tests: 1 Failed: 1)
  Failed test:  1
  Non-zero exit status: 255
  Parse errors: No plan found in TAP output
Files=7, Tests=20,  5 wallclock secs ( 0.57 usr  0.23 sys + 11.49 cusr  3.55 csys = 15.84 CPU)
Result: FAIL

------------------------------
PREREQUISITES
------------------------------

Prerequisite modules loaded:

requires:

    Module                         Need     Have     
    ------------------------------ -------- ---------
    Carp                           0        1.40     
    Class::Accessor::Lite          0        0.08     
    HTTP::Tiny                     0        0.056_001
    JSON                           0        2.97001  
    Net::Azure::Authorization::SAS 0.03     0.03     
    Net::SSLeay                    0        1.85     
    perl                           5.008001 5.024004 
    URI                            0        1.74     

build_requires:

    Module                         Need     Have     
    ------------------------------ -------- ---------
    Test::More                     0.98     1.302136 
    Test::Time                     0        0.06     

configure_requires:

    Module                         Need     Have     
    ------------------------------ -------- ---------
    Module::Build::Tiny            0.035    0.039    


------------------------------
ENVIRONMENT AND OTHER CONTEXT
------------------------------

Environment variables:

    AUTOMATED_TESTING = 1
    HARNESS_OPTIONS = j4
    PATH = /home/njh/perl5/perlbrew/bin:/home/njh/perl5/perlbrew/perls/perl-5.24.4/bin:/usr/local/bin:/bin:/usr/bin:src/njh/smoker/bin
    PERL5LIB = /var/tmp/build/Net-SSLeay-1.85-0/blib/arch:/var/tmp/build/Net-SSLeay-1.85-0/blib/lib:/var/tmp/build/Net-Azure-Authorization-SAS-0.03-0/blib/arch:/var/tmp/build/Net-Azure-Authorization-SAS-0.03-0/blib/lib:/var/tmp/build/Test-Time-0.06-0/blib/arch:/var/tmp/build/Test-Time-0.06-0/blib/lib:/var/tmp/build/String-CamelCase-0.04-0/blib/arch:/var/tmp/build/String-CamelCase-0.04-0/blib/lib:/var/tmp/build/Class-Accessor-Lite-0.08-0/blib/arch:/var/tmp/build/Class-Accessor-Lite-0.08-0/blib/lib
    PERL5OPT = 
    PERL5_CPANPLUS_IS_RUNNING = 86734
    PERL5_CPAN_IS_RUNNING = 86734
    PERLBREW_BASHRC_VERSION = 0.80
    PERLBREW_HOME = /home/njh/.perlbrew
    PERLBREW_MANPATH = /home/njh/perl5/perlbrew/perls/perl-5.24.4/man
    PERLBREW_PATH = /home/njh/perl5/perlbrew/bin:/home/njh/perl5/perlbrew/perls/perl-5.24.4/bin
    PERLBREW_PERL = perl-5.24.4
    PERLBREW_ROOT = /home/njh/perl5/perlbrew
    PERLBREW_VERSION = 0.80
    SHELL = /bin/sh
    TMPDIR = /tmp/testwrapper.86723

Perl special variables (and OS-specific diagnostics, for MSWin32):

    $^X = /mnt/nas/home/pi2b/njh/perl5/perlbrew/perls/perl-5.24.4/bin/perl
    $UID/$EUID = 1000 / 1000
    $GID = 1000 1000 0
    $EGID = 1000 1000 0

Perl module toolchain versions installed:

    Module              Have      
    ------------------- ----------
    CPAN                2.16      
    CPAN::Meta          2.150005  
    Cwd                 3.63_01   
    ExtUtils::CBuilder  0.280225  
    ExtUtils::Command   7.10_02   
    ExtUtils::Install   2.04      
    ExtUtils::MakeMaker 7.10_02   
    ExtUtils::Manifest  1.70      
    ExtUtils::ParseXS   3.31      
    File::Spec          3.63_01   
    JSON                2.97001   
    JSON::PP            2.27300_01
    Module::Build       0.4224    
    Module::Signature   n/a       
    Parse::CPAN::Meta   1.4417_001
    Test::Harness       3.36_01   
    Test::More          1.302136  
    YAML                1.26      
    YAML::Syck          1.30      
    version             0.9916    


--

Summary of my perl5 (revision 5 version 24 subversion 4) configuration:
   
  Platform:
    osname=freebsd, osvers=11.1-stable, archname=arm-freebsd
    uname='freebsd pi2b.bandsman.co.uk 11.1-stable freebsd 11.1-stable #0 r330605: wed mar 7 18:50:15 utc 2018 root@releng2.nyi.freebsd.org:usrobjarm.armv6usrsrcsysrpi2 arm '
    config_args='-des -Ud_flock'
    hint=previous, useposix=true, d_sigaction=define
    useithreads=undef, usemultiplicity=undef
    use64bitint=undef, use64bitall=undef, uselongdouble=undef
    usemymalloc=n, bincompat5005=undef
  Compiler:
    cc='cc', ccflags ='-DHAS_FPSETMASK -DHAS_FLOATINGPOINT_H -fno-strict-aliasing -pipe -fstack-protector-strong -I/usr/local/include -D_FORTIFY_SOURCE=2',
    optimize='-O',
    cppflags='-DHAS_FPSETMASK -DHAS_FLOATINGPOINT_H -fno-strict-aliasing -pipe -fstack-protector-strong -I/usr/local/include'
    ccversion='', gccversion='4.2.1 Compatible FreeBSD Clang 5.0.1 (tags/RELEASE_501/final 320880)', gccosandvers=''
    intsize=4, longsize=4, ptrsize=4, doublesize=8, byteorder=1234, doublekind=3
    d_longlong=define, longlongsize=8, d_longdbl=define, longdblsize=8, longdblkind=0
    ivtype='long', ivsize=4, nvtype='double', nvsize=8, Off_t='off_t', lseeksize=8
    alignbytes=8, prototype=define
  Linker and Libraries:
    ld='cc', ldflags ='-Wl,-E  -fstack-protector-strong -L/usr/local/lib'
    libpth=/usr/lib /usr/local/lib /usr/lib/clang/5.0.1/lib /usr/lib /usr/lib/clang/5.0.1/lib /usr/lib /usr/lib/clang/5.0.1/lib /usr/lib
    libs=-lpthread -lm -lcrypt -lutil -lc
    perllibs=-lpthread -lm -lcrypt -lutil -lc
    libc=, so=so, useshrplib=false, libperl=libperl.a
    gnulibc_version=''
  Dynamic Linking:
    dlsrc=dl_dlopen.xs, dlext=so, d_dlsymun=undef, ccdlflags=' '
    cccdlflags='-DPIC -fPIC', lddlflags='-shared  -L/usr/local/lib -fstack-protector-strong'


Characteristics of this binary (from libperl): 
  Compile-time options: HAS_TIMES PERLIO_LAYERS PERL_COPY_ON_WRITE
                        PERL_DONT_CREATE_GVSV
                        PERL_HASH_FUNC_ONE_AT_A_TIME_HARD PERL_MALLOC_WRAP
                        PERL_PRESERVE_IVUV USE_LARGE_FILES USE_LOCALE
                        USE_LOCALE_COLLATE USE_LOCALE_CTYPE
                        USE_LOCALE_NUMERIC USE_LOCALE_TIME USE_PERLIO
                        USE_PERL_ATOF
  Locally applied patches:
	Devel::PatchPerl 1.38
  Built under freebsd
  Compiled at May 28 2018 11:33:07
  %ENV:
    PERL5LIB="/var/tmp/build/Net-SSLeay-1.85-0/blib/arch:/var/tmp/build/Net-SSLeay-1.85-0/blib/lib:/var/tmp/build/Net-Azure-Authorization-SAS-0.03-0/blib/arch:/var/tmp/build/Net-Azure-Authorization-SAS-0.03-0/blib/lib:/var/tmp/build/Test-Time-0.06-0/blib/arch:/var/tmp/build/Test-Time-0.06-0/blib/lib:/var/tmp/build/String-CamelCase-0.04-0/blib/arch:/var/tmp/build/String-CamelCase-0.04-0/blib/lib:/var/tmp/build/Class-Accessor-Lite-0.08-0/blib/arch:/var/tmp/build/Class-Accessor-Lite-0.08-0/blib/lib"
    PERL5OPT=""
    PERL5_CPANPLUS_IS_RUNNING="86734"
    PERL5_CPAN_IS_RUNNING="86734"
    PERLBREW_BASHRC_VERSION="0.80"
    PERLBREW_HOME="/home/njh/.perlbrew"
    PERLBREW_MANPATH="/home/njh/perl5/perlbrew/perls/perl-5.24.4/man"
    PERLBREW_PATH="/home/njh/perl5/perlbrew/bin:/home/njh/perl5/perlbrew/perls/perl-5.24.4/bin"
    PERLBREW_PERL="perl-5.24.4"
    PERLBREW_ROOT="/home/njh/perl5/perlbrew"
    PERLBREW_VERSION="0.80"
  @INC:
    /var/tmp/build/Net-SSLeay-1.85-0/blib/arch
    /var/tmp/build/Net-SSLeay-1.85-0/blib/lib
    /var/tmp/build/Net-Azure-Authorization-SAS-0.03-0/blib/arch
    /var/tmp/build/Net-Azure-Authorization-SAS-0.03-0/blib/lib
    /var/tmp/build/Test-Time-0.06-0/blib/arch
    /var/tmp/build/Test-Time-0.06-0/blib/lib
    /var/tmp/build/String-CamelCase-0.04-0/blib/arch
    /var/tmp/build/String-CamelCase-0.04-0/blib/lib
    /var/tmp/build/Class-Accessor-Lite-0.08-0/blib/arch
    /var/tmp/build/Class-Accessor-Lite-0.08-0/blib/lib
    /home/njh/perl5/perlbrew/perls/perl-5.24.4/lib/site_perl/5.24.4/arm-freebsd
    /home/njh/perl5/perlbrew/perls/perl-5.24.4/lib/site_perl/5.24.4
    /home/njh/perl5/perlbrew/perls/perl-5.24.4/lib/5.24.4/arm-freebsd
    /home/njh/perl5/perlbrew/perls/perl-5.24.4/lib/5.24.4
    .