CGI-Application-Plugin-Config-Std v1.003 Perl 5 v5.16.3 amd64-freebsd

Status
Fail
From
Slaven Rezić (SREZIC)
Dist
CGI-Application-Plugin-Config-Std v1.003
Platform
Perl 5 v5.16.3 amd64-freebsd
Date
2017-11-10 07:56:51
ID
b5e9a7c2-c5ec-11e7-a8ec-94d78cf488f6
This distribution has been tested as part of the CPAN Testers
project, supporting the Perl programming language.  See
http://wiki.cpantesters.org/ for more information or email
questions to cpan-testers-discuss@perl.org


--
Dear Stephen Cardie,

This is a computer-generated report for CGI-Application-Plugin-Config-Std-1.003
on perl 5.16.3, created by CPAN-Reporter-1.2018.

Thank you for uploading your work to CPAN.  However, there was a problem
testing your distribution.

If you think this report is invalid, please consult the CPAN Testers Wiki
for suggestions on how to avoid getting FAIL reports for missing library
or binary dependencies, unsupported operating systems, and so on:

http://wiki.cpantesters.org/wiki/CPANAuthorNotes

Sections of this report:

    * Tester comments
    * Program output
    * Prerequisites
    * Environment and other context

------------------------------
TESTER COMMENTS
------------------------------

Additional comments from tester:

none provided

------------------------------
PROGRAM OUTPUT
------------------------------

Output from '/usr/bin/make test':

PERL_DL_NONLAZY=1 "/usr/perl5.16.3p/bin/perl5.16.3" "-MExtUtils::Command::MM" "-MTest::Harness" "-e" "undef *Test::Harness::Switches; test_harness(0, 'blib/lib', 'blib/arch')" t/*.t t/lib/cgi/application/plugin/config/*.t
t/author-perlcritic.t ...................... skipped: these tests are for testing by the author
t/author-pod-coverage.t .................... skipped: these tests are for testing by the author
t/author-pod.t ............................. skipped: these tests are for testing by the author

#   Failed test 'could not write'
#   at t/lib/cgi/application/plugin/config/std.t line 88.
# expecting: Regexp ((?^ui:\(permission denied\)))
# found: Can't use string ("xyz") as a HASH ref while "strict refs" in use at /usr/perl5.16.3p/lib/site_perl/5.16.3/Config/Std.pm line 331.
# Looks like you failed 1 test of 21.
t/lib/cgi/application/plugin/config/std.t .. 
Dubious, test returned 1 (wstat 256, 0x100)
Failed 1/21 subtests 

Test Summary Report
-------------------
t/lib/cgi/application/plugin/config/std.t (Wstat: 256 Tests: 21 Failed: 1)
  Failed test:  20
  Non-zero exit status: 1
Files=4, Tests=21,  1 wallclock secs ( 0.06 usr  0.02 sys +  0.65 cusr  0.13 csys =  0.87 CPU)
Result: FAIL
Failed 1/4 test programs. 1/21 subtests failed.
*** Error code 1

Stop.
make: stopped in /usr/home/cpansand/.cpan/build/2017111006/CGI-Application-Plugin-Config-Std-1.003-1

------------------------------
PREREQUISITES
------------------------------

Prerequisite modules loaded:

requires:

    Module              Need  Have    
    ------------------- ----- --------
    CGI::Application    0     4.50    
    common::sense       3.4   3.74    
    Config::Std         0     0.903   
    Hash::Merge         0.12  0.200   
    Sub::Exporter       0.982 0.987   

build_requires:

    Module              Need  Have    
    ------------------- ----- --------
    English             0     1.05    
    File::Spec          0     3.62    
    strict              0     1.07    
    Test::More          0     1.302106
    Test::Most          0     0.35    
    Test::Perl::Critic  0     1.03    
    Test::Pod           0     1.51    
    Test::Pod::Coverage 0     1.10    
    warnings            0     1.13    

configure_requires:

    Module              Need  Have    
    ------------------- ----- --------
    ExtUtils::MakeMaker 6.30  7.30    


------------------------------
ENVIRONMENT AND OTHER CONTEXT
------------------------------

Environment variables:

    LC_ALL = C
    PATH = /usr/local/bin:/usr/bin:/bin:/usr/local/sbin:/usr/sbin:/sbin:/home/cpansand/bin/freebsd12.0:/home/cpansand/bin/sh:/home/cpansand/bin:/usr/games:/home/cpansand/devel:/usr/home/eserte/src/srezic-misc/scripts
    PERL5LIB = /home/cpansand/.cpan/build/2017111006/Test-Perl-Critic-1.03-1/blib/arch:/home/cpansand/.cpan/build/2017111006/Test-Perl-Critic-1.03-1/blib/lib:/home/cpansand/.cpan/build/2017111006/MCE-1.831-1/blib/arch:/home/cpansand/.cpan/build/2017111006/MCE-1.831-1/blib/lib
    PERL5OPT = 
    PERL5_CPANPLUS_IS_RUNNING = 50928
    PERL5_CPAN_IS_RUNNING = 50928
    PERL5_CPAN_IS_RUNNING_IN_RECURSION = 50577,50928
    PERLDOC = -MPod::Perldoc::ToTextOverstrike
    PERL_BATCH = yes
    PERL_CANARY_STABILITY_NOPROMPT = 1
    PERL_CPAN_REPORTER_CONFIG = /var/tmp/cpansmoker-1023/2017111006/cpanreporter_000_config.ini
    PERL_EXTUTILS_AUTOINSTALL = --defaultdeps
    SHELL = /usr/local/bin/zsh
    TERM = screen
    TMPDIR = /var/tmp/cpansmoker-1023/2017111006

Perl special variables (and OS-specific diagnostics, for MSWin32):

    $^X = /usr/perl5.16.3p/bin/perl5.16.3
    $UID/$EUID = 1023 / 1023
    $GID = 1023 1023
    $EGID = 1023 1023

Perl module toolchain versions installed:

    Module              Have    
    ------------------- --------
    CPAN                2.16    
    CPAN::Meta          2.150010
    Cwd                 3.62    
    ExtUtils::CBuilder  0.280226
    ExtUtils::Command   7.30    
    ExtUtils::Install   2.06    
    ExtUtils::MakeMaker 7.30    
    ExtUtils::Manifest  1.70    
    ExtUtils::ParseXS   3.35    
    File::Spec          3.62    
    JSON                2.94    
    JSON::PP            2.94    
    Module::Build       0.4224  
    Module::Signature   0.81    
    Parse::CPAN::Meta   2.150010
    Test::Harness       3.39    
    Test::More          1.302106
    YAML                1.24    
    YAML::Syck          1.30    
    version             0.9918  


--

Summary of my perl5 (revision 5 version 16 subversion 3) configuration:
   
  Platform:
    osname=freebsd, osvers=12.0-current, archname=amd64-freebsd
    uname='freebsd freebsd 12.0-current freebsd 12.0-current #1 ff104cc9da3(master)-dirty: thu oct 19 23:44:51 cest 2017 root@freebsd:usrobjusrsrcsysgeneric amd64 '
    config_args='-ds -e -Dprefix=/usr/perl5.16.3p -Dcf_email=srezic@cpan.org -Doptimize=-O2 -pipe'
    hint=recommended, useposix=true, d_sigaction=define
    useithreads=undef, usemultiplicity=undef
    useperlio=define, d_sfio=undef, uselargefiles=define, usesocks=undef
    use64bitint=define, use64bitall=define, uselongdouble=undef
    usemymalloc=n, bincompat5005=undef
  Compiler:
    cc='cc', ccflags ='-DHAS_FPSETMASK -DHAS_FLOATINGPOINT_H -fno-strict-aliasing -pipe -fstack-protector -I/usr/local/include',
    optimize='-O2 -pipe',
    cppflags='-DHAS_FPSETMASK -DHAS_FLOATINGPOINT_H -fno-strict-aliasing -pipe -fstack-protector -I/usr/local/include'
    ccversion='', gccversion='4.2.1 Compatible FreeBSD Clang 5.0.0 (tags/RELEASE_500/final 312559)', gccosandvers=''
    intsize=4, longsize=8, ptrsize=8, doublesize=8, byteorder=12345678
    d_longlong=define, longlongsize=8, d_longdbl=define, longdblsize=16
    ivtype='long', ivsize=8, nvtype='double', nvsize=8, Off_t='off_t', lseeksize=8
    alignbytes=8, prototype=define
  Linker and Libraries:
    ld='cc', ldflags ='-pthread -Wl,-E  -fstack-protector -L/usr/local/lib'
    libpth=/usr/lib /usr/local/lib
    libs=-lgdbm -lm -lcrypt -lutil -lc
    perllibs=-lm -lcrypt -lutil -lc
    libc=, so=so, useshrplib=false, libperl=libperl.a
    gnulibc_version=''
  Dynamic Linking:
    dlsrc=dl_dlopen.xs, dlext=so, d_dlsymun=undef, ccdlflags=' '
    cccdlflags='-DPIC -fPIC', lddlflags='-shared  -L/usr/local/lib -fstack-protector'


Characteristics of this binary (from libperl): 
  Compile-time options: HAS_TIMES PERLIO_LAYERS PERL_DONT_CREATE_GVSV
                        PERL_MALLOC_WRAP PERL_PRESERVE_IVUV USE_64_BIT_ALL
                        USE_64_BIT_INT USE_LARGE_FILES USE_LOCALE
                        USE_LOCALE_COLLATE USE_LOCALE_CTYPE
                        USE_LOCALE_NUMERIC USE_PERLIO USE_PERL_ATOF
  Built under freebsd
  Compiled at Oct 22 2017 18:53:40
  %ENV:
    PERL5LIB="/home/cpansand/.cpan/build/2017111006/Test-Perl-Critic-1.03-1/blib/arch:/home/cpansand/.cpan/build/2017111006/Test-Perl-Critic-1.03-1/blib/lib:/home/cpansand/.cpan/build/2017111006/MCE-1.831-1/blib/arch:/home/cpansand/.cpan/build/2017111006/MCE-1.831-1/blib/lib"
    PERL5OPT=""
    PERL5_CPANPLUS_IS_RUNNING="50928"
    PERL5_CPAN_IS_RUNNING="50928"
    PERL5_CPAN_IS_RUNNING_IN_RECURSION="50577,50928"
    PERLDOC="-MPod::Perldoc::ToTextOverstrike"
    PERL_BATCH="yes"
    PERL_CANARY_STABILITY_NOPROMPT="1"
    PERL_CPAN_REPORTER_CONFIG="/var/tmp/cpansmoker-1023/2017111006/cpanreporter_000_config.ini"
    PERL_EXTUTILS_AUTOINSTALL="--defaultdeps"
  @INC:
    /home/cpansand/.cpan/build/2017111006/Test-Perl-Critic-1.03-1/blib/arch
    /home/cpansand/.cpan/build/2017111006/Test-Perl-Critic-1.03-1/blib/lib
    /home/cpansand/.cpan/build/2017111006/MCE-1.831-1/blib/arch
    /home/cpansand/.cpan/build/2017111006/MCE-1.831-1/blib/lib
    /usr/perl5.16.3p/lib/site_perl/5.16.3/amd64-freebsd
    /usr/perl5.16.3p/lib/site_perl/5.16.3
    /usr/perl5.16.3p/lib/5.16.3/amd64-freebsd
    /usr/perl5.16.3p/lib/5.16.3
    .