Report for Redis-Namespace-0.06

Back
From: metabase:user:a0e144f2-373b-11e6-8edd-c6848980b093
Subject: FAIL Redis-Namespace-0.06 v5.25.3 GNU/Linux
Date: 2016-06-26T06:32:10Z

This distribution has been tested as part of the CPAN Testers
project, supporting the Perl programming language.  See
http://wiki.cpantesters.org/ for more information or email
questions to cpan-testers-discuss@perl.org


--
Dear Shogo Ichinose,

This is a computer-generated report for Redis-Namespace-0.06
on perl 5.25.3, created by CPAN-Reporter-1.2017.

Thank you for uploading your work to CPAN.  However, there was a problem
testing your distribution.

If you think this report is invalid, please consult the CPAN Testers Wiki
for suggestions on how to avoid getting FAIL reports for missing library
or binary dependencies, unsupported operating systems, and so on:

http://wiki.cpantesters.org/wiki/CPANAuthorNotes

Sections of this report:

    * Tester comments
    * Program output
    * Prerequisites
    * Environment and other context

------------------------------
TESTER COMMENTS
------------------------------

Additional comments from tester:

none provided

------------------------------
PROGRAM OUTPUT
------------------------------

Output from './Build test':

t/00_compile.t ........ ok
t/01_basic.t .......... skipped: redis-server is required in PATH to run this test
t/03_pubsub.t ......... skipped: redis-server is required in PATH to run this test
t/04_pipeline.t ....... skipped: redis-server is required in PATH to run this test
t/05_scan.t ........... skipped: redis-server is required in PATH to run this test
t/06_add_namespace.t .. ok
t/07_rem_namespace.t .. ok
t/08_migrate.t ........ skipped: redis-server is required in PATH to run this test
*** failed to launch redis-server ***
Can't exec "redis-server": No such file or directory at /home/dcollins/toolchain/local/lib/perl5/site_perl/5.25.3/Test/RedisServer.pm line 148.
exec failed: no such file or directory
 at t/98_guess.t line 9.
t/98_guess.t .......... 
Dubious, test returned 255 (wstat 65280, 0xff00)
No subtests run 

    #   Failed test 'exists args tranfer definition'
    #   at t/99_redis_doc.t line 125.
    # Looks like you failed 1 test of 1.

#   Failed test 'BITFIELD'
#   at t/99_redis_doc.t line 35.

    #   Failed test 'key'
    #   at t/99_redis_doc.t line 49.
    #          got: 'key'
    #     expected: anything else

    #   Failed test 'key'
    #   at t/99_redis_doc.t line 49.
    #          got: 'key'
    #     expected: anything else
    # Looks like you failed 2 tests of 15.

#   Failed test 'GEORADIUS'
#   at t/99_redis_doc.t line 35.

    #   Failed test 'key'
    #   at t/99_redis_doc.t line 49.
    #          got: 'key'
    #     expected: anything else

    #   Failed test 'key'
    #   at t/99_redis_doc.t line 49.
    #          got: 'key'
    #     expected: anything else
    # Looks like you failed 2 tests of 14.

#   Failed test 'GEORADIUSBYMEMBER'
#   at t/99_redis_doc.t line 35.

    #   Failed test 'key'
    #   at t/99_redis_doc.t line 117.
    #          got: 'enum'
    #     expected: 'key'
    # Looks like you failed 1 test of 7.

#   Failed test 'MIGRATE'
#   at t/99_redis_doc.t line 35.
# Looks like you failed 4 tests of 197.
t/99_redis_doc.t ...... 
Dubious, test returned 4 (wstat 1024, 0x400)
Failed 4/197 subtests 

Test Summary Report
-------------------
t/98_guess.t        (Wstat: 65280 Tests: 0 Failed: 0)
  Non-zero exit status: 255
  Parse errors: No plan found in TAP output
t/99_redis_doc.t    (Wstat: 1024 Tests: 197 Failed: 4)
  Failed tests:  6, 65-66, 103
  Non-zero exit status: 4
Files=10, Tests=202,  2 wallclock secs ( 0.08 usr  0.00 sys +  0.58 cusr  0.22 csys =  0.88 CPU)
Result: FAIL
Failed 2/10 test programs. 4/202 subtests failed.

------------------------------
PREREQUISITES
------------------------------

Prerequisite modules loaded:

requires:

    Module                Need     Have    
    --------------------- -------- --------
    perl                  5.010000 5.025003
    Redis                 0        1.981   

build_requires:

    Module                Need     Have    
    --------------------- -------- --------
    File::Temp            0        0.2304  
    Furl                  0        3.08    
    JSON                  0        2.90    
    Test::Deep            0        0.119   
    Test::Exception       0        0.43    
    Test::Fatal           0        0.014   
    Test::Kwalitee        0        1.22    
    Test::Kwalitee::Extra 0        v0.3.1  
    Test::More            0        1.302030
    Test::RedisServer     0        0.20    
    Test::TCP             0        2.14    

configure_requires:

    Module                Need     Have    
    --------------------- -------- --------
    Module::Build         0.38     0.4218  


------------------------------
ENVIRONMENT AND OTHER CONTEXT
------------------------------

Environment variables:

    LANG = en_US.UTF-8
    PATH = /usr/local/bin:/usr/bin:/bin:/usr/local/games:/usr/games
    PERL5LIB = /home/dcollins/toolchain/.afl4/.cpan/build/if-0.0606-0/blib/arch:/home/dcollins/toolchain/.afl4/.cpan/build/if-0.0606-0/blib/lib:/home/dcollins/toolchain/.afl4/.cpan/build/if-0.0604-0/blib/arch:/home/dcollins/toolchain/.afl4/.cpan/build/if-0.0604-0/blib/lib:/home/dcollins/toolchain/.afl4/.cpan/build/if-0.0605-0/blib/arch:/home/dcollins/toolchain/.afl4/.cpan/build/if-0.0605-0/blib/lib:/home/dcollins/toolchain/.afl4/.cpan/build/FusionInventory-Agent-2.3.17-0/blib/arch:/home/dcollins/toolchain/.afl4/.cpan/build/FusionInventory-Agent-2.3.17-0/blib/lib:/home/dcollins/toolchain/.afl4/.cpan/build/LCFG-Build-Tools-0.6.4-0/blib/arch:/home/dcollins/toolchain/.afl4/.cpan/build/LCFG-Build-Tools-0.6.4-0/blib/lib:/home/dcollins/toolchain/.afl4/.cpan/build/Geo-IP2Location-8.01-0/blib/arch:/home/dcollins/toolchain/.afl4/.cpan/build/Geo-IP2Location-8.01-0/blib/lib
    PERL5OPT = 
    PERL5_CPANPLUS_IS_RUNNING = 25819
    PERL5_CPAN_IS_RUNNING = 25819
    SHELL = /bin/bash
    TERM = screen

Perl special variables (and OS-specific diagnostics, for MSWin32):

    $^X = /usr/bin/perl5.25.3
    $UID/$EUID = 1004 / 1004
    $GID = 1005 1005
    $EGID = 1005 1005

Perl module toolchain versions installed:

    Module              Have      
    ------------------- ----------
    CPAN                2.14      
    CPAN::Meta          2.150005  
    Cwd                 3.59      
    ExtUtils::CBuilder  0.280224_1
    ExtUtils::Command   7.18      
    ExtUtils::Install   2.04      
    ExtUtils::MakeMaker 7.18      
    ExtUtils::Manifest  1.70      
    ExtUtils::ParseXS   3.32      
    File::Spec          3.59      
    JSON                2.90      
    JSON::PP            2.27400   
    Module::Build       0.4218    
    Module::Signature   0.80      
    Parse::CPAN::Meta   1.4419    
    Test::Harness       3.36      
    Test::More          1.302030  
    YAML                1.15      
    YAML::Syck          1.29      
    version             0.9917    


--

Summary of my perl5 (revision 5 version 25 subversion 3) configuration:
  Commit id: 4827ac7e56d329e2bcf028d5472ae4b3407a71d8
  Platform:
    osname=linux
    osvers=4.6.0-1-amd64
    archname=x86_64-linux-ld
    uname='linux nightshade64 4.6.0-1-amd64 #1 smp debian 4.6.1-1 (2016-06-06) x86_64 gnulinux '
    config_args='-Dusedevel -Dprefix=/usr -Dcc=ccache gcc-6 -Duselongdouble -Duse64bitall -Doptimize=-O3 -Dversiononly -Uman1dir -Uman3dir -Dsiteprefix=/home/dcollins/toolchain/local -des'
    hint=recommended
    useposix=true
    d_sigaction=define
    useithreads=undef
    usemultiplicity=undef
    use64bitint=define
    use64bitall=define
    uselongdouble=define
    usemymalloc=n
    bincompat5005=undef
  Compiler:
    cc='ccache gcc-6'
    ccflags ='-fwrapv -fno-strict-aliasing -pipe -fstack-protector-strong -I/usr/local/include -D_LARGEFILE_SOURCE -D_FILE_OFFSET_BITS=64'
    optimize='-O3'
    cppflags='-fwrapv -fno-strict-aliasing -pipe -fstack-protector-strong -I/usr/local/include'
    ccversion=''
    gccversion='6.1.1 20160519'
    gccosandvers=''
    intsize=4
    longsize=8
    ptrsize=8
    doublesize=8
    byteorder=12345678
    doublekind=3
    d_longlong=define
    longlongsize=8
    d_longdbl=define
    longdblsize=16
    longdblkind=3
    ivtype='long'
    ivsize=8
    nvtype='long double'
    nvsize=16
    Off_t='off_t'
    lseeksize=8
    alignbytes=16
    prototype=define
  Linker and Libraries:
    ld='ccache gcc-6'
    ldflags =' -fstack-protector-strong -L/usr/local/lib'
    libpth=/usr/local/lib /usr/lib/gcc/x86_64-linux-gnu/6/include-fixed /usr/include/x86_64-linux-gnu /usr/lib /lib/x86_64-linux-gnu /lib/../lib /usr/lib/x86_64-linux-gnu /usr/lib/../lib /lib
    libs=-lpthread -lnsl -ldl -lm -lcrypt -lutil -lc
    perllibs=-lpthread -lnsl -ldl -lm -lcrypt -lutil -lc
    libc=libc-2.22.so
    so=so
    useshrplib=false
    libperl=libperl.a
    gnulibc_version='2.22'
  Dynamic Linking:
    dlsrc=dl_dlopen.xs
    dlext=so
    d_dlsymun=undef
    ccdlflags='-Wl,-E'
    cccdlflags='-fPIC'
    lddlflags='-shared -O3 -L/usr/local/lib -fstack-protector-strong'


Characteristics of this binary (from libperl): 
  Compile-time options:
    HAS_TIMES
    PERLIO_LAYERS
    PERL_COPY_ON_WRITE
    PERL_DONT_CREATE_GVSV
    PERL_HASH_FUNC_ONE_AT_A_TIME_HARD
    PERL_MALLOC_WRAP
    PERL_OP_PARENT
    PERL_PRESERVE_IVUV
    PERL_USE_DEVEL
    USE_64_BIT_ALL
    USE_64_BIT_INT
    USE_LARGE_FILES
    USE_LOCALE
    USE_LOCALE_COLLATE
    USE_LOCALE_CTYPE
    USE_LOCALE_NUMERIC
    USE_LOCALE_TIME
    USE_LONG_DOUBLE
    USE_PERLIO
    USE_PERL_ATOF
  Built under linux
  Compiled at Jan  1 1970 00:00:00
  %ENV:
    PERL5LIB="/home/dcollins/toolchain/.afl4/.cpan/build/if-0.0606-0/blib/arch:/home/dcollins/toolchain/.afl4/.cpan/build/if-0.0606-0/blib/lib:/home/dcollins/toolchain/.afl4/.cpan/build/if-0.0604-0/blib/arch:/home/dcollins/toolchain/.afl4/.cpan/build/if-0.0604-0/blib/lib:/home/dcollins/toolchain/.afl4/.cpan/build/if-0.0605-0/blib/arch:/home/dcollins/toolchain/.afl4/.cpan/build/if-0.0605-0/blib/lib:/home/dcollins/toolchain/.afl4/.cpan/build/FusionInventory-Agent-2.3.17-0/blib/arch:/home/dcollins/toolchain/.afl4/.cpan/build/FusionInventory-Agent-2.3.17-0/blib/lib:/home/dcollins/toolchain/.afl4/.cpan/build/LCFG-Build-Tools-0.6.4-0/blib/arch:/home/dcollins/toolchain/.afl4/.cpan/build/LCFG-Build-Tools-0.6.4-0/blib/lib:/home/dcollins/toolchain/.afl4/.cpan/build/Geo-IP2Location-8.01-0/blib/arch:/home/dcollins/toolchain/.afl4/.cpan/build/Geo-IP2Location-8.01-0/blib/lib"
    PERL5OPT=""
    PERL5_CPANPLUS_IS_RUNNING="25819"
    PERL5_CPAN_IS_RUNNING="25819"
  @INC:
    /home/dcollins/toolchain/.afl4/.cpan/build/if-0.0606-0/blib/arch
    /home/dcollins/toolchain/.afl4/.cpan/build/if-0.0606-0/blib/lib
    /home/dcollins/toolchain/.afl4/.cpan/build/if-0.0604-0/blib/arch
    /home/dcollins/toolchain/.afl4/.cpan/build/if-0.0604-0/blib/lib
    /home/dcollins/toolchain/.afl4/.cpan/build/if-0.0605-0/blib/arch
    /home/dcollins/toolchain/.afl4/.cpan/build/if-0.0605-0/blib/lib
    /home/dcollins/toolchain/.afl4/.cpan/build/FusionInventory-Agent-2.3.17-0/blib/arch
    /home/dcollins/toolchain/.afl4/.cpan/build/FusionInventory-Agent-2.3.17-0/blib/lib
    /home/dcollins/toolchain/.afl4/.cpan/build/LCFG-Build-Tools-0.6.4-0/blib/arch
    /home/dcollins/toolchain/.afl4/.cpan/build/LCFG-Build-Tools-0.6.4-0/blib/lib
    /home/dcollins/toolchain/.afl4/.cpan/build/Geo-IP2Location-8.01-0/blib/arch
    /home/dcollins/toolchain/.afl4/.cpan/build/Geo-IP2Location-8.01-0/blib/lib
    /home/dcollins/toolchain/local/lib/perl5/site_perl/5.25.3/x86_64-linux-ld
    /home/dcollins/toolchain/local/lib/perl5/site_perl/5.25.3
    /usr/lib/perl5/5.25.3/x86_64-linux-ld
    /usr/lib/perl5/5.25.3
    .