Report for Class-PObject-2.17

Back
From: metabase:user:6caa156e-6e3f-1014-9815-85d4dc9ca2a7
Subject: FAIL Class-PObject-2.17 v5.22.0 
Date: 2015-06-07T14:00:10Z

This distribution has been tested as part of the CPAN Testers
project, supporting the Perl programming language.  See
http://wiki.cpantesters.org/ for more information or email
questions to cpan-testers-discuss@perl.org


--
Dear SHERZODR,

This is a computer-generated report for Class-PObject-2.17
on perl 5.22.0, created by App::cpanminus::reporter 0.12 (1.7035).

Thank you for uploading your work to CPAN.  However, there was a problem
testing your distribution.

If you think this report is invalid, please consult the CPAN Testers Wiki
for suggestions on how to avoid getting FAIL reports for missing library
or binary dependencies, unsupported operating systems, and so on:

http://wiki.cpantesters.org/wiki/CPANAuthorNotes

Sections of this report:

    * Tester comments
    * Program output
    * Prerequisites
    * Environment and other context

------------------------------
TESTER COMMENTS
------------------------------

Additional comments from tester:

none provided

------------------------------
PROGRAM OUTPUT
------------------------------

Output from '':

Building and testing Class-PObject-2.17
cp PObject/Test/Basic.pm blib\lib\Class\PObject\Test\Basic.pm
cp PObject/Driver/mysql.pm blib\lib\Class\PObject\Driver\mysql.pm
cp PObject/Driver/csv.pm blib\lib\Class\PObject\Driver\csv.pm
cp PObject/Driver/DBI.pm blib\lib\Class\PObject\Driver\DBI.pm
cp PObject/Driver.pm blib\lib\Class\PObject\Driver.pm
cp PObject/Driver/DBM.pm blib\lib\Class\PObject\Driver\DBM.pm
cp PObject.pm blib\lib\Class\PObject.pm
cp PObject/Iterator.pm blib\lib\Class\PObject\Iterator.pm
cp PObject/Driver/file.pm blib\lib\Class\PObject\Driver\file.pm
cp PObject/Type/CHAR.pm blib\lib\Class\PObject\Type\CHAR.pm
cp PObject/Type/INTEGER.pm blib\lib\Class\PObject\Type\INTEGER.pm
cp PObject/Type.pm blib\lib\Class\PObject\Type.pm
cp PObject/Type/MD5.pm blib\lib\Class\PObject\Type\MD5.pm
cp PObject/Template.pm blib\lib\Class\PObject\Template.pm
cp PObject/Test/Types.pm blib\lib\Class\PObject\Test\Types.pm
cp PObject/Driver/db_file.pm blib\lib\Class\PObject\Driver\db_file.pm
cp PObject/Type/ENCRYPT.pm blib\lib\Class\PObject\Type\ENCRYPT.pm
cp PObject/Test/HAS_A.pm blib\lib\Class\PObject\Test\HAS_A.pm
cp PObject/Driver/sqlite.pm blib\lib\Class\PObject\Driver\sqlite.pm
cp PObject/Test.pm blib\lib\Class\PObject\Test.pm
cp PObject/Type/VARCHAR.pm blib\lib\Class\PObject\Type\VARCHAR.pm
cp PObject/Type/TEXT.pm blib\lib\Class\PObject\Type\TEXT.pm
"D:\Perl\5_22\perl\bin\perl.exe" "-MExtUtils::Command::MM" "-MTest::Harness" "-e" "undef *Test::Harness::Switches; test_harness(0, 'blib\lib', 'blib\arch')" t/*.t
t/01basic_file.t ..... ok
DBD::CSV::db do failed: 
Execution ERROR: Cannot create table po_author: Already exists at D:/Perl/5_22/perl/vendor/lib/DBI/DBD/SqlEngine.pm line 1595.
 called from D:\Perl\5_22\data\.cpanm\work\1433680961.7000\Class-PObject-2.17\blib\lib/Class/PObject/Driver/csv.pm at 124.

 at D:/Perl/5_22/perl/vendor/lib/DBI/DBD/SqlEngine.pm line 1245.
 [for Statement "
CREATE TABLE po_author (
	id INTEGER PRIMARY KEY ,
	name VARCHAR(40) ,
	url VARCHAR(255) ,
	email VARCHAR(255) 
)"] at D:\Perl\5_22\data\.cpanm\work\1433680961.7000\Class-PObject-2.17\blib\lib/Class/PObject/Driver/csv.pm line 124.
DBD::CSV::db do failed: 
Execution ERROR: Cannot create table po_author: Already exists at D:/Perl/5_22/perl/vendor/lib/DBI/DBD/SqlEngine.pm line 1595.
 called from D:\Perl\5_22\data\.cpanm\work\1433680961.7000\Class-PObject-2.17\blib\lib/Class/PObject/Driver/csv.pm at 124.

 at D:/Perl/5_22/perl/vendor/lib/DBI/DBD/SqlEngine.pm line 1245.
 [for Statement "
CREATE TABLE po_author (
	id INTEGER PRIMARY KEY ,
	name VARCHAR(40) ,
	url VARCHAR(255) ,
	email VARCHAR(255) 
)"] at D:\Perl\5_22\data\.cpanm\work\1433680961.7000\Class-PObject-2.17\blib\lib/Class/PObject/Driver/csv.pm line 124.
# Looks like you planned 204 tests but ran 43.
# Looks like your test exited with 2 just after 43.
t/06basic_csv.t ...... 
Dubious, test returned 2 (wstat 512, 0x200)
Failed 161/204 subtests 
t/11basic_mysql.t .... skipped: Read INSTALL for details on running mysql-related tests
t/16basic_db_file.t .. ok

#   Failed test at D:\Perl\5_22\data\.cpanm\work\1433680961.7000\Class-PObject-2.17\blib\lib/Class/PObject/Test/Basic.pm line 195.

#   Failed test at D:\Perl\5_22\data\.cpanm\work\1433680961.7000\Class-PObject-2.17\blib\lib/Class/PObject/Test/Basic.pm line 198.

#   Failed test at D:\Perl\5_22\data\.cpanm\work\1433680961.7000\Class-PObject-2.17\blib\lib/Class/PObject/Test/Basic.pm line 231.
Can't call method "title" on an undefined value at D:\Perl\5_22\data\.cpanm\work\1433680961.7000\Class-PObject-2.17\blib\lib/Class/PObject/Test/Basic.pm line 233.
# Looks like you planned 204 tests but ran 51.
# Looks like you failed 3 tests of 51 run.
# Looks like your test exited with 255 just after 51.
t/21basic_sqlite.t ... 
Dubious, test returned 255 (wstat 65280, 0xff00)
Failed 156/204 subtests 
t/61types_file.t ..... ok
DBD::CSV::db do failed: 
Execution ERROR: Cannot create table user: Already exists at D:/Perl/5_22/perl/vendor/lib/DBI/DBD/SqlEngine.pm line 1595.
 called from D:\Perl\5_22\data\.cpanm\work\1433680961.7000\Class-PObject-2.17\blib\lib/Class/PObject/Driver/csv.pm at 124.

 at D:/Perl/5_22/perl/vendor/lib/DBI/DBD/SqlEngine.pm line 1245.
 [for Statement "
CREATE TABLE user (
	id INTEGER PRIMARY KEY ,
	name VARCHAR(40) ,
	login CHAR(18) ,
	psswd CHAR(18) ,
	activation_key CHAR(32) 
)"] at D:\Perl\5_22\data\.cpanm\work\1433680961.7000\Class-PObject-2.17\blib\lib/Class/PObject/Driver/csv.pm line 124.
DBD::CSV::db do failed: 
Execution ERROR: Cannot create table user: Already exists at D:/Perl/5_22/perl/vendor/lib/DBI/DBD/SqlEngine.pm line 1595.
 called from D:\Perl\5_22\data\.cpanm\work\1433680961.7000\Class-PObject-2.17\blib\lib/Class/PObject/Driver/csv.pm at 124.

 at D:/Perl/5_22/perl/vendor/lib/DBI/DBD/SqlEngine.pm line 1245.
 [for Statement "
CREATE TABLE user (
	id INTEGER PRIMARY KEY ,
	name VARCHAR(40) ,
	login CHAR(18) ,
	psswd CHAR(18) ,
	activation_key CHAR(32) 
)"] at D:\Perl\5_22\data\.cpanm\work\1433680961.7000\Class-PObject-2.17\blib\lib/Class/PObject/Driver/csv.pm line 124.
# Looks like you planned 46 tests but ran 19.
# Looks like your test exited with 2 just after 19.
t/62types_csv.t ...... 
Dubious, test returned 2 (wstat 512, 0x200)
Failed 27/46 subtests 
t/63types_db_file.t .. ok
t/64types_mysql.t .... skipped: Read INSTALL for details on running mysql-related tests

#   Failed test at D:\Perl\5_22\data\.cpanm\work\1433680961.7000\Class-PObject-2.17\blib\lib/Class/PObject/Test/Types.pm line 105.
Can't call method "name" on an undefined value at D:\Perl\5_22\data\.cpanm\work\1433680961.7000\Class-PObject-2.17\blib\lib/Class/PObject/Test/Types.pm line 113.
# Looks like you planned 46 tests but ran 21.
# Looks like you failed 1 test of 21 run.
# Looks like your test exited with 2 just after 21.
t/65types_sqlite.t ... 
Dubious, test returned 2 (wstat 512, 0x200)
Failed 26/46 subtests 
t/70hasa_file.t ...... ok
DBD::CSV::db do failed: 
Execution ERROR: Cannot create table po_author: Already exists at D:/Perl/5_22/perl/vendor/lib/DBI/DBD/SqlEngine.pm line 1595.
 called from D:\Perl\5_22\data\.cpanm\work\1433680961.7000\Class-PObject-2.17\blib\lib/Class/PObject/Driver/csv.pm at 124.

 at D:/Perl/5_22/perl/vendor/lib/DBI/DBD/SqlEngine.pm line 1245.
 [for Statement "
CREATE TABLE po_author (
	id INTEGER PRIMARY KEY ,
	name VARCHAR(255) 
)"] at D:\Perl\5_22\data\.cpanm\work\1433680961.7000\Class-PObject-2.17\blib\lib/Class/PObject/Driver/csv.pm line 124.
DBD::CSV::db do failed: 
Execution ERROR: Cannot create table po_author: Already exists at D:/Perl/5_22/perl/vendor/lib/DBI/DBD/SqlEngine.pm line 1595.
 called from D:\Perl\5_22\data\.cpanm\work\1433680961.7000\Class-PObject-2.17\blib\lib/Class/PObject/Driver/csv.pm at 124.

 at D:/Perl/5_22/perl/vendor/lib/DBI/DBD/SqlEngine.pm line 1245.
 [for Statement "
CREATE TABLE po_author (
	id INTEGER PRIMARY KEY ,
	name VARCHAR(255) 
)"] at D:\Perl\5_22\data\.cpanm\work\1433680961.7000\Class-PObject-2.17\blib\lib/Class/PObject/Driver/csv.pm line 124.
# Looks like you planned 37 tests but ran 7.
# Looks like your test exited with 2 just after 7.
t/71hasa_csv.t ....... 
Dubious, test returned 2 (wstat 512, 0x200)
Failed 30/37 subtests 
t/72hasa_mysql.t ..... skipped: Read INSTALL for details on running mysql-related tests
t/73hasa_db_file.t ... ok

#   Failed test at D:\Perl\5_22\data\.cpanm\work\1433680961.7000\Class-PObject-2.17\blib\lib/Class/PObject/Test/HAS_A.pm line 99.

#   Failed test at D:\Perl\5_22\data\.cpanm\work\1433680961.7000\Class-PObject-2.17\blib\lib/Class/PObject/Test/HAS_A.pm line 108.
Can't call method "author" on an undefined value at D:\Perl\5_22\data\.cpanm\work\1433680961.7000\Class-PObject-2.17\blib\lib/Class/PObject/Test/HAS_A.pm line 112.
# Looks like you planned 37 tests but ran 15.
# Looks like you failed 2 tests of 15 run.
# Looks like your test exited with 2 just after 15.
t/74hasa_sqlite.t .... 
Dubious, test returned 2 (wstat 512, 0x200)
Failed 24/37 subtests 

Test Summary Report
-------------------
t/06basic_csv.t    (Wstat: 512 Tests: 43 Failed: 0)
  Non-zero exit status: 2
  Parse errors: Bad plan.  You planned 204 tests but ran 43.
t/21basic_sqlite.t (Wstat: 65280 Tests: 51 Failed: 3)
  Failed tests:  45-46, 51
  Non-zero exit status: 255
  Parse errors: Bad plan.  You planned 204 tests but ran 51.
t/62types_csv.t    (Wstat: 512 Tests: 19 Failed: 0)
  Non-zero exit status: 2
  Parse errors: Bad plan.  You planned 46 tests but ran 19.
t/65types_sqlite.t (Wstat: 512 Tests: 21 Failed: 1)
  Failed test:  21
  Non-zero exit status: 2
  Parse errors: Bad plan.  You planned 46 tests but ran 21.
t/71hasa_csv.t     (Wstat: 512 Tests: 7 Failed: 0)
  Non-zero exit status: 2
  Parse errors: Bad plan.  You planned 37 tests but ran 7.
t/74hasa_sqlite.t  (Wstat: 512 Tests: 15 Failed: 2)
  Failed tests:  12, 15
  Non-zero exit status: 2
  Parse errors: Bad plan.  You planned 37 tests but ran 15.
Files=15, Tests=730, 17 wallclock secs ( 0.45 usr +  0.05 sys =  0.50 CPU)
Result: FAIL

------------------------------
PREREQUISITES
------------------------------

Prerequisite modules loaded:

    No requirements found

------------------------------
ENVIRONMENT AND OTHER CONTEXT
------------------------------

Environment variables:

    COMSPEC = C:\Windows\system32\cmd.exe
    NUMBER_OF_PROCESSORS = 4
    PATH = D:\Perl\5_22\perl\site\bin;D:\Perl\5_22\perl\bin;D:\Perl\5_22\c\bin;C:\Program Files\ActiveState Komodo IDE 9\;C:\ProgramData\Oracle\Java\javapath;C:\Program Files\Broadcom\Broadcom 802.11 Network Adapter\Driver;;;C:\Program Files\Intel\TXE Components\TCS\;C:\Windows\system32;C:\Windows;C:\Windows\System32\Wbem;C:\Windows\System32\WindowsPowerShell\v1.0\;C:\Program Files\Intel\TXE Components\DAL\;C:\Program Files\Intel\TXE Components\IPT\;D:\Perl\c\bin;D:\Perl\perl\site\bin;D:\Perl\perl\bin;D:\texlive\2014\bin\win32;C:\Users\Karl\AppData\Local\Code\bin
    PROCESSOR_IDENTIFIER = x86 Family 6 Model 55 Stepping 3, GenuineIntel
    TEMP = C:\Users\Karl\AppData\Local\Temp

Perl special variables (and OS-specific diagnostics, for MSWin32):

    EGID = 0
    EUID = 0
    EXECUTABLE_NAME = D:\Perl\5_22\perl\bin\perl.exe
    GID = 0
    UID = 0
    Win32::FsType = NTFS
    Win32::GetOSName = Win8
    Win32::GetOSVersion = , 6, 2, 9200, 2, 0, 0, 768, 1
    Win32::IsAdminUser = 0

Perl module toolchain versions installed:

    Module              Have    
    ------------------- --------
    CPAN                2.11    
    CPAN::Meta          2.150001
    Cwd                 3.56    
    ExtUtils::CBuilder  0.280221
    ExtUtils::Command   1.20    
    ExtUtils::Install   2.04    
    ExtUtils::MakeMaker 7.04_01 
    ExtUtils::Manifest  1.70    
    ExtUtils::ParseXS   3.28    
    File::Spec          3.56    
    JSON                2.90    
    JSON::PP            2.27300 
    Module::Build       0.4212  
    Module::Signature   n/a     
    Parse::CPAN::Meta   1.4414  
    Test::Harness       3.35    
    Test::More          1.001014
    YAML                1.15    
    YAML::Syck          1.29    
    version             0.9912  


--

Summary of my perl5 (revision 5 version 22 subversion 0) configuration:
   
  Platform:
    osname=MSWin32, osvers=6.3, archname=MSWin32-x86-multi-thread-64int
    uname='Win32 strawberry-perl 5.22.0.1 #1 Mon Jun  1 20:04:50 2015 i386'
    config_args='undef'
    hint=recommended, useposix=true, d_sigaction=undef
    useithreads=define, usemultiplicity=define
    use64bitint=define, use64bitall=undef, uselongdouble=undef
    usemymalloc=n, bincompat5005=undef
  Compiler:
    cc='gcc', ccflags =' -s -O2 -DWIN32  -DPERL_TEXTMODE_SCRIPTS -DPERL_IMPLICIT_CONTEXT -DPERL_IMPLICIT_SYS -fwrapv -fno-strict-aliasing -mms-bitfields',
    optimize='-s -O2',
    cppflags='-DWIN32'
    ccversion='', gccversion='4.9.2', gccosandvers=''
    intsize=4, longsize=4, ptrsize=4, doublesize=8, byteorder=12345678, doublekind=3
    d_longlong=define, longlongsize=8, d_longdbl=define, longdblsize=8, longdblkind=3
    ivtype='long long', ivsize=8, nvtype='double', nvsize=8, Off_t='long long', lseeksize=8
    alignbytes=8, prototype=define
  Linker and Libraries:
    ld='g++.exe', ldflags ='-s -L"D:\Perl\5_22\perl\lib\CORE" -L"D:\Perl\5_22\c\lib"'
    libpth=D:\Perl\5_22\c\lib D:\Perl\5_22\c\i686-w64-mingw32\lib D:\Perl\5_22\c\lib\gcc\i686-w64-mingw32\4.9.2
    libs=-lmoldname -lkernel32 -luser32 -lgdi32 -lwinspool -lcomdlg32 -ladvapi32 -lshell32 -lole32 -loleaut32 -lnetapi32 -luuid -lws2_32 -lmpr -lwinmm -lversion -lodbc32 -lodbccp32 -lcomctl32
    perllibs=-lmoldname -lkernel32 -luser32 -lgdi32 -lwinspool -lcomdlg32 -ladvapi32 -lshell32 -lole32 -loleaut32 -lnetapi32 -luuid -lws2_32 -lmpr -lwinmm -lversion -lodbc32 -lodbccp32 -lcomctl32
    libc=, so=dll, useshrplib=true, libperl=libperl522.a
    gnulibc_version=''
  Dynamic Linking:
    dlsrc=dl_win32.xs, dlext=xs.dll, d_dlsymun=undef, ccdlflags=' '
    cccdlflags=' ', lddlflags='-mdll -s -L"D:\Perl\5_22\perl\lib\CORE" -L"D:\Perl\5_22\c\lib"'


Characteristics of this binary (from libperl): 
  Compile-time options: HAS_TIMES HAVE_INTERP_INTERN MULTIPLICITY
                        PERLIO_LAYERS PERL_DONT_CREATE_GVSV
                        PERL_HASH_FUNC_ONE_AT_A_TIME_HARD
                        PERL_IMPLICIT_CONTEXT PERL_IMPLICIT_SYS
                        PERL_MALLOC_WRAP PERL_NEW_COPY_ON_WRITE
                        PERL_PRESERVE_IVUV USE_64_BIT_INT USE_ITHREADS
                        USE_LARGE_FILES USE_LOCALE USE_LOCALE_COLLATE
                        USE_LOCALE_CTYPE USE_LOCALE_NUMERIC USE_LOCALE_TIME
                        USE_PERLIO USE_PERL_ATOF
  Built under MSWin32
  Compiled at Jun  1 2015 20:09:13
  @INC:
    D:/Perl/5_22/perl/site/lib/MSWin32-x86-multi-thread-64int
    D:/Perl/5_22/perl/site/lib
    D:/Perl/5_22/perl/vendor/lib
    D:/Perl/5_22/perl/lib
    .