Back
From: metabase:user:9820532a-708b-1014-9a05-b18a96298da1
Subject: FAIL Cvs-0.07 v5.14.2 GNU/Linux
Date: 2011-11-23T01:44:42Z
This distribution has been tested as part of the CPAN Testers
project, supporting the Perl programming language. See
http://wiki.cpantesters.org/ for more information or email
questions to cpan-testers-discuss@perl.org
--
Dear Olivier Poitrey,
This is a computer-generated report for Cvs-0.07
on perl 5.14.2, created by CPAN-Reporter-1.2002.
Thank you for uploading your work to CPAN. However, there was a problem
testing your distribution.
If you think this report is invalid, please consult the CPAN Testers Wiki
for suggestions on how to avoid getting FAIL reports for missing library
or binary dependencies, unsupported operating systems, and so on:
http://wiki.cpantesters.org/wiki/CPANAuthorNotes
Sections of this report:
* Tester comments
* Program output
* Prerequisites
* Environment and other context
------------------------------
TESTER COMMENTS
------------------------------
Additional comments from tester:
this report is from an automated smoke testing program
and was not reviewed by a human for accuracy
------------------------------
PROGRAM OUTPUT
------------------------------
Output from '/usr/bin/make test':
PERL_DL_NONLAZY=1 /home/bri/perl5/perlbrew/perls/perl-5.14.2/bin/perl5.14.2 "-MExtUtils::Command::MM" "-e" "test_harness(0, 'blib/lib', 'blib/arch')" t/*.t
Command 'cvs' not found in /home/bri/bin, /home/bri/perl5/perlbrew/bin, /home/bri/perl5/perlbrew/perls/perl-5.14.2/bin, ~/bin, /usr/local/sbin, /usr/local/bin, /usr/sbin, /usr/bin, /sbin, /bin, /usr/games at /home/bri/.cpan/build/Cvs-0.07-WMMgYH/blib/lib/Cvs/Command/Base.pm line 113
t/00checkout.t ..
Dubious, test returned 9 (wstat 2304, 0x900)
Failed 1/3 subtests
# Failed test 2 in t/05commit.t at line 12
# t/05commit.t line 12 is: ok($cvs);
Cannot open file `/home/bri/.cpan/build/Cvs-0.07-WMMgYH/cvs-test/test.txt': No such file or directory at t/05commit.t line 14.
t/05commit.t ....
Dubious, test returned 2 (wstat 512, 0x200)
Failed 4/5 subtests
# Failed test 2 in t/10status.t at line 11
# t/10status.t line 11 is: ok($cvs);
Can't call method "status" on an undefined value at t/10status.t line 13.
t/10status.t ....
Dubious, test returned 2 (wstat 512, 0x200)
Failed 10/11 subtests
# Failed test 2 in t/20tag.t at line 11
# t/20tag.t line 11 is: ok($cvs);
Can't call method "tag" on an undefined value at t/20tag.t line 13.
t/20tag.t .......
Dubious, test returned 2 (wstat 512, 0x200)
Failed 5/6 subtests
Command 'cvs' not found in /home/bri/bin, /home/bri/perl5/perlbrew/bin, /home/bri/perl5/perlbrew/perls/perl-5.14.2/bin, ~/bin, /usr/local/sbin, /usr/local/bin, /usr/sbin, /usr/bin, /sbin, /bin, /usr/games at /home/bri/.cpan/build/Cvs-0.07-WMMgYH/blib/lib/Cvs/Command/Base.pm line 113
t/21rtag.t ......
Dubious, test returned 9 (wstat 2304, 0x900)
Failed 4/6 subtests
# Failed test 2 in t/30update.t at line 11
# t/30update.t line 11 is: ok($cvs);
Cannot open file `/home/bri/.cpan/build/Cvs-0.07-WMMgYH/cvs-test/test.txt': No such file or directory at t/30update.t line 13.
t/30update.t ....
Dubious, test returned 2 (wstat 512, 0x200)
Failed 5/6 subtests
# Failed test 2 in t/40diff.t at line 11
# t/40diff.t line 11 is: ok($cvs);
Cannot open file `/home/bri/.cpan/build/Cvs-0.07-WMMgYH/cvs-test/test.txt': No such file or directory at t/40diff.t line 13.
t/40diff.t ......
Dubious, test returned 2 (wstat 512, 0x200)
Failed 5/6 subtests
Command 'cvs' not found in /home/bri/bin, /home/bri/perl5/perlbrew/bin, /home/bri/perl5/perlbrew/perls/perl-5.14.2/bin, ~/bin, /usr/local/sbin, /usr/local/bin, /usr/sbin, /usr/bin, /sbin, /bin, /usr/games at /home/bri/.cpan/build/Cvs-0.07-WMMgYH/blib/lib/Cvs/Command/Base.pm line 113
t/50export.t ....
Dubious, test returned 9 (wstat 2304, 0x900)
Failed 1/3 subtests
Command 'cvs' not found in /home/bri/bin, /home/bri/perl5/perlbrew/bin, /home/bri/perl5/perlbrew/perls/perl-5.14.2/bin, ~/bin, /usr/local/sbin, /usr/local/bin, /usr/sbin, /usr/bin, /sbin, /bin, /usr/games at /home/bri/.cpan/build/Cvs-0.07-WMMgYH/blib/lib/Cvs/Command/Base.pm line 113
t/90release.t ...
Dubious, test returned 9 (wstat 2304, 0x900)
Failed 2/4 subtests
Test Summary Report
-------------------
t/00checkout.t (Wstat: 2304 Tests: 2 Failed: 0)
Non-zero exit status: 9
Parse errors: Bad plan. You planned 3 tests but ran 2.
t/05commit.t (Wstat: 512 Tests: 2 Failed: 1)
Failed test: 2
Non-zero exit status: 2
Parse errors: Bad plan. You planned 5 tests but ran 2.
t/10status.t (Wstat: 512 Tests: 2 Failed: 1)
Failed test: 2
Non-zero exit status: 2
Parse errors: Bad plan. You planned 11 tests but ran 2.
t/20tag.t (Wstat: 512 Tests: 2 Failed: 1)
Failed test: 2
Non-zero exit status: 2
Parse errors: Bad plan. You planned 6 tests but ran 2.
t/21rtag.t (Wstat: 2304 Tests: 2 Failed: 0)
Non-zero exit status: 9
Parse errors: Bad plan. You planned 6 tests but ran 2.
t/30update.t (Wstat: 512 Tests: 2 Failed: 1)
Failed test: 2
Non-zero exit status: 2
Parse errors: Bad plan. You planned 6 tests but ran 2.
t/40diff.t (Wstat: 512 Tests: 2 Failed: 1)
Failed test: 2
Non-zero exit status: 2
Parse errors: Bad plan. You planned 6 tests but ran 2.
t/50export.t (Wstat: 2304 Tests: 2 Failed: 0)
Non-zero exit status: 9
Parse errors: Bad plan. You planned 3 tests but ran 2.
t/90release.t (Wstat: 2304 Tests: 2 Failed: 0)
Non-zero exit status: 9
Parse errors: Bad plan. You planned 4 tests but ran 2.
Files=9, Tests=18, 1 wallclock secs ( 0.05 usr 0.01 sys + 0.58 cusr 0.08 csys = 0.72 CPU)
Result: FAIL
Failed 9/9 test programs. 5/18 subtests failed.
make: *** [test_dynamic] Error 9
------------------------------
PREREQUISITES
------------------------------
Prerequisite modules loaded:
requires:
Module Need Have
------------------- ---- -------
Class::Accessor 0.17 0.34
Cwd 2.04 3.33
File::Temp 0.12 0.22
FileHandle 2.0 2.02
IO::Pty 1.02 1.10
IPC::Run 0.74 0.90
build_requires:
Module Need Have
------------------- ---- -------
ExtUtils::MakeMaker 0 6.63_02
------------------------------
ENVIRONMENT AND OTHER CONTEXT
------------------------------
Environment variables:
AUTOMATED_TESTING = 1
LANG = C
LANGUAGE = en_GB:en
LC_ALL = C
PATH = /home/bri/bin:/home/bri/perl5/perlbrew/bin:/home/bri/perl5/perlbrew/perls/perl-5.14.2/bin:~/bin:/usr/local/sbin:/usr/local/bin:/usr/sbin:/usr/bin:/sbin:/bin:/usr/games
PATH_WITHOUT_PERLBREW = ~/bin:/usr/local/sbin:/usr/local/bin:/usr/sbin:/usr/bin:/sbin:/bin:/usr/games
PERL5LIB =
PERL5OPT =
PERL5_CPANPLUS_IS_RUNNING = 3020
PERL5_CPAN_IS_RUNNING = 3020
PERL5_CPAN_IS_RUNNING_IN_RECURSION = 24478,3020
PERLBREW_BASHRC_VERSION = 0.33
PERLBREW_HOME = /home/bri/.perlbrew
PERLBREW_PATH = /home/bri/perl5/perlbrew/bin:/home/bri/perl5/perlbrew/perls/perl-5.14.2/bin
PERLBREW_PERL = perl-5.14.2
PERLBREW_ROOT = /home/bri/perl5/perlbrew
PERLBREW_VERSION = 0.33
PERL_CPANM_OPT = --prompt --mirror http://172.16.1.3/cpan/
PERL_CR_SMOKER_CURRENT = Cvs-0.07
PERL_EXTUTILS_AUTOINSTALL = --defaultdeps
PERL_MM_USE_DEFAULT = 1
SHELL = /bin/bash
TERM = linux
Perl special variables (and OS-specific diagnostics, for MSWin32):
$^X = /home/bri/perl5/perlbrew/perls/perl-5.14.2/bin/perl5.14.2
$UID/$EUID = 1000 / 1000
$GID = 1000 4 20 24 46 112 120 122 1000
$EGID = 1000 4 20 24 46 112 120 122 1000
Perl module toolchain versions installed:
Module Have
------------------- --------
CPAN 1.9800
CPAN::Meta 2.112621
Cwd 3.33
ExtUtils::CBuilder 0.280202
ExtUtils::Command 1.17
ExtUtils::Install 1.52
ExtUtils::MakeMaker 6.63_02
ExtUtils::Manifest 1.60
ExtUtils::ParseXS 3.05
File::Spec 3.33
JSON 2.27
JSON::PP 2.27008
Module::Build 0.3800
Module::Signature n/a
Parse::CPAN::Meta 1.4401
Test::Harness 3.23
Test::More 0.98
YAML 0.73
YAML::Syck 1.19
version 0.95
--
Summary of my perl5 (revision 5 version 14 subversion 2) configuration:
Platform:
osname=linux, osvers=2.6.38-11-generic, archname=i686-linux
uname='linux lappy 2.6.38-11-generic #48-ubuntu smp fri jul 29 19:05:14 utc 2011 i686 i686 i386 gnulinux '
config_args='-de -Dprefix=/home/bri/perl5/perlbrew/perls/perl-5.14.2'
hint=recommended, useposix=true, d_sigaction=define
useithreads=undef, usemultiplicity=undef
useperlio=define, d_sfio=undef, uselargefiles=define, usesocks=undef
use64bitint=undef, use64bitall=undef, uselongdouble=undef
usemymalloc=n, bincompat5005=undef
Compiler:
cc='cc', ccflags ='-fno-strict-aliasing -pipe -fstack-protector -I/usr/local/include -D_LARGEFILE_SOURCE -D_FILE_OFFSET_BITS=64',
optimize='-O2',
cppflags='-fno-strict-aliasing -pipe -fstack-protector -I/usr/local/include'
ccversion='', gccversion='4.5.2', gccosandvers=''
intsize=4, longsize=4, ptrsize=4, doublesize=8, byteorder=1234
d_longlong=define, longlongsize=8, d_longdbl=define, longdblsize=12
ivtype='long', ivsize=4, nvtype='double', nvsize=8, Off_t='off_t', lseeksize=8
alignbytes=4, prototype=define
Linker and Libraries:
ld='cc', ldflags =' -fstack-protector -L/usr/local/lib'
libpth=/usr/local/lib /lib /usr/lib /usr/lib/i386-linux-gnu /usr/lib64
libs=-lnsl -ldl -lm -lcrypt -lutil -lc
perllibs=-lnsl -ldl -lm -lcrypt -lutil -lc
libc=, so=so, useshrplib=false, libperl=libperl.a
gnulibc_version='2.13'
Dynamic Linking:
dlsrc=dl_dlopen.xs, dlext=so, d_dlsymun=undef, ccdlflags='-Wl,-E'
cccdlflags='-fPIC', lddlflags='-shared -O2 -L/usr/local/lib -fstack-protector'
Characteristics of this binary (from libperl):
Compile-time options: PERL_DONT_CREATE_GVSV PERL_MALLOC_WRAP
PERL_PRESERVE_IVUV USE_LARGE_FILES USE_PERLIO
USE_PERL_ATOF
Built under linux
Compiled at Nov 15 2011 23:23:28
%ENV:
PERL5LIB=""
PERL5OPT=""
PERL5_CPANPLUS_IS_RUNNING="3020"
PERL5_CPAN_IS_RUNNING="3020"
PERL5_CPAN_IS_RUNNING_IN_RECURSION="24478,3020"
PERLBREW_BASHRC_VERSION="0.33"
PERLBREW_HOME="/home/bri/.perlbrew"
PERLBREW_PATH="/home/bri/perl5/perlbrew/bin:/home/bri/perl5/perlbrew/perls/perl-5.14.2/bin"
PERLBREW_PERL="perl-5.14.2"
PERLBREW_ROOT="/home/bri/perl5/perlbrew"
PERLBREW_VERSION="0.33"
PERL_CPANM_OPT="--prompt --mirror http://172.16.1.3/cpan/"
PERL_CR_SMOKER_CURRENT="Cvs-0.07"
PERL_EXTUTILS_AUTOINSTALL="--defaultdeps"
PERL_MM_USE_DEFAULT="1"
@INC:
/home/bri/perl5/perlbrew/perls/perl-5.14.2/lib/site_perl/5.14.2/i686-linux
/home/bri/perl5/perlbrew/perls/perl-5.14.2/lib/site_perl/5.14.2
/home/bri/perl5/perlbrew/perls/perl-5.14.2/lib/5.14.2/i686-linux
/home/bri/perl5/perlbrew/perls/perl-5.14.2/lib/5.14.2
.