XML-XPathScript v2.00 Perl 5 v5.35.10 x86_64-linux-thread-multi

Status
Fail
From
Andreas J. König (ANDK)
Dist
XML-XPathScript v2.00
Platform
Perl 5 v5.35.10 x86_64-linux-thread-multi
Date
2022-03-13 03:36:06
ID
b718d33e-a27e-11ec-91ba-4743a3b705c3
This distribution has been tested as part of the CPAN Testers
project, supporting the Perl programming language.  See
http://wiki.cpantesters.org/ for more information or email
questions to cpan-testers-discuss@perl.org


--
Dear Yanick Champoux,

This is a computer-generated report for XML-XPathScript-2.00
on perl 5.35.10, created by CPAN-Reporter-1.2018.

Thank you for uploading your work to CPAN.  However, there was a problem
testing your distribution.

If you think this report is invalid, please consult the CPAN Testers Wiki
for suggestions on how to avoid getting FAIL reports for missing library
or binary dependencies, unsupported operating systems, and so on:

http://wiki.cpantesters.org/wiki/CPANAuthorNotes

Sections of this report:

    * Tester comments
    * Program output
    * Prerequisites
    * Environment and other context

------------------------------
TESTER COMMENTS
------------------------------

Additional comments from tester:

this report is from an automated smoke testing program
and was not reviewed by a human for accuracy

------------------------------
PROGRAM OUTPUT
------------------------------

Output from '/usr/bin/make test':

PERL_DL_NONLAZY=1 "/tmp/basesmoker-reloperl-MgV0/bin/perl" "-MExtUtils::Command::MM" "-MTest::Harness" "-e" "undef *Test::Harness::Switches; test_harness(0, 'blib/lib', 'blib/arch')" t/*.t
t/00-compile.t ................. ok
# 
# Versions for all modules listed in MYMETA.json (including optional ones):
# 
# === Configure Requires ===
# 
#     Module              Want Have
#     ------------------- ---- ----
#     ExtUtils::MakeMaker  any 7.64
# 
# === Build Requires ===
# 
#     Module              Want Have
#     ------------------- ---- ----
#     ExtUtils::MakeMaker  any 7.64
# 
# === Test Requires ===
# 
#     Module              Want     Have
#     ------------------- ---- --------
#     ExtUtils::MakeMaker  any     7.64
#     File::Spec           any     3.84
#     IO::File             any     1.48
#     IO::Handle           any     1.48
#     IPC::Open3           any     1.22
#     Test                 any     1.31
#     Test::More           any 1.302190
# 
# === Test Recommends ===
# 
#     Module         Want     Have
#     ---------- -------- --------
#     CPAN::Meta 2.120900 2.150010
# 
# === Runtime Requires ===
# 
#     Module                Want   Have
#     --------------------- ---- ------
#     Carp                   any   1.52
#     Clone                  any   0.45
#     Data::Dumper           any  2.184
#     Exporter               any   5.77
#     File::Basename         any   2.85
#     Readonly               any   2.05
#     Scalar::Util           any   1.61
#     Symbol                 any   1.09
#     XML::LibXML            any 2.0207
#     XML::Parser            any   2.46
#     XML::XPath             any   1.44
#     XML::XPath::Node       any   1.44
#     XML::XPath::NodeSet    any   1.44
#     XML::XPath::XMLParser  any   1.44
#     base                   any   2.27
#     bytes                  any   1.08
#     constant               any   1.33
#     overload               any   1.35
#     strict                 any   1.12
#     utf8                   any   1.24
#     vars                   any   1.05
#     warnings               any   1.58
# 
t/00-report-prereqs.t .......... ok
t/01basic.t .................... ok
t/02interpolate.t .............. ok

#   Failed test 'late inclusion of XML::XPathScript'
#   at t/03general.t line 16.
#          got: ''
#     expected: undef

#   Failed test 'printing undefs should not trigger a warning'
#   at t/03general.t line 230.
#          got: ''
#     expected: undef
# Looks like you failed 2 tests of 26.
t/03general.t .................. 
Dubious, test returned 2 (wstat 512, 0x200)
Failed 2/26 subtests 
t/04unicode.t .................. ok
t/05textnode.t ................. ok
t/06testcode.t ................. ok
t/07stylesheetcallbacks.t ...... ok
t/08document.t ................. ok
t/09argencoding.t .............. ok
t/10comments.t ................. ok
t/11new_interface.t ............ ok
t/12template.t ................. ok
t/13samples.t .................. ok
t/14transform.t ................ ok
t/15stylesheet_dependencies.t .. ok
t/16stylesheet_arguments.t ..... ok
t/17xml_loading.t .............. ok
t/18tag.t ...................... ok
t/19namespace.t ................ ok
This is $Id: docbook2latex.xps 32928 2006-02-01 17:59:52Z dom $
Using XML::LibXML version 2.0207, XML::XPathScript version 2.00
Unknown Unicode character (code 0x0) : <control>
Modify me! (array %uniconvs at the top of docbook2latex.xps)
/article[1]/sect1[@id="SEC-tables"]/table[@id="CC-Niveaux-Assurance"]/tgroup[1]/tbody[1]/row[1]/entry[1]:
     I don't know how to align multiline cells in TeX in stylesheet line 2104
/article[1]/sect1[@id="SEC-tables"]/table[@id="CC-Niveaux-Assurance"]/tgroup[1]/tbody[1]:
     No more room for this cell (row 3, entry 12) in stylesheet line 1971

/article[1]/sect1[2]/para[7]/xref[1]:
     label "FOOT-imbriquee" not found in stylesheet line 2435
/article[1]/sect1[3]/sect2[1]/screenco[1]/calloutlist[1]/callout[1]:
     No area definition found for premiere for this callout in stylesheet line 1379
/article[1]/sect1[3]/sect2[1]/screenco[1]/calloutlist[1]/callout[2]:
     No area definition found for premiere for this callout in stylesheet line 1379
/article[1]/sect1[3]/sect2[1]/screenco[1]/calloutlist[1]/callout[2]:
     No area definition found for troisieme for this callout in stylesheet line 1379
/article[1]/sect1[3]/sect2[1]/screenco[1]/calloutlist[1]/callout[3]:
     No area definition found for tout-le-texte for this callout in stylesheet line 1379
/article[1]/sect1[4]/para[1]/blockquote[1]/para[1]/xref[1]:
     label "TABLE1" not found in stylesheet line 2435
/article[1]/sect1[4]/para[1]/blockquote[1]/para[1]/xref[2]:
     label "SEC-tables" not found in stylesheet line 2435
/article[1]/sect1[4]/para[1]/blockquote[1]/para[1]/xref[3]:
     label "TABLE2" not found in stylesheet line 2435
/article[1]/sect1[4]/para[1]/blockquote[1]/para[1]/xref[4]:
     label "TABLE1" not found in stylesheet line 2435
/article[1]/sect1[4]/para[1]/blockquote[2]/para[1]/xref[1]:
     label "TABLE1" not found in stylesheet line 2435
/article[1]/sect1[4]/para[1]/blockquote[2]/para[1]/xref[2]:
     label "SEC-tables" not found in stylesheet line 2435
/article[1]/sect1[4]/para[1]/blockquote[2]/para[1]/xref[3]:
     label "TABLE2" not found in stylesheet line 2435
/article[1]/sect1[4]/para[1]/blockquote[2]/para[1]/xref[4]:
     label "TABLE1" not found in stylesheet line 2435
/article[1]/sect1[4]/para[2]/orderedlist[1]/listitem[2]/para[1]/xref[1]:
     label "SEC-chef-tjrs-raison" not found in stylesheet line 2435
t/20docbookxml2latex.t ......... ok
t/21processor.t ................ ok
t/22stylesheet.t ............... ok
t/24content.t .................. ok
t/25stylesheetlines.t .......... ok
t/26bxpath.t ................... skipped: B::XPath not installed
t/27template_import.t .......... ok
t/28function_overload.t ........ ok

Test Summary Report
-------------------
t/03general.t                (Wstat: 512 Tests: 26 Failed: 2)
  Failed tests:  1, 26
  Non-zero exit status: 2
Files=29, Tests=136,  4 wallclock secs ( 0.07 usr  0.10 sys +  2.45 cusr  0.71 csys =  3.33 CPU)
Result: FAIL
Failed 1/29 test programs. 2/136 subtests failed.
make: *** [Makefile:938: test_dynamic] Error 255

------------------------------
PREREQUISITES
------------------------------

Prerequisite modules loaded:

requires:

    Module                Need  Have    
    --------------------- ----- --------
    base                  0     2.27    
    bytes                 0     1.08    
    Carp                  0     1.52    
    Clone                 0     0.45    
    constant              0     1.33    
    Data::Dumper          0     2.184   
    Exporter              0     5.77    
    File::Basename        0     2.85    
    overload              0     1.35    
    perl                  5.006 5.035010
    Readonly              0     2.05    
    Scalar::Util          0     1.61    
    strict                0     1.12    
    Symbol                0     1.09    
    utf8                  0     1.24    
    vars                  0     1.05    
    warnings              0     1.58    
    XML::LibXML           0     2.0207  
    XML::Parser           0     2.46    
    XML::XPath            0     1.44    
    XML::XPath::Node      0     1.44    
    XML::XPath::NodeSet   0     1.44    
    XML::XPath::XMLParser 0     1.44    

build_requires:

    Module                Need  Have    
    --------------------- ----- --------
    ExtUtils::MakeMaker   0     7.64    
    File::Spec            0     3.84    
    IO::File              0     1.48    
    IO::Handle            0     1.48    
    IPC::Open3            0     1.22    
    Test                  0     1.31    
    Test::More            0     1.302190

configure_requires:

    Module                Need  Have    
    --------------------- ----- --------
    ExtUtils::MakeMaker   0     7.64    


------------------------------
ENVIRONMENT AND OTHER CONTEXT
------------------------------

Environment variables:

    AUTOMATED_TESTING = 1
    LANG = en_US.UTF-8
    PATH = /home/sand/bin:/usr/local/bin:/usr/bin:/bin:/usr/games:/usr/local/perl/bin:/usr/X11/bin:/sbin:/usr/sbin
    PERL5LIB = 
    PERL5OPT = 
    PERL5_CPANPLUS_IS_RUNNING = 510510
    PERL5_CPAN_IS_RUNNING = 510510
    PERL_CANARY_STABILITY_NOPROMPT = 1
    PERL_MM_USE_DEFAULT = 1
    PERL_USE_UNSAFE_INC = 1
    SHELL = /usr/bin/zsh
    TERM = screen

Perl special variables (and OS-specific diagnostics, for MSWin32):

    $^X = /tmp/basesmoker-reloperl-MgV0/bin/perl
    $UID/$EUID = 1005 / 1005
    $GID = 1005 1005
    $EGID = 1005 1005

Perl module toolchain versions installed:

    Module              Have    
    ------------------- --------
    CPAN                2.33    
    CPAN::Meta          2.150010
    Cwd                 3.84    
    ExtUtils::CBuilder  0.280236
    ExtUtils::Command   7.64    
    ExtUtils::Install   2.20    
    ExtUtils::MakeMaker 7.64    
    ExtUtils::Manifest  1.73    
    ExtUtils::ParseXS   3.45    
    File::Spec          3.84    
    JSON                4.05    
    JSON::PP            4.07    
    Module::Build       0.4231  
    Module::Signature   0.88    
    Parse::CPAN::Meta   2.150010
    Test::Harness       3.43    
    Test::More          1.302190
    YAML                1.30    
    YAML::Syck          1.34    
    version             0.9929  


--

Summary of my perl5 (revision 5 version 35 subversion 10) configuration:
  Commit id: 4f022b5730d43f19472f6fee92f9033e147fc7e7
  Platform:
    osname=linux
    osvers=5.15.0-2-amd64
    archname=x86_64-linux-thread-multi
    uname='linux k93msid 5.15.0-2-amd64 #1 smp debian 5.15.5-2 (2021-12-18) x86_64 gnulinux '
    config_args='-Dprefix=/home/sand/src/perl/repoperls/installed-perls/host/k93msid/v5.35.9-118-g4f022b5730/419a -Dmyhostname=k93msid -Dinstallusrbinperl=n -Uversiononly -Dusedevel -des -Ui_db -Dlibswanted=cl pthread socket inet nsl gdbm dbm malloc dl ld sun m crypt sec util c cposix posix ucb BSD gdbm_compat -Duseithreads -Uuselongdouble -DEBUGGING=none'
    hint=recommended
    useposix=true
    d_sigaction=define
    useithreads=define
    usemultiplicity=define
    use64bitint=define
    use64bitall=define
    uselongdouble=undef
    usemymalloc=n
    default_inc_excludes_dot=define
  Compiler:
    cc='cc'
    ccflags ='-D_REENTRANT -D_GNU_SOURCE -fwrapv -fno-strict-aliasing -pipe -fstack-protector-strong -I/usr/local/include -D_LARGEFILE_SOURCE -D_FILE_OFFSET_BITS=64 -D_FORTIFY_SOURCE=2'
    optimize='-O2'
    cppflags='-D_REENTRANT -D_GNU_SOURCE -fwrapv -fno-strict-aliasing -pipe -fstack-protector-strong -I/usr/local/include'
    ccversion=''
    gccversion='11.2.0'
    gccosandvers=''
    intsize=4
    longsize=8
    ptrsize=8
    doublesize=8
    byteorder=12345678
    doublekind=3
    d_longlong=define
    longlongsize=8
    d_longdbl=define
    longdblsize=16
    longdblkind=3
    ivtype='long'
    ivsize=8
    nvtype='double'
    nvsize=8
    Off_t='off_t'
    lseeksize=8
    alignbytes=8
    prototype=define
  Linker and Libraries:
    ld='cc'
    ldflags =' -fstack-protector-strong -L/usr/local/lib'
    libpth=/usr/local/lib /usr/lib/x86_64-linux-gnu /usr/lib /lib/x86_64-linux-gnu /lib
    libs=-lpthread -lnsl -ldl -lm -lcrypt -lutil -lc
    perllibs=-lpthread -lnsl -ldl -lm -lcrypt -lutil -lc
    libc=libc-2.33.so
    so=so
    useshrplib=false
    libperl=libperl.a
    gnulibc_version='2.33'
  Dynamic Linking:
    dlsrc=dl_dlopen.xs
    dlext=so
    d_dlsymun=undef
    ccdlflags='-Wl,-E'
    cccdlflags='-fPIC'
    lddlflags='-shared -O2 -L/usr/local/lib -fstack-protector-strong'


Characteristics of this binary (from libperl): 
  Compile-time options:
    HAS_TIMES
    MULTIPLICITY
    PERLIO_LAYERS
    PERL_COPY_ON_WRITE
    PERL_DONT_CREATE_GVSV
    PERL_MALLOC_WRAP
    PERL_OP_PARENT
    PERL_PRESERVE_IVUV
    PERL_USE_DEVEL
    USE_64_BIT_ALL
    USE_64_BIT_INT
    USE_ITHREADS
    USE_LARGE_FILES
    USE_LOCALE
    USE_LOCALE_COLLATE
    USE_LOCALE_CTYPE
    USE_LOCALE_NUMERIC
    USE_LOCALE_TIME
    USE_PERLIO
    USE_PERL_ATOF
    USE_REENTRANT_API
    USE_THREAD_SAFE_LOCALE
  Built under linux
  Compiled at Mar 11 2022 15:35:33
  %ENV:
    PERL5LIB=""
    PERL5OPT=""
    PERL5_CPANPLUS_IS_RUNNING="510510"
    PERL5_CPAN_IS_RUNNING="510510"
    PERL_CANARY_STABILITY_NOPROMPT="1"
    PERL_MM_USE_DEFAULT="1"
    PERL_USE_UNSAFE_INC="1"
  @INC:
    /home/sand/src/perl/repoperls/installed-perls/host/k93msid/v5.35.9-118-g4f022b5730/419a/lib/site_perl/5.35.10/x86_64-linux-thread-multi
    /home/sand/src/perl/repoperls/installed-perls/host/k93msid/v5.35.9-118-g4f022b5730/419a/lib/site_perl/5.35.10
    /home/sand/src/perl/repoperls/installed-perls/host/k93msid/v5.35.9-118-g4f022b5730/419a/lib/5.35.10/x86_64-linux-thread-multi
    /home/sand/src/perl/repoperls/installed-perls/host/k93msid/v5.35.9-118-g4f022b5730/419a/lib/5.35.10
    .