Report for WWW-IRail-API-0.003

Back
From: metabase:user:314402c4-2aae-11df-837a-5e0a49663a4f
Subject: FAIL WWW-IRail-API-0.003 v5.20.0 FreeBSD
Date: 2015-12-17T22:15:44Z

This distribution has been tested as part of the CPAN Testers
project, supporting the Perl programming language.  See
http://wiki.cpantesters.org/ for more information or email
questions to cpan-testers-discuss@perl.org


--
Dear Tim Esselens,

This is a computer-generated report for WWW-IRail-API-0.003
on perl 5.20.0, created by CPAN-Reporter-1.2015.

Thank you for uploading your work to CPAN.  However, there was a problem
testing your distribution.

If you think this report is invalid, please consult the CPAN Testers Wiki
for suggestions on how to avoid getting FAIL reports for missing library
or binary dependencies, unsupported operating systems, and so on:

http://wiki.cpantesters.org/wiki/CPANAuthorNotes

Sections of this report:

    * Tester comments
    * Program output
    * Prerequisites
    * Environment and other context

------------------------------
TESTER COMMENTS
------------------------------

Additional comments from tester:

none provided

------------------------------
PROGRAM OUTPUT
------------------------------

Output from '/usr/bin/make test':

PERL_DL_NONLAZY=1 "/usr/perl5.20.0/bin/perl" "-MExtUtils::Command::MM" "-MTest::Harness" "-e" "undef *Test::Harness::Switches; test_harness(0, 'blib/lib', 'blib/arch')" t/*.t
t/00_use.t .............. ok
Entity: line 1: parser error : Space required after the Public Identifier
<!DOCTYPE HTML PUBLIC "-//IETF//DTD HTML 2.0//EN">
                                                 ^
Entity: line 1: parser error : SystemLiteral " or ' expected
<!DOCTYPE HTML PUBLIC "-//IETF//DTD HTML 2.0//EN">
                                                 ^
Entity: line 1: parser error : SYSTEM or PUBLIC, the URI is missing
<!DOCTYPE HTML PUBLIC "-//IETF//DTD HTML 2.0//EN">
                                                 ^
Entity: line 11: parser error : Opening and ending tag mismatch: hr line 9 and body
</body></html>
       ^
Entity: line 11: parser error : Opening and ending tag mismatch: body line 4 and html
</body></html>
              ^
Entity: line 12: parser error : Premature end of data in tag html line 2

^
XML::Simple called at /usr/home/eserte/.cpan/build/2015121721/WWW-IRail-API-0.003-4pAidF/blib/lib/WWW/IRail/API/Stations.pm line 38.
# Tests were run but no plan was declared and done_testing() was not seen.
# Looks like your test exited with 255 just after 3.
t/10_stations.t ......... 
Dubious, test returned 255 (wstat 65280, 0xff00)
All 3 subtests passed 
t/release-pod-syntax.t .. skipped: these tests are for release candidate testing

Test Summary Report
-------------------
t/10_stations.t       (Wstat: 65280 Tests: 3 Failed: 0)
  Non-zero exit status: 255
  Parse errors: No plan found in TAP output
Files=3, Tests=15, 12 wallclock secs ( 0.09 usr  0.07 sys +  1.75 cusr  0.36 csys =  2.27 CPU)
Result: FAIL
Failed 1/3 test programs. 0/15 subtests failed.
*** [test_dynamic] Error code 255

Stop in /usr/home/eserte/.cpan/build/2015121721/WWW-IRail-API-0.003-4pAidF.

------------------------------
PREREQUISITES
------------------------------

Prerequisite modules loaded:

requires:

    Module                    Need Have 
    ------------------------- ---- -----
    Carp                      0    1.38 
    common::sense             0    3.74 
    Date::Format              0    2.24 
    DateTime::Format::Natural 0    1.03 
    FindBin                   0    1.51 
    HTTP::Request             0    6.11 
    HTTP::Request::Common     0    6.11 
    HTTP::Response            0    6.11 
    JSON::XS                  0    3.01 
    LWP                       0    6.15 
    LWP::UserAgent            0    6.15 
    parent                    0    0.234
    Test::Deep                0    1.120
    Test::Most                0    0.34 
    XML::Simple               0    2.22 
    YAML                      0    1.15 

configure_requires:

    Module                    Need Have 
    ------------------------- ---- -----
    ExtUtils::MakeMaker       6.31 7.10 


------------------------------
ENVIRONMENT AND OTHER CONTEXT
------------------------------

Environment variables:

    LC_ALL = de_DE.ISO8859-1
    PATH = /usr/local/bin:/usr/bin:/bin:/usr/local/sbin:/usr/sbin:/sbin:/home/cpansand/bin/freebsd9.3:/home/cpansand/bin/sh:/home/cpansand/bin:/usr/games:/home/cpansand/devel:/usr/home/eserte/src/srezic-misc/scripts
    PERL5LIB = /home/eserte/.cpan/build/2015121721/HTML-Xit-0.05-7M5D8h/blib/arch:/home/eserte/.cpan/build/2015121721/HTML-Xit-0.05-7M5D8h/blib/lib
    PERL5OPT = 
    PERL5_CPANPLUS_IS_RUNNING = 66202
    PERL5_CPAN_IS_RUNNING = 66202
    PERL5_CPAN_IS_RUNNING_IN_RECURSION = 63699,66202
    PERLDOC = -MPod::Perldoc::ToTextOverstrike
    PERL_BATCH = yes
    PERL_CANARY_STABILITY_NOPROMPT = 1
    PERL_CPAN_REPORTER_CONFIG = /var/tmp/cpansmoker-1023/2015121721/cpanreporter_001_config.ini
    PERL_EXTUTILS_AUTOINSTALL = --defaultdeps
    SHELL = /usr/local/bin/zsh
    TERM = screen
    TMPDIR = /var/tmp/cpansmoker-1023/2015121721

Perl special variables (and OS-specific diagnostics, for MSWin32):

    $^X = /usr/perl5.20.0/bin/perl
    $UID/$EUID = 1023 / 1023
    $GID = 1023 1023
    $EGID = 1023 1023

Perl module toolchain versions installed:

    Module              Have    
    ------------------- --------
    CPAN                2.10    
    CPAN::Meta          2.150005
    Cwd                 3.60    
    ExtUtils::CBuilder  0.280223
    ExtUtils::Command   7.10    
    ExtUtils::Install   2.04    
    ExtUtils::MakeMaker 7.10    
    ExtUtils::Manifest  1.70    
    ExtUtils::ParseXS   3.30    
    File::Spec          3.60    
    JSON                2.90    
    JSON::PP            2.27300 
    Module::Build       0.4214  
    Module::Signature   0.79    
    Parse::CPAN::Meta   1.4417  
    Test::Harness       3.35    
    Test::More          1.001014
    YAML                1.15    
    YAML::Syck          1.29    
    version             0.9912  


--

Summary of my perl5 (revision 5 version 20 subversion 0) configuration:
   
  Platform:
    osname=freebsd, osvers=9.2-release-p4, archname=amd64-freebsd
    uname='freebsd cvrsnica-freebsd-92 9.2-release-p4 freebsd 9.2-release-p4 #0: tue apr 8 18:08:22 utc 2014 root@amd64-builder.daemonology.net:usrobjusrsrcsysgeneric amd64 '
    config_args='-ds -e -Dprefix=/usr/perl5.20.0'
    hint=recommended, useposix=true, d_sigaction=define
    useithreads=undef, usemultiplicity=undef
    use64bitint=define, use64bitall=define, uselongdouble=undef
    usemymalloc=n, bincompat5005=undef
  Compiler:
    cc='cc', ccflags ='-DHAS_FPSETMASK -DHAS_FLOATINGPOINT_H -fno-strict-aliasing -pipe -fstack-protector -I/usr/local/include',
    optimize='-O',
    cppflags='-DHAS_FPSETMASK -DHAS_FLOATINGPOINT_H -fno-strict-aliasing -pipe -fstack-protector -I/usr/local/include'
    ccversion='', gccversion='4.2.1 20070831 patched [FreeBSD]', gccosandvers=''
    intsize=4, longsize=8, ptrsize=8, doublesize=8, byteorder=12345678
    d_longlong=define, longlongsize=8, d_longdbl=define, longdblsize=16
    ivtype='long', ivsize=8, nvtype='double', nvsize=8, Off_t='off_t', lseeksize=8
    alignbytes=8, prototype=define
  Linker and Libraries:
    ld='cc', ldflags ='-Wl,-E  -fstack-protector -L/usr/local/lib'
    libpth=/usr/lib /usr/local/lib /usr/include/gcc/4.2 /usr/lib
    libs=-lgdbm -lm -lcrypt -lutil -lc
    perllibs=-lm -lcrypt -lutil -lc
    libc=, so=so, useshrplib=false, libperl=libperl.a
    gnulibc_version=''
  Dynamic Linking:
    dlsrc=dl_dlopen.xs, dlext=so, d_dlsymun=undef, ccdlflags=' '
    cccdlflags='-DPIC -fPIC', lddlflags='-shared  -L/usr/local/lib -fstack-protector'


Characteristics of this binary (from libperl): 
  Compile-time options: HAS_TIMES PERLIO_LAYERS PERL_DONT_CREATE_GVSV
                        PERL_HASH_FUNC_ONE_AT_A_TIME_HARD PERL_MALLOC_WRAP
                        PERL_NEW_COPY_ON_WRITE PERL_PRESERVE_IVUV
                        USE_64_BIT_ALL USE_64_BIT_INT USE_LARGE_FILES
                        USE_LOCALE USE_LOCALE_COLLATE USE_LOCALE_CTYPE
                        USE_LOCALE_NUMERIC USE_PERLIO USE_PERL_ATOF
  Built under freebsd
  Compiled at May 27 2014 13:55:26
  %ENV:
    PERL5LIB="/home/eserte/.cpan/build/2015121721/HTML-Xit-0.05-7M5D8h/blib/arch:/home/eserte/.cpan/build/2015121721/HTML-Xit-0.05-7M5D8h/blib/lib"
    PERL5OPT=""
    PERL5_CPANPLUS_IS_RUNNING="66202"
    PERL5_CPAN_IS_RUNNING="66202"
    PERL5_CPAN_IS_RUNNING_IN_RECURSION="63699,66202"
    PERLDOC="-MPod::Perldoc::ToTextOverstrike"
    PERL_BATCH="yes"
    PERL_CANARY_STABILITY_NOPROMPT="1"
    PERL_CPAN_REPORTER_CONFIG="/var/tmp/cpansmoker-1023/2015121721/cpanreporter_001_config.ini"
    PERL_EXTUTILS_AUTOINSTALL="--defaultdeps"
  @INC:
    /home/eserte/.cpan/build/2015121721/HTML-Xit-0.05-7M5D8h/blib/arch
    /home/eserte/.cpan/build/2015121721/HTML-Xit-0.05-7M5D8h/blib/lib
    /usr/perl5.20.0/lib/site_perl/5.20.0/amd64-freebsd
    /usr/perl5.20.0/lib/site_perl/5.20.0
    /usr/perl5.20.0/lib/5.20.0/amd64-freebsd
    /usr/perl5.20.0/lib/5.20.0
    .