XSLoader v0.10 Perl 5 v5.12.1 i686-linux-thread-multi

Status
Fail
From
Steven Schubiger (SCHUBIGER)
Dist
XSLoader v0.10
Platform
Perl 5 v5.12.1 i686-linux-thread-multi
Date
2010-07-19 01:41:14
ID
b77b335e-92d6-11df-86a1-a88ec2cde0b9
This distribution has been tested as part of the CPAN Testers
project, supporting the Perl programming language.  See
http://wiki.cpantesters.org/ for more information or email
questions to cpan-testers-discuss@perl.org


--
Dear Sebastien Aperghis-Tramoni,

This is a computer-generated report for XSLoader-0.10
on perl 5.12.1, created by CPAN-Reporter-1.1711.

Thank you for uploading your work to CPAN.  However, there was a problem
testing your distribution.

If you think this report is invalid, please consult the CPAN Testers Wiki
for suggestions on how to avoid getting FAIL reports for missing library
or binary dependencies, unsupported operating systems, and so on:

http://wiki.cpantesters.org/wiki/CPANAuthorNotes

Sections of this report:

    * Tester comments
    * Program output
    * Prerequisites
    * Environment and other context

------------------------------
TESTER COMMENTS
------------------------------

Additional comments from tester:

this report is from an automated smoke testing program
and was not reviewed by a human for accuracy

------------------------------
PROGRAM OUTPUT
------------------------------

Output from '/usr/bin/make test':

PERL_DL_NONLAZY=1 /home/sts/cpansmoke/perl-5.12.1/bin/perl "-MExtUtils::Command::MM" "-e" "test_harness(0, 'blib/lib', 'blib/arch')" t/*.t
t/pod.t ....... ok
t/podcover.t .. ok
t/portfs.t .... skipped: Test::Portability::Files required for testing filenames portability

#   Failed test 'calling XSLoader::load() with a XS module and an incorrect version'
#   at t/XSLoader.t line 76.
#                   'Invalid version format (non-numeric data) at /home/sts/cpansmoke/perl-5.12.1/lib/5.12.1/i686-linux-thread-multi/DynaLoader.pm line 223.
# '
#     doesn't match '/^Cwd object version \S+ does not match bootstrap parameter (?:qunckkk|0)/'

#   Failed test 'calling XSLoader::load() with a XS module and an incorrect version'
#   at t/XSLoader.t line 76.
#                   'Invalid version format (non-numeric data) at /home/sts/cpansmoke/perl-5.12.1/lib/5.12.1/i686-linux-thread-multi/DynaLoader.pm line 223.
# '
#     doesn't match '/^File::Glob object version \S+ does not match bootstrap parameter (?:qunckkk|0)/'

#   Failed test 'calling XSLoader::load() with a XS module and an incorrect version'
#   at t/XSLoader.t line 76.
#                   'Invalid version format (non-numeric data) at /home/sts/cpansmoke/perl-5.12.1/lib/5.12.1/i686-linux-thread-multi/DynaLoader.pm line 223.
# '
#     doesn't match '/^SDBM_File object version \S+ does not match bootstrap parameter (?:qunckkk|0)/'

#   Failed test 'calling XSLoader::load() with a XS module and an incorrect version'
#   at t/XSLoader.t line 76.
#                   'Invalid version format (non-numeric data) at /home/sts/cpansmoke/perl-5.12.1/lib/5.12.1/i686-linux-thread-multi/DynaLoader.pm line 223.
# '
#     doesn't match '/^Socket object version \S+ does not match bootstrap parameter (?:qunckkk|0)/'

#   Failed test 'calling XSLoader::load() with a XS module and an incorrect version'
#   at t/XSLoader.t line 76.
#                   'Invalid version format (non-numeric data) at /home/sts/cpansmoke/perl-5.12.1/lib/5.12.1/i686-linux-thread-multi/DynaLoader.pm line 223.
# '
#     doesn't match '/^Time::HiRes object version \S+ does not match bootstrap parameter (?:qunckkk|0)/'
# Looks like you failed 5 tests of 25.
t/XSLoader.t .. 
Dubious, test returned 5 (wstat 1280, 0x500)
Failed 5/25 subtests 

Test Summary Report
-------------------
t/XSLoader.t (Wstat: 1280 Tests: 25 Failed: 5)
  Failed tests:  6, 10, 14, 18, 22
  Non-zero exit status: 5
Files=4, Tests=27,  0 wallclock secs ( 0.02 usr  0.01 sys +  0.16 cusr  0.02 csys =  0.21 CPU)
Result: FAIL
Failed 1/4 test programs. 5/27 subtests failed.
make: *** [test_dynamic] Error 5

------------------------------
PREREQUISITES
------------------------------

Prerequisite modules loaded:

requires:

    Module     Need Have
    ---------- ---- ----
    Test::More 0.62 0.94


------------------------------
ENVIRONMENT AND OTHER CONTEXT
------------------------------

Environment variables:

    AUTOMATED_TESTING = 1
    LANG = en_US.UTF-8
    PATH = /usr/local/bin:/usr/bin:/bin:/usr/games
    PERL5LIB = 
    PERL5OPT = 
    PERL5_CPANPLUS_IS_RUNNING = 11234
    PERL5_CPAN_IS_RUNNING = 11234
    PERL5_CPAN_IS_RUNNING_IN_RECURSION = 9548,11234
    PERL_CR_SMOKER_CURRENT = XSLoader-0.10
    PERL_EXTUTILS_AUTOINSTALL = --defaultdeps
    PERL_MM_USE_DEFAULT = 1
    SHELL = /bin/bash
    TERM = screen

Perl special variables (and OS-specific diagnostics, for MSWin32):

    $^X = /home/sts/cpansmoke/perl-5.12.1/bin/perl
    $UID/$EUID = 1000 / 1000
    $GID = 1000 1000
    $EGID = 1000 1000

Perl module toolchain versions installed:

    Module              Have   
    ------------------- -------
    CPAN                1.94_56
    Cwd                 3.31   
    ExtUtils::CBuilder  0.27   
    ExtUtils::Command   1.16   
    ExtUtils::Install   1.55   
    ExtUtils::MakeMaker 6.56   
    ExtUtils::Manifest  1.57   
    ExtUtils::ParseXS   2.21   
    File::Spec          3.31   
    Module::Build       0.3603 
    Module::Signature   n/a    
    Test::Harness       3.17   
    Test::More          0.94   
    YAML                0.71   
    YAML::Syck          1.10   
    version             0.82   


--

Summary of my perl5 (revision 5 version 12 subversion 1) configuration:
   
  Platform:
    osname=linux, osvers=2.6.26-2-openvz-686, archname=i686-linux-thread-multi
    uname='linux cpansmoke1 2.6.26-2-openvz-686 #1 smp tue mar 9 18:54:31 utc 2010 i686 gnulinux '
    config_args='-des -Dusethreads -Dprefix=/home/sts/cpansmoke/perl-5.12.1'
    hint=recommended, useposix=true, d_sigaction=define
    useithreads=define, usemultiplicity=define
    useperlio=define, d_sfio=undef, uselargefiles=define, usesocks=undef
    use64bitint=undef, use64bitall=undef, uselongdouble=undef
    usemymalloc=n, bincompat5005=undef
  Compiler:
    cc='cc', ccflags ='-D_REENTRANT -D_GNU_SOURCE -fno-strict-aliasing -pipe -fstack-protector -I/usr/local/include -D_LARGEFILE_SOURCE -D_FILE_OFFSET_BITS=64',
    optimize='-O2',
    cppflags='-D_REENTRANT -D_GNU_SOURCE -fno-strict-aliasing -pipe -fstack-protector -I/usr/local/include'
    ccversion='', gccversion='4.3.2', gccosandvers=''
    intsize=4, longsize=4, ptrsize=4, doublesize=8, byteorder=1234
    d_longlong=define, longlongsize=8, d_longdbl=define, longdblsize=12
    ivtype='long', ivsize=4, nvtype='double', nvsize=8, Off_t='off_t', lseeksize=8
    alignbytes=4, prototype=define
  Linker and Libraries:
    ld='cc', ldflags =' -fstack-protector -L/usr/local/lib'
    libpth=/usr/local/lib /lib /usr/lib
    libs=-lnsl -ldb -ldl -lm -lcrypt -lutil -lpthread -lc
    perllibs=-lnsl -ldl -lm -lcrypt -lutil -lpthread -lc
    libc=/lib/libc-2.7.so, so=so, useshrplib=false, libperl=libperl.a
    gnulibc_version='2.7'
  Dynamic Linking:
    dlsrc=dl_dlopen.xs, dlext=so, d_dlsymun=undef, ccdlflags='-Wl,-E'
    cccdlflags='-fPIC', lddlflags='-shared -O2 -L/usr/local/lib -fstack-protector'


Characteristics of this binary (from libperl): 
  Compile-time options: MULTIPLICITY PERL_DONT_CREATE_GVSV
                        PERL_IMPLICIT_CONTEXT PERL_MALLOC_WRAP USE_ITHREADS
                        USE_LARGE_FILES USE_PERLIO USE_PERL_ATOF
                        USE_REENTRANT_API
  Built under linux
  Compiled at Jul 13 2010 10:57:08
  %ENV:
    PERL5LIB=""
    PERL5OPT=""
    PERL5_CPANPLUS_IS_RUNNING="11234"
    PERL5_CPAN_IS_RUNNING="11234"
    PERL5_CPAN_IS_RUNNING_IN_RECURSION="9548,11234"
    PERL_CR_SMOKER_CURRENT="XSLoader-0.10"
    PERL_EXTUTILS_AUTOINSTALL="--defaultdeps"
    PERL_MM_USE_DEFAULT="1"
  @INC:
    /home/sts/cpansmoke/perl-5.12.1/lib/site_perl/5.12.1/i686-linux-thread-multi
    /home/sts/cpansmoke/perl-5.12.1/lib/site_perl/5.12.1
    /home/sts/cpansmoke/perl-5.12.1/lib/5.12.1/i686-linux-thread-multi
    /home/sts/cpansmoke/perl-5.12.1/lib/5.12.1
    .