Module-Pluggable v6.3 Perl 5 v5.40.0 x86_64-linux

Status
Fail
From
Slaven Rezić
Dist
Module-Pluggable v6.3
Platform
Perl 5 v5.40.0 x86_64-linux
Date
2025-01-11 12:29:35
ID
b7d66c0e-d017-11ef-a4db-ad536e8775ea
This distribution has been tested as part of the CPAN Testers
project, supporting the Perl programming language.  See
http://wiki.cpantesters.org/ for more information or email
questions to cpan-testers-discuss@perl.org


--
Dear Simon Wistow,

This is a computer-generated report for Module-Pluggable-6.3
on perl 5.40.0, created by CPAN-Reporter-1.2019.

Thank you for uploading your work to CPAN.  However, there was a problem
testing your distribution.

If you think this report is invalid, please consult the CPAN Testers Wiki
for suggestions on how to avoid getting FAIL reports for missing library
or binary dependencies, unsupported operating systems, and so on:

http://wiki.cpantesters.org/wiki/CPANAuthorNotes

Sections of this report:

    * Tester comments
    * Program output
    * Prerequisites
    * Environment and other context

------------------------------
TESTER COMMENTS
------------------------------

Additional comments from tester:

none provided

------------------------------
PROGRAM OUTPUT
------------------------------

Output from '/usr/bin/make test':

PERL_DL_NONLAZY=1 "/opt/perl-5.40.0/bin/perl" "-MExtUtils::Command::MM" "-MTest::Harness" "-e" "undef *Test::Harness::Switches; test_harness(0, 'blib/lib', 'blib/arch')" t/*.t
t/01use.t .................... ok
t/02alsoworks.t .............. ok
t/02works.t .................. ok
t/02works_taint.t ............ ok
t/03diffname.t ............... ok
t/04acmedir.t ................ ok
t/04acmedir_single.t ......... ok
t/04acmepath.t ............... ok
t/04acmepath_single.t ........ ok
t/05postpath.t ............... ok
t/06multipath.t .............. ok
t/07instantiate.t ............ ok
t/08nothing.t ................ ok
t/09require.t ................ ok
t/10innerpack.t .............. ok
t/10innerpack_inner.t ........ ok
t/10innerpack_noinner.t ...... ok
t/10innerpack_onefile.t ...... ok
t/10innerpack_override.t ..... ok
t/10innerpack_super.t ........ ok
t/11usetwice.t ............... ok
t/12only.t ................... ok
t/12onlyarray.t .............. ok
t/12onlyregex.t .............. ok
t/12onlyrequire.t ............ ok
t/13except.t ................. ok
t/13exceptarray.t ............ ok
t/13exceptregex.t ............ ok
t/14package.t ................ ok
t/15topicsafe.t .............. ok
t/16different_extension.t .... ok
t/17devel_inner_package.t .... ok
t/18skipped_package.t ........ ok
t/19can_ok_clobber.t ......... ok
t/20dodgy_files.t ............ ok
t/21editor_junk.t ............ ok
t/22trigger.t ................ ok
t/23depth.t .................. ok
Unknown Text::BibTeX function: "cleanup" at t/24local_inc_object.t line 0.
END failed--call queue aborted.
# Looks like your test exited with 22 just after 5.
t/24local_inc_object.t ....... 
Dubious, test returned 22 (wstat 5632, 0x1600)
All 5 subtests passed 
Couldn't require Text::BibTeX : Can't load '/opt/perl-5.40.0/lib/site_perl/5.40.0/x86_64-linux/auto/Text/BibTeX/BibTeX.so' for module Text::BibTeX: libbtparse.so: cannot open shared object file: No such file or directory at /opt/perl-5.40.0/lib/5.40.0/x86_64-linux/DynaLoader.pm line 206.
 at /opt/perl-5.40.0/lib/site_perl/5.40.0/Module/Runtime.pm line 314.
Compilation failed in require at /opt/perl-5.40.0/lib/site_perl/5.40.0/Module/Runtime.pm line 314.
 at /home/cpansand/.cpan/build/2025011020/Module-Pluggable-6.3-2/blib/lib/Module/Pluggable.pm line 31.
Couldn't require Text::BibTeX::BibFormat : Attempt to reload Text/BibTeX.pm aborted.
Compilation failed in require at /opt/perl-5.40.0/lib/site_perl/5.40.0/x86_64-linux/Text/BibTeX/Structure.pm line 29.
BEGIN failed--compilation aborted at /opt/perl-5.40.0/lib/site_perl/5.40.0/x86_64-linux/Text/BibTeX/Structure.pm line 29.
Compilation failed in require at /opt/perl-5.40.0/lib/site_perl/5.40.0/x86_64-linux/Text/BibTeX/BibFormat.pm line 26.
BEGIN failed--compilation aborted at /opt/perl-5.40.0/lib/site_perl/5.40.0/x86_64-linux/Text/BibTeX/BibFormat.pm line 26.
Compilation failed in require at /opt/perl-5.40.0/lib/site_perl/5.40.0/Module/Runtime.pm line 314.
 at /home/cpansand/.cpan/build/2025011020/Module-Pluggable-6.3-2/blib/lib/Module/Pluggable.pm line 31.
Couldn't require Text::BibTeX::BibSort : Attempt to reload Text/BibTeX/Structure.pm aborted.
Compilation failed in require at /opt/perl-5.40.0/lib/site_perl/5.40.0/x86_64-linux/Text/BibTeX/BibSort.pm line 23.
BEGIN failed--compilation aborted at /opt/perl-5.40.0/lib/site_perl/5.40.0/x86_64-linux/Text/BibTeX/BibSort.pm line 23.
Compilation failed in require at /opt/perl-5.40.0/lib/site_perl/5.40.0/Module/Runtime.pm line 314.
 at /home/cpansand/.cpan/build/2025011020/Module-Pluggable-6.3-2/blib/lib/Module/Pluggable.pm line 31.
Couldn't require Text::BibTeX::Structure : Attempt to reload Text/BibTeX/Structure.pm aborted.
Compilation failed in require at /opt/perl-5.40.0/lib/site_perl/5.40.0/Module/Runtime.pm line 314.
 at /home/cpansand/.cpan/build/2025011020/Module-Pluggable-6.3-2/blib/lib/Module/Pluggable.pm line 31.
Couldn't require Text::BibTeX::Bib : Attempt to reload Text/BibTeX/BibSort.pm aborted.
Compilation failed in require at /opt/perl-5.40.0/lib/site_perl/5.40.0/x86_64-linux/Text/BibTeX/Bib.pm line 455.
BEGIN failed--compilation aborted at /opt/perl-5.40.0/lib/site_perl/5.40.0/x86_64-linux/Text/BibTeX/Bib.pm line 455.
Compilation failed in require at /opt/perl-5.40.0/lib/site_perl/5.40.0/Module/Runtime.pm line 314.
 at /home/cpansand/.cpan/build/2025011020/Module-Pluggable-6.3-2/blib/lib/Module/Pluggable.pm line 31.
Couldn't require Text::BibTeX::Value : Attempt to reload Text/BibTeX.pm aborted.
Compilation failed in require at /opt/perl-5.40.0/lib/site_perl/5.40.0/x86_64-linux/Text/BibTeX/Value.pm line 245.
BEGIN failed--compilation aborted at /opt/perl-5.40.0/lib/site_perl/5.40.0/x86_64-linux/Text/BibTeX/Value.pm line 245.
Compilation failed in require at /opt/perl-5.40.0/lib/site_perl/5.40.0/Module/Runtime.pm line 314.
 at /home/cpansand/.cpan/build/2025011020/Module-Pluggable-6.3-2/blib/lib/Module/Pluggable.pm line 31.
Subroutine mark_raw redefined at /opt/perl-5.40.0/lib/site_perl/5.40.0/x86_64-linux/Text/Xslate/PP.pm line 329.
Subroutine unmark_raw redefined at /opt/perl-5.40.0/lib/site_perl/5.40.0/x86_64-linux/Text/Xslate/PP.pm line 338.
Subroutine html_escape redefined at /opt/perl-5.40.0/lib/site_perl/5.40.0/x86_64-linux/Text/Xslate/PP.pm line 345.
Subroutine uri_escape redefined at /opt/perl-5.40.0/lib/site_perl/5.40.0/x86_64-linux/Text/Xslate/PP.pm line 356.
Subroutine is_array_ref redefined at /opt/perl-5.40.0/lib/site_perl/5.40.0/x86_64-linux/Text/Xslate/PP.pm line 366.
Subroutine is_hash_ref redefined at /opt/perl-5.40.0/lib/site_perl/5.40.0/x86_64-linux/Text/Xslate/PP.pm line 367.
Subroutine is_code_ref redefined at /opt/perl-5.40.0/lib/site_perl/5.40.0/x86_64-linux/Text/Xslate/PP.pm line 368.
Subroutine merge_hash redefined at /opt/perl-5.40.0/lib/site_perl/5.40.0/x86_64-linux/Text/Xslate/PP.pm line 370.
Subroutine Text::Xslate::Util::escaped_string redefined at /opt/perl-5.40.0/lib/site_perl/5.40.0/x86_64-linux/Text/Xslate/PP.pm line 328.
Unknown Text::BibTeX function: "cleanup" at t/24local_inc_package.t line 0.
END failed--call queue aborted.
# Looks like your test exited with 22 just after 1.
t/24local_inc_package.t ...... 
Dubious, test returned 22 (wstat 5632, 0x1600)
All 1 subtests passed 
t/25single_letter_package.t .. ok
t/26inc_hook.t ............... ok
t/27app_fatpacker.t .......... skipped: App::FatPacker >= 0.10.0 not available
t/28appledouble.t ............ ok
t/29unreadable.t ............. ok

Test Summary Report
-------------------
t/24local_inc_object.t     (Wstat: 5632 (exited 22) Tests: 5 Failed: 0)
  Non-zero exit status: 22
t/24local_inc_package.t    (Wstat: 5632 (exited 22) Tests: 1 Failed: 0)
  Non-zero exit status: 22
Files=45, Tests=192,  4 wallclock secs ( 0.09 usr  0.03 sys +  2.78 cusr  0.34 csys =  3.24 CPU)
Result: FAIL
Failed 2/45 test programs. 0/192 subtests failed.
make: *** [Makefile:936: test_dynamic] Error 255

------------------------------
PREREQUISITES
------------------------------

Prerequisite modules loaded:

requires:

    Module                Need  Have    
    --------------------- ----- --------
    Exporter              5.57  5.78    
    File::Basename        0     2.86    
    File::Find            0     1.44    
    File::Spec            3.00  3.90    
    File::Spec::Functions 0     3.91    
    if                    0     0.0610  
    perl                  5.006 5.040000
    Scalar::Util          0     1.68    
    strict                0     1.13    

build_requires:

    Module                Need  Have    
    --------------------- ----- --------
    base                  0     2.27    
    Cwd                   0     3.90    
    Data::Dumper          0     2.189   
    ExtUtils::MakeMaker   0     7.70    
    File::Copy            0     2.41    
    File::Find            0     1.44    
    File::Path            0     2.18    
    File::Spec::Functions 0     3.91    
    File::Temp            0     0.2311  
    FindBin               0     1.54    
    strict                0     1.13    
    Test::More            0     1.302203
    warnings              0     1.70    

configure_requires:

    Module                Need  Have    
    --------------------- ----- --------
    ExtUtils::MakeMaker   0     7.70    


------------------------------
ENVIRONMENT AND OTHER CONTEXT
------------------------------

Environment variables:

    LANG = en_US.UTF-8
    PATH = /usr/local/bin:/usr/bin:/bin:/usr/local/sbin:/usr/sbin:/sbin:/home/cpansand/bin/linux-gnu:/home/cpansand/bin/sh:/home/cpansand/bin:/usr/games:/home/cpansand/devel:/home/eserte/src/srezic-misc/scripts
    PERL5LIB = 
    PERL5OPT = 
    PERL5_CPANPLUS_IS_RUNNING = 1580536
    PERL5_CPAN_IS_RUNNING = 1580536
    PERL5_CPAN_IS_RUNNING_IN_RECURSION = 1580323,1580536
    PERLDOC = -MPod::Perldoc::ToTextOverstrike
    PERL_BATCH = yes
    PERL_CANARY_STABILITY_NOPROMPT = 1
    PERL_CPAN_REPORTER_CONFIG = /var/tmp/cpansmoker-1023/2025011020/cpanreporter_000_config.ini
    PERL_EXTUTILS_AUTOINSTALL = --defaultdeps
    PERL_USE_UNSAFE_INC = 1
    SHELL = /usr/bin/zsh
    TERM = screen
    TMPDIR = /var/tmp/cpansmoker-1023/2025011020

Perl special variables (and OS-specific diagnostics, for MSWin32):

    $^X = /opt/perl-5.40.0/bin/perl
    $UID/$EUID = 1023 / 1023
    $GID = 1023 1023
    $EGID = 1023 1023

Perl module toolchain versions installed:

    Module              Have    
    ------------------- --------
    CPAN                2.36    
    CPAN::Meta          2.150010
    Cwd                 3.90    
    ExtUtils::CBuilder  0.280240
    ExtUtils::Command   7.70    
    ExtUtils::Install   2.22    
    ExtUtils::MakeMaker 7.70    
    ExtUtils::Manifest  1.75    
    ExtUtils::ParseXS   3.51    
    File::Spec          3.90    
    JSON                4.10    
    JSON::PP            4.16    
    Module::Build       0.4234  
    Module::Signature   n/a     
    Parse::CPAN::Meta   2.150010
    Test2               1.302203
    Test::Harness       3.50    
    Test::More          1.302203
    YAML                1.31    
    YAML::Syck          1.34    
    version             0.9930  


--

Summary of my perl5 (revision 5 version 40 subversion 0) configuration:
   
  Platform:
    osname=linux
    osvers=5.10.0-30-amd64
    archname=x86_64-linux
    uname='linux cloud7.bbbike.org 5.10.0-30-amd64 #1 smp debian 5.10.218-1 (2024-06-01) x86_64 gnulinux '
    config_args='-ds -e -Dprefix=/opt/perl-5.40.0 -Dcf_email=srezic@cpan.org'
    hint=recommended
    useposix=true
    d_sigaction=define
    useithreads=undef
    usemultiplicity=undef
    use64bitint=define
    use64bitall=define
    uselongdouble=undef
    usemymalloc=n
    default_inc_excludes_dot=define
  Compiler:
    cc='cc'
    ccflags ='-fwrapv -fno-strict-aliasing -pipe -fstack-protector-strong -I/usr/local/include -D_LARGEFILE_SOURCE -D_FILE_OFFSET_BITS=64 -D_FORTIFY_SOURCE=2'
    optimize='-O2'
    cppflags='-fwrapv -fno-strict-aliasing -pipe -fstack-protector-strong -I/usr/local/include'
    ccversion=''
    gccversion='10.2.1 20210110'
    gccosandvers=''
    intsize=4
    longsize=8
    ptrsize=8
    doublesize=8
    byteorder=12345678
    doublekind=3
    d_longlong=define
    longlongsize=8
    d_longdbl=define
    longdblsize=16
    longdblkind=3
    ivtype='long'
    ivsize=8
    nvtype='double'
    nvsize=8
    Off_t='off_t'
    lseeksize=8
    alignbytes=8
    prototype=define
  Linker and Libraries:
    ld='cc'
    ldflags =' -fstack-protector-strong -L/usr/local/lib'
    libpth=/usr/local/lib /usr/lib/x86_64-linux-gnu /usr/lib /usr/lib64
    libs=-lpthread -lgdbm -ldb -ldl -lm -lcrypt -lutil -lc
    perllibs=-lpthread -ldl -lm -lcrypt -lutil -lc
    libc=libc-2.31.so
    so=so
    useshrplib=false
    libperl=libperl.a
    gnulibc_version='2.31'
  Dynamic Linking:
    dlsrc=dl_dlopen.xs
    dlext=so
    d_dlsymun=undef
    ccdlflags='-Wl,-E'
    cccdlflags='-fPIC'
    lddlflags='-shared -O2 -L/usr/local/lib -fstack-protector-strong'


Characteristics of this binary (from libperl): 
  Compile-time options:
    HAS_LONG_DOUBLE
    HAS_STRTOLD
    HAS_TIMES
    PERLIO_LAYERS
    PERL_COPY_ON_WRITE
    PERL_DONT_CREATE_GVSV
    PERL_HASH_FUNC_SIPHASH13
    PERL_HASH_USE_SBOX32
    PERL_MALLOC_WRAP
    PERL_OP_PARENT
    PERL_PRESERVE_IVUV
    PERL_USE_SAFE_PUTENV
    USE_64_BIT_ALL
    USE_64_BIT_INT
    USE_LARGE_FILES
    USE_LOCALE
    USE_LOCALE_COLLATE
    USE_LOCALE_CTYPE
    USE_LOCALE_NUMERIC
    USE_LOCALE_TIME
    USE_PERLIO
    USE_PERL_ATOF
  Built under linux
  Compiled at Jun 10 2024 21:13:43
  %ENV:
    PERL5LIB=""
    PERL5OPT=""
    PERL5_CPANPLUS_IS_RUNNING="1580536"
    PERL5_CPAN_IS_RUNNING="1580536"
    PERL5_CPAN_IS_RUNNING_IN_RECURSION="1580323,1580536"
    PERLDOC="-MPod::Perldoc::ToTextOverstrike"
    PERL_BATCH="yes"
    PERL_CANARY_STABILITY_NOPROMPT="1"
    PERL_CPAN_REPORTER_CONFIG="/var/tmp/cpansmoker-1023/2025011020/cpanreporter_000_config.ini"
    PERL_EXTUTILS_AUTOINSTALL="--defaultdeps"
    PERL_USE_UNSAFE_INC="1"
  @INC:
    /opt/perl-5.40.0/lib/site_perl/5.40.0/x86_64-linux
    /opt/perl-5.40.0/lib/site_perl/5.40.0
    /opt/perl-5.40.0/lib/5.40.0/x86_64-linux
    /opt/perl-5.40.0/lib/5.40.0
    .