Back
From: metabase:user:313dc9fe-2aae-11df-837a-5e0a49663a4f
Subject: FAIL Lingua-FR-Ladl-v0.0.4 v5.8.9 GNU/Linux
Date: 2010-11-07T03:54:27Z
This distribution has been tested as part of the CPAN Testers
project, supporting the Perl programming language. See
http://wiki.cpantesters.org/ for more information or email
questions to cpan-testers-discuss@perl.org
--
Dear Ingrid Falk,
This is a computer-generated report for Lingua-FR-Ladl-v0.0.4
on perl 5.8.9, created by CPAN-Reporter-1.1805.
Thank you for uploading your work to CPAN. However, there was a problem
testing your distribution.
If you think this report is invalid, please consult the CPAN Testers Wiki
for suggestions on how to avoid getting FAIL reports for missing library
or binary dependencies, unsupported operating systems, and so on:
http://wiki.cpantesters.org/wiki/CPANAuthorNotes
Sections of this report:
* Tester comments
* Program output
* Prerequisites
* Environment and other context
------------------------------
TESTER COMMENTS
------------------------------
Additional comments from tester:
this report is from an automated smoke testing program
and was not reviewed by a human for accuracy
------------------------------
PROGRAM OUTPUT
------------------------------
Output from './Build test':
# Failed test 'use Lingua::FR::Ladl::Table;'
# at t/00.load.t line 5.
# Tried to use 'Lingua::FR::Ladl::Table'.
# Error: Can't locate Readonly.pm in @INC (@INC contains: /home/perl589/.cpan/build/Lingua-FR-Ladl-v0.0.4-D8AqS8/blib/lib /home/perl589/.cpan/build/Lingua-FR-Ladl-v0.0.4-D8AqS8/blib/arch /home/perl589/perl/lib/5.8.9/i686-linux-thread-multi /home/perl589/perl/lib/5.8.9 /home/perl589/perl/lib/site_perl/5.8.9/i686-linux-thread-multi /home/perl589/perl/lib/site_perl/5.8.9 .) at /home/perl589/.cpan/build/Lingua-FR-Ladl-v0.0.4-D8AqS8/blib/lib/Lingua/FR/Ladl/Table.pm line 11.
# BEGIN failed--compilation aborted at /home/perl589/.cpan/build/Lingua-FR-Ladl-v0.0.4-D8AqS8/blib/lib/Lingua/FR/Ladl/Table.pm line 11.
# Compilation failed in require at (eval 6) line 2.
# BEGIN failed--compilation aborted at (eval 6) line 2.
# Failed test 'use Lingua::FR::Ladl::Parametrizer;'
# at t/00.load.t line 6.
# Tried to use 'Lingua::FR::Ladl::Parametrizer'.
# Error: Can't locate Class/Std.pm in @INC (@INC contains: /home/perl589/.cpan/build/Lingua-FR-Ladl-v0.0.4-D8AqS8/blib/lib /home/perl589/.cpan/build/Lingua-FR-Ladl-v0.0.4-D8AqS8/blib/arch /home/perl589/perl/lib/5.8.9/i686-linux-thread-multi /home/perl589/perl/lib/5.8.9 /home/perl589/perl/lib/site_perl/5.8.9/i686-linux-thread-multi /home/perl589/perl/lib/site_perl/5.8.9 .) at /home/perl589/.cpan/build/Lingua-FR-Ladl-v0.0.4-D8AqS8/blib/lib/Lingua/FR/Ladl/Parametrizer.pm line 10.
# BEGIN failed--compilation aborted at /home/perl589/.cpan/build/Lingua-FR-Ladl-v0.0.4-D8AqS8/blib/lib/Lingua/FR/Ladl/Parametrizer.pm line 10.
# Compilation failed in require at (eval 8) line 2.
# BEGIN failed--compilation aborted at (eval 8) line 2.
# Testing Lingua::FR::Ladl 0.0.4
# Looks like you failed 2 tests of 4.
t/00.load.t .......
Dubious, test returned 2 (wstat 512, 0x200)
Failed 2/4 subtests
Can't locate Test/Perl/Critic.pm in @INC (@INC contains: /home/perl589/.cpan/build/Lingua-FR-Ladl-v0.0.4-D8AqS8/blib/lib /home/perl589/.cpan/build/Lingua-FR-Ladl-v0.0.4-D8AqS8/blib/arch /home/perl589/perl/lib/5.8.9/i686-linux-thread-multi /home/perl589/perl/lib/5.8.9 /home/perl589/perl/lib/site_perl/5.8.9/i686-linux-thread-multi /home/perl589/perl/lib/site_perl/5.8.9 .) at t/perlcritic.t line 4.
BEGIN failed--compilation aborted at t/perlcritic.t line 4.
t/perlcritic.t ....
Dubious, test returned 2 (wstat 512, 0x200)
No subtests run
t/pod-coverage.t .. ok
t/pod.t ........... ok
Test Summary Report
-------------------
t/00.load.t (Wstat: 512 Tests: 4 Failed: 2)
Failed tests: 2-3
Non-zero exit status: 2
t/perlcritic.t (Wstat: 512 Tests: 0 Failed: 0)
Non-zero exit status: 2
Parse errors: No plan found in TAP output
Files=4, Tests=16, 0 wallclock secs ( 0.03 usr 0.02 sys + 0.31 cusr 0.06 csys = 0.42 CPU)
Result: FAIL
Failed 2/4 test programs. 2/16 subtests failed.
------------------------------
PREREQUISITES
------------------------------
Prerequisite modules loaded:
requires:
Module Need Have
---------- ---- ----
Test::More 0 0.94
version 0 0.82
------------------------------
ENVIRONMENT AND OTHER CONTEXT
------------------------------
Environment variables:
AUTOMATED_TESTING = 1
LANG = en_US.UTF-8
PATH = /usr/local/sbin:/usr/local/bin:/usr/sbin:/usr/bin:/sbin:/bin:/usr/games
PERL5LIB =
PERL5OPT =
PERL5_CPANPLUS_IS_RUNNING = 3850
PERL5_CPAN_IS_RUNNING = 3850
PERL5_CPAN_IS_RUNNING_IN_RECURSION = 22811,3850
PERL_CR_SMOKER_CURRENT = Lingua-FR-Ladl-v0.0.4
PERL_EXTUTILS_AUTOINSTALL = --defaultdeps
PERL_MM_USE_DEFAULT = 1
SHELL = /bin/bash
TERM = xterm
Perl special variables (and OS-specific diagnostics, for MSWin32):
$^X = /home/perl589/perl/bin/perl
$UID/$EUID = 1001 / 1001
$GID = 1001 1001
$EGID = 1001 1001
Perl module toolchain versions installed:
Module Have
------------------- ------
CPAN 1.9402
Cwd 3.31
ExtUtils::CBuilder 0.2703
ExtUtils::Command 1.16
ExtUtils::Install 1.54
ExtUtils::MakeMaker 6.56
ExtUtils::Manifest 1.58
ExtUtils::ParseXS 2.2205
File::Spec 3.31
Module::Build 0.3607
Module::Signature n/a
Test::Harness 3.21
Test::More 0.94
YAML 0.71
YAML::Syck 1.09
version 0.82
--
Summary of my perl5 (revision 5 version 8 subversion 9) configuration:
Platform:
osname=linux, osvers=2.6.31-20-generic, archname=i686-linux-thread-multi
uname='linux st47-laptop 2.6.31-20-generic #57-ubuntu smp mon feb 8 09:05:19 utc 2010 i686 gnulinux '
config_args=''
hint=recommended, useposix=true, d_sigaction=define
usethreads=define use5005threads=undef useithreads=define usemultiplicity=define
useperlio=define d_sfio=undef uselargefiles=define usesocks=undef
use64bitint=undef use64bitall=undef uselongdouble=undef
usemymalloc=n, bincompat5005=undef
Compiler:
cc='cc', ccflags ='-D_REENTRANT -D_GNU_SOURCE -DTHREADS_HAVE_PIDS -fno-strict-aliasing -pipe -I/usr/local/include -D_LARGEFILE_SOURCE -D_FILE_OFFSET_BITS=64',
optimize='-O2',
cppflags='-D_REENTRANT -D_GNU_SOURCE -DTHREADS_HAVE_PIDS -fno-strict-aliasing -pipe -I/usr/local/include'
ccversion='', gccversion='4.4.1', gccosandvers=''
intsize=4, longsize=4, ptrsize=4, doublesize=8, byteorder=1234
d_longlong=define, longlongsize=8, d_longdbl=define, longdblsize=12
ivtype='long', ivsize=4, nvtype='double', nvsize=8, Off_t='off_t', lseeksize=8
alignbytes=4, prototype=define
Linker and Libraries:
ld='cc', ldflags =' -L/usr/local/lib'
libpth=/usr/local/lib /lib /usr/lib
libs=-lnsl -ldl -lm -lcrypt -lutil -lpthread -lc
perllibs=-lnsl -ldl -lm -lcrypt -lutil -lpthread -lc
libc=/lib/libc-2.10.1.so, so=so, useshrplib=false, libperl=libperl.a
gnulibc_version='2.10.1'
Dynamic Linking:
dlsrc=dl_dlopen.xs, dlext=so, d_dlsymun=undef, ccdlflags='-Wl,-E'
cccdlflags='-fPIC', lddlflags='-shared -O2 -L/usr/local/lib'
Characteristics of this binary (from libperl):
Compile-time options: MULTIPLICITY PERL_IMPLICIT_CONTEXT PERL_MALLOC_WRAP
THREADS_HAVE_PIDS USE_FAST_STDIO USE_ITHREADS
USE_LARGE_FILES USE_PERLIO USE_REENTRANT_API
Built under linux
Compiled at Mar 11 2010 22:22:38
%ENV:
PERL5LIB=""
PERL5OPT=""
PERL5_CPANPLUS_IS_RUNNING="3850"
PERL5_CPAN_IS_RUNNING="3850"
PERL5_CPAN_IS_RUNNING_IN_RECURSION="22811,3850"
PERL_CR_SMOKER_CURRENT="Lingua-FR-Ladl-v0.0.4"
PERL_EXTUTILS_AUTOINSTALL="--defaultdeps"
PERL_MM_USE_DEFAULT="1"
@INC:
/home/perl589/perl/lib/5.8.9/i686-linux-thread-multi
/home/perl589/perl/lib/5.8.9
/home/perl589/perl/lib/site_perl/5.8.9/i686-linux-thread-multi
/home/perl589/perl/lib/site_perl/5.8.9
.