TestML v0.08 Perl 5 v5.13.3 i686-linux

Status
Fail
From
Serguei Trouchelle (STRO)
Dist
TestML v0.08
Platform
Perl 5 v5.13.3 i686-linux
Date
2010-08-11 11:58:13
ID
b7f4a862-a53f-11df-b5fb-5641f1df29e1
This distribution has been tested as part of the CPAN Testers
project, supporting the Perl programming language.  See
http://wiki.cpantesters.org/ for more information or email
questions to cpan-testers-discuss@perl.org


--
Dear Ingy dot Net,

This is a computer-generated report for TestML-0.08
on perl 5.13.3, created by CPAN-Reporter-1.18.

Thank you for uploading your work to CPAN.  However, there was a problem
testing your distribution.

If you think this report is invalid, please consult the CPAN Testers Wiki
for suggestions on how to avoid getting FAIL reports for missing library
or binary dependencies, unsupported operating systems, and so on:

http://wiki.cpantesters.org/wiki/CPANAuthorNotes

Sections of this report:

    * Tester comments
    * Program output
    * Prerequisites
    * Environment and other context

------------------------------
TESTER COMMENTS
------------------------------

Additional comments from tester:

this report is from an automated smoke testing program
and was not reviewed by a human for accuracy

------------------------------
PROGRAM OUTPUT
------------------------------

Output from '/usr/bin/make test':

PERL_DL_NONLAZY=1 /home/stro/perl/perl5133/bin/perl "-MExtUtils::Command::MM" "-e" "test_harness(0, 'inc', 'blib/lib', 'blib/arch')" t/*.t
Can't locate XXX.pm in @INC (@INC contains: /home/stro/cpan/build/5.13.3/TestML-0.08-6yZmNU/inc /home/stro/cpan/build/5.13.3/TestML-0.08-6yZmNU/blib/lib /home/stro/cpan/build/5.13.3/TestML-0.08-6yZmNU/blib/arch /home/stro/perl/perl5133/lib/site_perl/5.13.3/i686-linux /home/stro/perl/perl5133/lib/site_perl/5.13.3 /home/stro/perl/perl5133/lib/5.13.3/i686-linux /home/stro/perl/perl5133/lib/5.13.3 .) at /home/stro/cpan/build/5.13.3/TestML-0.08-6yZmNU/blib/lib/TestML/Runner.pm line 18.
BEGIN failed--compilation aborted at /home/stro/cpan/build/5.13.3/TestML-0.08-6yZmNU/blib/lib/TestML/Runner.pm line 18.
Compilation failed in require at /home/stro/cpan/build/5.13.3/TestML-0.08-6yZmNU/blib/lib/TestML/Runner/TAP.pm line 5.
BEGIN failed--compilation aborted at /home/stro/cpan/build/5.13.3/TestML-0.08-6yZmNU/blib/lib/TestML/Runner/TAP.pm line 5.
Compilation failed in require at (eval 1) line 1.
END failed--call queue aborted.
t/arguments.t .............. 
Dubious, test returned 2 (wstat 512, 0x200)
No subtests run 
Can't locate XXX.pm in @INC (@INC contains: /home/stro/cpan/build/5.13.3/TestML-0.08-6yZmNU/inc /home/stro/cpan/build/5.13.3/TestML-0.08-6yZmNU/blib/lib /home/stro/cpan/build/5.13.3/TestML-0.08-6yZmNU/blib/arch /home/stro/perl/perl5133/lib/site_perl/5.13.3/i686-linux /home/stro/perl/perl5133/lib/site_perl/5.13.3 /home/stro/perl/perl5133/lib/5.13.3/i686-linux /home/stro/perl/perl5133/lib/5.13.3 .) at /home/stro/cpan/build/5.13.3/TestML-0.08-6yZmNU/blib/lib/TestML/Runner.pm line 18.
BEGIN failed--compilation aborted at /home/stro/cpan/build/5.13.3/TestML-0.08-6yZmNU/blib/lib/TestML/Runner.pm line 18.
Compilation failed in require at /home/stro/cpan/build/5.13.3/TestML-0.08-6yZmNU/blib/lib/TestML/Runner/TAP.pm line 5.
BEGIN failed--compilation aborted at /home/stro/cpan/build/5.13.3/TestML-0.08-6yZmNU/blib/lib/TestML/Runner/TAP.pm line 5.
Compilation failed in require at (eval 1) line 1.
END failed--call queue aborted.
t/assertions.t ............. 
Dubious, test returned 2 (wstat 512, 0x200)
No subtests run 
Can't locate XXX.pm in @INC (@INC contains: /home/stro/cpan/build/5.13.3/TestML-0.08-6yZmNU/inc /home/stro/cpan/build/5.13.3/TestML-0.08-6yZmNU/blib/lib /home/stro/cpan/build/5.13.3/TestML-0.08-6yZmNU/blib/arch /home/stro/perl/perl5133/lib/site_perl/5.13.3/i686-linux /home/stro/perl/perl5133/lib/site_perl/5.13.3 /home/stro/perl/perl5133/lib/5.13.3/i686-linux /home/stro/perl/perl5133/lib/5.13.3 .) at /home/stro/cpan/build/5.13.3/TestML-0.08-6yZmNU/blib/lib/TestML/Runner.pm line 18.
BEGIN failed--compilation aborted at /home/stro/cpan/build/5.13.3/TestML-0.08-6yZmNU/blib/lib/TestML/Runner.pm line 18.
Compilation failed in require at /home/stro/cpan/build/5.13.3/TestML-0.08-6yZmNU/blib/lib/TestML/Runner/TAP.pm line 5.
BEGIN failed--compilation aborted at /home/stro/cpan/build/5.13.3/TestML-0.08-6yZmNU/blib/lib/TestML/Runner/TAP.pm line 5.
Compilation failed in require at t/basic.t line 1.
BEGIN failed--compilation aborted at t/basic.t line 1.
t/basic.t .................. 
Dubious, test returned 2 (wstat 512, 0x200)
No subtests run 
Can't locate XXX.pm in @INC (@INC contains: /home/stro/cpan/build/5.13.3/TestML-0.08-6yZmNU/inc /home/stro/cpan/build/5.13.3/TestML-0.08-6yZmNU/blib/lib /home/stro/cpan/build/5.13.3/TestML-0.08-6yZmNU/blib/arch /home/stro/perl/perl5133/lib/site_perl/5.13.3/i686-linux /home/stro/perl/perl5133/lib/site_perl/5.13.3 /home/stro/perl/perl5133/lib/5.13.3/i686-linux /home/stro/perl/perl5133/lib/5.13.3 .) at /home/stro/cpan/build/5.13.3/TestML-0.08-6yZmNU/blib/lib/TestML/Runner.pm line 18.
BEGIN failed--compilation aborted at /home/stro/cpan/build/5.13.3/TestML-0.08-6yZmNU/blib/lib/TestML/Runner.pm line 18.
Compilation failed in require at /home/stro/cpan/build/5.13.3/TestML-0.08-6yZmNU/blib/lib/TestML/Runner/TAP.pm line 5.
BEGIN failed--compilation aborted at /home/stro/cpan/build/5.13.3/TestML-0.08-6yZmNU/blib/lib/TestML/Runner/TAP.pm line 5.
Compilation failed in require at (eval 1) line 1.
END failed--call queue aborted.
t/dataless.t ............... 
Dubious, test returned 2 (wstat 512, 0x200)
No subtests run 
Can't locate XXX.pm in @INC (@INC contains: /home/stro/cpan/build/5.13.3/TestML-0.08-6yZmNU/inc /home/stro/cpan/build/5.13.3/TestML-0.08-6yZmNU/blib/lib /home/stro/cpan/build/5.13.3/TestML-0.08-6yZmNU/blib/arch /home/stro/perl/perl5133/lib/site_perl/5.13.3/i686-linux /home/stro/perl/perl5133/lib/site_perl/5.13.3 /home/stro/perl/perl5133/lib/5.13.3/i686-linux /home/stro/perl/perl5133/lib/5.13.3 .) at /home/stro/cpan/build/5.13.3/TestML-0.08-6yZmNU/blib/lib/TestML/Runner.pm line 18.
BEGIN failed--compilation aborted at /home/stro/cpan/build/5.13.3/TestML-0.08-6yZmNU/blib/lib/TestML/Runner.pm line 18.
Compilation failed in require at /home/stro/cpan/build/5.13.3/TestML-0.08-6yZmNU/blib/lib/TestML/Runner/TAP.pm line 5.
BEGIN failed--compilation aborted at /home/stro/cpan/build/5.13.3/TestML-0.08-6yZmNU/blib/lib/TestML/Runner/TAP.pm line 5.
Compilation failed in require at (eval 1) line 1.
END failed--call queue aborted.
t/exceptions.t ............. 
Dubious, test returned 2 (wstat 512, 0x200)
No subtests run 
Can't locate XXX.pm in @INC (@INC contains: /home/stro/cpan/build/5.13.3/TestML-0.08-6yZmNU/inc /home/stro/cpan/build/5.13.3/TestML-0.08-6yZmNU/blib/lib /home/stro/cpan/build/5.13.3/TestML-0.08-6yZmNU/blib/arch /home/stro/perl/perl5133/lib/site_perl/5.13.3/i686-linux /home/stro/perl/perl5133/lib/site_perl/5.13.3 /home/stro/perl/perl5133/lib/5.13.3/i686-linux /home/stro/perl/perl5133/lib/5.13.3 .) at /home/stro/cpan/build/5.13.3/TestML-0.08-6yZmNU/blib/lib/TestML/Runner.pm line 18.
BEGIN failed--compilation aborted at /home/stro/cpan/build/5.13.3/TestML-0.08-6yZmNU/blib/lib/TestML/Runner.pm line 18.
Compilation failed in require at /home/stro/cpan/build/5.13.3/TestML-0.08-6yZmNU/blib/lib/TestML/Runner/TAP.pm line 5.
BEGIN failed--compilation aborted at /home/stro/cpan/build/5.13.3/TestML-0.08-6yZmNU/blib/lib/TestML/Runner/TAP.pm line 5.
Compilation failed in require at (eval 1) line 1.
END failed--call queue aborted.
t/external.t ............... 
Dubious, test returned 2 (wstat 512, 0x200)
No subtests run 
Can't locate XXX.pm in @INC (@INC contains: /home/stro/cpan/build/5.13.3/TestML-0.08-6yZmNU/inc /home/stro/cpan/build/5.13.3/TestML-0.08-6yZmNU/blib/lib /home/stro/cpan/build/5.13.3/TestML-0.08-6yZmNU/blib/arch /home/stro/perl/perl5133/lib/site_perl/5.13.3/i686-linux /home/stro/perl/perl5133/lib/site_perl/5.13.3 /home/stro/perl/perl5133/lib/5.13.3/i686-linux /home/stro/perl/perl5133/lib/5.13.3 .) at /home/stro/cpan/build/5.13.3/TestML-0.08-6yZmNU/blib/lib/TestML/Runner.pm line 18.
BEGIN failed--compilation aborted at /home/stro/cpan/build/5.13.3/TestML-0.08-6yZmNU/blib/lib/TestML/Runner.pm line 18.
Compilation failed in require at /home/stro/cpan/build/5.13.3/TestML-0.08-6yZmNU/blib/lib/TestML/Runner/TAP.pm line 5.
BEGIN failed--compilation aborted at /home/stro/cpan/build/5.13.3/TestML-0.08-6yZmNU/blib/lib/TestML/Runner/TAP.pm line 5.
Compilation failed in require at (eval 1) line 1.
END failed--call queue aborted.
t/inline-bridge.t .......... 
Dubious, test returned 2 (wstat 512, 0x200)
No subtests run 
Can't locate XXX.pm in @INC (@INC contains: /home/stro/cpan/build/5.13.3/TestML-0.08-6yZmNU/inc /home/stro/cpan/build/5.13.3/TestML-0.08-6yZmNU/blib/lib /home/stro/cpan/build/5.13.3/TestML-0.08-6yZmNU/blib/arch /home/stro/perl/perl5133/lib/site_perl/5.13.3/i686-linux /home/stro/perl/perl5133/lib/site_perl/5.13.3 /home/stro/perl/perl5133/lib/5.13.3/i686-linux /home/stro/perl/perl5133/lib/5.13.3 .) at /home/stro/cpan/build/5.13.3/TestML-0.08-6yZmNU/blib/lib/TestML/Runner.pm line 18.
BEGIN failed--compilation aborted at /home/stro/cpan/build/5.13.3/TestML-0.08-6yZmNU/blib/lib/TestML/Runner.pm line 18.
Compilation failed in require at /home/stro/cpan/build/5.13.3/TestML-0.08-6yZmNU/blib/lib/TestML/Runner/TAP.pm line 5.
BEGIN failed--compilation aborted at /home/stro/cpan/build/5.13.3/TestML-0.08-6yZmNU/blib/lib/TestML/Runner/TAP.pm line 5.
Compilation failed in require at (eval 1) line 1.
END failed--call queue aborted.
t/inline.t ................. 
Dubious, test returned 2 (wstat 512, 0x200)
No subtests run 
Can't locate XXX.pm in @INC (@INC contains: /home/stro/cpan/build/5.13.3/TestML-0.08-6yZmNU/inc /home/stro/cpan/build/5.13.3/TestML-0.08-6yZmNU/blib/lib /home/stro/cpan/build/5.13.3/TestML-0.08-6yZmNU/blib/arch /home/stro/perl/perl5133/lib/site_perl/5.13.3/i686-linux /home/stro/perl/perl5133/lib/site_perl/5.13.3 /home/stro/perl/perl5133/lib/5.13.3/i686-linux /home/stro/perl/perl5133/lib/5.13.3 .) at /home/stro/cpan/build/5.13.3/TestML-0.08-6yZmNU/blib/lib/TestML/Runner.pm line 18.
BEGIN failed--compilation aborted at /home/stro/cpan/build/5.13.3/TestML-0.08-6yZmNU/blib/lib/TestML/Runner.pm line 18.
Compilation failed in require at /home/stro/cpan/build/5.13.3/TestML-0.08-6yZmNU/blib/lib/TestML/Runner/TAP.pm line 5.
BEGIN failed--compilation aborted at /home/stro/cpan/build/5.13.3/TestML-0.08-6yZmNU/blib/lib/TestML/Runner/TAP.pm line 5.
Compilation failed in require at t/markers.t line 1.
BEGIN failed--compilation aborted at t/markers.t line 1.
t/markers.t ................ 
Dubious, test returned 2 (wstat 512, 0x200)
No subtests run 
Can't locate XXX.pm in @INC (@INC contains: /home/stro/cpan/build/5.13.3/TestML-0.08-6yZmNU/inc /home/stro/cpan/build/5.13.3/TestML-0.08-6yZmNU/blib/lib /home/stro/cpan/build/5.13.3/TestML-0.08-6yZmNU/blib/arch /home/stro/perl/perl5133/lib/site_perl/5.13.3/i686-linux /home/stro/perl/perl5133/lib/site_perl/5.13.3 /home/stro/perl/perl5133/lib/5.13.3/i686-linux /home/stro/perl/perl5133/lib/5.13.3 .) at t/parse-testml-document.t line 22.
BEGIN failed--compilation aborted at t/parse-testml-document.t line 22.
# Looks like your test exited with 2 before it could output anything.
t/parse-testml-document.t .. 
Dubious, test returned 2 (wstat 512, 0x200)
Failed 23/23 subtests 
Can't locate XXX.pm in @INC (@INC contains: /home/stro/cpan/build/5.13.3/TestML-0.08-6yZmNU/inc /home/stro/cpan/build/5.13.3/TestML-0.08-6yZmNU/blib/lib /home/stro/cpan/build/5.13.3/TestML-0.08-6yZmNU/blib/arch /home/stro/perl/perl5133/lib/site_perl/5.13.3/i686-linux /home/stro/perl/perl5133/lib/site_perl/5.13.3 /home/stro/perl/perl5133/lib/5.13.3/i686-linux /home/stro/perl/perl5133/lib/5.13.3 .) at /home/stro/cpan/build/5.13.3/TestML-0.08-6yZmNU/blib/lib/TestML/Runner.pm line 18.
BEGIN failed--compilation aborted at /home/stro/cpan/build/5.13.3/TestML-0.08-6yZmNU/blib/lib/TestML/Runner.pm line 18.
Compilation failed in require at /home/stro/cpan/build/5.13.3/TestML-0.08-6yZmNU/blib/lib/TestML/Runner/TAP.pm line 5.
BEGIN failed--compilation aborted at /home/stro/cpan/build/5.13.3/TestML-0.08-6yZmNU/blib/lib/TestML/Runner/TAP.pm line 5.
Compilation failed in require at (eval 1) line 1.
END failed--call queue aborted.
t/simple-use.t ............. 
Dubious, test returned 2 (wstat 512, 0x200)
No subtests run 
Can't locate XXX.pm in @INC (@INC contains: /home/stro/cpan/build/5.13.3/TestML-0.08-6yZmNU/inc /home/stro/cpan/build/5.13.3/TestML-0.08-6yZmNU/blib/lib /home/stro/cpan/build/5.13.3/TestML-0.08-6yZmNU/blib/arch /home/stro/perl/perl5133/lib/site_perl/5.13.3/i686-linux /home/stro/perl/perl5133/lib/site_perl/5.13.3 /home/stro/perl/perl5133/lib/5.13.3/i686-linux /home/stro/perl/perl5133/lib/5.13.3 .) at /home/stro/cpan/build/5.13.3/TestML-0.08-6yZmNU/blib/lib/TestML/Runner.pm line 18.
BEGIN failed--compilation aborted at /home/stro/cpan/build/5.13.3/TestML-0.08-6yZmNU/blib/lib/TestML/Runner.pm line 18.
Compilation failed in require at /home/stro/cpan/build/5.13.3/TestML-0.08-6yZmNU/blib/lib/TestML/Runner/TAP.pm line 5.
BEGIN failed--compilation aborted at /home/stro/cpan/build/5.13.3/TestML-0.08-6yZmNU/blib/lib/TestML/Runner/TAP.pm line 5.
Compilation failed in require at (eval 1) line 1.
END failed--call queue aborted.
t/standard.t ............... 
Dubious, test returned 2 (wstat 512, 0x200)
No subtests run 
Can't locate XXX.pm in @INC (@INC contains: /home/stro/cpan/build/5.13.3/TestML-0.08-6yZmNU/inc /home/stro/cpan/build/5.13.3/TestML-0.08-6yZmNU/blib/lib /home/stro/cpan/build/5.13.3/TestML-0.08-6yZmNU/blib/arch /home/stro/perl/perl5133/lib/site_perl/5.13.3/i686-linux /home/stro/perl/perl5133/lib/site_perl/5.13.3 /home/stro/perl/perl5133/lib/5.13.3/i686-linux /home/stro/perl/perl5133/lib/5.13.3 .) at /home/stro/cpan/build/5.13.3/TestML-0.08-6yZmNU/blib/lib/TestML/Runner.pm line 18.
BEGIN failed--compilation aborted at /home/stro/cpan/build/5.13.3/TestML-0.08-6yZmNU/blib/lib/TestML/Runner.pm line 18.
Compilation failed in require at /home/stro/cpan/build/5.13.3/TestML-0.08-6yZmNU/blib/lib/TestML/Runner/TAP.pm line 5.
BEGIN failed--compilation aborted at /home/stro/cpan/build/5.13.3/TestML-0.08-6yZmNU/blib/lib/TestML/Runner/TAP.pm line 5.
Compilation failed in require at (eval 1) line 1.
END failed--call queue aborted.
t/strings.t ................ 
Dubious, test returned 2 (wstat 512, 0x200)
No subtests run 
Can't locate XXX.pm in @INC (@INC contains: /home/stro/cpan/build/5.13.3/TestML-0.08-6yZmNU/inc /home/stro/cpan/build/5.13.3/TestML-0.08-6yZmNU/blib/lib /home/stro/cpan/build/5.13.3/TestML-0.08-6yZmNU/blib/arch /home/stro/perl/perl5133/lib/site_perl/5.13.3/i686-linux /home/stro/perl/perl5133/lib/site_perl/5.13.3 /home/stro/perl/perl5133/lib/5.13.3/i686-linux /home/stro/perl/perl5133/lib/5.13.3 .) at /home/stro/cpan/build/5.13.3/TestML-0.08-6yZmNU/blib/lib/TestML/Runner.pm line 18.
BEGIN failed--compilation aborted at /home/stro/cpan/build/5.13.3/TestML-0.08-6yZmNU/blib/lib/TestML/Runner.pm line 18.
Compilation failed in require at /home/stro/cpan/build/5.13.3/TestML-0.08-6yZmNU/blib/lib/TestML/Runner/TAP.pm line 5.
BEGIN failed--compilation aborted at /home/stro/cpan/build/5.13.3/TestML-0.08-6yZmNU/blib/lib/TestML/Runner/TAP.pm line 5.
Compilation failed in require at (eval 1) line 1.
END failed--call queue aborted.
t/truth.t .................. 
Dubious, test returned 2 (wstat 512, 0x200)
No subtests run 
Can't locate XXX.pm in @INC (@INC contains: /home/stro/cpan/build/5.13.3/TestML-0.08-6yZmNU/inc /home/stro/cpan/build/5.13.3/TestML-0.08-6yZmNU/blib/lib /home/stro/cpan/build/5.13.3/TestML-0.08-6yZmNU/blib/arch /home/stro/perl/perl5133/lib/site_perl/5.13.3/i686-linux /home/stro/perl/perl5133/lib/site_perl/5.13.3 /home/stro/perl/perl5133/lib/5.13.3/i686-linux /home/stro/perl/perl5133/lib/5.13.3 .) at /home/stro/cpan/build/5.13.3/TestML-0.08-6yZmNU/blib/lib/TestML/Runner.pm line 18.
BEGIN failed--compilation aborted at /home/stro/cpan/build/5.13.3/TestML-0.08-6yZmNU/blib/lib/TestML/Runner.pm line 18.
Compilation failed in require at /home/stro/cpan/build/5.13.3/TestML-0.08-6yZmNU/blib/lib/TestML/Runner/TAP.pm line 5.
BEGIN failed--compilation aborted at /home/stro/cpan/build/5.13.3/TestML-0.08-6yZmNU/blib/lib/TestML/Runner/TAP.pm line 5.
Compilation failed in require at (eval 1) line 1.
END failed--call queue aborted.
t/yaml-tests.t ............. 
Dubious, test returned 2 (wstat 512, 0x200)
No subtests run 

Test Summary Report
-------------------
t/arguments.t            (Wstat: 512 Tests: 0 Failed: 0)
  Non-zero exit status: 2
  Parse errors: No plan found in TAP output
t/assertions.t           (Wstat: 512 Tests: 0 Failed: 0)
  Non-zero exit status: 2
  Parse errors: No plan found in TAP output
t/basic.t                (Wstat: 512 Tests: 0 Failed: 0)
  Non-zero exit status: 2
  Parse errors: No plan found in TAP output
t/dataless.t             (Wstat: 512 Tests: 0 Failed: 0)
  Non-zero exit status: 2
  Parse errors: No plan found in TAP output
t/exceptions.t           (Wstat: 512 Tests: 0 Failed: 0)
  Non-zero exit status: 2
  Parse errors: No plan found in TAP output
t/external.t             (Wstat: 512 Tests: 0 Failed: 0)
  Non-zero exit status: 2
  Parse errors: No plan found in TAP output
t/inline-bridge.t        (Wstat: 512 Tests: 0 Failed: 0)
  Non-zero exit status: 2
  Parse errors: No plan found in TAP output
t/inline.t               (Wstat: 512 Tests: 0 Failed: 0)
  Non-zero exit status: 2
  Parse errors: No plan found in TAP output
t/markers.t              (Wstat: 512 Tests: 0 Failed: 0)
  Non-zero exit status: 2
  Parse errors: No plan found in TAP output
t/parse-testml-document.t (Wstat: 512 Tests: 0 Failed: 0)
  Non-zero exit status: 2
  Parse errors: Bad plan.  You planned 23 tests but ran 0.
t/simple-use.t           (Wstat: 512 Tests: 0 Failed: 0)
  Non-zero exit status: 2
  Parse errors: No plan found in TAP output
t/standard.t             (Wstat: 512 Tests: 0 Failed: 0)
  Non-zero exit status: 2
  Parse errors: No plan found in TAP output
t/strings.t              (Wstat: 512 Tests: 0 Failed: 0)
  Non-zero exit status: 2
  Parse errors: No plan found in TAP output
t/truth.t                (Wstat: 512 Tests: 0 Failed: 0)
  Non-zero exit status: 2
  Parse errors: No plan found in TAP output
t/yaml-tests.t           (Wstat: 512 Tests: 0 Failed: 0)
  Non-zero exit status: 2
  Parse errors: No plan found in TAP output
Files=15, Tests=0,  1 wallclock secs ( 0.05 usr  0.12 sys +  0.44 cusr  0.44 csys =  1.05 CPU)
Result: FAIL
Failed 15/15 test programs. 0/0 subtests failed.
make: *** [test_dynamic] Error 2

------------------------------
PREREQUISITES
------------------------------

Prerequisite modules loaded:

requires:

    Module              Need Have  
    ------------------- ---- ------
    ExtUtils::MakeMaker 6.42 6.5601
    Pegex               0    0.03  

configure_requires:

    Module              Need Have  
    ------------------- ---- ------
    ExtUtils::MakeMaker 6.42 6.5601


------------------------------
ENVIRONMENT AND OTHER CONTEXT
------------------------------

Environment variables:

    AUTOMATED_TESTING = 1
    LANG = en_US.UTF-8
    PATH = /usr/local/bin:/usr/bin:/bin:/usr/games
    PERL5LIB = 
    PERL5OPT = 
    PERL5_CPANPLUS_IS_RUNNING = 30886
    PERL5_CPAN_IS_RUNNING = 30886
    PERL5_CPAN_IS_RUNNING_IN_RECURSION = 15349,30886
    PERL_CR_SMOKER_CURRENT = TestML-0.08
    PERL_EXTUTILS_AUTOINSTALL = --defaultdeps
    PERL_MM_USE_DEFAULT = 1
    SHELL = /bin/bash
    TERM = xterm

Perl special variables (and OS-specific diagnostics, for MSWin32):

    $^X = /home/stro/perl/perl5133/bin/perl
    $UID/$EUID = 1000 / 1000
    $GID = 1000 20 24 25 29 44 46 1000
    $EGID = 1000 20 24 25 29 44 46 1000

Perl module toolchain versions installed:

    Module              Have   
    ------------------- -------
    CPAN                1.94_58
    Cwd                 3.31_02
    ExtUtils::CBuilder  0.27_05
    ExtUtils::Command   1.16   
    ExtUtils::Install   1.55   
    ExtUtils::MakeMaker 6.5601 
    ExtUtils::Manifest  1.58   
    ExtUtils::ParseXS   2.2206 
    File::Spec          3.31_02
    Module::Build       0.36_13
    Module::Signature   0.64   
    Test::Harness       3.21   
    Test::More          0.95_02
    YAML                0.71   
    YAML::Syck          1.12   
    version             0.82   


--

Summary of my perl5 (revision 5 version 13 subversion 3) configuration:
   
  Platform:
    osname=linux, osvers=2.6.26-2-686, archname=i686-linux
    uname='linux debian5 2.6.26-2-686 #1 smp mon jun 21 05:58:44 utc 2010 i686 gnulinux '
    config_args=''
    hint=recommended, useposix=true, d_sigaction=define
    useithreads=undef, usemultiplicity=undef
    useperlio=define, d_sfio=undef, uselargefiles=define, usesocks=undef
    use64bitint=undef, use64bitall=undef, uselongdouble=undef
    usemymalloc=n, bincompat5005=undef
  Compiler:
    cc='cc', ccflags ='-fno-strict-aliasing -pipe -fstack-protector -I/usr/local/include -D_LARGEFILE_SOURCE -D_FILE_OFFSET_BITS=64',
    optimize='-O2',
    cppflags='-fno-strict-aliasing -pipe -fstack-protector -I/usr/local/include'
    ccversion='', gccversion='4.3.2', gccosandvers=''
    intsize=4, longsize=4, ptrsize=4, doublesize=8, byteorder=1234
    d_longlong=define, longlongsize=8, d_longdbl=define, longdblsize=12
    ivtype='long', ivsize=4, nvtype='double', nvsize=8, Off_t='off_t', lseeksize=8
    alignbytes=4, prototype=define
  Linker and Libraries:
    ld='cc', ldflags =' -fstack-protector -L/usr/local/lib'
    libpth=/usr/local/lib /lib /usr/lib
    libs=-lnsl -ldb -ldl -lm -lcrypt -lutil -lc
    perllibs=-lnsl -ldl -lm -lcrypt -lutil -lc
    libc=/lib/libc-2.7.so, so=so, useshrplib=false, libperl=libperl.a
    gnulibc_version='2.7'
  Dynamic Linking:
    dlsrc=dl_dlopen.xs, dlext=so, d_dlsymun=undef, ccdlflags='-Wl,-E'
    cccdlflags='-fPIC', lddlflags='-shared -O2 -L/usr/local/lib -fstack-protector'


Characteristics of this binary (from libperl): 
  Compile-time options: PERL_DONT_CREATE_GVSV PERL_MALLOC_WRAP
                        USE_LARGE_FILES USE_PERLIO USE_PERL_ATOF
  Built under linux
  Compiled at Jul 20 2010 15:30:39
  %ENV:
    PERL5LIB=""
    PERL5OPT=""
    PERL5_CPANPLUS_IS_RUNNING="30886"
    PERL5_CPAN_IS_RUNNING="30886"
    PERL5_CPAN_IS_RUNNING_IN_RECURSION="15349,30886"
    PERL_CR_SMOKER_CURRENT="TestML-0.08"
    PERL_EXTUTILS_AUTOINSTALL="--defaultdeps"
    PERL_MM_USE_DEFAULT="1"
  @INC:
    /home/stro/perl/perl5133/lib/site_perl/5.13.3/i686-linux
    /home/stro/perl/perl5133/lib/site_perl/5.13.3
    /home/stro/perl/perl5133/lib/5.13.3/i686-linux
    /home/stro/perl/perl5133/lib/5.13.3
    .