Report for Catalyst-Plugin-Static-Simple-0.30

Back
From: metabase:user:320bfe00-2aae-11df-837a-5e0a49663a4f
Subject: FAIL Catalyst-Plugin-Static-Simple-0.30 v5.19.2 GNU/Linux
Date: 2013-08-02T18:59:55Z

This distribution has been tested as part of the CPAN Testers
project, supporting the Perl programming language.  See
http://wiki.cpantesters.org/ for more information or email
questions to cpan-testers-discuss@perl.org


--
Dear Alexander Hartmaier,

This is a computer-generated report for Catalyst-Plugin-Static-Simple-0.30
on perl 5.19.2, created by CPAN-Reporter-1.2010.

Thank you for uploading your work to CPAN.  However, there was a problem
testing your distribution.

If you think this report is invalid, please consult the CPAN Testers Wiki
for suggestions on how to avoid getting FAIL reports for missing library
or binary dependencies, unsupported operating systems, and so on:

http://wiki.cpantesters.org/wiki/CPANAuthorNotes

Sections of this report:

    * Tester comments
    * Program output
    * Prerequisites
    * Environment and other context

------------------------------
TESTER COMMENTS
------------------------------

Additional comments from tester:

this report is from an automated smoke testing program
and was not reviewed by a human for accuracy

------------------------------
PROGRAM OUTPUT
------------------------------

Output from '/usr/bin/make test':

PERL_DL_NONLAZY=1 /home/sand/src/perl/repoperls/installed-perls/perl/v5.19.2/127e/bin/perl "-MExtUtils::Command::MM" "-e" "test_harness(0, 'inc', 'blib/lib', 'blib/arch')" t/01use.t t/04static.t t/05dirs.t t/06include_path.t t/07mime_types.t t/08subreq.t t/09ignore_ext.t t/10ignore_dirs.t t/11serve_static.t t/12check_error_scope.t t/20debug.t
t/01use.t ................ ok
Can't locate object method "create_type_index" via package "MIME::Types" at /tmp/loop_over_bdir-19133-0j8DSF/Catalyst-Plugin-Static-Simple-0.30-1IS4Xs/blib/lib/Catalyst/Plugin/Static/Simple.pm line 117.
Compilation failed in require at /home/sand/src/perl/repoperls/installed-perls/perl/v5.19.2/127e/lib/site_perl/5.19.2/Catalyst/Test.pm line 154.
BEGIN failed--compilation aborted at t/04static.t line 14.
t/04static.t ............. 
Dubious, test returned 255 (wstat 65280, 0xff00)
No subtests run 
Can't locate object method "create_type_index" via package "MIME::Types" at /tmp/loop_over_bdir-19133-0j8DSF/Catalyst-Plugin-Static-Simple-0.30-1IS4Xs/blib/lib/Catalyst/Plugin/Static/Simple.pm line 117.
Compilation failed in require at /home/sand/src/perl/repoperls/installed-perls/perl/v5.19.2/127e/lib/site_perl/5.19.2/Catalyst/Test.pm line 154.
BEGIN failed--compilation aborted at t/05dirs.t line 10.
# Looks like your test exited with 255 before it could output anything.
t/05dirs.t ............... 
Dubious, test returned 255 (wstat 65280, 0xff00)
Failed 13/13 subtests 
Can't locate object method "create_type_index" via package "MIME::Types" at /tmp/loop_over_bdir-19133-0j8DSF/Catalyst-Plugin-Static-Simple-0.30-1IS4Xs/blib/lib/Catalyst/Plugin/Static/Simple.pm line 117.
Compilation failed in require at /home/sand/src/perl/repoperls/installed-perls/perl/v5.19.2/127e/lib/site_perl/5.19.2/Catalyst/Test.pm line 154.
BEGIN failed--compilation aborted at t/06include_path.t line 10.
# Looks like your test exited with 255 before it could output anything.
t/06include_path.t ....... 
Dubious, test returned 255 (wstat 65280, 0xff00)
Failed 6/6 subtests 
Can't locate object method "create_type_index" via package "MIME::Types" at /tmp/loop_over_bdir-19133-0j8DSF/Catalyst-Plugin-Static-Simple-0.30-1IS4Xs/blib/lib/Catalyst/Plugin/Static/Simple.pm line 117.
Compilation failed in require at /home/sand/src/perl/repoperls/installed-perls/perl/v5.19.2/127e/lib/site_perl/5.19.2/Catalyst/Test.pm line 154.
BEGIN failed--compilation aborted at t/07mime_types.t line 10.
# Looks like your test exited with 255 before it could output anything.
t/07mime_types.t ......... 
Dubious, test returned 255 (wstat 65280, 0xff00)
Failed 4/4 subtests 
Can't locate object method "create_type_index" via package "MIME::Types" at /tmp/loop_over_bdir-19133-0j8DSF/Catalyst-Plugin-Static-Simple-0.30-1IS4Xs/blib/lib/Catalyst/Plugin/Static/Simple.pm line 117.
Compilation failed in require at /home/sand/src/perl/repoperls/installed-perls/perl/v5.19.2/127e/lib/site_perl/5.19.2/Catalyst/Test.pm line 154.
BEGIN failed--compilation aborted at t/08subreq.t line 10.
# Looks like your test exited with 255 before it could output anything.
t/08subreq.t ............. 
Dubious, test returned 255 (wstat 65280, 0xff00)
Failed 2/2 subtests 
Can't locate object method "create_type_index" via package "MIME::Types" at /tmp/loop_over_bdir-19133-0j8DSF/Catalyst-Plugin-Static-Simple-0.30-1IS4Xs/blib/lib/Catalyst/Plugin/Static/Simple.pm line 117.
Compilation failed in require at /home/sand/src/perl/repoperls/installed-perls/perl/v5.19.2/127e/lib/site_perl/5.19.2/Catalyst/Test.pm line 154.
BEGIN failed--compilation aborted at t/09ignore_ext.t line 10.
# Looks like your test exited with 255 before it could output anything.
t/09ignore_ext.t ......... 
Dubious, test returned 255 (wstat 65280, 0xff00)
Failed 4/4 subtests 
Can't locate object method "create_type_index" via package "MIME::Types" at /tmp/loop_over_bdir-19133-0j8DSF/Catalyst-Plugin-Static-Simple-0.30-1IS4Xs/blib/lib/Catalyst/Plugin/Static/Simple.pm line 117.
Compilation failed in require at /home/sand/src/perl/repoperls/installed-perls/perl/v5.19.2/127e/lib/site_perl/5.19.2/Catalyst/Test.pm line 154.
BEGIN failed--compilation aborted at t/10ignore_dirs.t line 10.
# Looks like your test exited with 255 before it could output anything.
t/10ignore_dirs.t ........ 
Dubious, test returned 255 (wstat 65280, 0xff00)
Failed 6/6 subtests 
Can't locate object method "create_type_index" via package "MIME::Types" at /tmp/loop_over_bdir-19133-0j8DSF/Catalyst-Plugin-Static-Simple-0.30-1IS4Xs/blib/lib/Catalyst/Plugin/Static/Simple.pm line 117.
Compilation failed in require at /home/sand/src/perl/repoperls/installed-perls/perl/v5.19.2/127e/lib/site_perl/5.19.2/Catalyst/Test.pm line 154.
BEGIN failed--compilation aborted at t/11serve_static.t line 10.
# Looks like your test exited with 255 before it could output anything.
t/11serve_static.t ....... 
Dubious, test returned 255 (wstat 65280, 0xff00)
Failed 6/6 subtests 
Can't locate object method "create_type_index" via package "MIME::Types" at /tmp/loop_over_bdir-19133-0j8DSF/Catalyst-Plugin-Static-Simple-0.30-1IS4Xs/blib/lib/Catalyst/Plugin/Static/Simple.pm line 117.
Compilation failed in require at /home/sand/src/perl/repoperls/installed-perls/perl/v5.19.2/127e/lib/site_perl/5.19.2/Catalyst/Test.pm line 154.
BEGIN failed--compilation aborted at t/12check_error_scope.t line 24.
# Looks like your test exited with 255 before it could output anything.
t/12check_error_scope.t .. 
Dubious, test returned 255 (wstat 65280, 0xff00)
Failed 3/3 subtests 
Can't locate object method "create_type_index" via package "MIME::Types" at /tmp/loop_over_bdir-19133-0j8DSF/Catalyst-Plugin-Static-Simple-0.30-1IS4Xs/blib/lib/Catalyst/Plugin/Static/Simple.pm line 117.
Compilation failed in require at /home/sand/src/perl/repoperls/installed-perls/perl/v5.19.2/127e/lib/site_perl/5.19.2/Catalyst/Test.pm line 154.
BEGIN failed--compilation aborted at t/20debug.t line 10.
# Looks like your test exited with 255 before it could output anything.
t/20debug.t .............. 
Dubious, test returned 255 (wstat 65280, 0xff00)
Failed 5/5 subtests 

Test Summary Report
-------------------
t/04static.t           (Wstat: 65280 Tests: 0 Failed: 0)
  Non-zero exit status: 255
  Parse errors: No plan found in TAP output
t/05dirs.t             (Wstat: 65280 Tests: 0 Failed: 0)
  Non-zero exit status: 255
  Parse errors: Bad plan.  You planned 13 tests but ran 0.
t/06include_path.t     (Wstat: 65280 Tests: 0 Failed: 0)
  Non-zero exit status: 255
  Parse errors: Bad plan.  You planned 6 tests but ran 0.
t/07mime_types.t       (Wstat: 65280 Tests: 0 Failed: 0)
  Non-zero exit status: 255
  Parse errors: Bad plan.  You planned 4 tests but ran 0.
t/08subreq.t           (Wstat: 65280 Tests: 0 Failed: 0)
  Non-zero exit status: 255
  Parse errors: Bad plan.  You planned 2 tests but ran 0.
t/09ignore_ext.t       (Wstat: 65280 Tests: 0 Failed: 0)
  Non-zero exit status: 255
  Parse errors: Bad plan.  You planned 4 tests but ran 0.
t/10ignore_dirs.t      (Wstat: 65280 Tests: 0 Failed: 0)
  Non-zero exit status: 255
  Parse errors: Bad plan.  You planned 6 tests but ran 0.
t/11serve_static.t     (Wstat: 65280 Tests: 0 Failed: 0)
  Non-zero exit status: 255
  Parse errors: Bad plan.  You planned 6 tests but ran 0.
t/12check_error_scope.t (Wstat: 65280 Tests: 0 Failed: 0)
  Non-zero exit status: 255
  Parse errors: Bad plan.  You planned 3 tests but ran 0.
t/20debug.t            (Wstat: 65280 Tests: 0 Failed: 0)
  Non-zero exit status: 255
  Parse errors: Bad plan.  You planned 5 tests but ran 0.
Files=11, Tests=2, 25 wallclock secs ( 0.06 usr  0.00 sys +  8.49 cusr  0.70 csys =  9.25 CPU)
Result: FAIL
Failed 10/11 test programs. 0/2 subtests failed.
make: *** [test_dynamic] Error 255

------------------------------
PREREQUISITES
------------------------------

Prerequisite modules loaded:

requires:

    Module               Need    Have   
    -------------------- ------- -------
    Catalyst::Runtime    5.80008 5.90042
    MIME::Types          1.25    2.00   
    Moose                0       2.1004 
    MooseX::Types        0       0.36   
    namespace::autoclean 0       0.13   
    Test::More           0       0.98   

build_requires:

    Module               Need    Have   
    -------------------- ------- -------
    ExtUtils::MakeMaker  6.36    6.73_04
    Test::More           0       0.98   

configure_requires:

    Module               Need    Have   
    -------------------- ------- -------
    ExtUtils::MakeMaker  6.36    6.73_04


------------------------------
ENVIRONMENT AND OTHER CONTEXT
------------------------------

Environment variables:

    AUTOMATED_TESTING = 1
    LANG = en_US.UTF-8
    LANGUAGE = en_US:en
    PATH = /usr/lib/ccache:/home/sand/bin:/usr/local/bin:/usr/bin:/bin:/usr/bin/X11:/usr/games:/usr/local/perl/bin:/usr/X11/bin:/sbin:/usr/sbin
    PERL5LIB = 
    PERL5OPT = 
    PERL5_CPANPLUS_IS_RUNNING = 19134
    PERL5_CPAN_IS_RUNNING = 19134
    PERL_MM_USE_DEFAULT = 1
    SHELL = /usr/bin/zsh
    TERM = screen

Perl special variables (and OS-specific diagnostics, for MSWin32):

    $^X = /home/sand/src/perl/repoperls/installed-perls/perl/v5.19.2/127e/bin/perl
    $UID/$EUID = 1005 / 1005
    $GID = 1005 1005
    $EGID = 1005 1005

Perl module toolchain versions installed:

    Module              Have    
    ------------------- --------
    CPAN                2.00    
    CPAN::Meta          2.132140
    Cwd                 3.41    
    ExtUtils::CBuilder  0.280210
    ExtUtils::Command   1.17    
    ExtUtils::Install   1.60    
    ExtUtils::MakeMaker 6.73_04 
    ExtUtils::Manifest  1.63    
    ExtUtils::ParseXS   3.21    
    File::Spec          3.41    
    JSON                2.59    
    JSON::PP            2.27202 
    Module::Build       0.4007  
    Module::Signature   0.73    
    Parse::CPAN::Meta   1.4405  
    Test::Harness       3.28    
    Test::More          0.98    
    YAML                0.84    
    YAML::Syck          1.27    
    version             0.9902  


--

Summary of my perl5 (revision 5 version 19 subversion 2) configuration:
  Commit id: 22a36b22e3eaa9b63f92abb4d2f3a3b7a12f915a
  Platform:
    osname=linux, osvers=3.9-1-amd64, archname=x86_64-linux-ld
    uname='linux k83 3.9-1-amd64 #1 smp debian 3.9.8-1 x86_64 gnulinux '
    config_args='-Dprefix=/home/sand/src/perl/repoperls/installed-perls/perl/v5.19.2/127e -Dmyhostname=k83 -Dinstallusrbinperl=n -Uversiononly -Dusedevel -des -Ui_db -Uuseithreads -Duselongdouble -DDEBUGGING=-g'
    hint=recommended, useposix=true, d_sigaction=define
    useithreads=undef, usemultiplicity=undef
    useperlio=define, d_sfio=undef, uselargefiles=define, usesocks=undef
    use64bitint=define, use64bitall=define, uselongdouble=define
    usemymalloc=n, bincompat5005=undef
  Compiler:
    cc='cc', ccflags ='-fno-strict-aliasing -pipe -fstack-protector -I/usr/local/include -D_LARGEFILE_SOURCE -D_FILE_OFFSET_BITS=64',
    optimize='-O2 -g',
    cppflags='-fno-strict-aliasing -pipe -fstack-protector -I/usr/local/include'
    ccversion='', gccversion='4.8.1', gccosandvers=''
    intsize=4, longsize=8, ptrsize=8, doublesize=8, byteorder=12345678
    d_longlong=define, longlongsize=8, d_longdbl=define, longdblsize=16
    ivtype='long', ivsize=8, nvtype='long double', nvsize=16, Off_t='off_t', lseeksize=8
    alignbytes=16, prototype=define
  Linker and Libraries:
    ld='cc', ldflags =' -fstack-protector -L/usr/local/lib'
    libpth=/usr/local/lib /lib/x86_64-linux-gnu /lib/../lib /usr/lib/x86_64-linux-gnu /usr/lib/../lib /lib /usr/lib
    libs=-lnsl -lgdbm -ldb -ldl -lm -lcrypt -lutil -lc -lgdbm_compat
    perllibs=-lnsl -ldl -lm -lcrypt -lutil -lc
    libc=, so=so, useshrplib=false, libperl=libperl.a
    gnulibc_version='2.17'
  Dynamic Linking:
    dlsrc=dl_dlopen.xs, dlext=so, d_dlsymun=undef, ccdlflags='-Wl,-E'
    cccdlflags='-fPIC', lddlflags='-shared -O2 -g -L/usr/local/lib -fstack-protector'


Characteristics of this binary (from libperl): 
  Compile-time options: HAS_TIMES PERLIO_LAYERS PERL_DONT_CREATE_GVSV
                        PERL_HASH_FUNC_ONE_AT_A_TIME_HARD PERL_MALLOC_WRAP
                        PERL_NEW_COPY_ON_WRITE PERL_PRESERVE_IVUV
                        PERL_USE_DEVEL USE_64_BIT_ALL USE_64_BIT_INT
                        USE_LARGE_FILES USE_LOCALE USE_LOCALE_COLLATE
                        USE_LOCALE_CTYPE USE_LOCALE_NUMERIC USE_LONG_DOUBLE
                        USE_PERLIO USE_PERL_ATOF
  Built under linux
  Compiled at Jul 25 2013 23:00:42
  %ENV:
    PERL5LIB=""
    PERL5OPT=""
    PERL5_CPANPLUS_IS_RUNNING="19134"
    PERL5_CPAN_IS_RUNNING="19134"
    PERL_MM_USE_DEFAULT="1"
  @INC:
    /home/sand/src/perl/repoperls/installed-perls/perl/v5.19.2/127e/lib/site_perl/5.19.2/x86_64-linux-ld
    /home/sand/src/perl/repoperls/installed-perls/perl/v5.19.2/127e/lib/site_perl/5.19.2
    /home/sand/src/perl/repoperls/installed-perls/perl/v5.19.2/127e/lib/5.19.2/x86_64-linux-ld
    /home/sand/src/perl/repoperls/installed-perls/perl/v5.19.2/127e/lib/5.19.2
    .