Back
From: metabase:user:838e5b0a-2bb6-1016-a696-43a2537fa0c6
Subject: FAIL Tree-Persist-1.00 v5.12.3
Date: 2012-10-11T21:02:43Z
This distribution has been tested as part of the CPAN Testers
project, supporting the Perl programming language. See
http://wiki.cpantesters.org/ for more information or email
questions to cpan-testers-discuss@perl.org
--
Dear Rob Kinyon,
This is a computer-generated report for Tree-Persist-1.00
on perl 5.12.3, created by CPAN-Reporter-1.2006.
Thank you for uploading your work to CPAN. However, there was a problem
testing your distribution.
If you think this report is invalid, please consult the CPAN Testers Wiki
for suggestions on how to avoid getting FAIL reports for missing library
or binary dependencies, unsupported operating systems, and so on:
http://wiki.cpantesters.org/wiki/CPANAuthorNotes
Sections of this report:
* Tester comments
* Program output
* Prerequisites
* Environment and other context
------------------------------
TESTER COMMENTS
------------------------------
Additional comments from tester:
this report is from an automated smoke testing program
and was not reviewed by a human for accuracy
------------------------------
PROGRAM OUTPUT
------------------------------
Output from 'C:\strawberry\perl\bin\perl.exe ./Build test':
t/000_interface.t ............ ok
t/001_load_from_file.t ....... ok
t/002_save_to_file.t ......... ok
t/003_associate_with_file.t .. ok
t/004_autocommit.t ........... ok
DBI connect('tree','tree',...) failed: Can't connect to MySQL server on 'localhost' (10061) at t/005_load_from_db.t line 17.
# Looks like you planned 47 tests but ran 1.
# Looks like your test exited with 255 just after 1.
t/005_load_from_db.t .........
Dubious, test returned 255 (wstat 65280, 0xff00)
Failed 46/47 subtests
DBI connect('tree','tree',...) failed: Can't connect to MySQL server on 'localhost' (10061) at t/006_save_to_db.t line 19.
# Looks like you planned 5 tests but ran 2.
# Looks like your test exited with 255 just after 2.
t/006_save_to_db.t ...........
Dubious, test returned 255 (wstat 65280, 0xff00)
Failed 3/5 subtests
DBI connect('tree','tree',...) failed: Can't connect to MySQL server on 'localhost' (10061) at t/007_associate_with_db.t line 17.
# Looks like you planned 22 tests but ran 1.
# Looks like your test exited with 255 just after 1.
t/007_associate_with_db.t ....
Dubious, test returned 255 (wstat 65280, 0xff00)
Failed 21/22 subtests
t/998_pod.t .................. ok
t/999_pod_coverage.t ......... ok
Test Summary Report
-------------------
t/005_load_from_db.t (Wstat: 65280 Tests: 1 Failed: 0)
Non-zero exit status: 255
Parse errors: Bad plan. You planned 47 tests but ran 1.
t/006_save_to_db.t (Wstat: 65280 Tests: 2 Failed: 0)
Non-zero exit status: 255
Parse errors: Bad plan. You planned 5 tests but ran 2.
t/007_associate_with_db.t (Wstat: 65280 Tests: 1 Failed: 0)
Non-zero exit status: 255
Parse errors: Bad plan. You planned 22 tests but ran 1.
Files=10, Tests=90, 10 wallclock secs ( 0.08 usr + 0.09 sys = 0.17 CPU)
Result: FAIL
Failed 3/10 test programs. 0/90 subtests failed.
------------------------------
PREREQUISITES
------------------------------
Prerequisite modules loaded:
requires:
Module Need Have
-------------------- ------ --------
perl v5.6.0 5.012003
Scalar::Util 1.10 1.25
Tree 1.00 1.01
UNIVERSAL::require 0.10 0.13
build_requires:
Module Need Have
-------------------- ------ --------
File::Copy 0.01 2.18
File::Spec 0.01 3.33
Scalar::Util 1.10 1.25
Test::File 1.10 1.34
Test::File::Cleaner 0.02 0.03
Test::File::Contents 0.02 0.20
Test::More 0.47 0.98
------------------------------
ENVIRONMENT AND OTHER CONTEXT
------------------------------
Environment variables:
AUTOMATED_TESTING = 1
COMSPEC = C:\Windows\system32\cmd.exe
NUMBER_OF_PROCESSORS = 8
PATH = C:\Program Files\MiKTeX\2.9\miktex\bin;C:\Windows\system32;C:\Windows;C:\Windows\System32\Wbem;C:\Windows\System32\WindowsPowerShell\v1.0\;C:\rv\BIN;c:\Program Files\Microsoft SQL Server\100\Tools\Binn\;c:\Program Files\Microsoft SQL Server\100\DTS\Binn\;C:\strawberry\c\bin;C:\strawberry\perl\site\bin;C:\strawberry\perl\bin;C:\Program Files\Common Files\Roxio Shared\9.0\DLLShared\;C:\Program Files\Microsoft SQL Server\100\Tools\Binn\VSShell\Common7\IDE\;C:\Program Files\Microsoft Visual Studio 9.0\Common7\IDE\PrivateAssemblies\;C:\Program Files\ooRexx;C:\Program Files\Microsoft SQL Server\80\Tools\Binn\;C:\Program Files\Microsoft SQL Server\90\Tools\binn\;C:\Program Files\Microsoft SQL Server\90\DTS\Binn\;C:\Program Files\Microsoft SQL Server\90\Tools\Binn\VSShell\Common7\IDE\;C:\Program Files\Microsoft Visual Studio 8\Common7\IDE\PrivateAssemblies\;C:\Program Files\TortoiseSVN\bin;C:\Program Files\MIT\Kerberos\bin;C:\Windows\System32\WindowsPowerShell\v1.0\;C:\Users\DSolimano\AppData\Local\Fidessa\systemfiles
PERL5LIB = C:\strawberry\cpan\build\UNIVERSAL-require-0.13-v3qaHk/blib/arch;C:\strawberry\cpan\build\UNIVERSAL-require-0.13-v3qaHk/blib/lib;C:\strawberry\cpan\build\Test-File-Contents-0.20-7NXWLT/blib/arch;C:\strawberry\cpan\build\Test-File-Contents-0.20-7NXWLT/blib/lib;C:\strawberry\cpan\build\Test-File-Cleaner-0.03-JfyvIh/blib/arch;C:\strawberry\cpan\build\Test-File-Cleaner-0.03-JfyvIh/blib/lib;C:\strawberry\cpan\build\Test-File-1.34-ER1fH3/blib/arch;C:\strawberry\cpan\build\Test-File-1.34-ER1fH3/blib/lib;C:\strawberry\cpan\build\Tree-1.01-crj19B/blib/arch;C:\strawberry\cpan\build\Tree-1.01-crj19B/blib/lib
PERL5OPT =
PERL5_CPANPLUS_IS_RUNNING = 6224
PERL5_CPAN_IS_RUNNING = 6224
PERL5_CPAN_IS_RUNNING_IN_RECURSION = 12048,6224
PERL_CR_SMOKER_CURRENT = DBIx-Tree-Persist-1.03
PERL_EXTUTILS_AUTOINSTALL = --defaultdeps
PERL_JSON_BACKEND = JSON::XS
PERL_MM_USE_DEFAULT = 1
PERL_YAML_BACKEND = YAML
PROCESSOR_IDENTIFIER = x86 Family 6 Model 23 Stepping 6, GenuineIntel
TEMP = C:\Users\DSOLIM~1\AppData\Local\Temp
TERM = dumb
Perl special variables (and OS-specific diagnostics, for MSWin32):
$^X = C:\strawberry\perl\bin\perl.exe
$UID/$EUID = 0 / 0
$GID = 0
$EGID = 0
Win32::GetOSName = Win7
Win32::GetOSVersion = Service Pack 1, 6, 1, 7601, 2, 1, 0, 256, 1
Win32::FsType = NTFS
Win32::IsAdminUser = 1
Perl module toolchain versions installed:
Module Have
------------------- --------
CPAN 1.9800
CPAN::Meta 2.120921
Cwd 3.33
ExtUtils::CBuilder 0.280205
ExtUtils::Command 1.17
ExtUtils::Install 1.55
ExtUtils::MakeMaker 6.62
ExtUtils::Manifest 1.60
ExtUtils::ParseXS 3.15
File::Spec 3.33
JSON 2.53
JSON::PP 2.27200
Module::Build 0.4002
Module::Signature 0.68
Parse::CPAN::Meta 1.4404
Test::Harness 3.25
Test::More 0.98
YAML 0.84
YAML::Syck 1.20
version 0.99
--
Summary of my perl5 (revision 5 version 12 subversion 3) configuration:
Platform:
osname=MSWin32, osvers=5.1, archname=MSWin32-x86-multi-thread
uname='Win32 strawberryperl 5.12.3.0 #1 Sun May 15 09:44:53 2011 i386'
config_args='undef'
hint=recommended, useposix=true, d_sigaction=undef
useithreads=define, usemultiplicity=define
useperlio=define, d_sfio=undef, uselargefiles=define, usesocks=undef
use64bitint=undef, use64bitall=undef, uselongdouble=undef
usemymalloc=n, bincompat5005=undef
Compiler:
cc='gcc', ccflags =' -s -O2 -DWIN32 -DHAVE_DES_FCRYPT -DUSE_SITECUSTOMIZE -DPERL_IMPLICIT_CONTEXT -DPERL_IMPLICIT_SYS -fno-strict-aliasing -mms-bitfields -DPERL_MSVCRT_READFIX',
optimize='-s -O2',
cppflags='-DWIN32'
ccversion='', gccversion='4.4.3', gccosandvers=''
intsize=4, longsize=4, ptrsize=4, doublesize=8, byteorder=1234
d_longlong=undef, longlongsize=8, d_longdbl=define, longdblsize=12
ivtype='long', ivsize=4, nvtype='double', nvsize=8, Off_t='long long', lseeksize=8
alignbytes=8, prototype=define
Linker and Libraries:
ld='g++', ldflags ='-s -L"C:\strawberry\perl\lib\CORE" -L"C:\strawberry\c\lib"'
libpth=C:\strawberry\c\lib C:\strawberry\c\i686-w64-mingw32\lib
libs=-lmoldname -lkernel32 -luser32 -lgdi32 -lwinspool -lcomdlg32 -ladvapi32 -lshell32 -lole32 -loleaut32 -lnetapi32 -luuid -lws2_32 -lmpr -lwinmm -lversion -lodbc32 -lodbccp32 -lcomctl32
perllibs=-lmoldname -lkernel32 -luser32 -lgdi32 -lwinspool -lcomdlg32 -ladvapi32 -lshell32 -lole32 -loleaut32 -lnetapi32 -luuid -lws2_32 -lmpr -lwinmm -lversion -lodbc32 -lodbccp32 -lcomctl32
libc=, so=dll, useshrplib=true, libperl=libperl512.a
gnulibc_version=''
Dynamic Linking:
dlsrc=dl_win32.xs, dlext=dll, d_dlsymun=undef, ccdlflags=' '
cccdlflags=' ', lddlflags='-mdll -s -L"C:\strawberry\perl\lib\CORE" -L"C:\strawberry\c\lib"'
Characteristics of this binary (from libperl):
Compile-time options: MULTIPLICITY PERL_DONT_CREATE_GVSV
PERL_IMPLICIT_CONTEXT PERL_IMPLICIT_SYS
PERL_MALLOC_WRAP PL_OP_SLAB_ALLOC USE_ITHREADS
USE_LARGE_FILES USE_PERLIO USE_PERL_ATOF
USE_SITECUSTOMIZE
Built under MSWin32
Compiled at May 15 2011 17:02:01
%ENV:
PERL5LIB="C:\strawberry\cpan\build\UNIVERSAL-require-0.13-v3qaHk/blib/arch;C:\strawberry\cpan\build\UNIVERSAL-require-0.13-v3qaHk/blib/lib;C:\strawberry\cpan\build\Test-File-Contents-0.20-7NXWLT/blib/arch;C:\strawberry\cpan\build\Test-File-Contents-0.20-7NXWLT/blib/lib;C:\strawberry\cpan\build\Test-File-Cleaner-0.03-JfyvIh/blib/arch;C:\strawberry\cpan\build\Test-File-Cleaner-0.03-JfyvIh/blib/lib;C:\strawberry\cpan\build\Test-File-1.34-ER1fH3/blib/arch;C:\strawberry\cpan\build\Test-File-1.34-ER1fH3/blib/lib;C:\strawberry\cpan\build\Tree-1.01-crj19B/blib/arch;C:\strawberry\cpan\build\Tree-1.01-crj19B/blib/lib"
PERL5_CPANPLUS_IS_RUNNING="6224"
PERL5_CPAN_IS_RUNNING="6224"
PERL5_CPAN_IS_RUNNING_IN_RECURSION="12048,6224"
PERL_CR_SMOKER_CURRENT="DBIx-Tree-Persist-1.03"
PERL_EXTUTILS_AUTOINSTALL="--defaultdeps"
PERL_JSON_BACKEND="JSON::XS"
PERL_MM_USE_DEFAULT="1"
PERL_YAML_BACKEND="YAML"
@INC:
C:\strawberry\cpan\build\UNIVERSAL-require-0.13-v3qaHk/blib/arch
C:\strawberry\cpan\build\UNIVERSAL-require-0.13-v3qaHk/blib/lib
C:\strawberry\cpan\build\Test-File-Contents-0.20-7NXWLT/blib/arch
C:\strawberry\cpan\build\Test-File-Contents-0.20-7NXWLT/blib/lib
C:\strawberry\cpan\build\Test-File-Cleaner-0.03-JfyvIh/blib/arch
C:\strawberry\cpan\build\Test-File-Cleaner-0.03-JfyvIh/blib/lib
C:\strawberry\cpan\build\Test-File-1.34-ER1fH3/blib/arch
C:\strawberry\cpan\build\Test-File-1.34-ER1fH3/blib/lib
C:\strawberry\cpan\build\Tree-1.01-crj19B/blib/arch
C:\strawberry\cpan\build\Tree-1.01-crj19B/blib/lib
C:/strawberry/perl/site/lib
C:/strawberry/perl/vendor/lib
C:/strawberry/perl/lib
.