Report for ExtUtils-Typemaps-STL-Extra-0.001

Back
From: metabase:user:314402c4-2aae-11df-837a-5e0a49663a4f
Subject: FAIL ExtUtils-Typemaps-STL-Extra-0.001 v5.25.4 FreeBSD
Date: 2016-08-24T19:48:25Z

This distribution has been tested as part of the CPAN Testers
project, supporting the Perl programming language.  See
http://wiki.cpantesters.org/ for more information or email
questions to cpan-testers-discuss@perl.org


--
Dear Pablo Rodriguez,

This is a computer-generated report for ExtUtils-Typemaps-STL-Extra-0.001
on perl 5.25.4, created by CPAN-Reporter-1.2018.

Thank you for uploading your work to CPAN.  However, there was a problem
testing your distribution.

If you think this report is invalid, please consult the CPAN Testers Wiki
for suggestions on how to avoid getting FAIL reports for missing library
or binary dependencies, unsupported operating systems, and so on:

http://wiki.cpantesters.org/wiki/CPANAuthorNotes

Sections of this report:

    * Tester comments
    * Program output
    * Prerequisites
    * Environment and other context

------------------------------
TESTER COMMENTS
------------------------------

Additional comments from tester:

none provided

------------------------------
PROGRAM OUTPUT
------------------------------

Output from './Build test':

# Testing ExtUtils::Typemaps::STL::Extra 0.01, Perl 5.025004, /usr/perl5.25.4p/bin/perl5.25.4
t/00-load.t ............... ok
Could not get valid metadata. Error is: ERROR: Missing required field 'dist_abstract' for metafile

Could not create MYMETA files
In file included from buildtmp/main.xs:11:
In file included from /usr/perl5.25.4p/lib/5.25.4/amd64-freebsd/CORE/perl.h:5571:
/usr/perl5.25.4p/lib/5.25.4/amd64-freebsd/CORE/pp.h:66:33: error: invalid suffix on literal; C++11 requires a space between literal and identifier [-Wreserved-user-defined-literal]
                "MARK push %p %"IVdf"\n",                             \
                                ^
                                 
/usr/perl5.25.4p/lib/5.25.4/amd64-freebsd/CORE/pp.h:76:33: error: invalid suffix on literal; C++11 requires a space between literal and identifier [-Wreserved-user-defined-literal]
                "MARK inc  %p %"IVdf"\n",                             \
                                ^
                                 
In file included from buildtmp/main.xs:11:
In file included from /usr/perl5.25.4p/lib/5.25.4/amd64-freebsd/CORE/perl.h:5876:
/usr/perl5.25.4p/lib/5.25.4/amd64-freebsd/CORE/inline.h:134:22: error: invalid suffix on literal; C++11 requires a space between literal and identifier [-Wreserved-user-defined-literal]
                                 "MARK top  %p %"IVdf"\n",
                                                 ^
                                                  
/usr/perl5.25.4p/lib/5.25.4/amd64-freebsd/CORE/inline.h:144:22: error: invalid suffix on literal; C++11 requires a space between literal and identifier [-Wreserved-user-defined-literal]
                                 "MARK pop  %p %"IVdf"\n",
                                                 ^
                                                  
buildtmp/test_vector_of_vectors.c:263:1: warning: duplicate 'extern' declaration specifier [-Wduplicate-decl-specifier]
XS_EXTERNAL(boot_test_vector_of_vectors); /* prototype to pass -Wmissing-prototypes */
^
/usr/perl5.25.4p/lib/5.25.4/amd64-freebsd/CORE/XSUB.h:146:33: note: expanded from macro 'XS_EXTERNAL'
#      define XS_EXTERNAL(name) extern "C" XSPROTO(name)
                                ^
1 warning and 4 errors generated.
error building buildtmp/test_vector_of_vectors.o from 'buildtmp/test_vector_of_vectors.c' at /usr/perl5.25.4p/lib/5.25.4/ExtUtils/CBuilder/Base.pm line 174.
# Looks like your test exited with 2 before it could output anything.
t/01-vector_of_vectors.t .. 
Dubious, test returned 2 (wstat 512, 0x200)
Failed 1/1 subtests 
t/author-critic.t ......... skipped: these tests are for testing by the author
t/author-pod-coverage.t ... skipped: these tests are for testing by the author
t/author-pod-syntax.t ..... skipped: these tests are for testing by the author
t/manifest.t .............. skipped: Author tests not required for installation
t/pod-coverage.t .......... skipped: Author tests not required for installation
t/pod.t ................... skipped: Author tests not required for installation

Test Summary Report
-------------------
t/01-vector_of_vectors.t (Wstat: 512 Tests: 0 Failed: 0)
  Non-zero exit status: 2
  Parse errors: Bad plan.  You planned 1 tests but ran 0.
Files=8, Tests=1,  1 wallclock secs ( 0.02 usr  0.01 sys +  0.63 cusr  0.19 csys =  0.85 CPU)
Result: FAIL
Failed 1/8 test programs. 0/1 subtests failed.

------------------------------
PREREQUISITES
------------------------------

Prerequisite modules loaded:

requires:

    Module                  Need  Have    
    ----------------------- ----- --------
    ExtUtils::Typemaps      1.02  3.33    
    perl                    5.006 5.025004
    strict                  0     1.11    
    utf8                    0     1.19    
    warnings                0     1.37    

build_requires:

    Module                  Need  Have    
    ----------------------- ----- --------
    Data::Dumper            0     2.161   
    Module::Build           0.28  0.4220  
    Module::Build::WithXSpp 0     0.14    
    Module::Load            0     0.32    
    Test::More              0     1.302052
    Test::Most              0     0.35    
    XSLoader                0     0.22    

configure_requires:

    Module                  Need  Have    
    ----------------------- ----- --------
    Module::Build           0.28  0.4220  


------------------------------
ENVIRONMENT AND OTHER CONTEXT
------------------------------

Environment variables:

    LC_ALL = de_DE.ISO8859-1
    PATH = /usr/local/bin:/usr/bin:/bin:/usr/local/sbin:/usr/sbin:/sbin:/home/cpansand/bin/freebsd10.1:/home/cpansand/bin/sh:/home/cpansand/bin:/usr/games:/home/cpansand/devel:/home/eserte/src/srezic-misc/scripts
    PERL5LIB = 
    PERL5OPT = 
    PERL5_CPANPLUS_IS_RUNNING = 622
    PERL5_CPAN_IS_RUNNING = 622
    PERL5_CPAN_IS_RUNNING_IN_RECURSION = 583,622
    PERLDOC = -MPod::Perldoc::ToTextOverstrike
    PERL_BATCH = yes
    PERL_CANARY_STABILITY_NOPROMPT = 1
    PERL_CPAN_REPORTER_CONFIG = /var/tmp/cpansmoker-1023/2016082418/cpanreporter_006_config.ini
    PERL_EXTUTILS_AUTOINSTALL = --defaultdeps
    SHELL = /usr/local/bin/zsh
    TERM = screen
    TMPDIR = /var/tmp/cpansmoker-1023/2016082418

Perl special variables (and OS-specific diagnostics, for MSWin32):

    $^X = /usr/perl5.25.4p/bin/perl5.25.4
    $UID/$EUID = 1023 / 1023
    $GID = 1023 1023
    $EGID = 1023 1023

Perl module toolchain versions installed:

    Module              Have      
    ------------------- ----------
    CPAN                2.14_01   
    CPAN::Meta          2.150010  
    Cwd                 3.65      
    ExtUtils::CBuilder  0.280225  
    ExtUtils::Command   7.24      
    ExtUtils::Install   2.04      
    ExtUtils::MakeMaker 7.24      
    ExtUtils::Manifest  1.70      
    ExtUtils::ParseXS   3.33      
    File::Spec          3.65      
    JSON                2.90      
    JSON::PP            2.27400_01
    Module::Build       0.4220    
    Module::Signature   0.80      
    Parse::CPAN::Meta   2.150010  
    Test::Harness       3.36_01   
    Test::More          1.302052  
    YAML                1.18      
    YAML::Syck          1.29      
    version             0.9917    


--

Summary of my perl5 (revision 5 version 25 subversion 4) configuration:
   
  Platform:
    osname=freebsd
    osvers=10.1-release
    archname=amd64-freebsd
    uname='freebsd cvrsnica-freebsd-101.herceg.de 10.1-release freebsd 10.1-release #0 r274401: tue nov 11 21:02:49 utc 2014 root@releng1.nyi.freebsd.org:usrobjusrsrcsysgeneric amd64 '
    config_args='-ds -e -Dprefix=/usr/perl5.25.4p -Dusedevel -Dusemallocwrap=no -Dcf_email=srezic@cpan.org -Doptimize=-O2 -pipe'
    hint=recommended
    useposix=true
    d_sigaction=define
    useithreads=undef
    usemultiplicity=undef
    use64bitint=define
    use64bitall=define
    uselongdouble=undef
    usemymalloc=n
    bincompat5005=undef
  Compiler:
    cc='cc'
    ccflags ='-DHAS_FPSETMASK -DHAS_FLOATINGPOINT_H -fno-strict-aliasing -pipe -fstack-protector -I/usr/local/include -D_FORTIFY_SOURCE=2'
    optimize='-O2 -pipe'
    cppflags='-DHAS_FPSETMASK -DHAS_FLOATINGPOINT_H -fno-strict-aliasing -pipe -fstack-protector -I/usr/local/include'
    ccversion=''
    gccversion='4.2.1 Compatible FreeBSD Clang 3.4.1 (tags/RELEASE_34/dot1-final 208032)'
    gccosandvers=''
    intsize=4
    longsize=8
    ptrsize=8
    doublesize=8
    byteorder=12345678
    doublekind=3
    d_longlong=define
    longlongsize=8
    d_longdbl=define
    longdblsize=16
    longdblkind=3
    ivtype='long'
    ivsize=8
    nvtype='double'
    nvsize=8
    Off_t='off_t'
    lseeksize=8
    alignbytes=8
    prototype=define
  Linker and Libraries:
    ld='cc'
    ldflags ='-pthread -Wl,-E  -fstack-protector -L/usr/local/lib'
    libpth=/usr/lib /usr/local/lib /usr/include/clang/3.4.1 /usr/lib
    libs=-lpthread -lgdbm -lm -lcrypt -lutil -lc
    perllibs=-lpthread -lm -lcrypt -lutil -lc
    libc=
    so=so
    useshrplib=false
    libperl=libperl.a
    gnulibc_version=''
  Dynamic Linking:
    dlsrc=dl_dlopen.xs
    dlext=so
    d_dlsymun=undef
    ccdlflags=' '
    cccdlflags='-DPIC -fPIC'
    lddlflags='-shared  -L/usr/local/lib -fstack-protector'


Characteristics of this binary (from libperl): 
  Compile-time options:
    HAS_TIMES
    PERLIO_LAYERS
    PERL_COPY_ON_WRITE
    PERL_DONT_CREATE_GVSV
    PERL_HASH_FUNC_ONE_AT_A_TIME_HARD
    PERL_OP_PARENT
    PERL_PRESERVE_IVUV
    PERL_USE_DEVEL
    USE_64_BIT_ALL
    USE_64_BIT_INT
    USE_LARGE_FILES
    USE_LOCALE
    USE_LOCALE_COLLATE
    USE_LOCALE_CTYPE
    USE_LOCALE_NUMERIC
    USE_LOCALE_TIME
    USE_PERLIO
    USE_PERL_ATOF
  Built under freebsd
  Compiled at Aug 21 2016 10:01:28
  %ENV:
    PERL5LIB=""
    PERL5OPT=""
    PERL5_CPANPLUS_IS_RUNNING="622"
    PERL5_CPAN_IS_RUNNING="622"
    PERL5_CPAN_IS_RUNNING_IN_RECURSION="583,622"
    PERLDOC="-MPod::Perldoc::ToTextOverstrike"
    PERL_BATCH="yes"
    PERL_CANARY_STABILITY_NOPROMPT="1"
    PERL_CPAN_REPORTER_CONFIG="/var/tmp/cpansmoker-1023/2016082418/cpanreporter_006_config.ini"
    PERL_EXTUTILS_AUTOINSTALL="--defaultdeps"
  @INC:
    /usr/perl5.25.4p/lib/site_perl/5.25.4/amd64-freebsd
    /usr/perl5.25.4p/lib/site_perl/5.25.4
    /usr/perl5.25.4p/lib/5.25.4/amd64-freebsd
    /usr/perl5.25.4p/lib/5.25.4
    .