Back
From: metabase:user:320bfe00-2aae-11df-837a-5e0a49663a4f
Subject: FAIL Test-Wrapper-0.3.0 v5.21.6 GNU/Linux
Date: 2014-11-05T03:35:00Z
This distribution has been tested as part of the CPAN Testers
project, supporting the Perl programming language. See
http://wiki.cpantesters.org/ for more information or email
questions to cpan-testers-discuss@perl.org
--
Dear Yanick Champoux,
This is a computer-generated report for Test-Wrapper-0.3.0
on perl 5.21.6, created by CPAN-Reporter-1.2011.
Thank you for uploading your work to CPAN. However, there was a problem
testing your distribution.
If you think this report is invalid, please consult the CPAN Testers Wiki
for suggestions on how to avoid getting FAIL reports for missing library
or binary dependencies, unsupported operating systems, and so on:
http://wiki.cpantesters.org/wiki/CPANAuthorNotes
Sections of this report:
* Tester comments
* Program output
* Prerequisites
* Environment and other context
------------------------------
TESTER COMMENTS
------------------------------
Additional comments from tester:
this report is from an automated smoke testing program
and was not reviewed by a human for accuracy
------------------------------
PROGRAM OUTPUT
------------------------------
Output from './Build test':
t/00-compile.t ................ ok
#
# Generated by Dist::Zilla::Plugin::ReportVersions::Tiny v1.10
# perl: 5.021006 (wanted 5.006) on linux from /tmp/basesmoker-reloperl-t2B7/bin/perl
#
# File::Spec => 3.51 (want any version)
# IO::Handle => 1.35 (want any version)
# IPC::Open3 => 1.18 (want any version)
# Module::Build => 0.421 (want 0.3601)
# Moose => 2.1401 (want any version)
# Moose::Exporter => 2.1401 (want any version)
# Test::Builder => 1.301001071 (want any version)
# Test::More => 1.301001071 (want 0.88)
# overload => 1.24 (want any version)
# strict => 1.08 (want any version)
# warnings => 1.28 (want any version)
#
# Thanks for using my code. I hope it works for you.
# If not, please try and include this output in the bug report.
# That will help me reproduce the issue and solve your problem.
#
t/000-report-versions-tiny.t .. ok
t/no-interference.t ...........
Dubious, test returned 1 (wstat 256, 0x100)
Failed 3/4 subtests
t/test-wrap.t .................
Dubious, test returned 3 (wstat 768, 0x300)
Failed 7/7 subtests
Test Summary Report
-------------------
t/no-interference.t (Wstat: 256 Tests: 1 Failed: 0)
Non-zero exit status: 1
Parse errors: Bad plan. You planned 4 tests but ran 1.
t/test-wrap.t (Wstat: 768 Tests: 0 Failed: 0)
Non-zero exit status: 3
Parse errors: Bad plan. You planned 7 tests but ran 0.
Files=4, Tests=3, 1 wallclock secs ( 0.02 usr 0.00 sys + 0.92 cusr 0.08 csys = 1.02 CPU)
Result: FAIL
Failed 2/4 test programs. 0/3 subtests failed.
------------------------------
PREREQUISITES
------------------------------
Prerequisite modules loaded:
requires:
Module Need Have
--------------- ------ ------------
Moose 0 2.1401
Moose::Exporter 0 2.1401
overload 0 1.24
Test::Builder 0 1.301001_071
warnings 0 1.28
build_requires:
Module Need Have
--------------- ------ ------------
File::Spec 0 3.51
IO::Handle 0 1.35
IPC::Open3 0 1.18
Module::Build 0.3601 0.4210
perl 5.006 5.021006
strict 0 1.08
Test::More 0.88 1.301001_071
configure_requires:
Module Need Have
--------------- ------ ------------
Module::Build 0.3601 0.4210
------------------------------
ENVIRONMENT AND OTHER CONTEXT
------------------------------
Environment variables:
AUTOMATED_TESTING = 1
LANG = en_US.UTF-8
LANGUAGE = en_US:en
PATH = /home/sand/bin:/usr/local/bin:/usr/bin:/bin:/usr/games:/usr/local/perl/bin:/usr/X11/bin:/sbin:/usr/sbin
PERL = /tmp/basesmoker-reloperl-t2B7/bin/perl
PERL5LIB =
PERL5OPT =
PERL5_CPANPLUS_IS_RUNNING = 28459
PERL5_CPAN_IS_RUNNING = 28459
PERL_MM_USE_DEFAULT = 1
SHELL = /usr/bin/zsh
TERM = screen
Perl special variables (and OS-specific diagnostics, for MSWin32):
$^X = /tmp/basesmoker-reloperl-t2B7/bin/perl
$UID/$EUID = 1005 / 1005
$GID = 1005 1005
$EGID = 1005 1005
Perl module toolchain versions installed:
Module Have
------------------- ------------
CPAN 2.05
CPAN::Meta 2.142690
Cwd 3.51
ExtUtils::CBuilder 0.280220
ExtUtils::Command 1.18
ExtUtils::Install 2.04
ExtUtils::MakeMaker 7.00
ExtUtils::Manifest 1.68
ExtUtils::ParseXS 3.26
File::Spec 3.51
JSON 2.90
JSON::PP 2.27300
Module::Build 0.4210
Module::Signature 0.73
Parse::CPAN::Meta 1.4414
Test::Harness 3.33
Test::More 1.301001_071
YAML 1.13
YAML::Syck 1.27
version 0.9909
--
Summary of my perl5 (revision 5 version 21 subversion 6) configuration:
Commit id: 72e8a9531c639afce71c0a167042c50a061fdbba
Platform:
osname=linux, osvers=3.16-2-amd64, archname=x86_64-linux-thread-multi
uname='linux k83 3.16-2-amd64 #1 smp debian 3.16.3-2 (2014-09-20) x86_64 gnulinux '
config_args='-Dprefix=/home/sand/src/perl/repoperls/installed-perls/perl/v5.21.5-185-g72e8a95/9980 -Dmyhostname=k83 -Dinstallusrbinperl=n -Uversiononly -Dusedevel -des -Ui_db -Duseithreads -Uuselongdouble -DDEBUGGING=-g'
hint=recommended, useposix=true, d_sigaction=define
useithreads=define, usemultiplicity=define
use64bitint=define, use64bitall=define, uselongdouble=undef
usemymalloc=n, bincompat5005=undef
Compiler:
cc='cc', ccflags ='-D_REENTRANT -D_GNU_SOURCE -fwrapv -fno-strict-aliasing -pipe -fstack-protector-strong -I/usr/local/include -D_LARGEFILE_SOURCE -D_FILE_OFFSET_BITS=64 -D_FORTIFY_SOURCE=2',
optimize='-O2 -g',
cppflags='-D_REENTRANT -D_GNU_SOURCE -fwrapv -fno-strict-aliasing -pipe -fstack-protector-strong -I/usr/local/include'
ccversion='', gccversion='4.9.1', gccosandvers=''
intsize=4, longsize=8, ptrsize=8, doublesize=8, byteorder=12345678, doublekind=3
d_longlong=define, longlongsize=8, d_longdbl=define, longdblsize=16, longdblkind=3
ivtype='long', ivsize=8, nvtype='double', nvsize=8, Off_t='off_t', lseeksize=8
alignbytes=8, prototype=define
Linker and Libraries:
ld='cc', ldflags =' -fstack-protector-strong -L/usr/local/lib'
libpth=/usr/local/lib /usr/lib/gcc/x86_64-linux-gnu/4.9/include-fixed /usr/include/x86_64-linux-gnu /usr/lib /lib/x86_64-linux-gnu /lib/../lib /usr/lib/x86_64-linux-gnu /usr/lib/../lib /lib
libs=-lnsl -lgdbm -ldb -ldl -lm -lcrypt -lutil -lpthread -lc -lgdbm_compat
perllibs=-lnsl -ldl -lm -lcrypt -lutil -lpthread -lc
libc=libc-2.19.so, so=so, useshrplib=false, libperl=libperl.a
gnulibc_version='2.19'
Dynamic Linking:
dlsrc=dl_dlopen.xs, dlext=so, d_dlsymun=undef, ccdlflags='-Wl,-E'
cccdlflags='-fPIC', lddlflags='-shared -O2 -g -L/usr/local/lib -fstack-protector-strong'
Characteristics of this binary (from libperl):
Compile-time options: HAS_TIMES MULTIPLICITY PERLIO_LAYERS
PERL_DONT_CREATE_GVSV
PERL_HASH_FUNC_ONE_AT_A_TIME_HARD
PERL_IMPLICIT_CONTEXT PERL_MALLOC_WRAP
PERL_NEW_COPY_ON_WRITE PERL_PRESERVE_IVUV
PERL_USE_DEVEL USE_64_BIT_ALL USE_64_BIT_INT
USE_ITHREADS USE_LARGE_FILES USE_LOCALE
USE_LOCALE_COLLATE USE_LOCALE_CTYPE
USE_LOCALE_NUMERIC USE_LOCALE_TIME USE_PERLIO
USE_PERL_ATOF USE_REENTRANT_API
Built under linux
Compiled at Nov 4 2014 02:00:45
%ENV:
PERL="/tmp/basesmoker-reloperl-t2B7/bin/perl"
PERL5LIB=""
PERL5OPT=""
PERL5_CPANPLUS_IS_RUNNING="28459"
PERL5_CPAN_IS_RUNNING="28459"
PERL_MM_USE_DEFAULT="1"
@INC:
/home/sand/src/perl/repoperls/installed-perls/perl/v5.21.5-185-g72e8a95/9980/lib/site_perl/5.21.6/x86_64-linux-thread-multi
/home/sand/src/perl/repoperls/installed-perls/perl/v5.21.5-185-g72e8a95/9980/lib/site_perl/5.21.6
/home/sand/src/perl/repoperls/installed-perls/perl/v5.21.5-185-g72e8a95/9980/lib/5.21.6/x86_64-linux-thread-multi
/home/sand/src/perl/repoperls/installed-perls/perl/v5.21.5-185-g72e8a95/9980/lib/5.21.6
.