Back
From: metabase:user:9820532a-708b-1014-9a05-b18a96298da1
Subject: FAIL HTTP-WebTest-2.04 v5.15.8 GNU/Linux
Date: 2012-02-26T15:15:31Z
This distribution has been tested as part of the CPAN Testers
project, supporting the Perl programming language. See
http://wiki.cpantesters.org/ for more information or email
questions to cpan-testers-discuss@perl.org
--
Dear Ilya Martynov,
This is a computer-generated report for HTTP-WebTest-2.04
on perl 5.15.8, created by CPAN-Reporter-1.2004.
Thank you for uploading your work to CPAN. However, there was a problem
testing your distribution.
If you think this report is invalid, please consult the CPAN Testers Wiki
for suggestions on how to avoid getting FAIL reports for missing library
or binary dependencies, unsupported operating systems, and so on:
http://wiki.cpantesters.org/wiki/CPANAuthorNotes
Sections of this report:
* Tester comments
* Program output
* Prerequisites
* Environment and other context
------------------------------
TESTER COMMENTS
------------------------------
Additional comments from tester:
this report is from an automated smoke testing program
and was not reviewed by a human for accuracy
------------------------------
PROGRAM OUTPUT
------------------------------
Output from '/usr/bin/make test':
PERL_DL_NONLAZY=1 /home/test/perl5/perlbrew/perls/5.15.8-ld/bin/perl5.15.8 "-MExtUtils::Command::MM" "-e" "test_harness(0, 'blib/lib', 'blib/arch')" t/*.t
t/01-api.t ............ ok
defined(@array) is deprecated at /home/test/perl5/perlbrew/perls/5.15.8-ld/lib/5.15.8/CGI.pm line 528.
(Maybe you should just omit the defined()?)
# Failed test at /home/test/.cpan/build/HTTP-WebTest-2.04-okNcZW/blib/lib/HTTP/WebTest/SelfTest.pm line 202.
# Failed test at /home/test/.cpan/build/HTTP-WebTest-2.04-okNcZW/blib/lib/HTTP/WebTest/SelfTest.pm line 202.
# Failed test at /home/test/.cpan/build/HTTP-WebTest-2.04-okNcZW/blib/lib/HTTP/WebTest/SelfTest.pm line 202.
Use of uninitialized value $content in substitution (s///) at /home/test/perl5/perlbrew/perls/5.15.8-ld/lib/site_perl/5.15.8/HTTP/Request/Common.pm line 86.
Use of uninitialized value $content in substitution (s///) at /home/test/perl5/perlbrew/perls/5.15.8-ld/lib/site_perl/5.15.8/HTTP/Request/Common.pm line 86.
Use of uninitialized value $content in substitution (s///) at /home/test/perl5/perlbrew/perls/5.15.8-ld/lib/site_perl/5.15.8/HTTP/Request/Common.pm line 86.
# Failed test at /home/test/.cpan/build/HTTP-WebTest-2.04-okNcZW/blib/lib/HTTP/WebTest/SelfTest.pm line 202.
Use of uninitialized value $content in substitution (s///) at /home/test/perl5/perlbrew/perls/5.15.8-ld/lib/site_perl/5.15.8/HTTP/Request/Common.pm line 86.
Use of uninitialized value $content in substitution (s///) at /home/test/perl5/perlbrew/perls/5.15.8-ld/lib/site_perl/5.15.8/HTTP/Request/Common.pm line 86.
# Looks like you failed 4 tests of 37.
t/02-generic.t ........
Dubious, test returned 4 (wstat 1024, 0x400)
Failed 4/37 subtests
t/03-proxy.t .......... ok
defined(@array) is deprecated at /home/test/perl5/perlbrew/perls/5.15.8-ld/lib/5.15.8/CGI.pm line 528.
(Maybe you should just omit the defined()?)
t/05-report.t ......... ok
t/05a-email-report.t .. ok
Use of uninitialized value $extracted in string eq at /home/test/.cpan/build/HTTP-WebTest-2.04-okNcZW/blib/lib/HTTP/WebTest/Parser.pm line 237.
Use of uninitialized value $extracted in string eq at /home/test/.cpan/build/HTTP-WebTest-2.04-okNcZW/blib/lib/HTTP/WebTest/Parser.pm line 237.
Use of uninitialized value $extracted in string eq at /home/test/.cpan/build/HTTP-WebTest-2.04-okNcZW/blib/lib/HTTP/WebTest/Parser.pm line 262.
t/06-parser.t ......... ok
t/07-compat.t ......... ok
t/08-plugins.t ........ ok
defined(@array) is deprecated at /home/test/perl5/perlbrew/perls/5.15.8-ld/lib/5.15.8/CGI.pm line 528.
(Maybe you should just omit the defined()?)
t/09-hooks.t .......... ok
t/10-click.t .......... ok
t/11-delay.t .......... ok
t/12-request.t ........ ok
t/13-harness.t ........ ok
Test Summary Report
-------------------
t/02-generic.t (Wstat: 1024 Tests: 37 Failed: 4)
Failed tests: 2-4, 29
Non-zero exit status: 4
Files=13, Tests=247, 32 wallclock secs ( 0.14 usr 0.02 sys + 4.28 cusr 0.58 csys = 5.02 CPU)
Result: FAIL
Failed 1/13 test programs. 4/247 subtests failed.
make: *** [test_dynamic] Error 255
------------------------------
PREREQUISITES
------------------------------
Prerequisite modules loaded:
requires:
Module Need Have
--------------------- ---- ----------
Algorithm::Diff 0 1.1902
CGI::Cookie 0 1.29
LWP 5.6 6.04
MIME::Base64 0 3.13
Net::SMTP 0 2.31_1
Pod::Man 1.14 2.25
Pod::Usage 0 1.51
Test::Builder::Tester 0 1.22
Test::MockObject 0.07 1.20110612
Test::More 0 0.98
Text::Balanced 0 2.02
Time::HiRes 0 1.9725
URI 0 1.59
build_requires:
Module Need Have
--------------------- ---- ----------
ExtUtils::MakeMaker 0 6.62
------------------------------
ENVIRONMENT AND OTHER CONTEXT
------------------------------
Environment variables:
AUTOMATED_TESTING = 1
LANG = C
LC_ALL = C
MANPATH_WITHOUT_PERLBREW =
PATH = /home/test/perl5/perlbrew/bin:/home/test/perl5/perlbrew/perls/5.15.8-ld/bin:~/bin:/usr/bin:/bin
PATH_WITHOUT_PERLBREW = ~/bin:/usr/bin:/bin
PERL5LIB =
PERL5OPT =
PERL5_CPANPLUS_IS_RUNNING = 32270
PERL5_CPAN_IS_RUNNING = 32270
PERL5_CPAN_IS_RUNNING_IN_RECURSION = 13379,32270
PERLBREW_BASHRC_VERSION = 0.41
PERLBREW_HOME = /home/test/.perlbrew
PERLBREW_MANPATH = /home/test/perl5/perlbrew/perls/5.15.8-ld/man
PERLBREW_PATH = /home/test/perl5/perlbrew/bin:/home/test/perl5/perlbrew/perls/5.15.8-ld/bin
PERLBREW_PERL = 5.15.8-ld
PERLBREW_ROOT = /home/test/perl5/perlbrew
PERLBREW_VERSION = 0.41
PERL_CPANM_OPT = --prompt --mirror file:///mirrors/cpan/
PERL_CR_SMOKER_CURRENT = HTTP-WebTest-Plugin-Sticky-0.02
PERL_EXTUTILS_AUTOINSTALL = --defaultdeps
PERL_MM_USE_DEFAULT = 1
SHELL = /bin/bash
TERM = linux
Perl special variables (and OS-specific diagnostics, for MSWin32):
$^X = /home/test/perl5/perlbrew/perls/5.15.8-ld/bin/perl5.15.8
$UID/$EUID = 1001 / 1001
$GID = 1001 1001
$EGID = 1001 1001
Perl module toolchain versions installed:
Module Have
------------------- --------
CPAN 1.9800
CPAN::Meta 2.120351
Cwd 3.33
ExtUtils::CBuilder 0.280205
ExtUtils::Command 1.17
ExtUtils::Install 1.54
ExtUtils::MakeMaker 6.62
ExtUtils::Manifest 1.60
ExtUtils::ParseXS 3.15
File::Spec 3.33
JSON 2.53
JSON::PP 2.27008
Module::Build 0.39_02
Module::Signature n/a
Parse::CPAN::Meta 1.4402
Test::Harness 3.23
Test::More 0.98
YAML 0.80
YAML::Syck 1.20
version 0.96
--
Summary of my perl5 (revision 5 version 15 subversion 8) configuration:
Platform:
osname=linux, osvers=2.6.35-28-generic, archname=x86_64-linux-ld
uname='linux zippy 2.6.35-28-generic #50-ubuntu smp fri mar 18 18:42:20 utc 2011 x86_64 gnulinux '
config_args='-de -Dprefix=/home/test/perl5/perlbrew/perls/5.15.8-ld -Duselongdouble -Dusedevel'
hint=recommended, useposix=true, d_sigaction=define
useithreads=undef, usemultiplicity=undef
useperlio=define, d_sfio=undef, uselargefiles=define, usesocks=undef
use64bitint=define, use64bitall=define, uselongdouble=define
usemymalloc=n, bincompat5005=undef
Compiler:
cc='cc', ccflags ='-fno-strict-aliasing -pipe -fstack-protector -I/usr/local/include -D_LARGEFILE_SOURCE -D_FILE_OFFSET_BITS=64',
optimize='-O2',
cppflags='-fno-strict-aliasing -pipe -fstack-protector -I/usr/local/include'
ccversion='', gccversion='4.4.5', gccosandvers=''
intsize=4, longsize=8, ptrsize=8, doublesize=8, byteorder=12345678
d_longlong=define, longlongsize=8, d_longdbl=define, longdblsize=16
ivtype='long', ivsize=8, nvtype='long double', nvsize=16, Off_t='off_t', lseeksize=8
alignbytes=16, prototype=define
Linker and Libraries:
ld='cc', ldflags =' -fstack-protector -L/usr/local/lib'
libpth=/usr/local/lib /lib/../lib /usr/lib/../lib /lib /usr/lib /usr/lib/x86_64-linux-gnu /lib64 /usr/lib64
libs=-lnsl -ldl -lm -lcrypt -lutil -lc
perllibs=-lnsl -ldl -lm -lcrypt -lutil -lc
libc=/lib/libc-2.12.1.so, so=so, useshrplib=false, libperl=libperl.a
gnulibc_version='2.12.1'
Dynamic Linking:
dlsrc=dl_dlopen.xs, dlext=so, d_dlsymun=undef, ccdlflags='-Wl,-E'
cccdlflags='-fPIC', lddlflags='-shared -O2 -L/usr/local/lib -fstack-protector'
Characteristics of this binary (from libperl):
Compile-time options: HAS_TIMES PERLIO_LAYERS PERL_DONT_CREATE_GVSV
PERL_MALLOC_WRAP PERL_PRESERVE_IVUV PERL_USE_DEVEL
USE_64_BIT_ALL USE_64_BIT_INT USE_LARGE_FILES
USE_LOCALE USE_LOCALE_COLLATE USE_LOCALE_CTYPE
USE_LOCALE_NUMERIC USE_LONG_DOUBLE USE_PERLIO
USE_PERL_ATOF
Built under linux
Compiled at Feb 23 2012 02:01:15
%ENV:
PERL5LIB=""
PERL5OPT=""
PERL5_CPANPLUS_IS_RUNNING="32270"
PERL5_CPAN_IS_RUNNING="32270"
PERL5_CPAN_IS_RUNNING_IN_RECURSION="13379,32270"
PERLBREW_BASHRC_VERSION="0.41"
PERLBREW_HOME="/home/test/.perlbrew"
PERLBREW_MANPATH="/home/test/perl5/perlbrew/perls/5.15.8-ld/man"
PERLBREW_PATH="/home/test/perl5/perlbrew/bin:/home/test/perl5/perlbrew/perls/5.15.8-ld/bin"
PERLBREW_PERL="5.15.8-ld"
PERLBREW_ROOT="/home/test/perl5/perlbrew"
PERLBREW_VERSION="0.41"
PERL_CPANM_OPT="--prompt --mirror file:///mirrors/cpan/"
PERL_CR_SMOKER_CURRENT="HTTP-WebTest-Plugin-Sticky-0.02"
PERL_EXTUTILS_AUTOINSTALL="--defaultdeps"
PERL_MM_USE_DEFAULT="1"
@INC:
/home/test/perl5/perlbrew/perls/5.15.8-ld/lib/site_perl/5.15.8/x86_64-linux-ld
/home/test/perl5/perlbrew/perls/5.15.8-ld/lib/site_perl/5.15.8
/home/test/perl5/perlbrew/perls/5.15.8-ld/lib/5.15.8/x86_64-linux-ld
/home/test/perl5/perlbrew/perls/5.15.8-ld/lib/5.15.8
.