Report for Algorithm-CRF-0.04

Back
From: metabase:user:0b91ce32-3676-11e1-a1bc-bfed0df65b4f
Subject: FAIL Algorithm-CRF-0.04 v5.15.9 GNU/Linux
Date: 2012-03-23T05:04:52Z

This distribution has been tested as part of the CPAN Testers
project, supporting the Perl programming language.  See
http://wiki.cpantesters.org/ for more information or email
questions to cpan-testers-discuss@perl.org


--
Dear Cheng-Lung Sung,

This is a computer-generated report for Algorithm-CRF-0.04
on perl 5.15.9, created by CPAN-Reporter-1.2005.

Thank you for uploading your work to CPAN.  However, there was a problem
testing your distribution.

If you think this report is invalid, please consult the CPAN Testers Wiki
for suggestions on how to avoid getting FAIL reports for missing library
or binary dependencies, unsupported operating systems, and so on:

http://wiki.cpantesters.org/wiki/CPANAuthorNotes

Sections of this report:

    * Tester comments
    * Program output
    * Prerequisites
    * Environment and other context

------------------------------
TESTER COMMENTS
------------------------------

Additional comments from tester:

none provided

------------------------------
PROGRAM OUTPUT
------------------------------

Output from '/usr/bin/make test':

PERL_DL_NONLAZY=1 /opt/perl-5.15.9/bin/perl "-MExtUtils::Command::MM" "-e" "test_harness(0, 'blib/lib', 'blib/arch')" t/*.t

#   Failed test 'use Algorithm::CRF;'
#   at t/0-basic.t line 9.
#     Tried to use 'Algorithm::CRF'.
#     Error:  Can't load '/root/.cpan/build/Algorithm-CRF-0.04-cUYPH9/blib/arch/auto/Algorithm/CRF/CRF.so' for module Algorithm::CRF: /root/.cpan/build/Algorithm-CRF-0.04-cUYPH9/blib/arch/auto/Algorithm/CRF/CRF.so: undefined symbol: _ZN5CRFPP7Encoder5learnEPKcS2_S2_bjjddtti at /opt/perl-5.15.9/lib/5.15.9/i686-linux-thread-multi-64int-ld/DynaLoader.pm line 190.
#  at (eval 4) line 2.
# Compilation failed in require at (eval 4) line 2.
# BEGIN failed--compilation aborted at (eval 4) line 2.
# Looks like you failed 1 test of 1.
t/0-basic.t ....... 
Dubious, test returned 1 (wstat 256, 0x100)
Failed 1/1 subtests 

#   Failed test 'use Algorithm::CRF;'
#   at t/1-crf_learn.t line 9.
#     Tried to use 'Algorithm::CRF'.
#     Error:  Can't load '/root/.cpan/build/Algorithm-CRF-0.04-cUYPH9/blib/arch/auto/Algorithm/CRF/CRF.so' for module Algorithm::CRF: /root/.cpan/build/Algorithm-CRF-0.04-cUYPH9/blib/arch/auto/Algorithm/CRF/CRF.so: undefined symbol: _ZN5CRFPP7Encoder5learnEPKcS2_S2_bjjddtti at /opt/perl-5.15.9/lib/5.15.9/i686-linux-thread-multi-64int-ld/DynaLoader.pm line 190.
#  at (eval 4) line 2.
# Compilation failed in require at (eval 4) line 2.
# BEGIN failed--compilation aborted at (eval 4) line 2.
Undefined subroutine &Algorithm::CRF::crfpp_learn called at t/1-crf_learn.t line 13.
# Looks like you planned 2 tests but ran 1.
# Looks like you failed 1 test of 1 run.
# Looks like your test exited with 255 just after 1.
t/1-crf_learn.t ... 
Dubious, test returned 255 (wstat 65280, 0xff00)
Failed 2/2 subtests 
t/pod-coverage.t .. ok
t/pod.t ........... ok

Test Summary Report
-------------------
t/0-basic.t     (Wstat: 256 Tests: 1 Failed: 1)
  Failed test:  1
  Non-zero exit status: 1
t/1-crf_learn.t (Wstat: 65280 Tests: 1 Failed: 1)
  Failed test:  1
  Non-zero exit status: 255
  Parse errors: Bad plan.  You planned 2 tests but ran 1.
Files=4, Tests=4,  1 wallclock secs ( 0.11 usr  0.02 sys +  0.72 cusr  0.08 csys =  0.93 CPU)
Result: FAIL
Failed 2/4 test programs. 2/4 subtests failed.
make: *** [test_dynamic] Error 255

------------------------------
PREREQUISITES
------------------------------

Prerequisite modules loaded:

build_requires:

    Module              Need Have
    ------------------- ---- ----
    ExtUtils::MakeMaker 0    6.62


------------------------------
ENVIRONMENT AND OTHER CONTEXT
------------------------------

Environment variables:

    LANG = en_US.UTF-8
    PATH = /usr/kerberos/sbin:/usr/kerberos/bin:/usr/local/sbin:/usr/local/bin:/sbin:/bin:/usr/sbin:/usr/bin:/opt/real/RealPlayer:/root/bin:/opt/real/RealPlayer
    PERL5LIB = /root/.cpan/build/PDL-2.4.10-T2kvRO/blib/arch:/root/.cpan/build/PDL-2.4.10-T2kvRO/blib/lib
    PERL5OPT = 
    PERL5_CPANPLUS_IS_RUNNING = 4094
    PERL5_CPAN_IS_RUNNING = 4094
    SHELL = /bin/bash
    TERM = xterm

Perl special variables (and OS-specific diagnostics, for MSWin32):

    $^X = /opt/perl-5.15.9/bin/perl
    $UID/$EUID = 0 / 0
    $GID = 0 0 1 2 3 4 6 10
    $EGID = 0 0 1 2 3 4 6 10

Perl module toolchain versions installed:

    Module              Have    
    ------------------- --------
    CPAN                1.9800  
    CPAN::Meta          2.120630
    Cwd                 3.33    
    ExtUtils::CBuilder  0.280205
    ExtUtils::Command   1.17    
    ExtUtils::Install   1.54    
    ExtUtils::MakeMaker 6.62    
    ExtUtils::Manifest  1.60    
    ExtUtils::ParseXS   3.15    
    File::Spec          3.33    
    JSON                2.53    
    JSON::PP            2.27200 
    Module::Build       0.40    
    Module::Signature   0.68    
    Parse::CPAN::Meta   1.4402  
    Test::Harness       3.23    
    Test::More          0.98    
    YAML                0.80    
    YAML::Syck          1.20    
    version             0.96    


--

Summary of my perl5 (revision 5 version 15 subversion 9) configuration:
   
  Platform:
    osname=linux, osvers=2.6.18-1.2798.fc6, archname=i686-linux-thread-multi-64int-ld
    uname='linux localhost.localdomain 2.6.18-1.2798.fc6 #1 smp mon oct 16 14:37:32 edt 2006 i686 i686 i386 gnulinux '
    config_args='-Dcc=gcc -Dprefix=/opt/perl-5.15.9 -DDEBUGGING'
    hint=recommended, useposix=true, d_sigaction=define
    useithreads=define, usemultiplicity=define
    useperlio=define, d_sfio=undef, uselargefiles=define, usesocks=undef
    use64bitint=define, use64bitall=undef, uselongdouble=define
    usemymalloc=n, bincompat5005=undef
  Compiler:
    cc='gcc', ccflags ='-D_REENTRANT -D_GNU_SOURCE -DDEBUGGING -fno-strict-aliasing -pipe -fstack-protector -I/usr/local/include -D_LARGEFILE_SOURCE -D_FILE_OFFSET_BITS=64',
    optimize='-O2 -g',
    cppflags='-D_REENTRANT -D_GNU_SOURCE -DDEBUGGING -fno-strict-aliasing -pipe -fstack-protector -I/usr/local/include'
    ccversion='', gccversion='4.1.1 20061011 (Red Hat 4.1.1-30)', gccosandvers=''
    intsize=4, longsize=4, ptrsize=4, doublesize=8, byteorder=12345678
    d_longlong=define, longlongsize=8, d_longdbl=define, longdblsize=12
    ivtype='long long', ivsize=8, nvtype='long double', nvsize=12, Off_t='off_t', lseeksize=8
    alignbytes=4, prototype=define
  Linker and Libraries:
    ld='gcc', ldflags =' -fstack-protector -L/usr/local/lib'
    libpth=/usr/local/lib /lib /usr/lib
    libs=-lnsl -lgdbm -ldb -ldl -lm -lcrypt -lutil -lpthread -lc
    perllibs=-lnsl -ldl -lm -lcrypt -lutil -lpthread -lc
    libc=/lib/libc-2.5.so, so=so, useshrplib=true, libperl=libperl.so
    gnulibc_version='2.5'
  Dynamic Linking:
    dlsrc=dl_dlopen.xs, dlext=so, d_dlsymun=undef, ccdlflags='-Wl,-E -Wl,-rpath,/opt/perl-5.15.9/lib/5.15.9/i686-linux-thread-multi-64int-ld/CORE'
    cccdlflags='-fPIC', lddlflags='-shared -O2 -g -L/usr/local/lib -fstack-protector'


Characteristics of this binary (from libperl): 
  Compile-time options: DEBUGGING HAS_TIMES MULTIPLICITY PERLIO_LAYERS
                        PERL_DONT_CREATE_GVSV PERL_IMPLICIT_CONTEXT
                        PERL_MALLOC_WRAP PERL_PRESERVE_IVUV
                        PERL_TRACK_MEMPOOL USE_64_BIT_INT USE_FAST_STDIO
                        USE_ITHREADS USE_LARGE_FILES USE_LOCALE
                        USE_LOCALE_COLLATE USE_LOCALE_CTYPE
                        USE_LOCALE_NUMERIC USE_LONG_DOUBLE USE_PERLIO
                        USE_PERL_ATOF USE_REENTRANT_API
  Built under linux
  Compiled at Mar 21 2012 22:54:50
  %ENV:
    PERL5LIB="/root/.cpan/build/PDL-2.4.10-T2kvRO/blib/arch:/root/.cpan/build/PDL-2.4.10-T2kvRO/blib/lib"
    PERL5OPT=""
    PERL5_CPANPLUS_IS_RUNNING="4094"
    PERL5_CPAN_IS_RUNNING="4094"
  @INC:
    /root/.cpan/build/PDL-2.4.10-T2kvRO/blib/arch
    /root/.cpan/build/PDL-2.4.10-T2kvRO/blib/lib
    /opt/perl-5.15.9/lib/site_perl/5.15.9/i686-linux-thread-multi-64int-ld
    /opt/perl-5.15.9/lib/site_perl/5.15.9
    /opt/perl-5.15.9/lib/5.15.9/i686-linux-thread-multi-64int-ld
    /opt/perl-5.15.9/lib/5.15.9
    .