Report for MooX-Types-CLike-0.92

Back
From: metabase:user:314402c4-2aae-11df-837a-5e0a49663a4f
Subject: FAIL MooX-Types-CLike-0.92 v5.18.2 GNU/Linux
Date: 2014-05-25T16:50:48Z

This distribution has been tested as part of the CPAN Testers
project, supporting the Perl programming language.  See
http://wiki.cpantesters.org/ for more information or email
questions to cpan-testers-discuss@perl.org


--
Dear Brendan Byrd,

This is a computer-generated report for MooX-Types-CLike-0.92
on perl 5.18.2, created by CPAN-Reporter-1.2011.

Thank you for uploading your work to CPAN.  However, there was a problem
testing your distribution.

If you think this report is invalid, please consult the CPAN Testers Wiki
for suggestions on how to avoid getting FAIL reports for missing library
or binary dependencies, unsupported operating systems, and so on:

http://wiki.cpantesters.org/wiki/CPANAuthorNotes

Sections of this report:

    * Tester comments
    * Program output
    * Prerequisites
    * Environment and other context

------------------------------
TESTER COMMENTS
------------------------------

Additional comments from tester:

none provided

------------------------------
PROGRAM OUTPUT
------------------------------

Output from '/usr/bin/make test':

PERL_DL_NONLAZY=1 /bbbike/perl-5.18.2t/bin/perl "-MExtUtils::Command::MM" "-MTest::Harness" "-e" "undef *Test::Harness::Switches; test_harness(0, 'blib/lib', 'blib/arch')" t/*.t
t/00-check-deps.t ............. ok
t/00-compile.t ................ ok
t/00-load.t ................... ok
# 
# 
# Generated by Dist::Zilla::Plugin::ReportVersions::Tiny v1.08
# perl: 5.018002 (wanted v5.10.1) on linux from /bbbike/perl-5.18.2t/bin/perl
# 
# Data::Float                                   => 0.012      (want 0.008)  
# Moo                                           => 1.004005   (want 0.009001)
# MooX::Types::MooseLike                        => 0.25       (want 0.06)   
# Pod::Coverage::TrustPod                       => 0.100003   (want any version)
# Test::CheckDeps                               => 0.010      (want 0.002)  
# Test::Exception                               => 0.32       (want 0.27)   
# Test::Pod                                     => 1.48       (want 1.41)   
# Test::Pod::Coverage                           => 1.08       (want 1.08)   
# Test::UseAllModules                           => 0.14       (want 0.10)   
# sanity                                        => 1.02       (want 0.91)   
# version                                       => 0.9908     (want 0.9901) 
# 
# Thanks for using my code.  I hope it works for you.
# If not, please try and include this output in the bug report.
# That will help me reproduce the issue and solve your problem.
# 
t/000-report-versions-tiny.t .. ok
    
    #   Failed test 'ShortFloat: Float accepts  NaN'
    #   at t/types.t line 197.
    # died: isa check for "Test_ShortFloat" failed: -nan is not a 16-bit binary floating point number! at (eval 405) line 27.
    # 	Dummy::CLike::Test::Test_ShortFloat() called at t/types.t line 197
    # 	Test::Exception::lives_ok() called at t/types.t line 197
    # 	main::__ANON__() called at /opt/perl-5.18.2t/lib/site_perl/5.18.2/Test/Builder.pm line 258
    # 	Test::Builder::__ANON__() called at /opt/perl-5.18.2t/lib/site_perl/5.18.2/Test/Builder.pm line 263
    # 	eval {...} called at /opt/perl-5.18.2t/lib/site_perl/5.18.2/Test/Builder.pm line 263
    # 	Test::Builder::subtest() called at /opt/perl-5.18.2t/lib/site_perl/5.18.2/Test/More.pm line 770
    # 	Test::More::subtest() called at t/types.t line 362
    
    #   Failed test 'ShortFloat: Float accepts +inf'
    #   at t/types.t line 198.
    # died: isa check for "Test_ShortFloat" failed: inf is not a 16-bit binary floating point number! at (eval 405) line 27.
    # 	Dummy::CLike::Test::Test_ShortFloat() called at t/types.t line 198
    # 	Test::Exception::lives_ok() called at t/types.t line 198
    # 	main::__ANON__() called at /opt/perl-5.18.2t/lib/site_perl/5.18.2/Test/Builder.pm line 258
    # 	Test::Builder::__ANON__() called at /opt/perl-5.18.2t/lib/site_perl/5.18.2/Test/Builder.pm line 263
    # 	eval {...} called at /opt/perl-5.18.2t/lib/site_perl/5.18.2/Test/Builder.pm line 263
    # 	Test::Builder::subtest() called at /opt/perl-5.18.2t/lib/site_perl/5.18.2/Test/More.pm line 770
    # 	Test::More::subtest() called at t/types.t line 362
    
    #   Failed test 'ShortFloat: Float accepts -inf'
    #   at t/types.t line 199.
    # died: isa check for "Test_ShortFloat" failed: -inf is not a 16-bit binary floating point number! at (eval 405) line 27.
    # 	Dummy::CLike::Test::Test_ShortFloat() called at t/types.t line 199
    # 	Test::Exception::lives_ok() called at t/types.t line 199
    # 	main::__ANON__() called at /opt/perl-5.18.2t/lib/site_perl/5.18.2/Test/Builder.pm line 258
    # 	Test::Builder::__ANON__() called at /opt/perl-5.18.2t/lib/site_perl/5.18.2/Test/Builder.pm line 263
    # 	eval {...} called at /opt/perl-5.18.2t/lib/site_perl/5.18.2/Test/Builder.pm line 263
    # 	Test::Builder::subtest() called at /opt/perl-5.18.2t/lib/site_perl/5.18.2/Test/More.pm line 770
    # 	Test::More::subtest() called at t/types.t line 362
    # Looks like you failed 3 tests of 17.

#   Failed test 'Test_ShortFloat'
#   at t/types.t line 362.
    
    #   Failed test 'Half: Float accepts  NaN'
    #   at t/types.t line 197.
    # died: isa check for "Test_Half" failed: -nan is not a 16-bit binary floating point number! at (eval 410) line 27.
    # 	Dummy::CLike::Test::Test_Half() called at t/types.t line 197
    # 	Test::Exception::lives_ok() called at t/types.t line 197
    # 	main::__ANON__() called at /opt/perl-5.18.2t/lib/site_perl/5.18.2/Test/Builder.pm line 258
    # 	Test::Builder::__ANON__() called at /opt/perl-5.18.2t/lib/site_perl/5.18.2/Test/Builder.pm line 263
    # 	eval {...} called at /opt/perl-5.18.2t/lib/site_perl/5.18.2/Test/Builder.pm line 263
    # 	Test::Builder::subtest() called at /opt/perl-5.18.2t/lib/site_perl/5.18.2/Test/More.pm line 770
    # 	Test::More::subtest() called at t/types.t line 362
    
    #   Failed test 'Half: Float accepts +inf'
    #   at t/types.t line 198.
    # died: isa check for "Test_Half" failed: inf is not a 16-bit binary floating point number! at (eval 410) line 27.
    # 	Dummy::CLike::Test::Test_Half() called at t/types.t line 198
    # 	Test::Exception::lives_ok() called at t/types.t line 198
    # 	main::__ANON__() called at /opt/perl-5.18.2t/lib/site_perl/5.18.2/Test/Builder.pm line 258
    # 	Test::Builder::__ANON__() called at /opt/perl-5.18.2t/lib/site_perl/5.18.2/Test/Builder.pm line 263
    # 	eval {...} called at /opt/perl-5.18.2t/lib/site_perl/5.18.2/Test/Builder.pm line 263
    # 	Test::Builder::subtest() called at /opt/perl-5.18.2t/lib/site_perl/5.18.2/Test/More.pm line 770
    # 	Test::More::subtest() called at t/types.t line 362
    
    #   Failed test 'Half: Float accepts -inf'
    #   at t/types.t line 199.
    # died: isa check for "Test_Half" failed: -inf is not a 16-bit binary floating point number! at (eval 410) line 27.
    # 	Dummy::CLike::Test::Test_Half() called at t/types.t line 199
    # 	Test::Exception::lives_ok() called at t/types.t line 199
    # 	main::__ANON__() called at /opt/perl-5.18.2t/lib/site_perl/5.18.2/Test/Builder.pm line 258
    # 	Test::Builder::__ANON__() called at /opt/perl-5.18.2t/lib/site_perl/5.18.2/Test/Builder.pm line 263
    # 	eval {...} called at /opt/perl-5.18.2t/lib/site_perl/5.18.2/Test/Builder.pm line 263
    # 	Test::Builder::subtest() called at /opt/perl-5.18.2t/lib/site_perl/5.18.2/Test/More.pm line 770
    # 	Test::More::subtest() called at t/types.t line 362
    # Looks like you failed 3 tests of 17.

#   Failed test 'Test_Half'
#   at t/types.t line 362.
    
    #   Failed test 'Float16: Float accepts  NaN'
    #   at t/types.t line 197.
    # died: isa check for "Test_Float16" failed: 1 at (eval 415) line 27.
    # 	Dummy::CLike::Test::Test_Float16() called at t/types.t line 197
    # 	Test::Exception::lives_ok() called at t/types.t line 197
    # 	main::__ANON__() called at /opt/perl-5.18.2t/lib/site_perl/5.18.2/Test/Builder.pm line 258
    # 	Test::Builder::__ANON__() called at /opt/perl-5.18.2t/lib/site_perl/5.18.2/Test/Builder.pm line 263
    # 	eval {...} called at /opt/perl-5.18.2t/lib/site_perl/5.18.2/Test/Builder.pm line 263
    # 	Test::Builder::subtest() called at /opt/perl-5.18.2t/lib/site_perl/5.18.2/Test/More.pm line 770
    # 	Test::More::subtest() called at t/types.t line 362
    
    #   Failed test 'Float16: Float accepts +inf'
    #   at t/types.t line 198.
    # died: isa check for "Test_Float16" failed: 1 at (eval 415) line 27.
    # 	Dummy::CLike::Test::Test_Float16() called at t/types.t line 198
    # 	Test::Exception::lives_ok() called at t/types.t line 198
    # 	main::__ANON__() called at /opt/perl-5.18.2t/lib/site_perl/5.18.2/Test/Builder.pm line 258
    # 	Test::Builder::__ANON__() called at /opt/perl-5.18.2t/lib/site_perl/5.18.2/Test/Builder.pm line 263
    # 	eval {...} called at /opt/perl-5.18.2t/lib/site_perl/5.18.2/Test/Builder.pm line 263
    # 	Test::Builder::subtest() called at /opt/perl-5.18.2t/lib/site_perl/5.18.2/Test/More.pm line 770
    # 	Test::More::subtest() called at t/types.t line 362
    
    #   Failed test 'Float16: Float accepts -inf'
    #   at t/types.t line 199.
    # died: isa check for "Test_Float16" failed: 1 at (eval 415) line 27.
    # 	Dummy::CLike::Test::Test_Float16() called at t/types.t line 199
    # 	Test::Exception::lives_ok() called at t/types.t line 199
    # 	main::__ANON__() called at /opt/perl-5.18.2t/lib/site_perl/5.18.2/Test/Builder.pm line 258
    # 	Test::Builder::__ANON__() called at /opt/perl-5.18.2t/lib/site_perl/5.18.2/Test/Builder.pm line 263
    # 	eval {...} called at /opt/perl-5.18.2t/lib/site_perl/5.18.2/Test/Builder.pm line 263
    # 	Test::Builder::subtest() called at /opt/perl-5.18.2t/lib/site_perl/5.18.2/Test/More.pm line 770
    # 	Test::More::subtest() called at t/types.t line 362
    # Looks like you failed 3 tests of 17.

#   Failed test 'Test_Float16'
#   at t/types.t line 362.
    
    #   Failed test 'Binary16: Float accepts  NaN'
    #   at t/types.t line 197.
    # died: isa check for "Test_Binary16" failed: 1 at (eval 420) line 27.
    # 	Dummy::CLike::Test::Test_Binary16() called at t/types.t line 197
    # 	Test::Exception::lives_ok() called at t/types.t line 197
    # 	main::__ANON__() called at /opt/perl-5.18.2t/lib/site_perl/5.18.2/Test/Builder.pm line 258
    # 	Test::Builder::__ANON__() called at /opt/perl-5.18.2t/lib/site_perl/5.18.2/Test/Builder.pm line 263
    # 	eval {...} called at /opt/perl-5.18.2t/lib/site_perl/5.18.2/Test/Builder.pm line 263
    # 	Test::Builder::subtest() called at /opt/perl-5.18.2t/lib/site_perl/5.18.2/Test/More.pm line 770
    # 	Test::More::subtest() called at t/types.t line 362
    
    #   Failed test 'Binary16: Float accepts +inf'
    #   at t/types.t line 198.
    # died: isa check for "Test_Binary16" failed: 1 at (eval 420) line 27.
    # 	Dummy::CLike::Test::Test_Binary16() called at t/types.t line 198
    # 	Test::Exception::lives_ok() called at t/types.t line 198
    # 	main::__ANON__() called at /opt/perl-5.18.2t/lib/site_perl/5.18.2/Test/Builder.pm line 258
    # 	Test::Builder::__ANON__() called at /opt/perl-5.18.2t/lib/site_perl/5.18.2/Test/Builder.pm line 263
    # 	eval {...} called at /opt/perl-5.18.2t/lib/site_perl/5.18.2/Test/Builder.pm line 263
    # 	Test::Builder::subtest() called at /opt/perl-5.18.2t/lib/site_perl/5.18.2/Test/More.pm line 770
    # 	Test::More::subtest() called at t/types.t line 362
    
    #   Failed test 'Binary16: Float accepts -inf'
    #   at t/types.t line 199.
    # died: isa check for "Test_Binary16" failed: 1 at (eval 420) line 27.
    # 	Dummy::CLike::Test::Test_Binary16() called at t/types.t line 199
    # 	Test::Exception::lives_ok() called at t/types.t line 199
    # 	main::__ANON__() called at /opt/perl-5.18.2t/lib/site_perl/5.18.2/Test/Builder.pm line 258
    # 	Test::Builder::__ANON__() called at /opt/perl-5.18.2t/lib/site_perl/5.18.2/Test/Builder.pm line 263
    # 	eval {...} called at /opt/perl-5.18.2t/lib/site_perl/5.18.2/Test/Builder.pm line 263
    # 	Test::Builder::subtest() called at /opt/perl-5.18.2t/lib/site_perl/5.18.2/Test/More.pm line 770
    # 	Test::More::subtest() called at t/types.t line 362
    # Looks like you failed 3 tests of 17.

#   Failed test 'Test_Binary16'
#   at t/types.t line 362.
    
    #   Failed test 'Single: Float accepts  NaN'
    #   at t/types.t line 197.
    # died: isa check for "Test_Single" failed: -nan is not a 32-bit binary floating point number! at (eval 425) line 27.
    # 	Dummy::CLike::Test::Test_Single() called at t/types.t line 197
    # 	Test::Exception::lives_ok() called at t/types.t line 197
    # 	main::__ANON__() called at /opt/perl-5.18.2t/lib/site_perl/5.18.2/Test/Builder.pm line 258
    # 	Test::Builder::__ANON__() called at /opt/perl-5.18.2t/lib/site_perl/5.18.2/Test/Builder.pm line 263
    # 	eval {...} called at /opt/perl-5.18.2t/lib/site_perl/5.18.2/Test/Builder.pm line 263
    # 	Test::Builder::subtest() called at /opt/perl-5.18.2t/lib/site_perl/5.18.2/Test/More.pm line 770
    # 	Test::More::subtest() called at t/types.t line 362
    
    #   Failed test 'Single: Float accepts +inf'
    #   at t/types.t line 198.
    # died: isa check for "Test_Single" failed: inf is not a 32-bit binary floating point number! at (eval 425) line 27.
    # 	Dummy::CLike::Test::Test_Single() called at t/types.t line 198
    # 	Test::Exception::lives_ok() called at t/types.t line 198
    # 	main::__ANON__() called at /opt/perl-5.18.2t/lib/site_perl/5.18.2/Test/Builder.pm line 258
    # 	Test::Builder::__ANON__() called at /opt/perl-5.18.2t/lib/site_perl/5.18.2/Test/Builder.pm line 263
    # 	eval {...} called at /opt/perl-5.18.2t/lib/site_perl/5.18.2/Test/Builder.pm line 263
    # 	Test::Builder::subtest() called at /opt/perl-5.18.2t/lib/site_perl/5.18.2/Test/More.pm line 770
    # 	Test::More::subtest() called at t/types.t line 362
    
    #   Failed test 'Single: Float accepts -inf'
    #   at t/types.t line 199.
    # died: isa check for "Test_Single" failed: -inf is not a 32-bit binary floating point number! at (eval 425) line 27.
    # 	Dummy::CLike::Test::Test_Single() called at t/types.t line 199
    # 	Test::Exception::lives_ok() called at t/types.t line 199
    # 	main::__ANON__() called at /opt/perl-5.18.2t/lib/site_perl/5.18.2/Test/Builder.pm line 258
    # 	Test::Builder::__ANON__() called at /opt/perl-5.18.2t/lib/site_perl/5.18.2/Test/Builder.pm line 263
    # 	eval {...} called at /opt/perl-5.18.2t/lib/site_perl/5.18.2/Test/Builder.pm line 263
    # 	Test::Builder::subtest() called at /opt/perl-5.18.2t/lib/site_perl/5.18.2/Test/More.pm line 770
    # 	Test::More::subtest() called at t/types.t line 362
    # Looks like you failed 3 tests of 17.

#   Failed test 'Test_Single'
#   at t/types.t line 362.
    
    #   Failed test 'Real: Float accepts  NaN'
    #   at t/types.t line 197.
    # died: isa check for "Test_Real" failed: 1 at (eval 430) line 27.
    # 	Dummy::CLike::Test::Test_Real() called at t/types.t line 197
    # 	Test::Exception::lives_ok() called at t/types.t line 197
    # 	main::__ANON__() called at /opt/perl-5.18.2t/lib/site_perl/5.18.2/Test/Builder.pm line 258
    # 	Test::Builder::__ANON__() called at /opt/perl-5.18.2t/lib/site_perl/5.18.2/Test/Builder.pm line 263
    # 	eval {...} called at /opt/perl-5.18.2t/lib/site_perl/5.18.2/Test/Builder.pm line 263
    # 	Test::Builder::subtest() called at /opt/perl-5.18.2t/lib/site_perl/5.18.2/Test/More.pm line 770
    # 	Test::More::subtest() called at t/types.t line 362
    
    #   Failed test 'Real: Float accepts +inf'
    #   at t/types.t line 198.
    # died: isa check for "Test_Real" failed: 1 at (eval 430) line 27.
    # 	Dummy::CLike::Test::Test_Real() called at t/types.t line 198
    # 	Test::Exception::lives_ok() called at t/types.t line 198
    # 	main::__ANON__() called at /opt/perl-5.18.2t/lib/site_perl/5.18.2/Test/Builder.pm line 258
    # 	Test::Builder::__ANON__() called at /opt/perl-5.18.2t/lib/site_perl/5.18.2/Test/Builder.pm line 263
    # 	eval {...} called at /opt/perl-5.18.2t/lib/site_perl/5.18.2/Test/Builder.pm line 263
    # 	Test::Builder::subtest() called at /opt/perl-5.18.2t/lib/site_perl/5.18.2/Test/More.pm line 770
    # 	Test::More::subtest() called at t/types.t line 362
    
    #   Failed test 'Real: Float accepts -inf'
    #   at t/types.t line 199.
    # died: isa check for "Test_Real" failed: 1 at (eval 430) line 27.
    # 	Dummy::CLike::Test::Test_Real() called at t/types.t line 199
    # 	Test::Exception::lives_ok() called at t/types.t line 199
    # 	main::__ANON__() called at /opt/perl-5.18.2t/lib/site_perl/5.18.2/Test/Builder.pm line 258
    # 	Test::Builder::__ANON__() called at /opt/perl-5.18.2t/lib/site_perl/5.18.2/Test/Builder.pm line 263
    # 	eval {...} called at /opt/perl-5.18.2t/lib/site_perl/5.18.2/Test/Builder.pm line 263
    # 	Test::Builder::subtest() called at /opt/perl-5.18.2t/lib/site_perl/5.18.2/Test/More.pm line 770
    # 	Test::More::subtest() called at t/types.t line 362
    # Looks like you failed 3 tests of 17.

#   Failed test 'Test_Real'
#   at t/types.t line 362.
    
    #   Failed test 'Float: Float accepts  NaN'
    #   at t/types.t line 197.
    # died: isa check for "Test_Float" failed: 1 at (eval 435) line 27.
    # 	Dummy::CLike::Test::Test_Float() called at t/types.t line 197
    # 	Test::Exception::lives_ok() called at t/types.t line 197
    # 	main::__ANON__() called at /opt/perl-5.18.2t/lib/site_perl/5.18.2/Test/Builder.pm line 258
    # 	Test::Builder::__ANON__() called at /opt/perl-5.18.2t/lib/site_perl/5.18.2/Test/Builder.pm line 263
    # 	eval {...} called at /opt/perl-5.18.2t/lib/site_perl/5.18.2/Test/Builder.pm line 263
    # 	Test::Builder::subtest() called at /opt/perl-5.18.2t/lib/site_perl/5.18.2/Test/More.pm line 770
    # 	Test::More::subtest() called at t/types.t line 362
    
    #   Failed test 'Float: Float accepts +inf'
    #   at t/types.t line 198.
    # died: isa check for "Test_Float" failed: 1 at (eval 435) line 27.
    # 	Dummy::CLike::Test::Test_Float() called at t/types.t line 198
    # 	Test::Exception::lives_ok() called at t/types.t line 198
    # 	main::__ANON__() called at /opt/perl-5.18.2t/lib/site_perl/5.18.2/Test/Builder.pm line 258
    # 	Test::Builder::__ANON__() called at /opt/perl-5.18.2t/lib/site_perl/5.18.2/Test/Builder.pm line 263
    # 	eval {...} called at /opt/perl-5.18.2t/lib/site_perl/5.18.2/Test/Builder.pm line 263
    # 	Test::Builder::subtest() called at /opt/perl-5.18.2t/lib/site_perl/5.18.2/Test/More.pm line 770
    # 	Test::More::subtest() called at t/types.t line 362
    
    #   Failed test 'Float: Float accepts -inf'
    #   at t/types.t line 199.
    # died: isa check for "Test_Float" failed: 1 at (eval 435) line 27.
    # 	Dummy::CLike::Test::Test_Float() called at t/types.t line 199
    # 	Test::Exception::lives_ok() called at t/types.t line 199
    # 	main::__ANON__() called at /opt/perl-5.18.2t/lib/site_perl/5.18.2/Test/Builder.pm line 258
    # 	Test::Builder::__ANON__() called at /opt/perl-5.18.2t/lib/site_perl/5.18.2/Test/Builder.pm line 263
    # 	eval {...} called at /opt/perl-5.18.2t/lib/site_perl/5.18.2/Test/Builder.pm line 263
    # 	Test::Builder::subtest() called at /opt/perl-5.18.2t/lib/site_perl/5.18.2/Test/More.pm line 770
    # 	Test::More::subtest() called at t/types.t line 362
    # Looks like you failed 3 tests of 17.

#   Failed test 'Test_Float'
#   at t/types.t line 362.
    
    #   Failed test 'Float32: Float accepts  NaN'
    #   at t/types.t line 197.
    # died: isa check for "Test_Float32" failed: 1 at (eval 440) line 27.
    # 	Dummy::CLike::Test::Test_Float32() called at t/types.t line 197
    # 	Test::Exception::lives_ok() called at t/types.t line 197
    # 	main::__ANON__() called at /opt/perl-5.18.2t/lib/site_perl/5.18.2/Test/Builder.pm line 258
    # 	Test::Builder::__ANON__() called at /opt/perl-5.18.2t/lib/site_perl/5.18.2/Test/Builder.pm line 263
    # 	eval {...} called at /opt/perl-5.18.2t/lib/site_perl/5.18.2/Test/Builder.pm line 263
    # 	Test::Builder::subtest() called at /opt/perl-5.18.2t/lib/site_perl/5.18.2/Test/More.pm line 770
    # 	Test::More::subtest() called at t/types.t line 362
    
    #   Failed test 'Float32: Float accepts +inf'
    #   at t/types.t line 198.
    # died: isa check for "Test_Float32" failed: 1 at (eval 440) line 27.
    # 	Dummy::CLike::Test::Test_Float32() called at t/types.t line 198
    # 	Test::Exception::lives_ok() called at t/types.t line 198
    # 	main::__ANON__() called at /opt/perl-5.18.2t/lib/site_perl/5.18.2/Test/Builder.pm line 258
    # 	Test::Builder::__ANON__() called at /opt/perl-5.18.2t/lib/site_perl/5.18.2/Test/Builder.pm line 263
    # 	eval {...} called at /opt/perl-5.18.2t/lib/site_perl/5.18.2/Test/Builder.pm line 263
    # 	Test::Builder::subtest() called at /opt/perl-5.18.2t/lib/site_perl/5.18.2/Test/More.pm line 770
    # 	Test::More::subtest() called at t/types.t line 362
    
    #   Failed test 'Float32: Float accepts -inf'
    #   at t/types.t line 199.
    # died: isa check for "Test_Float32" failed: 1 at (eval 440) line 27.
    # 	Dummy::CLike::Test::Test_Float32() called at t/types.t line 199
    # 	Test::Exception::lives_ok() called at t/types.t line 199
    # 	main::__ANON__() called at /opt/perl-5.18.2t/lib/site_perl/5.18.2/Test/Builder.pm line 258
    # 	Test::Builder::__ANON__() called at /opt/perl-5.18.2t/lib/site_perl/5.18.2/Test/Builder.pm line 263
    # 	eval {...} called at /opt/perl-5.18.2t/lib/site_perl/5.18.2/Test/Builder.pm line 263
    # 	Test::Builder::subtest() called at /opt/perl-5.18.2t/lib/site_perl/5.18.2/Test/More.pm line 770
    # 	Test::More::subtest() called at t/types.t line 362
    # Looks like you failed 3 tests of 17.

#   Failed test 'Test_Float32'
#   at t/types.t line 362.
    
    #   Failed test 'Binary32: Float accepts  NaN'
    #   at t/types.t line 197.
    # died: isa check for "Test_Binary32" failed: 1 at (eval 445) line 27.
    # 	Dummy::CLike::Test::Test_Binary32() called at t/types.t line 197
    # 	Test::Exception::lives_ok() called at t/types.t line 197
    # 	main::__ANON__() called at /opt/perl-5.18.2t/lib/site_perl/5.18.2/Test/Builder.pm line 258
    # 	Test::Builder::__ANON__() called at /opt/perl-5.18.2t/lib/site_perl/5.18.2/Test/Builder.pm line 263
    # 	eval {...} called at /opt/perl-5.18.2t/lib/site_perl/5.18.2/Test/Builder.pm line 263
    # 	Test::Builder::subtest() called at /opt/perl-5.18.2t/lib/site_perl/5.18.2/Test/More.pm line 770
    # 	Test::More::subtest() called at t/types.t line 362
    
    #   Failed test 'Binary32: Float accepts +inf'
    #   at t/types.t line 198.
    # died: isa check for "Test_Binary32" failed: 1 at (eval 445) line 27.
    # 	Dummy::CLike::Test::Test_Binary32() called at t/types.t line 198
    # 	Test::Exception::lives_ok() called at t/types.t line 198
    # 	main::__ANON__() called at /opt/perl-5.18.2t/lib/site_perl/5.18.2/Test/Builder.pm line 258
    # 	Test::Builder::__ANON__() called at /opt/perl-5.18.2t/lib/site_perl/5.18.2/Test/Builder.pm line 263
    # 	eval {...} called at /opt/perl-5.18.2t/lib/site_perl/5.18.2/Test/Builder.pm line 263
    # 	Test::Builder::subtest() called at /opt/perl-5.18.2t/lib/site_perl/5.18.2/Test/More.pm line 770
    # 	Test::More::subtest() called at t/types.t line 362
    
    #   Failed test 'Binary32: Float accepts -inf'
    #   at t/types.t line 199.
    # died: isa check for "Test_Binary32" failed: 1 at (eval 445) line 27.
    # 	Dummy::CLike::Test::Test_Binary32() called at t/types.t line 199
    # 	Test::Exception::lives_ok() called at t/types.t line 199
    # 	main::__ANON__() called at /opt/perl-5.18.2t/lib/site_perl/5.18.2/Test/Builder.pm line 258
    # 	Test::Builder::__ANON__() called at /opt/perl-5.18.2t/lib/site_perl/5.18.2/Test/Builder.pm line 263
    # 	eval {...} called at /opt/perl-5.18.2t/lib/site_perl/5.18.2/Test/Builder.pm line 263
    # 	Test::Builder::subtest() called at /opt/perl-5.18.2t/lib/site_perl/5.18.2/Test/More.pm line 770
    # 	Test::More::subtest() called at t/types.t line 362
    # Looks like you failed 3 tests of 17.

#   Failed test 'Test_Binary32'
#   at t/types.t line 362.
# Looks like you failed 9 tests of 92.
t/types.t ..................... 
Dubious, test returned 9 (wstat 2304, 0x900)
Failed 9/92 subtests 

Test Summary Report
-------------------
t/types.t                   (Wstat: 2304 Tests: 92 Failed: 9)
  Failed tests:  62-70
  Non-zero exit status: 9
Files=5, Tests=106,  4 wallclock secs ( 0.22 usr  0.05 sys +  4.08 cusr  0.24 csys =  4.59 CPU)
Result: FAIL
Failed 1/5 test programs. 9/106 subtests failed.
make: *** [test_dynamic] Fehler 9

------------------------------
PREREQUISITES
------------------------------

Prerequisite modules loaded:

requires:

    Module                 Need     Have    
    ---------------------- -------- --------
    Data::Float            0.008    0.012   
    MooX::Types::MooseLike 0.06     0.25    
    sanity                 0.91     1.02    

build_requires:

    Module                 Need     Have    
    ---------------------- -------- --------
    Moo                    0.009001 1.004005
    Test::CheckDeps        0.002    0.010   
    Test::Exception        0.27     0.32    
    Test::UseAllModules    0.10     0.14    


------------------------------
ENVIRONMENT AND OTHER CONTEXT
------------------------------

Environment variables:

    DBIC_NO_WARN_BAD_PERL = 1
    LANG = C
    LC_ALL = de_DE.UTF-8
    PATH = /usr/local/bin:/usr/bin:/bin:/usr/local/sbin:/usr/sbin:/sbin:/home/eserte/bin/linux-gnu:/home/eserte/bin/sh:/home/eserte/bin:/usr/games:/home/eserte/devel:/home/eserte/src/srezic-misc/scripts
    PERL5LIB = 
    PERL5OPT = 
    PERL5_CPANPLUS_IS_RUNNING = 26600
    PERL5_CPAN_IS_RUNNING = 26600
    PERL5_CPAN_IS_RUNNING_IN_RECURSION = 6938,26600
    PERLDOC = -MPod::Perldoc::ToTextOverstrike
    PERL_BATCH = yes
    PERL_CPAN_REPORTER_CONFIG = /var/tmp/cpansmoker-1001/i6YaEhgQxi_config.ini
    PERL_EXTUTILS_AUTOINSTALL = --defaultdeps
    PERL_HTML_DISPLAY_CLASS = HTML::Display::Mozilla
    PERL_PARALLEL_SMOKER = yes
    SHELL = /bin/zsh
    TERM = screen
    TMPDIR = /var/tmp/cpansmoker-1001

Perl special variables (and OS-specific diagnostics, for MSWin32):

    $^X = /bbbike/perl-5.18.2t/bin/perl
    $UID/$EUID = 1001 / 1001
    $GID = 1001 109 1001
    $EGID = 1001 109 1001

Perl module toolchain versions installed:

    Module              Have    
    ------------------- --------
    CPAN                2.00    
    CPAN::Meta          2.141170
    Cwd                 3.47    
    ExtUtils::CBuilder  0.280210
    ExtUtils::Command   1.17    
    ExtUtils::Install   1.59    
    ExtUtils::MakeMaker 6.98    
    ExtUtils::Manifest  1.63    
    ExtUtils::ParseXS   3.24    
    File::Spec          3.47    
    JSON                2.90    
    JSON::PP            2.27203 
    Module::Build       0.4205  
    Module::Signature   0.73    
    Parse::CPAN::Meta   1.4414  
    Test::Harness       3.30    
    Test::More          1.001003
    YAML                0.90    
    YAML::Syck          1.27    
    version             0.9908  


--

Summary of my perl5 (revision 5 version 18 subversion 2) configuration:
   
  Platform:
    osname=linux, osvers=3.2.0-4-amd64, archname=x86_64-linux-thread-multi
    uname='linux eserte 3.2.0-4-amd64 #1 smp debian 3.2.57-3 x86_64 gnulinux '
    config_args='-ds -e -Dprefix=/opt/perl-5.18.2t -Dusethreads'
    hint=recommended, useposix=true, d_sigaction=define
    useithreads=define, usemultiplicity=define
    useperlio=define, d_sfio=undef, uselargefiles=define, usesocks=undef
    use64bitint=define, use64bitall=define, uselongdouble=undef
    usemymalloc=n, bincompat5005=undef
  Compiler:
    cc='cc', ccflags ='-D_REENTRANT -D_GNU_SOURCE -fno-strict-aliasing -pipe -fstack-protector -I/usr/local/include -D_LARGEFILE_SOURCE -D_FILE_OFFSET_BITS=64',
    optimize='-O2',
    cppflags='-D_REENTRANT -D_GNU_SOURCE -fno-strict-aliasing -pipe -fstack-protector -I/usr/local/include'
    ccversion='', gccversion='4.7.2', gccosandvers=''
    intsize=4, longsize=8, ptrsize=8, doublesize=8, byteorder=12345678
    d_longlong=define, longlongsize=8, d_longdbl=define, longdblsize=16
    ivtype='long', ivsize=8, nvtype='double', nvsize=8, Off_t='off_t', lseeksize=8
    alignbytes=8, prototype=define
  Linker and Libraries:
    ld='cc', ldflags =' -fstack-protector -L/usr/local/lib'
    libpth=/usr/local/lib /lib/x86_64-linux-gnu /lib/../lib /usr/lib/x86_64-linux-gnu /usr/lib/../lib /lib /usr/lib
    libs=-lnsl -ldb -ldl -lm -lcrypt -lutil -lpthread -lc
    perllibs=-lnsl -ldl -lm -lcrypt -lutil -lpthread -lc
    libc=, so=so, useshrplib=false, libperl=libperl.a
    gnulibc_version='2.13'
  Dynamic Linking:
    dlsrc=dl_dlopen.xs, dlext=so, d_dlsymun=undef, ccdlflags='-Wl,-E'
    cccdlflags='-fPIC', lddlflags='-shared -O2 -L/usr/local/lib -fstack-protector'


Characteristics of this binary (from libperl): 
  Compile-time options: HAS_TIMES MULTIPLICITY PERLIO_LAYERS
                        PERL_DONT_CREATE_GVSV
                        PERL_HASH_FUNC_ONE_AT_A_TIME_HARD
                        PERL_IMPLICIT_CONTEXT PERL_MALLOC_WRAP
                        PERL_PRESERVE_IVUV PERL_SAWAMPERSAND USE_64_BIT_ALL
                        USE_64_BIT_INT USE_ITHREADS USE_LARGE_FILES
                        USE_LOCALE USE_LOCALE_COLLATE USE_LOCALE_CTYPE
                        USE_LOCALE_NUMERIC USE_PERLIO USE_PERL_ATOF
                        USE_REENTRANT_API
  Built under linux
  Compiled at May 14 2014 07:16:29
  %ENV:
    PERL5LIB=""
    PERL5OPT=""
    PERL5_CPANPLUS_IS_RUNNING="26600"
    PERL5_CPAN_IS_RUNNING="26600"
    PERL5_CPAN_IS_RUNNING_IN_RECURSION="6938,26600"
    PERLDOC="-MPod::Perldoc::ToTextOverstrike"
    PERL_BATCH="yes"
    PERL_CPAN_REPORTER_CONFIG="/var/tmp/cpansmoker-1001/i6YaEhgQxi_config.ini"
    PERL_EXTUTILS_AUTOINSTALL="--defaultdeps"
    PERL_HTML_DISPLAY_CLASS="HTML::Display::Mozilla"
    PERL_PARALLEL_SMOKER="yes"
  @INC:
    /opt/perl-5.18.2t/lib/site_perl/5.18.2/x86_64-linux-thread-multi
    /opt/perl-5.18.2t/lib/site_perl/5.18.2
    /opt/perl-5.18.2t/lib/5.18.2/x86_64-linux-thread-multi
    /opt/perl-5.18.2t/lib/5.18.2
    .