Report for Google-Data-JSON-v0.1.10

Back
From: metabase:user:314402c4-2aae-11df-837a-5e0a49663a4f
Subject: FAIL Google-Data-JSON-v0.1.10 v5.22.4 GNU/Linux
Date: 2017-07-26T07:12:03Z

This distribution has been tested as part of the CPAN Testers
project, supporting the Perl programming language.  See
http://wiki.cpantesters.org/ for more information or email
questions to cpan-testers-discuss@perl.org


--
Dear Takeru INOUE,

This is a computer-generated report for Google-Data-JSON-v0.1.10
on perl 5.22.4, created by CPAN-Reporter-1.2018.

Thank you for uploading your work to CPAN.  However, there was a problem
testing your distribution.

If you think this report is invalid, please consult the CPAN Testers Wiki
for suggestions on how to avoid getting FAIL reports for missing library
or binary dependencies, unsupported operating systems, and so on:

http://wiki.cpantesters.org/wiki/CPANAuthorNotes

Sections of this report:

    * Tester comments
    * Program output
    * Prerequisites
    * Environment and other context

------------------------------
TESTER COMMENTS
------------------------------

Additional comments from tester:

none provided

------------------------------
PROGRAM OUTPUT
------------------------------

Output from './Build test':

# Testing Google::Data::JSON 0.1.10
t/00.load.t ....... ok
Google::Data::JSON does not export: gdata
use Google::Data::JSON failed at t/01.gdata.t line 8.
BEGIN failed--compilation aborted at t/01.gdata.t line 8.
# Looks like your test exited with 255 before it could output anything.
t/01.gdata.t ...... 
Dubious, test returned 255 (wstat 65280, 0xff00)
Failed 51/51 subtests 
t/perlcritic.t .... skipped: $ENV{TEST_CRITIC} must be set to enable this test
t/pod-coverage.t .. ok
t/pod.t ........... ok

Test Summary Report
-------------------
t/01.gdata.t    (Wstat: 65280 Tests: 0 Failed: 0)
  Non-zero exit status: 255
  Parse errors: Bad plan.  You planned 51 tests but ran 0.
Files=5, Tests=3,  0 wallclock secs ( 0.01 usr  0.03 sys +  0.23 cusr  0.04 csys =  0.31 CPU)
Result: FAIL
Failed 1/5 test programs. 0/3 subtests failed.

------------------------------
PREREQUISITES
------------------------------

Prerequisite modules loaded:

requires:

    Module               Need Have    
    -------------------- ---- --------
    File::Slurp          0    9999.19 
    JSON::Any            0    1.39    
    List::MoreUtils      0    0.419   
    Perl6::Export::Attrs 0    0.000005
    UNIVERSAL::require   0    0.18    
    version              0    0.9918  
    XML::Atom            0    0.42    
    XML::Simple          0    2.24    

build_requires:

    Module               Need Have    
    -------------------- ---- --------
    Test::More           0    1.302086
    Test::NoWarnings     0    1.04    

configure_requires:

    Module               Need Have    
    -------------------- ---- --------
    Module::Build        0.38 0.4224  


------------------------------
ENVIRONMENT AND OTHER CONTEXT
------------------------------

Environment variables:

    LANG = C
    PATH = /usr/local/bin:/usr/bin:/bin:/usr/local/sbin:/usr/sbin:/sbin:/home/cpansand/bin/linux-gnu:/home/cpansand/bin/sh:/home/cpansand/bin:/usr/games:/home/cpansand/devel:/home/eserte/src/srezic-misc/scripts
    PERL5LIB = /home/cpansand/.cpan/build/2017072603/XML-Atom-Service-v0.16.2-HET1ZS/blib/arch:/home/cpansand/.cpan/build/2017072603/XML-Atom-Service-v0.16.2-HET1ZS/blib/lib:/home/cpansand/.cpan/build/2017072603/Pod-Usage-CommandLine-0.04-YF6giu/blib/arch:/home/cpansand/.cpan/build/2017072603/Pod-Usage-CommandLine-0.04-YF6giu/blib/lib:/home/cpansand/.cpan/build/2017072603/Perl6-Export-Attrs-0.000005-YOR5Rv/blib/arch:/home/cpansand/.cpan/build/2017072603/Perl6-Export-Attrs-0.000005-YOR5Rv/blib/lib
    PERL5OPT = 
    PERL5_CPANPLUS_IS_RUNNING = 9875
    PERL5_CPAN_IS_RUNNING = 9875
    PERL5_CPAN_IS_RUNNING_IN_RECURSION = 9860,9875
    PERLDOC = -MPod::Perldoc::ToTextOverstrike
    PERL_BATCH = yes
    PERL_CANARY_STABILITY_NOPROMPT = 1
    PERL_CPAN_REPORTER_CONFIG = /var/tmp/cpansmoker-1023/2017072603/cpanreporter_000_config.ini
    PERL_EXTUTILS_AUTOINSTALL = --defaultdeps
    SHELL = /usr/bin/zsh
    TERM = screen
    TMPDIR = /var/tmp/cpansmoker-1023/2017072603

Perl special variables (and OS-specific diagnostics, for MSWin32):

    $^X = /opt/perl-5.22.4/bin/perl
    $UID/$EUID = 1023 / 1023
    $GID = 1023 1023
    $EGID = 1023 1023

Perl module toolchain versions installed:

    Module              Have    
    ------------------- --------
    CPAN                2.11_01 
    CPAN::Meta          2.150010
    Cwd                 3.62    
    ExtUtils::CBuilder  0.280226
    ExtUtils::Command   7.30    
    ExtUtils::Install   2.06    
    ExtUtils::MakeMaker 7.30    
    ExtUtils::Manifest  1.70    
    ExtUtils::ParseXS   3.28    
    File::Spec          3.62    
    JSON                2.94    
    JSON::PP            2.94    
    Module::Build       0.4224  
    Module::Signature   0.81    
    Parse::CPAN::Meta   2.150010
    Test::Harness       3.35_01 
    Test::More          1.302086
    YAML                1.23    
    YAML::Syck          1.30    
    version             0.9918  


--

Summary of my perl5 (revision 5 version 22 subversion 4) configuration:
   
  Platform:
    osname=linux, osvers=4.9.0-3-amd64, archname=x86_64-linux
    uname='linux debian9 4.9.0-3-amd64 #1 smp debian 4.9.30-2+deb9u2 (2017-06-26) x86_64 gnulinux '
    config_args='-ds -e -Dprefix=/opt/perl-5.22.4 -Dcf_email=srezic@cpan.org'
    hint=recommended, useposix=true, d_sigaction=define
    useithreads=undef, usemultiplicity=undef
    use64bitint=define, use64bitall=define, uselongdouble=undef
    usemymalloc=n, bincompat5005=undef
  Compiler:
    cc='cc', ccflags ='-fwrapv -fno-strict-aliasing -pipe -fstack-protector-strong -I/usr/local/include -D_LARGEFILE_SOURCE -D_FILE_OFFSET_BITS=64',
    optimize='-O2',
    cppflags='-fwrapv -fno-strict-aliasing -pipe -fstack-protector-strong -I/usr/local/include'
    ccversion='', gccversion='6.3.0 20170516', gccosandvers=''
    intsize=4, longsize=8, ptrsize=8, doublesize=8, byteorder=12345678, doublekind=3
    d_longlong=define, longlongsize=8, d_longdbl=define, longdblsize=16, longdblkind=3
    ivtype='long', ivsize=8, nvtype='double', nvsize=8, Off_t='off_t', lseeksize=8
    alignbytes=8, prototype=define
  Linker and Libraries:
    ld='cc', ldflags =' -fstack-protector-strong -L/usr/local/lib'
    libpth=/usr/local/lib /usr/lib/gcc/x86_64-linux-gnu/6/include-fixed /usr/include/x86_64-linux-gnu /usr/lib /lib/x86_64-linux-gnu /lib/../lib /usr/lib/x86_64-linux-gnu /usr/lib/../lib /lib
    libs=-lpthread -lnsl -lgdbm -ldb -ldl -lm -lcrypt -lutil -lc -lgdbm_compat
    perllibs=-lpthread -lnsl -ldl -lm -lcrypt -lutil -lc
    libc=libc-2.24.so, so=so, useshrplib=false, libperl=libperl.a
    gnulibc_version='2.24'
  Dynamic Linking:
    dlsrc=dl_dlopen.xs, dlext=so, d_dlsymun=undef, ccdlflags='-Wl,-E'
    cccdlflags='-fPIC', lddlflags='-shared -O2 -L/usr/local/lib -fstack-protector-strong'


Characteristics of this binary (from libperl): 
  Compile-time options: HAS_TIMES PERLIO_LAYERS PERL_DONT_CREATE_GVSV
                        PERL_HASH_FUNC_ONE_AT_A_TIME_HARD PERL_MALLOC_WRAP
                        PERL_NEW_COPY_ON_WRITE PERL_PRESERVE_IVUV
                        USE_64_BIT_ALL USE_64_BIT_INT USE_LARGE_FILES
                        USE_LOCALE USE_LOCALE_COLLATE USE_LOCALE_CTYPE
                        USE_LOCALE_NUMERIC USE_LOCALE_TIME USE_PERLIO
                        USE_PERL_ATOF
  Locally applied patches:
	Devel::PatchPerl 1.48
  Built under linux
  Compiled at Jul 16 2017 05:24:52
  %ENV:
    PERL5LIB="/home/cpansand/.cpan/build/2017072603/XML-Atom-Service-v0.16.2-HET1ZS/blib/arch:/home/cpansand/.cpan/build/2017072603/XML-Atom-Service-v0.16.2-HET1ZS/blib/lib:/home/cpansand/.cpan/build/2017072603/Pod-Usage-CommandLine-0.04-YF6giu/blib/arch:/home/cpansand/.cpan/build/2017072603/Pod-Usage-CommandLine-0.04-YF6giu/blib/lib:/home/cpansand/.cpan/build/2017072603/Perl6-Export-Attrs-0.000005-YOR5Rv/blib/arch:/home/cpansand/.cpan/build/2017072603/Perl6-Export-Attrs-0.000005-YOR5Rv/blib/lib"
    PERL5OPT=""
    PERL5_CPANPLUS_IS_RUNNING="9875"
    PERL5_CPAN_IS_RUNNING="9875"
    PERL5_CPAN_IS_RUNNING_IN_RECURSION="9860,9875"
    PERLDOC="-MPod::Perldoc::ToTextOverstrike"
    PERL_BATCH="yes"
    PERL_CANARY_STABILITY_NOPROMPT="1"
    PERL_CPAN_REPORTER_CONFIG="/var/tmp/cpansmoker-1023/2017072603/cpanreporter_000_config.ini"
    PERL_EXTUTILS_AUTOINSTALL="--defaultdeps"
  @INC:
    /home/cpansand/.cpan/build/2017072603/XML-Atom-Service-v0.16.2-HET1ZS/blib/arch
    /home/cpansand/.cpan/build/2017072603/XML-Atom-Service-v0.16.2-HET1ZS/blib/lib
    /home/cpansand/.cpan/build/2017072603/Pod-Usage-CommandLine-0.04-YF6giu/blib/arch
    /home/cpansand/.cpan/build/2017072603/Pod-Usage-CommandLine-0.04-YF6giu/blib/lib
    /home/cpansand/.cpan/build/2017072603/Perl6-Export-Attrs-0.000005-YOR5Rv/blib/arch
    /home/cpansand/.cpan/build/2017072603/Perl6-Export-Attrs-0.000005-YOR5Rv/blib/lib
    /opt/perl-5.22.4/lib/site_perl/5.22.4/x86_64-linux
    /opt/perl-5.22.4/lib/site_perl/5.22.4
    /opt/perl-5.22.4/lib/5.22.4/x86_64-linux
    /opt/perl-5.22.4/lib/5.22.4
    .